31.220.103.141 - - [18/Mar/2026:13:08:26 -0400] "GET /wp-content/plugins/td-cloud-library/assets/css/tdb_main.css?ver=b379c96c54343541fd8742379a419361 HTTP/1.1" 200 7310 "https://planetnewspro.com/" "Mozilla/5.0 (Linux; Android 7.0; Moto G (4)) AppleWebKit/537.36 (KHTML, like Gecko) Chrome/94.0.4590.2 Mobile Safari/537.36 Chrome-Lighthouse"
31.220.103.141 - - [18/Mar/2026:13:08:26 -0400] "GET /wp-includes/js/jquery/jquery.min.js?ver=3.7.1 HTTP/1.1" 200 87553 "https://planetnewspro.com/" "Mozilla/5.0 (Linux; Android 7.0; Moto G (4)) AppleWebKit/537.36 (KHTML, like Gecko) Chrome/94.0.4590.2 Mobile Safari/537.36 Chrome-Lighthouse"
31.220.103.141 - - [18/Mar/2026:13:08:26 -0400] "GET /wp-includes/js/jquery/jquery-migrate.min.js?ver=3.4.1 HTTP/1.1" 200 13577 "https://planetnewspro.com/" "Mozilla/5.0 (Linux; Android 7.0; Moto G (4)) AppleWebKit/537.36 (KHTML, like Gecko) Chrome/94.0.4590.2 Mobile Safari/537.36 Chrome-Lighthouse"
31.220.103.141 - - [18/Mar/2026:13:08:26 -0400] "GET /wp-content/plugins/td-cloud-library/assets/js/js_files_for_front.min.js?ver=b379c96c54343541fd8742379a419361 HTTP/1.1" 200 29608 "https://planetnewspro.com/" "Mozilla/5.0 (Linux; Android 7.0; Moto G (4)) AppleWebKit/537.36 (KHTML, like Gecko) Chrome/94.0.4590.2 Mobile Safari/537.36 Chrome-Lighthouse"
31.220.103.141 - - [18/Mar/2026:13:08:26 -0400] "GET /wp-content/plugins/td-composer/legacy/Newspaper/js/tdModalPostImages.js?ver=12.6.6 HTTP/1.1" 200 8892 "https://planetnewspro.com/" "Mozilla/5.0 (Linux; Android 7.0; Moto G (4)) AppleWebKit/537.36 (KHTML, like Gecko) Chrome/94.0.4590.2 Mobile Safari/537.36 Chrome-Lighthouse"
31.220.103.141 - - [18/Mar/2026:13:08:26 -0400] "GET /wp-content/plugins/td-composer/legacy/Newspaper/js/tdSocialSharing.js?ver=12.6.6 HTTP/1.1" 200 2632 "https://planetnewspro.com/" "Mozilla/5.0 (Linux; Android 7.0; Moto G (4)) AppleWebKit/537.36 (KHTML, like Gecko) Chrome/94.0.4590.2 Mobile Safari/537.36 Chrome-Lighthouse"
31.220.103.141 - - [18/Mar/2026:13:08:26 -0400] "GET /wp-content/plugins/td-composer/legacy/Newspaper/js/tdPostImages.js?ver=12.6.6 HTTP/1.1" 200 2449 "https://planetnewspro.com/" "Mozilla/5.0 (Linux; Android 7.0; Moto G (4)) AppleWebKit/537.36 (KHTML, like Gecko) Chrome/94.0.4590.2 Mobile Safari/537.36 Chrome-Lighthouse"
31.220.103.141 - - [18/Mar/2026:13:08:26 -0400] "GET /wp-content/plugins/td-composer/legacy/Newspaper/js/tdAjaxSearch.js?ver=12.6.6 HTTP/1.1" 200 6145 "https://planetnewspro.com/" "Mozilla/5.0 (Linux; Android 7.0; Moto G (4)) AppleWebKit/537.36 (KHTML, like Gecko) Chrome/94.0.4590.2 Mobile Safari/537.36 Chrome-Lighthouse"
31.220.103.141 - - [18/Mar/2026:13:08:26 -0400] "GET /wp-content/plugins/td-composer/legacy/Newspaper/js/tagdiv_theme.min.js?ver=12.6.6 HTTP/1.1" 200 160112 "https://planetnewspro.com/" "Mozilla/5.0 (Linux; Android 7.0; Moto G (4)) AppleWebKit/537.36 (KHTML, like Gecko) Chrome/94.0.4590.2 Mobile Safari/537.36 Chrome-Lighthouse"
31.220.103.141 - - [18/Mar/2026:13:08:27 -0400] "GET /wp-content/plugins/td-composer/legacy/Newspaper/js/tdDatei18n.js?ver=12.6.6 HTTP/1.1" 200 2431 "https://planetnewspro.com/" "Mozilla/5.0 (Linux; Android 7.0; Moto G (4)) AppleWebKit/537.36 (KHTML, like Gecko) Chrome/94.0.4590.2 Mobile Safari/537.36 Chrome-Lighthouse"
31.220.103.141 - - [18/Mar/2026:13:08:27 -0400] "GET /wp-content/plugins/td-composer/legacy/Newspaper/js/tdAnimationSprite.js?ver=12.6.6 HTTP/1.1" 200 3989 "https://planetnewspro.com/" "Mozilla/5.0 (Linux; Android 7.0; Moto G (4)) AppleWebKit/537.36 (KHTML, like Gecko) Chrome/94.0.4590.2 Mobile Safari/537.36 Chrome-Lighthouse"
31.220.103.141 - - [18/Mar/2026:13:08:27 -0400] "GET /wp-content/themes/Newspaper/images/icons/newspaper.woff?23 HTTP/1.1" 200 33904 "https://planetnewspro.com/wp-content/themes/Newspaper/style.css?ver=12.6.6" "Mozilla/5.0 (Linux; Android 7.0; Moto G (4)) AppleWebKit/537.36 (KHTML, like Gecko) Chrome/94.0.4590.2 Mobile Safari/537.36 Chrome-Lighthouse"
31.220.103.141 - - [18/Mar/2026:13:08:27 -0400] "GET /wp-content/uploads/2024/06/bghd.jpg HTTP/1.1" 404 201395 "https://planetnewspro.com/" "Mozilla/5.0 (Linux; Android 7.0; Moto G (4)) AppleWebKit/537.36 (KHTML, like Gecko) Chrome/94.0.4590.2 Mobile Safari/537.36 Chrome-Lighthouse"
31.220.103.141 - - [18/Mar/2026:13:08:27 -0400] "GET /wp-content/uploads/2024/06/mob.jpg HTTP/1.1" 404 201395 "https://planetnewspro.com/" "Mozilla/5.0 (Linux; Android 7.0; Moto G (4)) AppleWebKit/537.36 (KHTML, like Gecko) Chrome/94.0.4590.2 Mobile Safari/537.36 Chrome-Lighthouse"
31.220.103.141 - - [18/Mar/2026:13:08:27 -0400] "GET /wp-content/uploads/2024/06/bg.png HTTP/1.1" 404 201395 "https://planetnewspro.com/" "Mozilla/5.0 (Linux; Android 7.0; Moto G (4)) AppleWebKit/537.36 (KHTML, like Gecko) Chrome/94.0.4590.2 Mobile Safari/537.36 Chrome-Lighthouse"
31.220.103.141 - - [18/Mar/2026:13:08:28 -0400] "GET /wp-content/plugins/td-composer/legacy/Newspaper/js/tdWeather.js?ver=12.6.6 HTTP/1.1" 200 9932 "https://planetnewspro.com/" "Mozilla/5.0 (Linux; Android 7.0; Moto G (4)) AppleWebKit/537.36 (KHTML, like Gecko) Chrome/94.0.4590.2 Mobile Safari/537.36 Chrome-Lighthouse"
31.220.103.141 - - [18/Mar/2026:13:08:28 -0400] "GET /wp-content/uploads/2024/07/Planet-News-Pro.png HTTP/1.1" 200 47999 "https://planetnewspro.com/" "Mozilla/5.0 (Linux; Android 7.0; Moto G (4)) AppleWebKit/537.36 (KHTML, like Gecko) Chrome/94.0.4590.2 Mobile Safari/537.36 Chrome-Lighthouse"
31.220.103.141 - - [18/Mar/2026:13:08:28 -0400] "GET /wp-content/plugins/td-cloud-library/assets/js/tdbSearch.js?ver=b379c96c54343541fd8742379a419361 HTTP/1.1" 200 5945 "https://planetnewspro.com/" "Mozilla/5.0 (Linux; Android 7.0; Moto G (4)) AppleWebKit/537.36 (KHTML, like Gecko) Chrome/94.0.4590.2 Mobile Safari/537.36 Chrome-Lighthouse"
31.220.103.141 - - [18/Mar/2026:13:08:28 -0400] "GET /wp-content/plugins/td-cloud-library/assets/js/tdbMenu.js?ver=b379c96c54343541fd8742379a419361 HTTP/1.1" 200 10781 "https://planetnewspro.com/" "Mozilla/5.0 (Linux; Android 7.0; Moto G (4)) AppleWebKit/537.36 (KHTML, like Gecko) Chrome/94.0.4590.2 Mobile Safari/537.36 Chrome-Lighthouse"
31.220.103.141 - - [18/Mar/2026:13:08:29 -0400] "GET /wp-content/plugins/td-composer/legacy/Newspaper/js/tdTrendingNow.js?ver=12.6.6 HTTP/1.1" 200 3198 "https://planetnewspro.com/" "Mozilla/5.0 (Linux; Android 7.0; Moto G (4)) AppleWebKit/537.36 (KHTML, like Gecko) Chrome/94.0.4590.2 Mobile Safari/537.36 Chrome-Lighthouse"
31.220.103.141 - - [18/Mar/2026:13:08:29 -0400] "GET /wp-content/plugins/td-composer/legacy/Newspaper/js/tdMenu.js?ver=12.6.6 HTTP/1.1" 200 4530 "https://planetnewspro.com/" "Mozilla/5.0 (Linux; Android 7.0; Moto G (4)) AppleWebKit/537.36 (KHTML, like Gecko) Chrome/94.0.4590.2 Mobile Safari/537.36 Chrome-Lighthouse"
31.220.103.141 - - [18/Mar/2026:13:08:29 -0400] "GET /wp-content/plugins/td-composer/legacy/Newspaper/js/tdSmartSidebar.js?ver=12.6.6 HTTP/1.1" 200 9915 "https://planetnewspro.com/" "Mozilla/5.0 (Linux; Android 7.0; Moto G (4)) AppleWebKit/537.36 (KHTML, like Gecko) Chrome/94.0.4590.2 Mobile Safari/537.36 Chrome-Lighthouse"
31.220.103.141 - - [18/Mar/2026:13:08:29 -0400] "GET /wp-content/plugins/td-composer/legacy/Newspaper/js/tdLoadingBox.js?ver=12.6.6 HTTP/1.1" 200 2670 "https://planetnewspro.com/" "Mozilla/5.0 (Linux; Android 7.0; Moto G (4)) AppleWebKit/537.36 (KHTML, like Gecko) Chrome/94.0.4590.2 Mobile Safari/537.36 Chrome-Lighthouse"
31.220.103.141 - - [18/Mar/2026:13:08:29 -0400] "GET /wp-includes/js/comment-reply.min.js?ver=6.9.4 HTTP/1.1" 200 3026 "https://planetnewspro.com/" "Mozilla/5.0 (Linux; Android 7.0; Moto G (4)) AppleWebKit/537.36 (KHTML, like Gecko) Chrome/94.0.4590.2 Mobile Safari/537.36 Chrome-Lighthouse"
216.73.216.103 - - [18/Mar/2026:13:08:30 -0400] "GET /?p=28771 HTTP/1.1" 301 - "-" "Mozilla/5.0 AppleWebKit/537.36 (KHTML, like Gecko; compatible; ClaudeBot/1.0; +claudebot@anthropic.com)"
31.220.103.141 - - [18/Mar/2026:13:08:29 -0400] "GET /wp-content/uploads/2024/06/3.jpg HTTP/1.1" 404 201395 "https://planetnewspro.com/" "Mozilla/5.0 (Linux; Android 7.0; Moto G (4)) AppleWebKit/537.36 (KHTML, like Gecko) Chrome/94.0.4590.2 Mobile Safari/537.36 Chrome-Lighthouse"
31.220.103.141 - - [18/Mar/2026:13:08:31 -0400] "GET /wp-includes/js/wp-emoji-release.min.js?ver=6.9.4 HTTP/1.1" 200 22762 "https://planetnewspro.com/" "Mozilla/5.0 (Linux; Android 7.0; Moto G (4)) AppleWebKit/537.36 (KHTML, like Gecko) Chrome/94.0.4590.2 Mobile Safari/537.36 Chrome-Lighthouse"
216.73.216.103 - - [18/Mar/2026:13:08:30 -0400] "GET /trumps-first-100-day-present-hes-dropping-his-warfare-on-democracy/ HTTP/1.1" 200 63290 "https://planetnewspro.com/?p=28771" "Mozilla/5.0 AppleWebKit/537.36 (KHTML, like Gecko; compatible; ClaudeBot/1.0; +claudebot@anthropic.com)"
31.220.103.141 - - [18/Mar/2026:13:08:31 -0400] "GET /wp-content/uploads/2024/06/bghd.jpg HTTP/1.1" 404 201395 "https://planetnewspro.com/" "Mozilla/5.0 (Linux; Android 7.0; Moto G (4)) AppleWebKit/537.36 (KHTML, like Gecko) Chrome/94.0.4590.2 Mobile Safari/537.36 Chrome-Lighthouse"
31.220.103.141 - - [18/Mar/2026:13:08:33 -0400] "GET /wp-content/plugins/td-composer/legacy/Newspaper/assets/images/icons/newspaper-icons.woff?1 HTTP/1.1" 200 5956 "https://planetnewspro.com/wp-content/plugins/td-composer/legacy/Newspaper/assets/css/td_legacy_main.css?ver=72f925014dc5642945728092f057897e" "Mozilla/5.0 (Linux; Android 7.0; Moto G (4)) AppleWebKit/537.36 (KHTML, like Gecko) Chrome/94.0.4590.2 Mobile Safari/537.36 Chrome-Lighthouse"
43.173.176.5 - - [18/Mar/2026:13:08:37 -0400] "GET /winterify-your-taco-tuesday-with-this-tacky-tortilla-topped-taco-soup/ HTTP/1.1" 200 56689 "-" "Mozilla/5.0 (Windows NT 10.0; Win64; x64) AppleWebKit/537.36 (KHTML, like Gecko) Chrome/107.0.0.0 Safari/537.36"
50.6.201.88 - - [18/Mar/2026:13:08:53 -0400] "POST /wp-cron.php?doing_wp_cron=1773853733.0666029453277587890625 HTTP/1.1" 200 - "-" "WordPress/6.9.4; https://planetnewspro.com"
43.173.173.31 - - [18/Mar/2026:13:08:52 -0400] "GET /winterify-your-taco-tuesday-with-this-tacky-tortilla-topped-taco-soup/ HTTP/1.1" 200 56690 "-" "Mozilla/5.0 (Windows NT 10.0; Win64; x64) AppleWebKit/537.36 (KHTML, like Gecko) Chrome/110.0.0.0 Safari/537.36"
50.6.201.88 - - [18/Mar/2026:13:08:53 -0400] "POST /wp-admin/admin-ajax.php?action=async_litespeed&nonce=6a32a20319&litespeed_type=imgoptm HTTP/1.1" 200 21 "-" "WordPress/6.9.4; https://planetnewspro.com"
50.6.201.88 - - [18/Mar/2026:13:09:05 -0400] "POST /wp-cron.php?doing_wp_cron=1773853745.9094541072845458984375 HTTP/1.1" 200 - "-" "WordPress/6.9.4; https://planetnewspro.com"
85.208.96.205 - - [18/Mar/2026:13:09:05 -0400] "GET /why-tarik-skubal-and-chris-sale-will-win-mlb-cy-younger-awards/ HTTP/1.1" 200 53135 "-" "Mozilla/5.0 (compatible; SemrushBot/7~bl; +http://www.semrush.com/bot.html)"
50.6.201.88 - - [18/Mar/2026:13:09:06 -0400] "POST /wp-admin/admin-ajax.php?action=async_litespeed&nonce=6a32a20319&litespeed_type=imgoptm HTTP/1.1" 200 21 "-" "WordPress/6.9.4; https://planetnewspro.com"
31.220.103.141 - - [18/Mar/2026:13:09:07 -0400] "GET /wp-content/plugins/td-composer/legacy/Newspaper/assets/css/td_legacy_main.css?ver=72f925014dc5642945728092f057897e HTTP/1.1" 200 25630 "https://planetnewspro.com/" "Mozilla/5.0 (Linux; Android 7.0; Moto G (4)) AppleWebKit/537.36 (KHTML, like Gecko) Chrome/94.0.4590.2 Mobile Safari/537.36 Chrome-Lighthouse"
31.220.103.141 - - [18/Mar/2026:13:09:08 -0400] "GET /wp-content/plugins/td-cloud-library/assets/css/tdb_main.css?ver=b379c96c54343541fd8742379a419361 HTTP/1.1" 200 7310 "https://planetnewspro.com/" "Mozilla/5.0 (Linux; Android 7.0; Moto G (4)) AppleWebKit/537.36 (KHTML, like Gecko) Chrome/94.0.4590.2 Mobile Safari/537.36 Chrome-Lighthouse"
31.220.103.141 - - [18/Mar/2026:13:09:08 -0400] "GET /wp-content/plugins/td-composer/td-multi-purpose/style.css?ver=72f925014dc5642945728092f057897e HTTP/1.1" 200 4951 "https://planetnewspro.com/" "Mozilla/5.0 (Linux; Android 7.0; Moto G (4)) AppleWebKit/537.36 (KHTML, like Gecko) Chrome/94.0.4590.2 Mobile Safari/537.36 Chrome-Lighthouse"
31.220.103.141 - - [18/Mar/2026:13:09:08 -0400] "GET /wp-content/themes/Newspaper/style.css?ver=12.6.6 HTTP/1.1" 200 26065 "https://planetnewspro.com/" "Mozilla/5.0 (Linux; Android 7.0; Moto G (4)) AppleWebKit/537.36 (KHTML, like Gecko) Chrome/94.0.4590.2 Mobile Safari/537.36 Chrome-Lighthouse"
50.6.201.88 - - [18/Mar/2026:13:09:13 -0400] "POST /wp-cron.php?doing_wp_cron=1773853753.2177200317382812500000 HTTP/1.1" 200 - "-" "WordPress/6.9.4; https://planetnewspro.com"
31.220.103.141 - - [18/Mar/2026:13:09:12 -0400] "GET /wp-content/uploads/2024/06/mob.jpg HTTP/1.1" 404 201395 "https://planetnewspro.com/" "Mozilla/5.0 (Linux; Android 7.0; Moto G (4)) AppleWebKit/537.36 (KHTML, like Gecko) Chrome/94.0.4590.2 Mobile Safari/537.36 Chrome-Lighthouse"
31.220.103.141 - - [18/Mar/2026:13:09:12 -0400] "GET /wp-content/uploads/2024/06/bg.png HTTP/1.1" 404 201395 "https://planetnewspro.com/" "Mozilla/5.0 (Linux; Android 7.0; Moto G (4)) AppleWebKit/537.36 (KHTML, like Gecko) Chrome/94.0.4590.2 Mobile Safari/537.36 Chrome-Lighthouse"
31.220.103.141 - - [18/Mar/2026:13:09:13 -0400] "GET /wp-content/uploads/2024/06/3.jpg HTTP/1.1" 404 201395 "https://planetnewspro.com/" "Mozilla/5.0 (Linux; Android 7.0; Moto G (4)) AppleWebKit/537.36 (KHTML, like Gecko) Chrome/94.0.4590.2 Mobile Safari/537.36 Chrome-Lighthouse"
31.220.103.141 - - [18/Mar/2026:13:09:13 -0400] "GET /wp-content/uploads/2024/06/bghd.jpg HTTP/1.1" 404 201395 "https://planetnewspro.com/" "Mozilla/5.0 (Linux; Android 7.0; Moto G (4)) AppleWebKit/537.36 (KHTML, like Gecko) Chrome/94.0.4590.2 Mobile Safari/537.36 Chrome-Lighthouse"
85.208.96.209 - - [18/Mar/2026:13:09:16 -0400] "GET /mantels-app-lets-collectors-showcase-their-sports-activities-playing-cards-and-different-treasures/ HTTP/1.1" 200 53207 "-" "Mozilla/5.0 (compatible; SemrushBot/7~bl; +http://www.semrush.com/bot.html)"
31.220.103.141 - - [18/Mar/2026:13:09:19 -0400] "GET /robots.txt HTTP/1.1" 200 128 "https://planetnewspro.com/" "Mozilla/5.0 (Linux; Android 7.0; Moto G (4)) AppleWebKit/537.36 (KHTML, like Gecko) Chrome/94.0.4590.2 Mobile Safari/537.36 Chrome-Lighthouse"
50.6.201.88 - - [18/Mar/2026:13:09:20 -0400] "POST /wp-cron.php?doing_wp_cron=1773853760.4968490600585937500000 HTTP/1.1" 200 - "-" "WordPress/6.9.4; https://planetnewspro.com"
185.191.171.9 - - [18/Mar/2026:13:09:20 -0400] "GET /it-ends-with-us-on-streaming-when-would-possibly-it-get-a-netflix-launch/ HTTP/1.1" 200 55860 "-" "Mozilla/5.0 (compatible; SemrushBot/7~bl; +http://www.semrush.com/bot.html)"
50.6.201.88 - - [18/Mar/2026:13:09:25 -0400] "POST /wp-cron.php?doing_wp_cron=1773853765.0803890228271484375000 HTTP/1.1" 200 - "-" "WordPress/6.9.4; https://planetnewspro.com"
185.191.171.6 - - [18/Mar/2026:13:09:22 -0400] "GET /your-selections-change-the-narrative-interactive-studying-video-games-for-adults/ HTTP/1.1" 200 53632 "-" "Mozilla/5.0 (compatible; SemrushBot/7~bl; +http://www.semrush.com/bot.html)"
85.208.96.202 - - [18/Mar/2026:13:09:26 -0400] "GET /the-within-story-of-the-deal-that-freed-us-journalist-evan-gershkovich-in-historic-prisoner-swap-and-the-way-putin-critic-alexei-navalny-might-have-been-a-part-of-the-trade-earlier-than-his-demise/ HTTP/1.1" 200 55320 "-" "Mozilla/5.0 (compatible; SemrushBot/7~bl; +http://www.semrush.com/bot.html)"
66.249.87.72 - - [18/Mar/2026:13:09:31 -0400] "GET /parmesan-risotto-spend-with-pennies/ HTTP/1.1" 200 58068 "-" "Mediapartners-Google"
31.220.103.141 - - [18/Mar/2026:13:09:31 -0400] "GET / HTTP/1.1" 200 64326 "-" "Mozilla/5.0 (Linux; Android 7.0; Moto G (4)) AppleWebKit/537.36 (KHTML, like Gecko) Chrome/94.0.4590.2 Mobile Safari/537.36 Chrome-Lighthouse"
31.220.103.141 - - [18/Mar/2026:13:09:33 -0400] "GET /wp-includes/js/comment-reply.min.js?ver=6.9.4 HTTP/1.1" 200 3026 "https://planetnewspro.com/" "Mozilla/5.0 (Linux; Android 7.0; Moto G (4)) AppleWebKit/537.36 (KHTML, like Gecko) Chrome/94.0.4590.2 Mobile Safari/537.36 Chrome-Lighthouse"
31.220.103.141 - - [18/Mar/2026:13:09:33 -0400] "GET /wp-includes/js/wp-emoji-release.min.js?ver=6.9.4 HTTP/1.1" 200 22762 "https://planetnewspro.com/" "Mozilla/5.0 (Linux; Android 7.0; Moto G (4)) AppleWebKit/537.36 (KHTML, like Gecko) Chrome/94.0.4590.2 Mobile Safari/537.36 Chrome-Lighthouse"
31.220.103.141 - - [18/Mar/2026:13:09:33 -0400] "GET /wp-content/uploads/2024/06/mob.jpg HTTP/1.1" 404 201395 "https://planetnewspro.com/" "Mozilla/5.0 (Linux; Android 7.0; Moto G (4)) AppleWebKit/537.36 (KHTML, like Gecko) Chrome/94.0.4590.2 Mobile Safari/537.36 Chrome-Lighthouse"
31.220.103.141 - - [18/Mar/2026:13:09:33 -0400] "GET /wp-content/uploads/2024/06/bg.png HTTP/1.1" 404 201395 "https://planetnewspro.com/" "Mozilla/5.0 (Linux; Android 7.0; Moto G (4)) AppleWebKit/537.36 (KHTML, like Gecko) Chrome/94.0.4590.2 Mobile Safari/537.36 Chrome-Lighthouse"
31.220.103.141 - - [18/Mar/2026:13:09:33 -0400] "GET /wp-content/uploads/2024/06/bghd.jpg HTTP/1.1" 404 201395 "https://planetnewspro.com/" "Mozilla/5.0 (Linux; Android 7.0; Moto G (4)) AppleWebKit/537.36 (KHTML, like Gecko) Chrome/94.0.4590.2 Mobile Safari/537.36 Chrome-Lighthouse"
31.220.103.141 - - [18/Mar/2026:13:09:33 -0400] "GET /wp-content/uploads/2024/06/3.jpg HTTP/1.1" 404 201395 "https://planetnewspro.com/" "Mozilla/5.0 (Linux; Android 7.0; Moto G (4)) AppleWebKit/537.36 (KHTML, like Gecko) Chrome/94.0.4590.2 Mobile Safari/537.36 Chrome-Lighthouse"
31.220.103.141 - - [18/Mar/2026:13:09:35 -0400] "GET /wp-content/uploads/2024/06/bghd.jpg HTTP/1.1" 404 201395 "https://planetnewspro.com/" "Mozilla/5.0 (Linux; Android 7.0; Moto G (4)) AppleWebKit/537.36 (KHTML, like Gecko) Chrome/94.0.4590.2 Mobile Safari/537.36 Chrome-Lighthouse"
66.249.69.167 - - [18/Mar/2026:13:09:35 -0400] "GET /wp-content/plugins/td-composer/legacy/Newspaper/js/tdPostImages.js?ver=12.6.6 HTTP/1.1" 200 2449 "https://planetnewspro.com/parmesan-risotto-spend-with-pennies/" "Mediapartners-Google"
31.220.103.141 - - [18/Mar/2026:13:09:36 -0400] "GET / HTTP/1.1" 200 64328 "-" "Mozilla/5.0 (Linux; Android 7.0; Moto G (4)) AppleWebKit/537.36 (KHTML, like Gecko) Chrome/94.0.4590.2 Mobile Safari/537.36 Chrome-Lighthouse"
31.220.103.141 - - [18/Mar/2026:13:09:37 -0400] "GET /wp-includes/js/comment-reply.min.js?ver=6.9.4 HTTP/1.1" 200 3026 "https://planetnewspro.com/" "Mozilla/5.0 (Linux; Android 7.0; Moto G (4)) AppleWebKit/537.36 (KHTML, like Gecko) Chrome/94.0.4590.2 Mobile Safari/537.36 Chrome-Lighthouse"
31.220.103.141 - - [18/Mar/2026:13:09:38 -0400] "GET /wp-includes/js/wp-emoji-release.min.js?ver=6.9.4 HTTP/1.1" 200 22762 "https://planetnewspro.com/" "Mozilla/5.0 (Linux; Android 7.0; Moto G (4)) AppleWebKit/537.36 (KHTML, like Gecko) Chrome/94.0.4590.2 Mobile Safari/537.36 Chrome-Lighthouse"
85.208.96.194 - - [18/Mar/2026:13:09:38 -0400] "GET /elon-musks-xai-lands-6b-in-new-money-to-gas-ai-ambitions/ HTTP/1.1" 200 56203 "-" "Mozilla/5.0 (compatible; SemrushBot/7~bl; +http://www.semrush.com/bot.html)"
66.249.87.70 - - [18/Mar/2026:13:09:40 -0400] "GET /winterify-your-taco-tuesday-with-this-tacky-tortilla-topped-taco-soup/ HTTP/1.1" 200 56690 "-" "Mediapartners-Google"
85.208.96.205 - - [18/Mar/2026:13:09:45 -0400] "GET /furore-surrounding-sue-grey-reveals-keir-starmers-deadly-lack-of-precept-kemi-badenoch-says-as-pms-high-aide-is-ousted-after-weeks-of-infighting/ HTTP/1.1" 200 54857 "-" "Mozilla/5.0 (compatible; SemrushBot/7~bl; +http://www.semrush.com/bot.html)"
31.220.103.141 - - [18/Mar/2026:13:09:46 -0400] "GET /disclaimer/ HTTP/1.1" 200 194383 "-" "Mozilla/5.0 (Macintosh; Intel Mac OS X 10_15_7) AppleWebKit/537.36 (KHTML, like Gecko) Chrome/93.0.4577.0 Safari/537.36"
31.220.103.141 - - [18/Mar/2026:13:09:46 -0400] "GET /terms-and-conditions/ HTTP/1.1" 200 203351 "-" "Mozilla/5.0 (Macintosh; Intel Mac OS X 10_15_7) AppleWebKit/537.36 (KHTML, like Gecko) Chrome/93.0.4577.0 Safari/537.36"
31.220.103.141 - - [18/Mar/2026:13:09:46 -0400] "GET /privacy-policy-2/ HTTP/1.1" 200 210201 "-" "Mozilla/5.0 (Macintosh; Intel Mac OS X 10_15_7) AppleWebKit/537.36 (KHTML, like Gecko) Chrome/93.0.4577.0 Safari/537.36"
31.220.103.141 - - [18/Mar/2026:13:09:47 -0400] "GET /planetnewspro-2/ HTTP/1.1" 200 199999 "-" "Mozilla/5.0 (Macintosh; Intel Mac OS X 10_15_7) AppleWebKit/537.36 (KHTML, like Gecko) Chrome/93.0.4577.0 Safari/537.36"
31.220.103.141 - - [18/Mar/2026:13:09:47 -0400] "GET /planetnewspro/ HTTP/1.1" 200 193417 "-" "Mozilla/5.0 (Macintosh; Intel Mac OS X 10_15_7) AppleWebKit/537.36 (KHTML, like Gecko) Chrome/93.0.4577.0 Safari/537.36"
31.220.103.141 - - [18/Mar/2026:13:09:47 -0400] "GET /page/2384/ HTTP/1.1" 200 481793 "-" "Mozilla/5.0 (Macintosh; Intel Mac OS X 10_15_7) AppleWebKit/537.36 (KHTML, like Gecko) Chrome/93.0.4577.0 Safari/537.36"
31.220.103.141 - - [18/Mar/2026:13:09:48 -0400] "GET /new-6-13-viwoods-aipaper-reader-launched-with-android-16-sim-slot/ HTTP/1.1" 200 317929 "-" "Mozilla/5.0 (Macintosh; Intel Mac OS X 10_15_7) AppleWebKit/537.36 (KHTML, like Gecko) Chrome/93.0.4577.0 Safari/537.36"
31.220.103.141 - - [18/Mar/2026:13:09:48 -0400] "GET /page/3/ HTTP/1.1" 200 492097 "-" "Mozilla/5.0 (Macintosh; Intel Mac OS X 10_15_7) AppleWebKit/537.36 (KHTML, like Gecko) Chrome/93.0.4577.0 Safari/537.36"
31.220.103.141 - - [18/Mar/2026:13:09:48 -0400] "GET /page/2/ HTTP/1.1" 200 491260 "-" "Mozilla/5.0 (Macintosh; Intel Mac OS X 10_15_7) AppleWebKit/537.36 (KHTML, like Gecko) Chrome/93.0.4577.0 Safari/537.36"
31.220.103.141 - - [18/Mar/2026:13:09:50 -0400] "GET /why-each-ciso-ought-to-demand-a-complete-software-program-invoice-of-supplies-sbom/ HTTP/1.1" 200 328979 "-" "Mozilla/5.0 (Macintosh; Intel Mac OS X 10_15_7) AppleWebKit/537.36 (KHTML, like Gecko) Chrome/93.0.4577.0 Safari/537.36"
31.220.103.141 - - [18/Mar/2026:13:09:50 -0400] "GET /watch-this-the-newest-humanoid-robots-are-each-unnervingly-sassy-and-comfortingly-error-prone/ HTTP/1.1" 200 336324 "-" "Mozilla/5.0 (Macintosh; Intel Mac OS X 10_15_7) AppleWebKit/537.36 (KHTML, like Gecko) Chrome/93.0.4577.0 Safari/537.36"
31.220.103.141 - - [18/Mar/2026:13:09:50 -0400] "GET /home-windows-11-customers-insurgent-as-prime-microsoft-exec-says-working-system-is-evolving-into-an-agentic-os/ HTTP/1.1" 200 337616 "-" "Mozilla/5.0 (Macintosh; Intel Mac OS X 10_15_7) AppleWebKit/537.36 (KHTML, like Gecko) Chrome/93.0.4577.0 Safari/537.36"
31.220.103.141 - - [18/Mar/2026:13:09:51 -0400] "GET /google-sues-chinese-language-hacker-group-which-allegedly-stole-1-billion-from-one-million-victims/ HTTP/1.1" 200 324075 "-" "Mozilla/5.0 (Macintosh; Intel Mac OS X 10_15_7) AppleWebKit/537.36 (KHTML, like Gecko) Chrome/93.0.4577.0 Safari/537.36"
31.220.103.141 - - [18/Mar/2026:13:09:51 -0400] "GET /sausage-stuffed-mushroom-dip-straightforward-creamy-and-scrumptious/ HTTP/1.1" 200 353297 "-" "Mozilla/5.0 (Macintosh; Intel Mac OS X 10_15_7) AppleWebKit/537.36 (KHTML, like Gecko) Chrome/93.0.4577.0 Safari/537.36"
31.220.103.141 - - [18/Mar/2026:13:09:51 -0400] "GET /nam-chim-gai-thai-brussels-sprouts-with-candy-chili-sauce-recipe/ HTTP/1.1" 200 324803 "-" "Mozilla/5.0 (Macintosh; Intel Mac OS X 10_15_7) AppleWebKit/537.36 (KHTML, like Gecko) Chrome/93.0.4577.0 Safari/537.36"
31.220.103.141 - - [18/Mar/2026:13:09:52 -0400] "GET /culinary-consultants-reveal-thanksgiving-2025-meals-tendencies/ HTTP/1.1" 200 331917 "-" "Mozilla/5.0 (Macintosh; Intel Mac OS X 10_15_7) AppleWebKit/537.36 (KHTML, like Gecko) Chrome/93.0.4577.0 Safari/537.36"
31.220.103.141 - - [18/Mar/2026:13:09:52 -0400] "GET /swedish-meatballs/ HTTP/1.1" 200 377914 "-" "Mozilla/5.0 (Macintosh; Intel Mac OS X 10_15_7) AppleWebKit/537.36 (KHTML, like Gecko) Chrome/93.0.4577.0 Safari/537.36"
31.220.103.141 - - [18/Mar/2026:13:09:52 -0400] "GET /straightforward-home-made-beef-broth-recipe-deep-savory-taste/ HTTP/1.1" 200 351476 "-" "Mozilla/5.0 (Macintosh; Intel Mac OS X 10_15_7) AppleWebKit/537.36 (KHTML, like Gecko) Chrome/93.0.4577.0 Safari/537.36"
31.220.103.141 - - [18/Mar/2026:13:09:53 -0400] "GET /raptors-brandon-ingram-on-rise-forward-of-matchup-with-cavs/ HTTP/1.1" 200 317691 "-" "Mozilla/5.0 (Macintosh; Intel Mac OS X 10_15_7) AppleWebKit/537.36 (KHTML, like Gecko) Chrome/93.0.4577.0 Safari/537.36"
31.220.103.141 - - [18/Mar/2026:13:09:53 -0400] "GET /how-pat-kelsey-is-taking-kentucky-louisville-basketball-rivalry-to-the-following-stage/ HTTP/1.1" 200 329259 "-" "Mozilla/5.0 (Macintosh; Intel Mac OS X 10_15_7) AppleWebKit/537.36 (KHTML, like Gecko) Chrome/93.0.4577.0 Safari/537.36"
31.220.103.141 - - [18/Mar/2026:13:09:53 -0400] "GET /the-place-to-keep-in-bali-7-greatest-areas-kuta-vs-ubud-vs-seminyak-vs-different-areas/ HTTP/1.1" 200 375656 "-" "Mozilla/5.0 (Macintosh; Intel Mac OS X 10_15_7) AppleWebKit/537.36 (KHTML, like Gecko) Chrome/93.0.4577.0 Safari/537.36"
31.220.103.141 - - [18/Mar/2026:13:09:54 -0400] "GET /the-unusual-phantasm-revealing-how-our-brains-hear-the-world/ HTTP/1.1" 200 341881 "-" "Mozilla/5.0 (Macintosh; Intel Mac OS X 10_15_7) AppleWebKit/537.36 (KHTML, like Gecko) Chrome/93.0.4577.0 Safari/537.36"
31.220.103.141 - - [18/Mar/2026:13:09:54 -0400] "GET /i-traveled-5000-miles-at-27-weeks-pregnant-for-the-final-babymoon-crammed-with-rainbows-spa-time-and-mild-adventures-in-nature/ HTTP/1.1" 200 332669 "-" "Mozilla/5.0 (Macintosh; Intel Mac OS X 10_15_7) AppleWebKit/537.36 (KHTML, like Gecko) Chrome/93.0.4577.0 Safari/537.36"
50.6.201.88 - - [18/Mar/2026:13:09:57 -0400] "POST /wp-cron.php?doing_wp_cron=1773853797.1972320079803466796875 HTTP/1.1" 200 - "-" "WordPress/6.9.4; https://planetnewspro.com"
31.220.103.141 - - [18/Mar/2026:13:09:54 -0400] "GET /8-genuine-cafes-in-athens-cherished-by-locals/ HTTP/1.1" 200 338513 "-" "Mozilla/5.0 (Macintosh; Intel Mac OS X 10_15_7) AppleWebKit/537.36 (KHTML, like Gecko) Chrome/93.0.4577.0 Safari/537.36"
31.220.103.141 - - [18/Mar/2026:13:09:57 -0400] "GET /12-finest-laptop-audio-system-2025-examined-and-reviewed/ HTTP/1.1" 200 351318 "-" "Mozilla/5.0 (Macintosh; Intel Mac OS X 10_15_7) AppleWebKit/537.36 (KHTML, like Gecko) Chrome/93.0.4577.0 Safari/537.36"
31.220.103.141 - - [18/Mar/2026:13:09:57 -0400] "GET /get-to-know-the-ieee-board-of-administrators-3/ HTTP/1.1" 200 330267 "-" "Mozilla/5.0 (Macintosh; Intel Mac OS X 10_15_7) AppleWebKit/537.36 (KHTML, like Gecko) Chrome/93.0.4577.0 Safari/537.36"
31.220.103.141 - - [18/Mar/2026:13:09:57 -0400] "GET /ltg-johnny-davis-and-csm-shade-munday-make-being-match-to-serve-a-precedence/ HTTP/1.1" 200 322297 "-" "Mozilla/5.0 (Macintosh; Intel Mac OS X 10_15_7) AppleWebKit/537.36 (KHTML, like Gecko) Chrome/93.0.4577.0 Safari/537.36"
50.6.201.88 - - [18/Mar/2026:13:09:59 -0400] "POST /wp-cron.php?doing_wp_cron=1773853799.0447750091552734375000 HTTP/1.1" 200 - "-" "WordPress/6.9.4; https://planetnewspro.com"
31.220.103.141 - - [18/Mar/2026:13:09:58 -0400] "GET /i-traveled-coast-to-coast-to-run-the-2025-nyc-marathon-right-here-are-my-greatest-ideas/ HTTP/1.1" 200 332133 "-" "Mozilla/5.0 (Macintosh; Intel Mac OS X 10_15_7) AppleWebKit/537.36 (KHTML, like Gecko) Chrome/93.0.4577.0 Safari/537.36"
31.220.103.141 - - [18/Mar/2026:13:09:58 -0400] "GET /protein-and-menopause-how-a-lot-do-girls-actually-want/ HTTP/1.1" 200 325338 "-" "Mozilla/5.0 (Macintosh; Intel Mac OS X 10_15_7) AppleWebKit/537.36 (KHTML, like Gecko) Chrome/93.0.4577.0 Safari/537.36"
31.220.103.141 - - [18/Mar/2026:13:09:58 -0400] "GET /why-your-metabolism-isnt-slowing-after-30-whats-actually-going-on/ HTTP/1.1" 200 318801 "-" "Mozilla/5.0 (Macintosh; Intel Mac OS X 10_15_7) AppleWebKit/537.36 (KHTML, like Gecko) Chrome/93.0.4577.0 Safari/537.36"
50.6.201.88 - - [18/Mar/2026:13:09:59 -0400] "POST /wp-admin/admin-ajax.php?action=async_litespeed&nonce=6a32a20319&litespeed_type=imgoptm HTTP/1.1" 200 21 "-" "WordPress/6.9.4; https://planetnewspro.com"
50.6.201.88 - - [18/Mar/2026:13:09:59 -0400] "POST /wp-cron.php?doing_wp_cron=1773853799.5326950550079345703125 HTTP/1.1" 200 - "-" "WordPress/6.9.4; https://planetnewspro.com"
85.208.96.208 - - [18/Mar/2026:13:09:58 -0400] "GET /ieees-position-in-combatting-local-weather-change-at-cop29/ HTTP/1.1" 200 55174 "-" "Mozilla/5.0 (compatible; SemrushBot/7~bl; +http://www.semrush.com/bot.html)"
31.220.103.141 - - [18/Mar/2026:13:09:59 -0400] "GET /chef-dan-churchill-shares-his-5-most-vital-gasoline-for-efficiency-guidelines/ HTTP/1.1" 200 323049 "-" "Mozilla/5.0 (Macintosh; Intel Mac OS X 10_15_7) AppleWebKit/537.36 (KHTML, like Gecko) Chrome/93.0.4577.0 Safari/537.36"
31.220.103.141 - - [18/Mar/2026:13:09:59 -0400] "GET /valves-steam-machine-may-repair-two-huge-steamos-gaming-issues-and-im-getting-ready-to-ditch-home-windows-11-for-good/ HTTP/1.1" 200 331893 "-" "Mozilla/5.0 (Macintosh; Intel Mac OS X 10_15_7) AppleWebKit/537.36 (KHTML, like Gecko) Chrome/93.0.4577.0 Safari/537.36"
216.73.216.103 - - [18/Mar/2026:13:10:00 -0400] "GET /?p=35272 HTTP/1.1" 301 - "-" "Mozilla/5.0 AppleWebKit/537.36 (KHTML, like Gecko; compatible; ClaudeBot/1.0; +claudebot@anthropic.com)"
31.220.103.141 - - [18/Mar/2026:13:09:59 -0400] "GET /author/admin-pnp-171/ HTTP/1.1" 200 268997 "-" "Mozilla/5.0 (Macintosh; Intel Mac OS X 10_15_7) AppleWebKit/537.36 (KHTML, like Gecko) Chrome/93.0.4577.0 Safari/537.36"
216.73.216.103 - - [18/Mar/2026:13:10:00 -0400] "GET /17-for-a-kindle-ebook-so-a-lot-for-the-paperless-discount/ HTTP/1.1" 200 52885 "https://planetnewspro.com/?p=35272" "Mozilla/5.0 AppleWebKit/537.36 (KHTML, like Gecko; compatible; ClaudeBot/1.0; +claudebot@anthropic.com)"
31.220.103.141 - - [18/Mar/2026:13:10:00 -0400] "GET /methods-to-keep-constant-with-your-psychological-and-bodily-objectives-through-the-holidays/ HTTP/1.1" 200 321947 "-" "Mozilla/5.0 (Macintosh; Intel Mac OS X 10_15_7) AppleWebKit/537.36 (KHTML, like Gecko) Chrome/93.0.4577.0 Safari/537.36"
31.220.103.141 - - [18/Mar/2026:13:10:00 -0400] "GET /laurence-moroney-on-ai-on-the-edge-oreilly/ HTTP/1.1" 200 369255 "-" "Mozilla/5.0 (Macintosh; Intel Mac OS X 10_15_7) AppleWebKit/537.36 (KHTML, like Gecko) Chrome/93.0.4577.0 Safari/537.36"
31.220.103.141 - - [18/Mar/2026:13:10:00 -0400] "GET /palantir-ceo-slams-parasitic-critics-calling-the-tech-a-surveillance-instrument-not-solely-is-patriotism-proper-patriotism-will-make-you-wealthy/ HTTP/1.1" 200 321762 "-" "Mozilla/5.0 (Macintosh; Intel Mac OS X 10_15_7) AppleWebKit/537.36 (KHTML, like Gecko) Chrome/93.0.4577.0 Safari/537.36"
31.220.103.141 - - [18/Mar/2026:13:10:02 -0400] "GET /category/technology/ HTTP/1.1" 200 281281 "-" "Mozilla/5.0 (Macintosh; Intel Mac OS X 10_15_7) AppleWebKit/537.36 (KHTML, like Gecko) Chrome/93.0.4577.0 Safari/537.36"
31.220.103.141 - - [18/Mar/2026:13:10:02 -0400] "GET /india-a-group-schedule-dwell-streaming-all-you-have-to-know/ HTTP/1.1" 200 332101 "-" "Mozilla/5.0 (Macintosh; Intel Mac OS X 10_15_7) AppleWebKit/537.36 (KHTML, like Gecko) Chrome/93.0.4577.0 Safari/537.36"
31.220.103.141 - - [18/Mar/2026:13:10:02 -0400] "GET /category/politics/ HTTP/1.1" 200 281543 "-" "Mozilla/5.0 (Macintosh; Intel Mac OS X 10_15_7) AppleWebKit/537.36 (KHTML, like Gecko) Chrome/93.0.4577.0 Safari/537.36"
31.220.103.141 - - [18/Mar/2026:13:10:03 -0400] "GET /category/current-affairs/ HTTP/1.1" 200 282767 "-" "Mozilla/5.0 (Macintosh; Intel Mac OS X 10_15_7) AppleWebKit/537.36 (KHTML, like Gecko) Chrome/93.0.4577.0 Safari/537.36"
31.220.103.141 - - [18/Mar/2026:13:10:03 -0400] "GET /category/ebook/ HTTP/1.1" 200 280002 "-" "Mozilla/5.0 (Macintosh; Intel Mac OS X 10_15_7) AppleWebKit/537.36 (KHTML, like Gecko) Chrome/93.0.4577.0 Safari/537.36"
31.220.103.141 - - [18/Mar/2026:13:10:03 -0400] "GET /category/finance/ HTTP/1.1" 200 281798 "-" "Mozilla/5.0 (Macintosh; Intel Mac OS X 10_15_7) AppleWebKit/537.36 (KHTML, like Gecko) Chrome/93.0.4577.0 Safari/537.36"
31.220.103.141 - - [18/Mar/2026:13:10:04 -0400] "GET /category/sports/ HTTP/1.1" 200 280685 "-" "Mozilla/5.0 (Macintosh; Intel Mac OS X 10_15_7) AppleWebKit/537.36 (KHTML, like Gecko) Chrome/93.0.4577.0 Safari/537.36"
31.220.103.141 - - [18/Mar/2026:13:10:04 -0400] "GET /category/travel/ HTTP/1.1" 200 280591 "-" "Mozilla/5.0 (Macintosh; Intel Mac OS X 10_15_7) AppleWebKit/537.36 (KHTML, like Gecko) Chrome/93.0.4577.0 Safari/537.36"
31.220.103.141 - - [18/Mar/2026:13:10:04 -0400] "GET /category/netflix/ HTTP/1.1" 200 281424 "-" "Mozilla/5.0 (Macintosh; Intel Mac OS X 10_15_7) AppleWebKit/537.36 (KHTML, like Gecko) Chrome/93.0.4577.0 Safari/537.36"
31.220.103.141 - - [18/Mar/2026:13:10:05 -0400] "GET /category/fitness/ HTTP/1.1" 200 281546 "-" "Mozilla/5.0 (Macintosh; Intel Mac OS X 10_15_7) AppleWebKit/537.36 (KHTML, like Gecko) Chrome/93.0.4577.0 Safari/537.36"
31.220.103.141 - - [18/Mar/2026:13:10:05 -0400] "GET /category/food/ HTTP/1.1" 200 280268 "-" "Mozilla/5.0 (Macintosh; Intel Mac OS X 10_15_7) AppleWebKit/537.36 (KHTML, like Gecko) Chrome/93.0.4577.0 Safari/537.36"
31.220.103.141 - - [18/Mar/2026:13:10:05 -0400] "GET / HTTP/1.1" 200 492303 "-" "Mozilla/5.0 (Macintosh; Intel Mac OS X 10_15_7) AppleWebKit/537.36 (KHTML, like Gecko) Chrome/93.0.4577.0 Safari/537.36"
185.191.171.12 - - [18/Mar/2026:13:10:10 -0400] "GET /spring-coaching-roundup-jacob-wilson-as-tag-royals/ HTTP/1.1" 200 54425 "-" "Mozilla/5.0 (compatible; SemrushBot/7~bl; +http://www.semrush.com/bot.html)"
17.241.227.199 - - [18/Mar/2026:13:10:12 -0400] "GET /set-level-principle-does-your-physique-have-a-default-weight-setting/ HTTP/1.1" 200 53913 "-" "Mozilla/5.0 (Macintosh; Intel Mac OS X 10_15_7) AppleWebKit/605.1.15 (KHTML, like Gecko) Version/17.4 Safari/605.1.15 (Applebot/0.1; +http://www.apple.com/go/applebot)"
185.191.171.11 - - [18/Mar/2026:13:10:13 -0400] "GET /tremendous-micro-laptop-worth-ranges-to-watch-as-inventorys-hunch-accelerates/ HTTP/1.1" 200 53419 "-" "Mozilla/5.0 (compatible; SemrushBot/7~bl; +http://www.semrush.com/bot.html)"
216.73.216.103 - - [18/Mar/2026:13:10:15 -0400] "GET /?p=37057 HTTP/1.1" 301 - "-" "Mozilla/5.0 AppleWebKit/537.36 (KHTML, like Gecko; compatible; ClaudeBot/1.0; +claudebot@anthropic.com)"
85.208.96.196 - - [18/Mar/2026:13:10:15 -0400] "GET /brian-schottenheimer-jerry-jones-proves-hed-quite-be-in-management-than-competent/ HTTP/1.1" 200 53196 "-" "Mozilla/5.0 (compatible; SemrushBot/7~bl; +http://www.semrush.com/bot.html)"
216.73.216.103 - - [18/Mar/2026:13:10:15 -0400] "GET /karoline-leavitt-cannot-deal-with-being-requested-why-trump-had-to-run-off-to-speak-to-putin-alone/ HTTP/1.1" 200 53246 "https://planetnewspro.com/?p=37057" "Mozilla/5.0 AppleWebKit/537.36 (KHTML, like Gecko; compatible; ClaudeBot/1.0; +claudebot@anthropic.com)"
216.73.216.103 - - [18/Mar/2026:13:10:24 -0400] "GET /?p=35796 HTTP/1.1" 301 - "-" "Mozilla/5.0 AppleWebKit/537.36 (KHTML, like Gecko; compatible; ClaudeBot/1.0; +claudebot@anthropic.com)"
216.73.216.103 - - [18/Mar/2026:13:10:24 -0400] "GET /did-doge-contribute-to-the-bls-jobs-report-that-trump-hated-economist-mark-zandi-thinks-so/ HTTP/1.1" 200 52218 "https://planetnewspro.com/?p=35796" "Mozilla/5.0 AppleWebKit/537.36 (KHTML, like Gecko; compatible; ClaudeBot/1.0; +claudebot@anthropic.com)"
185.191.171.12 - - [18/Mar/2026:13:10:25 -0400] "GET /whey-protein-isolate-vs-focus-which-is-higher/ HTTP/1.1" 200 53581 "-" "Mozilla/5.0 (compatible; SemrushBot/7~bl; +http://www.semrush.com/bot.html)"
85.208.96.205 - - [18/Mar/2026:13:10:34 -0400] "GET /kumbh-mela-stampede-newest-many-feared-useless-in-india-crowd-crush-at-worlds-largest-spiritual-pageant/ HTTP/1.1" 200 55903 "-" "Mozilla/5.0 (compatible; SemrushBot/7~bl; +http://www.semrush.com/bot.html)"
50.6.201.88 - - [18/Mar/2026:13:11:01 -0400] "POST /wp-cron.php?doing_wp_cron=1773853861.0032351016998291015625 HTTP/1.1" 200 - "-" "WordPress/6.9.4; https://planetnewspro.com"
216.73.216.103 - - [18/Mar/2026:13:11:00 -0400] "GET /?p=38492 HTTP/1.1" 301 - "-" "Mozilla/5.0 AppleWebKit/537.36 (KHTML, like Gecko; compatible; ClaudeBot/1.0; +claudebot@anthropic.com)"
50.6.201.88 - - [18/Mar/2026:13:11:01 -0400] "POST /wp-admin/admin-ajax.php?action=async_litespeed&nonce=6a32a20319&litespeed_type=imgoptm HTTP/1.1" 200 21 "-" "WordPress/6.9.4; https://planetnewspro.com"
216.73.216.103 - - [18/Mar/2026:13:11:01 -0400] "GET /anti-deepfakes-invoice-might-hamper-the-gaming-trade/ HTTP/1.1" 200 54113 "https://planetnewspro.com/?p=38492" "Mozilla/5.0 AppleWebKit/537.36 (KHTML, like Gecko; compatible; ClaudeBot/1.0; +claudebot@anthropic.com)"
50.6.201.88 - - [18/Mar/2026:13:11:09 -0400] "POST /wp-cron.php?doing_wp_cron=1773853869.7626171112060546875000 HTTP/1.1" 200 - "-" "WordPress/6.9.4; https://planetnewspro.com"
185.191.171.18 - - [18/Mar/2026:13:11:09 -0400] "GET /what-to-do-in-austin-if-youre-right-here-for-enterprise-2025/ HTTP/1.1" 200 58049 "-" "Mozilla/5.0 (compatible; SemrushBot/7~bl; +http://www.semrush.com/bot.html)"
50.6.201.88 - - [18/Mar/2026:13:11:33 -0400] "POST /wp-cron.php?doing_wp_cron=1773853893.9255650043487548828125 HTTP/1.1" 200 - "-" "WordPress/6.9.4; https://planetnewspro.com"
185.191.171.10 - - [18/Mar/2026:13:11:33 -0400] "GET /july-2024-e-book-recap-the-fitnessista/ HTTP/1.1" 200 55037 "-" "Mozilla/5.0 (compatible; SemrushBot/7~bl; +http://www.semrush.com/bot.html)"
43.173.174.195 - - [18/Mar/2026:13:11:39 -0400] "GET /the-place-to-stream-2025s-finest-image-oscar-nominees/ HTTP/1.1" 200 52964 "-" "Mozilla/5.0 (Windows NT 10.0; Win64; x64) AppleWebKit/537.36 (KHTML, like Gecko) Chrome/117.0.0.0 Safari/537.36"
216.73.216.103 - - [18/Mar/2026:13:11:49 -0400] "GET /?p=38086 HTTP/1.1" 301 - "-" "Mozilla/5.0 AppleWebKit/537.36 (KHTML, like Gecko; compatible; ClaudeBot/1.0; +claudebot@anthropic.com)"
216.73.216.103 - - [18/Mar/2026:13:11:49 -0400] "GET /jalapeno-ranch-dressing-recipe-the-recipe-critic/ HTTP/1.1" 200 55735 "https://planetnewspro.com/?p=38086" "Mozilla/5.0 AppleWebKit/537.36 (KHTML, like Gecko; compatible; ClaudeBot/1.0; +claudebot@anthropic.com)"
216.73.216.103 - - [18/Mar/2026:13:11:53 -0400] "GET /fbi-director-patel-vows-no-cowl-ups-amid-bureau-criticism-over-epstein-recordsdata HTTP/1.1" 301 - "-" "Mozilla/5.0 AppleWebKit/537.36 (KHTML, like Gecko; compatible; ClaudeBot/1.0; +claudebot@anthropic.com)"
50.6.201.88 - - [18/Mar/2026:13:11:54 -0400] "POST /wp-cron.php?doing_wp_cron=1773853914.0801990032196044921875 HTTP/1.1" 200 - "-" "WordPress/6.9.4; https://planetnewspro.com"
216.73.216.103 - - [18/Mar/2026:13:11:53 -0400] "GET /fbi-director-patel-vows-no-cowl-ups-amid-bureau-criticism-over-epstein-recordsdata/ HTTP/1.1" 200 53868 "https://planetnewspro.com/fbi-director-patel-vows-no-cowl-ups-amid-bureau-criticism-over-epstein-recordsdata" "Mozilla/5.0 AppleWebKit/537.36 (KHTML, like Gecko; compatible; ClaudeBot/1.0; +claudebot@anthropic.com)"
50.6.201.88 - - [18/Mar/2026:13:12:04 -0400] "POST /wp-cron.php?doing_wp_cron=1773853924.2992210388183593750000 HTTP/1.1" 200 - "-" "WordPress/6.9.4; https://planetnewspro.com"
185.191.171.9 - - [18/Mar/2026:13:12:03 -0400] "GET /dad-and-mom-of-woman-gabriella-windsors-husband-thomas-kingston-break-down-in-tears-as-they-converse-for-first-time-since-he-took-his-personal-life-to-name-for-brand-spanking-new-warnings-about/ HTTP/1.1" 200 56873 "-" "Mozilla/5.0 (compatible; SemrushBot/7~bl; +http://www.semrush.com/bot.html)"
50.6.201.88 - - [18/Mar/2026:13:12:04 -0400] "POST /wp-admin/admin-ajax.php?action=async_litespeed&nonce=6a32a20319&litespeed_type=imgoptm HTTP/1.1" 200 21 "-" "WordPress/6.9.4; https://planetnewspro.com"
50.6.201.88 - - [18/Mar/2026:13:12:11 -0400] "POST /wp-cron.php?doing_wp_cron=1773853931.5000441074371337890625 HTTP/1.1" 200 - "-" "WordPress/6.9.4; https://planetnewspro.com"
185.191.171.9 - - [18/Mar/2026:13:12:11 -0400] "GET /6-finest-digital-picture-frames-2025-aura-nixplay-skylight/ HTTP/1.1" 200 58265 "-" "Mozilla/5.0 (compatible; SemrushBot/7~bl; +http://www.semrush.com/bot.html)"
216.73.216.103 - - [18/Mar/2026:13:12:14 -0400] "GET /democrats-have-little-curiosity-in-one-other-trump-impeachment HTTP/1.1" 301 - "-" "Mozilla/5.0 AppleWebKit/537.36 (KHTML, like Gecko; compatible; ClaudeBot/1.0; +claudebot@anthropic.com)"
216.73.216.103 - - [18/Mar/2026:13:12:14 -0400] "GET /democrats-have-little-curiosity-in-one-other-trump-impeachment/ HTTP/1.1" 200 53291 "https://planetnewspro.com/democrats-have-little-curiosity-in-one-other-trump-impeachment" "Mozilla/5.0 AppleWebKit/537.36 (KHTML, like Gecko; compatible; ClaudeBot/1.0; +claudebot@anthropic.com)"
17.241.219.218 - - [18/Mar/2026:13:12:30 -0400] "GET /wp-includes/js/jquery/jquery.min.js?ver=3.7.1 HTTP/1.1" 200 87553 "https://planetnewspro.com/set-level-principle-does-your-physique-have-a-default-weight-setting/" "Mozilla/5.0 (Macintosh; Intel Mac OS X 10_15_7) AppleWebKit/605.1.15 (KHTML, like Gecko) Version/17.4 Safari/605.1.15 (Applebot/0.1; +http://www.apple.com/go/applebot)"
17.241.227.254 - - [18/Mar/2026:13:12:31 -0400] "GET /wp-content/plugins/td-composer/legacy/Newspaper/js/tagdiv_theme.min.js?ver=12.6.6 HTTP/1.1" 200 160112 "https://planetnewspro.com/set-level-principle-does-your-physique-have-a-default-weight-setting/" "Mozilla/5.0 (Macintosh; Intel Mac OS X 10_15_7) AppleWebKit/605.1.15 (KHTML, like Gecko) Version/17.4 Safari/605.1.15 (Applebot/0.1; +http://www.apple.com/go/applebot)"
17.241.227.26 - - [18/Mar/2026:13:12:33 -0400] "GET /wp-content/plugins/td-composer/legacy/Newspaper/js/tdPostImages.js?ver=12.6.6 HTTP/1.1" 200 2449 "https://planetnewspro.com/set-level-principle-does-your-physique-have-a-default-weight-setting/" "Mozilla/5.0 (Macintosh; Intel Mac OS X 10_15_7) AppleWebKit/605.1.15 (KHTML, like Gecko) Version/17.4 Safari/605.1.15 (Applebot/0.1; +http://www.apple.com/go/applebot)"
17.241.75.134 - - [18/Mar/2026:13:12:34 -0400] "GET /wp-content/plugins/td-composer/legacy/Newspaper/js/tdModalPostImages.js?ver=12.6.6 HTTP/1.1" 200 8892 "https://planetnewspro.com/set-level-principle-does-your-physique-have-a-default-weight-setting/" "Mozilla/5.0 (Macintosh; Intel Mac OS X 10_15_7) AppleWebKit/605.1.15 (KHTML, like Gecko) Version/17.4 Safari/605.1.15 (Applebot/0.1; +http://www.apple.com/go/applebot)"
17.241.219.238 - - [18/Mar/2026:13:12:36 -0400] "GET /wp-includes/js/jquery/jquery-migrate.min.js?ver=3.4.1 HTTP/1.1" 200 13577 "https://planetnewspro.com/set-level-principle-does-your-physique-have-a-default-weight-setting/" "Mozilla/5.0 (Macintosh; Intel Mac OS X 10_15_7) AppleWebKit/605.1.15 (KHTML, like Gecko) Version/17.4 Safari/605.1.15 (Applebot/0.1; +http://www.apple.com/go/applebot)"
17.241.219.15 - - [18/Mar/2026:13:12:37 -0400] "GET /wp-content/plugins/td-composer/legacy/Newspaper/js/tdSocialSharing.js?ver=12.6.6 HTTP/1.1" 200 2632 "https://planetnewspro.com/set-level-principle-does-your-physique-have-a-default-weight-setting/" "Mozilla/5.0 (Macintosh; Intel Mac OS X 10_15_7) AppleWebKit/605.1.15 (KHTML, like Gecko) Version/17.4 Safari/605.1.15 (Applebot/0.1; +http://www.apple.com/go/applebot)"
17.241.219.45 - - [18/Mar/2026:13:12:40 -0400] "GET /wp-content/plugins/td-composer/legacy/Newspaper/js/tdToTop.js?ver=12.6.6 HTTP/1.1" 200 1426 "https://planetnewspro.com/set-level-principle-does-your-physique-have-a-default-weight-setting/" "Mozilla/5.0 (Macintosh; Intel Mac OS X 10_15_7) AppleWebKit/605.1.15 (KHTML, like Gecko) Version/17.4 Safari/605.1.15 (Applebot/0.1; +http://www.apple.com/go/applebot)"
17.241.219.247 - - [18/Mar/2026:13:12:41 -0400] "GET /wp-content/plugins/td-composer/legacy/Newspaper/js/tdAjaxSearch.js?ver=12.6.6 HTTP/1.1" 200 6145 "https://planetnewspro.com/set-level-principle-does-your-physique-have-a-default-weight-setting/" "Mozilla/5.0 (Macintosh; Intel Mac OS X 10_15_7) AppleWebKit/605.1.15 (KHTML, like Gecko) Version/17.4 Safari/605.1.15 (Applebot/0.1; +http://www.apple.com/go/applebot)"
17.241.75.4 - - [18/Mar/2026:13:12:43 -0400] "GET /wp-content/plugins/td-composer/legacy/Newspaper/js/tdDatei18n.js?ver=12.6.6 HTTP/1.1" 200 2431 "https://planetnewspro.com/set-level-principle-does-your-physique-have-a-default-weight-setting/" "Mozilla/5.0 (Macintosh; Intel Mac OS X 10_15_7) AppleWebKit/605.1.15 (KHTML, like Gecko) Version/17.4 Safari/605.1.15 (Applebot/0.1; +http://www.apple.com/go/applebot)"
17.241.75.42 - - [18/Mar/2026:13:12:43 -0400] "GET /wp-content/plugins/td-cloud-library/assets/js/js_files_for_front.min.js?ver=b379c96c54343541fd8742379a419361 HTTP/1.1" 200 29608 "https://planetnewspro.com/set-level-principle-does-your-physique-have-a-default-weight-setting/" "Mozilla/5.0 (Macintosh; Intel Mac OS X 10_15_7) AppleWebKit/605.1.15 (KHTML, like Gecko) Version/17.4 Safari/605.1.15 (Applebot/0.1; +http://www.apple.com/go/applebot)"
50.6.201.88 - - [18/Mar/2026:13:12:43 -0400] "POST /wp-cron.php?doing_wp_cron=1773853963.9703369140625000000000 HTTP/1.1" 200 - "-" "WordPress/6.9.4; https://planetnewspro.com"
43.173.182.132 - - [18/Mar/2026:13:12:43 -0400] "GET /?p=23094 HTTP/1.1" 301 - "-" "Mozilla/5.0 (Windows NT 10.0; Win64; x64) AppleWebKit/537.36 (KHTML, like Gecko) Chrome/108.0.0.0 Safari/537.36"
17.241.75.98 - - [18/Mar/2026:13:12:44 -0400] "GET /wp-content/plugins/td-composer/legacy/Newspaper/js/tdAnimationSprite.js?ver=12.6.6 HTTP/1.1" 200 3989 "https://planetnewspro.com/set-level-principle-does-your-physique-have-a-default-weight-setting/" "Mozilla/5.0 (Macintosh; Intel Mac OS X 10_15_7) AppleWebKit/605.1.15 (KHTML, like Gecko) Version/17.4 Safari/605.1.15 (Applebot/0.1; +http://www.apple.com/go/applebot)"
216.73.216.103 - - [18/Mar/2026:13:12:44 -0400] "GET /5-greatest-lat-pulldown-machine-alternate-options-at-residence-or-the-health-club HTTP/1.1" 301 - "-" "Mozilla/5.0 AppleWebKit/537.36 (KHTML, like Gecko; compatible; ClaudeBot/1.0; +claudebot@anthropic.com)"
216.73.216.103 - - [18/Mar/2026:13:12:45 -0400] "GET /5-greatest-lat-pulldown-machine-alternate-options-at-residence-or-the-health-club/ HTTP/1.1" 200 53617 "https://planetnewspro.com/5-greatest-lat-pulldown-machine-alternate-options-at-residence-or-the-health-club" "Mozilla/5.0 AppleWebKit/537.36 (KHTML, like Gecko; compatible; ClaudeBot/1.0; +claudebot@anthropic.com)"
43.173.181.167 - - [18/Mar/2026:13:12:45 -0400] "GET /the-place-to-stream-2025s-finest-image-oscar-nominees/ HTTP/1.1" 200 52964 "-" "Mozilla/5.0 (Windows NT 10.0; Win64; x64) AppleWebKit/537.36 (KHTML, like Gecko) Chrome/108.0.0.0 Safari/537.36"
17.241.75.102 - - [18/Mar/2026:13:12:46 -0400] "GET /wp-content/plugins/td-composer/legacy/Newspaper/js/tdWeather.js?ver=12.6.6 HTTP/1.1" 200 9932 "https://planetnewspro.com/set-level-principle-does-your-physique-have-a-default-weight-setting/" "Mozilla/5.0 (Macintosh; Intel Mac OS X 10_15_7) AppleWebKit/605.1.15 (KHTML, like Gecko) Version/17.4 Safari/605.1.15 (Applebot/0.1; +http://www.apple.com/go/applebot)"
17.241.219.228 - - [18/Mar/2026:13:12:47 -0400] "GET /wp-content/plugins/td-cloud-library/assets/js/tdbMenu.js?ver=b379c96c54343541fd8742379a419361 HTTP/1.1" 200 10781 "https://planetnewspro.com/set-level-principle-does-your-physique-have-a-default-weight-setting/" "Mozilla/5.0 (Macintosh; Intel Mac OS X 10_15_7) AppleWebKit/605.1.15 (KHTML, like Gecko) Version/17.4 Safari/605.1.15 (Applebot/0.1; +http://www.apple.com/go/applebot)"
17.241.227.91 - - [18/Mar/2026:13:12:48 -0400] "GET /wp-content/plugins/td-cloud-library/assets/js/tdbSearch.js?ver=b379c96c54343541fd8742379a419361 HTTP/1.1" 200 5945 "https://planetnewspro.com/set-level-principle-does-your-physique-have-a-default-weight-setting/" "Mozilla/5.0 (Macintosh; Intel Mac OS X 10_15_7) AppleWebKit/605.1.15 (KHTML, like Gecko) Version/17.4 Safari/605.1.15 (Applebot/0.1; +http://www.apple.com/go/applebot)"
17.241.75.75 - - [18/Mar/2026:13:12:50 -0400] "GET /wp-content/plugins/td-composer/legacy/Newspaper/js/tdMenu.js?ver=12.6.6 HTTP/1.1" 200 4530 "https://planetnewspro.com/set-level-principle-does-your-physique-have-a-default-weight-setting/" "Mozilla/5.0 (Macintosh; Intel Mac OS X 10_15_7) AppleWebKit/605.1.15 (KHTML, like Gecko) Version/17.4 Safari/605.1.15 (Applebot/0.1; +http://www.apple.com/go/applebot)"
17.241.219.122 - - [18/Mar/2026:13:12:52 -0400] "GET /wp-content/plugins/td-composer/legacy/Newspaper/js/tdLoadingBox.js?ver=12.6.6 HTTP/1.1" 200 2670 "https://planetnewspro.com/set-level-principle-does-your-physique-have-a-default-weight-setting/" "Mozilla/5.0 (Macintosh; Intel Mac OS X 10_15_7) AppleWebKit/605.1.15 (KHTML, like Gecko) Version/17.4 Safari/605.1.15 (Applebot/0.1; +http://www.apple.com/go/applebot)"
17.241.75.197 - - [18/Mar/2026:13:12:53 -0400] "GET /wp-content/plugins/td-composer/legacy/Newspaper/js/tdLogin.js?ver=12.6.6 HTTP/1.1" 200 13630 "https://planetnewspro.com/set-level-principle-does-your-physique-have-a-default-weight-setting/" "Mozilla/5.0 (Macintosh; Intel Mac OS X 10_15_7) AppleWebKit/605.1.15 (KHTML, like Gecko) Version/17.4 Safari/605.1.15 (Applebot/0.1; +http://www.apple.com/go/applebot)"
17.241.75.236 - - [18/Mar/2026:13:12:54 -0400] "GET /wp-content/plugins/td-composer/legacy/Newspaper/js/tdSmartSidebar.js?ver=12.6.6 HTTP/1.1" 200 9915 "https://planetnewspro.com/set-level-principle-does-your-physique-have-a-default-weight-setting/" "Mozilla/5.0 (Macintosh; Intel Mac OS X 10_15_7) AppleWebKit/605.1.15 (KHTML, like Gecko) Version/17.4 Safari/605.1.15 (Applebot/0.1; +http://www.apple.com/go/applebot)"
17.241.75.197 - - [18/Mar/2026:13:12:55 -0400] "GET /wp-includes/js/wp-emoji-release.min.js?ver=6.9.4 HTTP/1.1" 200 22762 "https://planetnewspro.com/set-level-principle-does-your-physique-have-a-default-weight-setting/" "Mozilla/5.0 (Macintosh; Intel Mac OS X 10_15_7) AppleWebKit/605.1.15 (KHTML, like Gecko) Version/17.4 Safari/605.1.15 (Applebot/0.1; +http://www.apple.com/go/applebot)"
17.241.219.192 - - [18/Mar/2026:13:12:59 -0400] "GET /wp-includes/js/comment-reply.min.js?ver=6.9.4 HTTP/1.1" 200 3026 "https://planetnewspro.com/set-level-principle-does-your-physique-have-a-default-weight-setting/" "Mozilla/5.0 (Macintosh; Intel Mac OS X 10_15_7) AppleWebKit/605.1.15 (KHTML, like Gecko) Version/17.4 Safari/605.1.15 (Applebot/0.1; +http://www.apple.com/go/applebot)"
50.6.201.88 - - [18/Mar/2026:13:13:02 -0400] "POST /wp-cron.php?doing_wp_cron=1773853982.2975668907165527343750 HTTP/1.1" 200 - "-" "WordPress/6.9.4; https://planetnewspro.com"
