216.73.216.103 - - [18/Mar/2026:11:07:28 -0400] "GET /?p=38080 HTTP/1.1" 301 - "-" "Mozilla/5.0 AppleWebKit/537.36 (KHTML, like Gecko; compatible; ClaudeBot/1.0; +claudebot@anthropic.com)"
216.73.216.103 - - [18/Mar/2026:11:07:28 -0400] "GET /clapper-crony-threatened-to-withhold-promotion-of-senior-intel-official-who-refused-to-signal-off-on-phony-ica-report-the-gateway-pundit/ HTTP/1.1" 200 52538 "https://planetnewspro.com/?p=35431" "Mozilla/5.0 AppleWebKit/537.36 (KHTML, like Gecko; compatible; ClaudeBot/1.0; +claudebot@anthropic.com)"
50.6.201.88 - - [18/Mar/2026:11:07:30 -0400] "POST /wp-cron.php?doing_wp_cron=1773846450.1742379665374755859375 HTTP/1.1" 200 - "-" "WordPress/6.9.4; https://planetnewspro.com"
216.73.216.103 - - [18/Mar/2026:11:07:29 -0400] "GET /lap-of-luxurious-part-8-masking-arizona-rents-up-to-6020/ HTTP/1.1" 200 54109 "https://planetnewspro.com/?p=38080" "Mozilla/5.0 AppleWebKit/537.36 (KHTML, like Gecko; compatible; ClaudeBot/1.0; +claudebot@anthropic.com)"
216.73.216.103 - - [18/Mar/2026:11:07:30 -0400] "GET /?p=29053 HTTP/1.1" 301 - "-" "Mozilla/5.0 AppleWebKit/537.36 (KHTML, like Gecko; compatible; ClaudeBot/1.0; +claudebot@anthropic.com)"
216.73.216.103 - - [18/Mar/2026:11:07:30 -0400] "GET /australian-federal-election-2025-live-outcomes-anthony-albanese-wins-the-2025-federal-election-after-large-swing-towards-labor-throughout-the-nation-our-political-editor-peter-van-onselen-makes-bea/ HTTP/1.1" 200 84315 "https://planetnewspro.com/?p=29053" "Mozilla/5.0 AppleWebKit/537.36 (KHTML, like Gecko; compatible; ClaudeBot/1.0; +claudebot@anthropic.com)"
185.191.171.15 - - [18/Mar/2026:11:07:55 -0400] "GET /visionect-leads-the-business-with-energy-environment-friendly-e-paper-show-options/ HTTP/1.1" 200 52959 "-" "Mozilla/5.0 (compatible; SemrushBot/7~bl; +http://www.semrush.com/bot.html)"
216.73.216.103 - - [18/Mar/2026:11:07:58 -0400] "GET /in-six-months-ice-arrests-350-gang-members-in-houston HTTP/1.1" 301 - "-" "Mozilla/5.0 AppleWebKit/537.36 (KHTML, like Gecko; compatible; ClaudeBot/1.0; +claudebot@anthropic.com)"
216.73.216.103 - - [18/Mar/2026:11:07:58 -0400] "GET /scorching-tub-vs-sauna-which-restoration-methodology-boosts-well-being-and-immunity-the-most HTTP/1.1" 301 - "-" "Mozilla/5.0 AppleWebKit/537.36 (KHTML, like Gecko; compatible; ClaudeBot/1.0; +claudebot@anthropic.com)"
216.73.216.103 - - [18/Mar/2026:11:07:58 -0400] "GET /in-six-months-ice-arrests-350-gang-members-in-houston/ HTTP/1.1" 200 53028 "https://planetnewspro.com/in-six-months-ice-arrests-350-gang-members-in-houston" "Mozilla/5.0 AppleWebKit/537.36 (KHTML, like Gecko; compatible; ClaudeBot/1.0; +claudebot@anthropic.com)"
216.73.216.103 - - [18/Mar/2026:11:07:59 -0400] "GET /scorching-tub-vs-sauna-which-restoration-methodology-boosts-well-being-and-immunity-the-most/ HTTP/1.1" 200 52350 "https://planetnewspro.com/scorching-tub-vs-sauna-which-restoration-methodology-boosts-well-being-and-immunity-the-most" "Mozilla/5.0 AppleWebKit/537.36 (KHTML, like Gecko; compatible; ClaudeBot/1.0; +claudebot@anthropic.com)"
216.73.216.103 - - [18/Mar/2026:11:07:59 -0400] "GET /truth-or-simply-followers-wild-desires-this-is-the-fact HTTP/1.1" 301 - "-" "Mozilla/5.0 AppleWebKit/537.36 (KHTML, like Gecko; compatible; ClaudeBot/1.0; +claudebot@anthropic.com)"
216.73.216.103 - - [18/Mar/2026:11:07:59 -0400] "GET /truth-or-simply-followers-wild-desires-this-is-the-fact/ HTTP/1.1" 200 52645 "https://planetnewspro.com/truth-or-simply-followers-wild-desires-this-is-the-fact" "Mozilla/5.0 AppleWebKit/537.36 (KHTML, like Gecko; compatible; ClaudeBot/1.0; +claudebot@anthropic.com)"
85.208.96.204 - - [18/Mar/2026:11:08:01 -0400] "GET /border-patrol-picks-hit-report-excessive-all-of-us-desires-to-be-a-border-agent-now/ HTTP/1.1" 200 54535 "-" "Mozilla/5.0 (compatible; SemrushBot/7~bl; +http://www.semrush.com/bot.html)"
123.19.129.186 - - [18/Mar/2026:11:08:13 -0400] "GET /restaurant-playlists-matter-to-the-vibe-however-additionally-to-the-folks-who-work-there/ HTTP/1.1" 200 53639 "-" "Mozilla/5.0 (Macintosh; U; Intel Mac OS X 10_6_2; en-US) AppleWebKit/533.4 (KHTML, like Gecko) Chrome/5.0.366.0 Safari/533.4"
85.208.96.211 - - [18/Mar/2026:11:08:24 -0400] "GET /grits-and-eggs-recipe-love-and-lemons/ HTTP/1.1" 200 54452 "-" "Mozilla/5.0 (compatible; SemrushBot/7~bl; +http://www.semrush.com/bot.html)"
216.73.216.103 - - [18/Mar/2026:11:08:35 -0400] "GET /how-can-you-get-rid-of-internal-thigh-fats HTTP/1.1" 301 - "-" "Mozilla/5.0 AppleWebKit/537.36 (KHTML, like Gecko; compatible; ClaudeBot/1.0; +claudebot@anthropic.com)"
216.73.216.103 - - [18/Mar/2026:11:08:35 -0400] "GET /visa-specialist-no-longer-working-for-state-division-after-hidden-digicam-investigation HTTP/1.1" 301 - "-" "Mozilla/5.0 AppleWebKit/537.36 (KHTML, like Gecko; compatible; ClaudeBot/1.0; +claudebot@anthropic.com)"
216.73.216.103 - - [18/Mar/2026:11:08:35 -0400] "GET /how-can-you-get-rid-of-internal-thigh-fats/ HTTP/1.1" 200 59114 "https://planetnewspro.com/how-can-you-get-rid-of-internal-thigh-fats" "Mozilla/5.0 AppleWebKit/537.36 (KHTML, like Gecko; compatible; ClaudeBot/1.0; +claudebot@anthropic.com)"
216.73.216.103 - - [18/Mar/2026:11:08:36 -0400] "GET /truss-urges-conservatives-to-construct-political-infrastructure-to-counteract-left-wing-ideology HTTP/1.1" 301 - "-" "Mozilla/5.0 AppleWebKit/537.36 (KHTML, like Gecko; compatible; ClaudeBot/1.0; +claudebot@anthropic.com)"
216.73.216.103 - - [18/Mar/2026:11:08:35 -0400] "GET /visa-specialist-no-longer-working-for-state-division-after-hidden-digicam-investigation/ HTTP/1.1" 200 52887 "https://planetnewspro.com/visa-specialist-no-longer-working-for-state-division-after-hidden-digicam-investigation" "Mozilla/5.0 AppleWebKit/537.36 (KHTML, like Gecko; compatible; ClaudeBot/1.0; +claudebot@anthropic.com)"
216.73.216.103 - - [18/Mar/2026:11:08:36 -0400] "GET /truss-urges-conservatives-to-construct-political-infrastructure-to-counteract-left-wing-ideology/ HTTP/1.1" 200 53649 "https://planetnewspro.com/truss-urges-conservatives-to-construct-political-infrastructure-to-counteract-left-wing-ideology" "Mozilla/5.0 AppleWebKit/537.36 (KHTML, like Gecko; compatible; ClaudeBot/1.0; +claudebot@anthropic.com)"
185.191.171.14 - - [18/Mar/2026:11:08:36 -0400] "GET /russia-declares-federal-emergency-after-ukrainian-ambush-in-kursk-area-of-russia-the-gateway-pundit/ HTTP/1.1" 200 52886 "-" "Mozilla/5.0 (compatible; SemrushBot/7~bl; +http://www.semrush.com/bot.html)"
185.191.171.17 - - [18/Mar/2026:11:08:46 -0400] "GET /worry-grips-dc-as-musk-features-entry-to-delicate-treasury-division-fee-system-that-controls-5trillion/ HTTP/1.1" 200 54856 "-" "Mozilla/5.0 (compatible; SemrushBot/7~bl; +http://www.semrush.com/bot.html)"
85.208.96.196 - - [18/Mar/2026:11:08:48 -0400] "GET /miss-supranational-2025-to-happen-in-poland-in-june/ HTTP/1.1" 200 53844 "-" "Mozilla/5.0 (compatible; SemrushBot/7~bl; +http://www.semrush.com/bot.html)"
50.6.201.88 - - [18/Mar/2026:11:08:52 -0400] "POST /wp-cron.php?doing_wp_cron=1773846532.8271279335021972656250 HTTP/1.1" 200 - "-" "WordPress/6.9.4; https://planetnewspro.com"
216.73.216.103 - - [18/Mar/2026:11:08:52 -0400] "GET /the-burrito-that-tastes-like-residence-even-after-im-3000-miles-away HTTP/1.1" 301 - "-" "Mozilla/5.0 AppleWebKit/537.36 (KHTML, like Gecko; compatible; ClaudeBot/1.0; +claudebot@anthropic.com)"
216.73.216.103 - - [18/Mar/2026:11:08:52 -0400] "GET /openai-staffer-left-america-for-sweden-due-to-trumps-presidency HTTP/1.1" 301 - "-" "Mozilla/5.0 AppleWebKit/537.36 (KHTML, like Gecko; compatible; ClaudeBot/1.0; +claudebot@anthropic.com)"
50.6.201.88 - - [18/Mar/2026:11:08:53 -0400] "POST /wp-admin/admin-ajax.php?action=async_litespeed&nonce=6a32a20319&litespeed_type=imgoptm HTTP/1.1" 200 21 "-" "WordPress/6.9.4; https://planetnewspro.com"
216.73.216.103 - - [18/Mar/2026:11:08:53 -0400] "GET /the-burrito-that-tastes-like-residence-even-after-im-3000-miles-away/ HTTP/1.1" 200 54941 "https://planetnewspro.com/the-burrito-that-tastes-like-residence-even-after-im-3000-miles-away" "Mozilla/5.0 AppleWebKit/537.36 (KHTML, like Gecko; compatible; ClaudeBot/1.0; +claudebot@anthropic.com)"
216.73.216.103 - - [18/Mar/2026:11:08:53 -0400] "GET /openai-staffer-left-america-for-sweden-due-to-trumps-presidency/ HTTP/1.1" 200 53489 "https://planetnewspro.com/openai-staffer-left-america-for-sweden-due-to-trumps-presidency" "Mozilla/5.0 AppleWebKit/537.36 (KHTML, like Gecko; compatible; ClaudeBot/1.0; +claudebot@anthropic.com)"
50.6.201.88 - - [18/Mar/2026:11:08:53 -0400] "POST /wp-cron.php?doing_wp_cron=1773846533.8182880878448486328125 HTTP/1.1" 200 - "-" "WordPress/6.9.4; https://planetnewspro.com"
85.208.96.194 - - [18/Mar/2026:11:08:51 -0400] "GET /the-video-games-industrys-development-potential-is-shrinking-midia/ HTTP/1.1" 200 52886 "-" "Mozilla/5.0 (compatible; SemrushBot/7~bl; +http://www.semrush.com/bot.html)"
216.73.216.103 - - [18/Mar/2026:11:08:53 -0400] "GET /3-methods-to-make-use-of-the-brand-new-chatgpt-examine-mode-that-arent-for-homework HTTP/1.1" 301 - "-" "Mozilla/5.0 AppleWebKit/537.36 (KHTML, like Gecko; compatible; ClaudeBot/1.0; +claudebot@anthropic.com)"
216.73.216.103 - - [18/Mar/2026:11:08:53 -0400] "GET /3-methods-to-make-use-of-the-brand-new-chatgpt-examine-mode-that-arent-for-homework/ HTTP/1.1" 200 53685 "https://planetnewspro.com/3-methods-to-make-use-of-the-brand-new-chatgpt-examine-mode-that-arent-for-homework" "Mozilla/5.0 AppleWebKit/537.36 (KHTML, like Gecko; compatible; ClaudeBot/1.0; +claudebot@anthropic.com)"
50.6.201.88 - - [18/Mar/2026:11:09:00 -0400] "POST /wp-cron.php?doing_wp_cron=1773846540.6193881034851074218750 HTTP/1.1" 200 - "-" "WordPress/6.9.4; https://planetnewspro.com"
216.73.216.103 - - [18/Mar/2026:11:09:00 -0400] "GET /im-not-trying-people-near-retirement-are-afraid-to-verify-their-account-balances HTTP/1.1" 301 - "-" "Mozilla/5.0 AppleWebKit/537.36 (KHTML, like Gecko; compatible; ClaudeBot/1.0; +claudebot@anthropic.com)"
216.73.216.103 - - [18/Mar/2026:11:09:00 -0400] "GET /comedian-con-india-and-iict-signal-mou-to-expertise-growth HTTP/1.1" 301 - "-" "Mozilla/5.0 AppleWebKit/537.36 (KHTML, like Gecko; compatible; ClaudeBot/1.0; +claudebot@anthropic.com)"
50.6.201.88 - - [18/Mar/2026:11:09:00 -0400] "POST /wp-admin/admin-ajax.php?action=async_litespeed&nonce=6a32a20319&litespeed_type=imgoptm HTTP/1.1" 200 21 "-" "WordPress/6.9.4; https://planetnewspro.com"
216.73.216.103 - - [18/Mar/2026:11:09:00 -0400] "GET /im-not-trying-people-near-retirement-are-afraid-to-verify-their-account-balances/ HTTP/1.1" 200 54546 "https://planetnewspro.com/im-not-trying-people-near-retirement-are-afraid-to-verify-their-account-balances" "Mozilla/5.0 AppleWebKit/537.36 (KHTML, like Gecko; compatible; ClaudeBot/1.0; +claudebot@anthropic.com)"
216.73.216.103 - - [18/Mar/2026:11:09:01 -0400] "GET /trump-is-openly-using-the-presidency-to-enrich-the-trump-brand HTTP/1.1" 301 - "-" "Mozilla/5.0 AppleWebKit/537.36 (KHTML, like Gecko; compatible; ClaudeBot/1.0; +claudebot@anthropic.com)"
216.73.216.103 - - [18/Mar/2026:11:09:01 -0400] "GET /comedian-con-india-and-iict-signal-mou-to-expertise-growth/ HTTP/1.1" 200 53886 "https://planetnewspro.com/comedian-con-india-and-iict-signal-mou-to-expertise-growth" "Mozilla/5.0 AppleWebKit/537.36 (KHTML, like Gecko; compatible; ClaudeBot/1.0; +claudebot@anthropic.com)"
216.73.216.103 - - [18/Mar/2026:11:09:02 -0400] "GET /trump-is-openly-using-the-presidency-to-enrich-the-trump-brand/ HTTP/1.1" 200 54682 "https://planetnewspro.com/trump-is-openly-using-the-presidency-to-enrich-the-trump-brand" "Mozilla/5.0 AppleWebKit/537.36 (KHTML, like Gecko; compatible; ClaudeBot/1.0; +claudebot@anthropic.com)"
50.6.201.88 - - [18/Mar/2026:11:09:08 -0400] "POST /wp-cron.php?doing_wp_cron=1773846548.7424519062042236328125 HTTP/1.1" 200 - "-" "WordPress/6.9.4; https://planetnewspro.com"
185.191.171.12 - - [18/Mar/2026:11:09:08 -0400] "GET /rivals-are-rising-to-problem-the-dominance-of-spacex/ HTTP/1.1" 200 52136 "-" "Mozilla/5.0 (compatible; SemrushBot/7~bl; +http://www.semrush.com/bot.html)"
50.6.201.88 - - [18/Mar/2026:11:09:20 -0400] "POST /wp-cron.php?doing_wp_cron=1773846560.8750879764556884765625 HTTP/1.1" 200 - "-" "WordPress/6.9.4; https://planetnewspro.com"
185.191.171.12 - - [18/Mar/2026:11:09:18 -0400] "GET /what-new-e-readers-will-come-out-in-2025/ HTTP/1.1" 200 54269 "-" "Mozilla/5.0 (compatible; SemrushBot/7~bl; +http://www.semrush.com/bot.html)"
216.73.216.103 - - [18/Mar/2026:11:09:26 -0400] "GET /another-one-gone-liberal-washington-submit-truth-checker-glenn-kessler-leaving-paper-after-accepting-buyout-the-gateway-pundit HTTP/1.1" 301 - "-" "Mozilla/5.0 AppleWebKit/537.36 (KHTML, like Gecko; compatible; ClaudeBot/1.0; +claudebot@anthropic.com)"
216.73.216.103 - - [18/Mar/2026:11:09:26 -0400] "GET /lap-of-luxurious-part-8-masking-arizona-rents-up-to-6020 HTTP/1.1" 301 - "-" "Mozilla/5.0 AppleWebKit/537.36 (KHTML, like Gecko; compatible; ClaudeBot/1.0; +claudebot@anthropic.com)"
216.73.216.103 - - [18/Mar/2026:11:09:26 -0400] "GET /another-one-gone-liberal-washington-submit-truth-checker-glenn-kessler-leaving-paper-after-accepting-buyout-the-gateway-pundit/ HTTP/1.1" 200 52929 "https://planetnewspro.com/another-one-gone-liberal-washington-submit-truth-checker-glenn-kessler-leaving-paper-after-accepting-buyout-the-gateway-pundit" "Mozilla/5.0 AppleWebKit/537.36 (KHTML, like Gecko; compatible; ClaudeBot/1.0; +claudebot@anthropic.com)"
50.6.201.88 - - [18/Mar/2026:11:09:27 -0400] "POST /wp-cron.php?doing_wp_cron=1773846567.6775209903717041015625 HTTP/1.1" 200 - "-" "WordPress/6.9.4; https://planetnewspro.com"
216.73.216.103 - - [18/Mar/2026:11:09:27 -0400] "GET /zayn-malik-bestows-final-seal-of-approval-for-blackpink-with-a-particular-associate-at-their-live-performance HTTP/1.1" 301 - "-" "Mozilla/5.0 AppleWebKit/537.36 (KHTML, like Gecko; compatible; ClaudeBot/1.0; +claudebot@anthropic.com)"
216.73.216.103 - - [18/Mar/2026:11:09:27 -0400] "GET /lap-of-luxurious-part-8-masking-arizona-rents-up-to-6020/ HTTP/1.1" 200 54109 "https://planetnewspro.com/lap-of-luxurious-part-8-masking-arizona-rents-up-to-6020" "Mozilla/5.0 AppleWebKit/537.36 (KHTML, like Gecko; compatible; ClaudeBot/1.0; +claudebot@anthropic.com)"
216.73.216.103 - - [18/Mar/2026:11:09:27 -0400] "GET /zayn-malik-bestows-final-seal-of-approval-for-blackpink-with-a-particular-associate-at-their-live-performance/ HTTP/1.1" 200 52837 "https://planetnewspro.com/zayn-malik-bestows-final-seal-of-approval-for-blackpink-with-a-particular-associate-at-their-live-performance" "Mozilla/5.0 AppleWebKit/537.36 (KHTML, like Gecko; compatible; ClaudeBot/1.0; +claudebot@anthropic.com)"
50.6.201.88 - - [18/Mar/2026:11:10:02 -0400] "POST /wp-cron.php?doing_wp_cron=1773846602.4147889614105224609375 HTTP/1.1" 200 - "-" "WordPress/6.9.4; https://planetnewspro.com"
2.134.111.42 - - [18/Mar/2026:11:10:01 -0400] "GET /biden-scoffs-at-marjorie-taylor-greenes-claims-on-climate-manipulation-the-federal-authorities-is-actually-controlling-the-climate-it-is-past-ridiculous-the-gateway-pundit/ HTTP/1.1" 200 56218 "https://planetnewspro.com/" "Mozilla/5.0 (Macintosh; Intel Mac OS X 10.15; rv:136.0) Gecko/20100101 Firefox/136.0"
50.6.201.88 - - [18/Mar/2026:11:10:02 -0400] "POST /wp-admin/admin-ajax.php?action=async_litespeed&nonce=6a32a20319&litespeed_type=imgoptm HTTP/1.1" 200 21 "-" "WordPress/6.9.4; https://planetnewspro.com"
50.6.201.88 - - [18/Mar/2026:11:10:16 -0400] "POST /wp-cron.php?doing_wp_cron=1773846616.2681889533996582031250 HTTP/1.1" 200 - "-" "WordPress/6.9.4; https://planetnewspro.com"
216.73.216.103 - - [18/Mar/2026:11:10:16 -0400] "GET /extremely-skilled-american-mountaineer-dies-of-cardiac-arrest-climbing-27838-ft-peak HTTP/1.1" 301 - "-" "Mozilla/5.0 AppleWebKit/537.36 (KHTML, like Gecko; compatible; ClaudeBot/1.0; +claudebot@anthropic.com)"
216.73.216.103 - - [18/Mar/2026:11:10:16 -0400] "GET /texas-lottery-to-pay-winner-of-83-5m-jackpot-after-withholding-prize-for-months HTTP/1.1" 301 - "-" "Mozilla/5.0 AppleWebKit/537.36 (KHTML, like Gecko; compatible; ClaudeBot/1.0; +claudebot@anthropic.com)"
216.73.216.103 - - [18/Mar/2026:11:10:16 -0400] "GET /extremely-skilled-american-mountaineer-dies-of-cardiac-arrest-climbing-27838-ft-peak/ HTTP/1.1" 200 53916 "https://planetnewspro.com/extremely-skilled-american-mountaineer-dies-of-cardiac-arrest-climbing-27838-ft-peak" "Mozilla/5.0 AppleWebKit/537.36 (KHTML, like Gecko; compatible; ClaudeBot/1.0; +claudebot@anthropic.com)"
216.73.216.103 - - [18/Mar/2026:11:10:17 -0400] "GET /russia-earthquake-mapped-what-nations-are-affected-by-the-huge-seismic-tremors HTTP/1.1" 301 - "-" "Mozilla/5.0 AppleWebKit/537.36 (KHTML, like Gecko; compatible; ClaudeBot/1.0; +claudebot@anthropic.com)"
216.73.216.103 - - [18/Mar/2026:11:10:17 -0400] "GET /texas-lottery-to-pay-winner-of-83-5m-jackpot-after-withholding-prize-for-months/ HTTP/1.1" 200 52736 "https://planetnewspro.com/texas-lottery-to-pay-winner-of-83-5m-jackpot-after-withholding-prize-for-months" "Mozilla/5.0 AppleWebKit/537.36 (KHTML, like Gecko; compatible; ClaudeBot/1.0; +claudebot@anthropic.com)"
216.73.216.103 - - [18/Mar/2026:11:10:17 -0400] "GET /russia-earthquake-mapped-what-nations-are-affected-by-the-huge-seismic-tremors/ HTTP/1.1" 200 54273 "https://planetnewspro.com/russia-earthquake-mapped-what-nations-are-affected-by-the-huge-seismic-tremors" "Mozilla/5.0 AppleWebKit/537.36 (KHTML, like Gecko; compatible; ClaudeBot/1.0; +claudebot@anthropic.com)"
50.6.201.88 - - [18/Mar/2026:11:10:22 -0400] "POST /wp-cron.php?doing_wp_cron=1773846622.7565720081329345703125 HTTP/1.1" 200 - "-" "WordPress/6.9.4; https://planetnewspro.com"
216.73.216.103 - - [18/Mar/2026:11:10:22 -0400] "GET /what-i-want-i-knew-earlier-than-perimenopause-my-journey-to-hormone-substitute-remedy HTTP/1.1" 301 - "-" "Mozilla/5.0 AppleWebKit/537.36 (KHTML, like Gecko; compatible; ClaudeBot/1.0; +claudebot@anthropic.com)"
216.73.216.103 - - [18/Mar/2026:11:10:22 -0400] "GET /what-i-want-i-knew-earlier-than-perimenopause-my-journey-to-hormone-substitute-remedy/ HTTP/1.1" 200 57489 "https://planetnewspro.com/what-i-want-i-knew-earlier-than-perimenopause-my-journey-to-hormone-substitute-remedy" "Mozilla/5.0 AppleWebKit/537.36 (KHTML, like Gecko; compatible; ClaudeBot/1.0; +claudebot@anthropic.com)"
216.73.216.103 - - [18/Mar/2026:11:10:23 -0400] "GET /every-little-thing-you-want-to-know-about-the-medicine-that-helps-you-lose-weight HTTP/1.1" 301 - "-" "Mozilla/5.0 AppleWebKit/537.36 (KHTML, like Gecko; compatible; ClaudeBot/1.0; +claudebot@anthropic.com)"
216.73.216.103 - - [18/Mar/2026:11:10:23 -0400] "GET /every-little-thing-you-want-to-know-about-the-medicine-that-helps-you-lose-weight/ HTTP/1.1" 200 59587 "https://planetnewspro.com/every-little-thing-you-want-to-know-about-the-medicine-that-helps-you-lose-weight" "Mozilla/5.0 AppleWebKit/537.36 (KHTML, like Gecko; compatible; ClaudeBot/1.0; +claudebot@anthropic.com)"
216.73.216.103 - - [18/Mar/2026:11:10:23 -0400] "GET /rohit-sharmas-alternative-gill-the-brand-new-kohli-when-will-india-go-away-for-asia-cup HTTP/1.1" 301 - "-" "Mozilla/5.0 AppleWebKit/537.36 (KHTML, like Gecko; compatible; ClaudeBot/1.0; +claudebot@anthropic.com)"
216.73.216.103 - - [18/Mar/2026:11:10:24 -0400] "GET /rohit-sharmas-alternative-gill-the-brand-new-kohli-when-will-india-go-away-for-asia-cup/ HTTP/1.1" 200 54412 "https://planetnewspro.com/rohit-sharmas-alternative-gill-the-brand-new-kohli-when-will-india-go-away-for-asia-cup" "Mozilla/5.0 AppleWebKit/537.36 (KHTML, like Gecko; compatible; ClaudeBot/1.0; +claudebot@anthropic.com)"
50.6.201.88 - - [18/Mar/2026:11:10:26 -0400] "POST /wp-cron.php?doing_wp_cron=1773846626.9183979034423828125000 HTTP/1.1" 200 - "-" "WordPress/6.9.4; https://planetnewspro.com"
185.191.171.17 - - [18/Mar/2026:11:10:25 -0400] "GET /courtroom-guidelines-bidens-broad-amnesty-plan-unlawful/ HTTP/1.1" 200 54020 "-" "Mozilla/5.0 (compatible; SemrushBot/7~bl; +http://www.semrush.com/bot.html)"
85.208.96.210 - - [18/Mar/2026:11:10:29 -0400] "GET /from-kicking-off-a-new-period-to-beau-travis-kelces-debut-right-here-are-taylor-swifts-5-finest-moments-from-eras-tour/ HTTP/1.1" 200 53075 "-" "Mozilla/5.0 (compatible; SemrushBot/7~bl; +http://www.semrush.com/bot.html)"
185.191.171.5 - - [18/Mar/2026:11:10:33 -0400] "GET /warmonger-john-bolton-lashes-out-at-trump-once-more-for-pulling-his-secret-service-safety-and-trump-does-not-care-video-the-gateway-pundit/ HTTP/1.1" 200 52948 "-" "Mozilla/5.0 (compatible; SemrushBot/7~bl; +http://www.semrush.com/bot.html)"
216.73.216.103 - - [18/Mar/2026:11:10:43 -0400] "GET /two-useless-after-leaping-monkeys-set-off-stampede-at-indian-temple HTTP/1.1" 301 - "-" "Mozilla/5.0 AppleWebKit/537.36 (KHTML, like Gecko; compatible; ClaudeBot/1.0; +claudebot@anthropic.com)"
216.73.216.103 - - [18/Mar/2026:11:10:44 -0400] "GET /two-useless-after-leaping-monkeys-set-off-stampede-at-indian-temple/ HTTP/1.1" 200 53160 "https://planetnewspro.com/two-useless-after-leaping-monkeys-set-off-stampede-at-indian-temple" "Mozilla/5.0 AppleWebKit/537.36 (KHTML, like Gecko; compatible; ClaudeBot/1.0; +claudebot@anthropic.com)"
216.73.216.103 - - [18/Mar/2026:11:10:44 -0400] "GET /cha-cha-wanted-to-handle-structures-wordings-puno HTTP/1.1" 301 - "-" "Mozilla/5.0 AppleWebKit/537.36 (KHTML, like Gecko; compatible; ClaudeBot/1.0; +claudebot@anthropic.com)"
216.73.216.103 - - [18/Mar/2026:11:10:44 -0400] "GET /cha-cha-wanted-to-handle-structures-wordings-puno/ HTTP/1.1" 200 54520 "https://planetnewspro.com/cha-cha-wanted-to-handle-structures-wordings-puno" "Mozilla/5.0 AppleWebKit/537.36 (KHTML, like Gecko; compatible; ClaudeBot/1.0; +claudebot@anthropic.com)"
216.73.216.103 - - [18/Mar/2026:11:10:45 -0400] "GET /openmind-needs-to-be-the-android-working-system-of-humanoid-robots HTTP/1.1" 301 - "-" "Mozilla/5.0 AppleWebKit/537.36 (KHTML, like Gecko; compatible; ClaudeBot/1.0; +claudebot@anthropic.com)"
216.73.216.103 - - [18/Mar/2026:11:10:45 -0400] "GET /openmind-needs-to-be-the-android-working-system-of-humanoid-robots/ HTTP/1.1" 200 52408 "https://planetnewspro.com/openmind-needs-to-be-the-android-working-system-of-humanoid-robots" "Mozilla/5.0 AppleWebKit/537.36 (KHTML, like Gecko; compatible; ClaudeBot/1.0; +claudebot@anthropic.com)"
50.6.201.88 - - [18/Mar/2026:11:11:01 -0400] "POST /wp-cron.php?doing_wp_cron=1773846661.1215400695800781250000 HTTP/1.1" 200 - "-" "WordPress/6.9.4; https://planetnewspro.com"
85.208.96.199 - - [18/Mar/2026:11:11:00 -0400] "GET /with-this-newest-deal-flipboard-appears-to-be-like-to-construct-a-information-ecosystem-past-x/ HTTP/1.1" 200 52290 "-" "Mozilla/5.0 (compatible; SemrushBot/7~bl; +http://www.semrush.com/bot.html)"
50.6.201.88 - - [18/Mar/2026:11:11:01 -0400] "POST /wp-admin/admin-ajax.php?action=async_litespeed&nonce=6a32a20319&litespeed_type=imgoptm HTTP/1.1" 200 21 "-" "WordPress/6.9.4; https://planetnewspro.com"
216.73.216.103 - - [18/Mar/2026:11:11:04 -0400] "GET /cook-dinner-fluffy-rice-quick-with-our-favourite-examined-methodology HTTP/1.1" 301 - "-" "Mozilla/5.0 AppleWebKit/537.36 (KHTML, like Gecko; compatible; ClaudeBot/1.0; +claudebot@anthropic.com)"
216.73.216.103 - - [18/Mar/2026:11:11:04 -0400] "GET /inflation-within-the-philippines-barely-quickened-in-april-says-ballot HTTP/1.1" 301 - "-" "Mozilla/5.0 AppleWebKit/537.36 (KHTML, like Gecko; compatible; ClaudeBot/1.0; +claudebot@anthropic.com)"
216.73.216.103 - - [18/Mar/2026:11:11:04 -0400] "GET /cook-dinner-fluffy-rice-quick-with-our-favourite-examined-methodology/ HTTP/1.1" 200 53190 "https://planetnewspro.com/cook-dinner-fluffy-rice-quick-with-our-favourite-examined-methodology" "Mozilla/5.0 AppleWebKit/537.36 (KHTML, like Gecko; compatible; ClaudeBot/1.0; +claudebot@anthropic.com)"
216.73.216.103 - - [18/Mar/2026:11:11:04 -0400] "GET /inflation-within-the-philippines-barely-quickened-in-april-says-ballot/ HTTP/1.1" 200 53617 "https://planetnewspro.com/inflation-within-the-philippines-barely-quickened-in-april-says-ballot" "Mozilla/5.0 AppleWebKit/537.36 (KHTML, like Gecko; compatible; ClaudeBot/1.0; +claudebot@anthropic.com)"
216.73.216.103 - - [18/Mar/2026:11:11:05 -0400] "GET /how-one-can-write-an-writer-bio-like-a-professional-5-examples-from-revealed-authors HTTP/1.1" 301 - "-" "Mozilla/5.0 AppleWebKit/537.36 (KHTML, like Gecko; compatible; ClaudeBot/1.0; +claudebot@anthropic.com)"
216.73.216.103 - - [18/Mar/2026:11:11:05 -0400] "GET /how-one-can-write-an-writer-bio-like-a-professional-5-examples-from-revealed-authors/ HTTP/1.1" 200 58044 "https://planetnewspro.com/how-one-can-write-an-writer-bio-like-a-professional-5-examples-from-revealed-authors" "Mozilla/5.0 AppleWebKit/537.36 (KHTML, like Gecko; compatible; ClaudeBot/1.0; +claudebot@anthropic.com)"
50.6.201.88 - - [18/Mar/2026:11:11:58 -0400] "POST /wp-cron.php?doing_wp_cron=1773846718.1238360404968261718750 HTTP/1.1" 200 - "-" "WordPress/6.9.4; https://planetnewspro.com"
85.208.96.198 - - [18/Mar/2026:11:11:56 -0400] "GET /ibm-releases-a-brand-new-mainframe-constructed-for-the-age-of-ai/ HTTP/1.1" 200 52262 "-" "Mozilla/5.0 (compatible; SemrushBot/7~bl; +http://www.semrush.com/bot.html)"
50.6.201.88 - - [18/Mar/2026:11:12:03 -0400] "POST /wp-cron.php?doing_wp_cron=1773846723.3619160652160644531250 HTTP/1.1" 200 - "-" "WordPress/6.9.4; https://planetnewspro.com"
185.191.171.18 - - [18/Mar/2026:11:12:02 -0400] "GET /is-oat-milk-dangerous-for-you-the-myths-details-diet/ HTTP/1.1" 200 53516 "-" "Mozilla/5.0 (compatible; SemrushBot/7~bl; +http://www.semrush.com/bot.html)"
50.6.201.88 - - [18/Mar/2026:11:12:03 -0400] "POST /wp-admin/admin-ajax.php?action=async_litespeed&nonce=6a32a20319&litespeed_type=imgoptm HTTP/1.1" 200 21 "-" "WordPress/6.9.4; https://planetnewspro.com"
185.191.171.6 - - [18/Mar/2026:11:12:04 -0400] "GET /what-rino-maricopa-county-recorder-stephen-richer-deletes-his-twitter-account-as-questions-stay-surrounding-maricopa-county-election-and-two-week-poll-counting-course-of-tells-tgp-i-get-to-do-what/ HTTP/1.1" 200 53996 "-" "Mozilla/5.0 (compatible; SemrushBot/7~bl; +http://www.semrush.com/bot.html)"
50.6.201.88 - - [18/Mar/2026:11:12:07 -0400] "POST /wp-cron.php?doing_wp_cron=1773846727.8505640029907226562500 HTTP/1.1" 200 - "-" "WordPress/6.9.4; https://planetnewspro.com"
85.208.96.196 - - [18/Mar/2026:11:12:07 -0400] "GET /author/admin-pnp-171/page/327/ HTTP/1.1" 200 43879 "-" "Mozilla/5.0 (compatible; SemrushBot/7~bl; +http://www.semrush.com/bot.html)"
216.73.216.103 - - [18/Mar/2026:11:12:08 -0400] "GET /?p=35218 HTTP/1.1" 301 - "-" "Mozilla/5.0 AppleWebKit/537.36 (KHTML, like Gecko; compatible; ClaudeBot/1.0; +claudebot@anthropic.com)"
216.73.216.103 - - [18/Mar/2026:11:12:08 -0400] "GET /?p=34759 HTTP/1.1" 301 - "-" "Mozilla/5.0 AppleWebKit/537.36 (KHTML, like Gecko; compatible; ClaudeBot/1.0; +claudebot@anthropic.com)"
216.73.216.103 - - [18/Mar/2026:11:12:08 -0400] "GET /trump-caps-his-scottish-go-to-by-opening-a-brand-new-golf-course/ HTTP/1.1" 200 53475 "https://planetnewspro.com/?p=35218" "Mozilla/5.0 AppleWebKit/537.36 (KHTML, like Gecko; compatible; ClaudeBot/1.0; +claudebot@anthropic.com)"
216.73.216.103 - - [18/Mar/2026:11:12:09 -0400] "GET /?p=35377 HTTP/1.1" 301 - "-" "Mozilla/5.0 AppleWebKit/537.36 (KHTML, like Gecko; compatible; ClaudeBot/1.0; +claudebot@anthropic.com)"
216.73.216.103 - - [18/Mar/2026:11:12:09 -0400] "GET /new-appeals-courtroom-says-trumps-birthright-citizenship-govt-order-unconstitutional-the-gateway-pundit/ HTTP/1.1" 200 52230 "https://planetnewspro.com/?p=34759" "Mozilla/5.0 AppleWebKit/537.36 (KHTML, like Gecko; compatible; ClaudeBot/1.0; +claudebot@anthropic.com)"
216.73.216.103 - - [18/Mar/2026:11:12:09 -0400] "GET /tsunami-hits-hawaii-after-large-earthquake-off-russia-sparks-pacific-wide-alerts/ HTTP/1.1" 200 55271 "https://planetnewspro.com/?p=35377" "Mozilla/5.0 AppleWebKit/537.36 (KHTML, like Gecko; compatible; ClaudeBot/1.0; +claudebot@anthropic.com)"
216.73.216.103 - - [18/Mar/2026:11:12:10 -0400] "GET /?p=36402 HTTP/1.1" 301 - "-" "Mozilla/5.0 AppleWebKit/537.36 (KHTML, like Gecko; compatible; ClaudeBot/1.0; +claudebot@anthropic.com)"
50.6.201.88 - - [18/Mar/2026:11:12:11 -0400] "POST /wp-cron.php?doing_wp_cron=1773846731.1245589256286621093750 HTTP/1.1" 200 - "-" "WordPress/6.9.4; https://planetnewspro.com"
216.73.216.103 - - [18/Mar/2026:11:12:10 -0400] "GET /in-six-months-ice-arrests-350-gang-members-in-houston/ HTTP/1.1" 200 53027 "https://planetnewspro.com/?p=36402" "Mozilla/5.0 AppleWebKit/537.36 (KHTML, like Gecko; compatible; ClaudeBot/1.0; +claudebot@anthropic.com)"
216.73.216.103 - - [18/Mar/2026:11:12:12 -0400] "GET /?p=34795 HTTP/1.1" 301 - "-" "Mozilla/5.0 AppleWebKit/537.36 (KHTML, like Gecko; compatible; ClaudeBot/1.0; +claudebot@anthropic.com)"
216.73.216.103 - - [18/Mar/2026:11:12:13 -0400] "GET /?p=35155 HTTP/1.1" 301 - "-" "Mozilla/5.0 AppleWebKit/537.36 (KHTML, like Gecko; compatible; ClaudeBot/1.0; +claudebot@anthropic.com)"
216.73.216.103 - - [18/Mar/2026:11:12:13 -0400] "GET /epping-councillors-name-for-authorities-to-shut-two-migrant-motels-in-pressing-assembly-as-protestors-collect-and-police-brace-for-unrest/ HTTP/1.1" 200 58193 "https://planetnewspro.com/?p=34795" "Mozilla/5.0 AppleWebKit/537.36 (KHTML, like Gecko; compatible; ClaudeBot/1.0; +claudebot@anthropic.com)"
216.73.216.103 - - [18/Mar/2026:11:12:13 -0400] "GET /?p=35320 HTTP/1.1" 301 - "-" "Mozilla/5.0 AppleWebKit/537.36 (KHTML, like Gecko; compatible; ClaudeBot/1.0; +claudebot@anthropic.com)"
216.73.216.103 - - [18/Mar/2026:11:12:13 -0400] "GET /i-suffered-marcus-rashford-humiliation-and-tore-my-shirt-off-in-disgust-i-used-to-be-so-indignant/ HTTP/1.1" 200 55739 "https://planetnewspro.com/?p=35155" "Mozilla/5.0 AppleWebKit/537.36 (KHTML, like Gecko; compatible; ClaudeBot/1.0; +claudebot@anthropic.com)"
216.73.216.103 - - [18/Mar/2026:11:12:13 -0400] "GET /uninterested-in-quitting-your-objectives-here-is-how-one-can-belief-your-self-once-more/ HTTP/1.1" 200 54561 "https://planetnewspro.com/?p=35320" "Mozilla/5.0 AppleWebKit/537.36 (KHTML, like Gecko; compatible; ClaudeBot/1.0; +claudebot@anthropic.com)"
216.73.216.103 - - [18/Mar/2026:11:12:14 -0400] "GET /?p=34876 HTTP/1.1" 301 - "-" "Mozilla/5.0 AppleWebKit/537.36 (KHTML, like Gecko; compatible; ClaudeBot/1.0; +claudebot@anthropic.com)"
216.73.216.103 - - [18/Mar/2026:11:12:14 -0400] "GET /thailand-and-cambodia-clashes-escalating-and-will-turn-into-all-out-warfare-pm-warns/ HTTP/1.1" 200 54963 "https://planetnewspro.com/?p=34876" "Mozilla/5.0 AppleWebKit/537.36 (KHTML, like Gecko; compatible; ClaudeBot/1.0; +claudebot@anthropic.com)"
216.73.216.103 - - [18/Mar/2026:11:12:19 -0400] "GET /considering-of-beginning-a-bookkeeping-enterprise-right-heres-what-you-have-to-know HTTP/1.1" 301 - "-" "Mozilla/5.0 AppleWebKit/537.36 (KHTML, like Gecko; compatible; ClaudeBot/1.0; +claudebot@anthropic.com)"
216.73.216.103 - - [18/Mar/2026:11:12:19 -0400] "GET /considering-of-beginning-a-bookkeeping-enterprise-right-heres-what-you-have-to-know/ HTTP/1.1" 200 53719 "https://planetnewspro.com/considering-of-beginning-a-bookkeeping-enterprise-right-heres-what-you-have-to-know" "Mozilla/5.0 AppleWebKit/537.36 (KHTML, like Gecko; compatible; ClaudeBot/1.0; +claudebot@anthropic.com)"
50.6.201.88 - - [18/Mar/2026:11:12:28 -0400] "POST /wp-cron.php?doing_wp_cron=1773846748.0777869224548339843750 HTTP/1.1" 200 - "-" "WordPress/6.9.4; https://planetnewspro.com"
85.208.96.193 - - [18/Mar/2026:11:12:27 -0400] "GET /antidepressant-not-working-ai-matches-your-medical-historical-past-to-simpler-medicine/ HTTP/1.1" 200 57023 "-" "Mozilla/5.0 (compatible; SemrushBot/7~bl; +http://www.semrush.com/bot.html)"
185.191.171.2 - - [18/Mar/2026:11:12:33 -0400] "GET /south-korean-president-yoon-suk-yeol-impeached-over-controversial-martial-regulation-decree/ HTTP/1.1" 200 55322 "-" "Mozilla/5.0 (compatible; SemrushBot/7~bl; +http://www.semrush.com/bot.html)"
85.208.96.202 - - [18/Mar/2026:11:12:43 -0400] "GET /14-greatest-health-trackers-2025-examined-and-reviewed/ HTTP/1.1" 200 63778 "-" "Mozilla/5.0 (compatible; SemrushBot/7~bl; +http://www.semrush.com/bot.html)"
185.191.171.6 - - [18/Mar/2026:11:12:45 -0400] "GET /greatest-kind-fixes-to-assist-remove-again-overarch/ HTTP/1.1" 200 54800 "-" "Mozilla/5.0 (compatible; SemrushBot/7~bl; +http://www.semrush.com/bot.html)"
50.6.201.88 - - [18/Mar/2026:11:12:52 -0400] "POST /wp-cron.php?doing_wp_cron=1773846772.5045030117034912109375 HTTP/1.1" 200 - "-" "WordPress/6.9.4; https://planetnewspro.com"
185.191.171.8 - - [18/Mar/2026:11:12:52 -0400] "GET /india-opens-hindu-competition-for-400-million-pilgrims/ HTTP/1.1" 200 54252 "-" "Mozilla/5.0 (compatible; SemrushBot/7~bl; +http://www.semrush.com/bot.html)"
50.6.201.88 - - [18/Mar/2026:11:13:00 -0400] "POST /wp-cron.php?doing_wp_cron=1773846780.2148389816284179687500 HTTP/1.1" 200 - "-" "WordPress/6.9.4; https://planetnewspro.com"
185.191.171.13 - - [18/Mar/2026:11:12:59 -0400] "GET /mira-muratis-reported-2-billion-seed-funding-suggests-the-ai-increase-is-alive-and-properly-even-after-per-week-of-financial-chaos/ HTTP/1.1" 200 52935 "-" "Mozilla/5.0 (compatible; SemrushBot/7~bl; +http://www.semrush.com/bot.html)"
50.6.201.88 - - [18/Mar/2026:11:13:00 -0400] "POST /wp-admin/admin-ajax.php?action=async_litespeed&nonce=6a32a20319&litespeed_type=imgoptm HTTP/1.1" 200 21 "-" "WordPress/6.9.4; https://planetnewspro.com"
50.6.201.88 - - [18/Mar/2026:11:13:03 -0400] "POST /wp-cron.php?doing_wp_cron=1773846783.1728320121765136718750 HTTP/1.1" 200 - "-" "WordPress/6.9.4; https://planetnewspro.com"
185.191.171.17 - - [18/Mar/2026:11:13:02 -0400] "GET /the-excellent-temperature-for-venison-medium-uncommon/ HTTP/1.1" 200 52717 "-" "Mozilla/5.0 (compatible; SemrushBot/7~bl; +http://www.semrush.com/bot.html)"
50.6.201.88 - - [18/Mar/2026:11:13:16 -0400] "POST /wp-cron.php?doing_wp_cron=1773846796.7103579044342041015625 HTTP/1.1" 200 - "-" "WordPress/6.9.4; https://planetnewspro.com"
85.208.96.198 - - [18/Mar/2026:11:13:16 -0400] "GET /jimmy-carters-pot-decriminalization-plan-nonetheless-has-not-occurred/ HTTP/1.1" 200 56146 "-" "Mozilla/5.0 (compatible; SemrushBot/7~bl; +http://www.semrush.com/bot.html)"
50.6.201.88 - - [18/Mar/2026:11:14:01 -0400] "POST /wp-cron.php?doing_wp_cron=1773846841.4073219299316406250000 HTTP/1.1" 200 - "-" "WordPress/6.9.4; https://planetnewspro.com"
85.208.96.195 - - [18/Mar/2026:11:13:58 -0400] "GET /trumps-leaked-peace-plan-reportedly-inflicting-panic-in-ukraine-europe/ HTTP/1.1" 200 53661 "-" "Mozilla/5.0 (compatible; SemrushBot/7~bl; +http://www.semrush.com/bot.html)"
50.6.201.88 - - [18/Mar/2026:11:14:01 -0400] "POST /wp-admin/admin-ajax.php?action=async_litespeed&nonce=6a32a20319&litespeed_type=imgoptm HTTP/1.1" 200 21 "-" "WordPress/6.9.4; https://planetnewspro.com"
50.6.201.88 - - [18/Mar/2026:11:14:55 -0400] "POST /wp-cron.php?doing_wp_cron=1773846895.3448960781097412109375 HTTP/1.1" 200 - "-" "WordPress/6.9.4; https://planetnewspro.com"
213.177.195.207 - - [18/Mar/2026:11:14:53 -0400] "GET /senior-state-division-official-sought-inside-communications-with-journalists-european-officers-and-trump-critics/ HTTP/1.1" 200 52828 "-" "Mozilla/5.0 (Windows; U; Windows NT 6.0; en-US) AppleWebKit/532.1 (KHTML, like Gecko) Chrome/4.0.220.1 Safari/532.1"
50.6.201.88 - - [18/Mar/2026:11:15:05 -0400] "POST /wp-cron.php?doing_wp_cron=1773846905.7083039283752441406250 HTTP/1.1" 200 - "-" "WordPress/6.9.4; https://planetnewspro.com"
185.191.171.10 - - [18/Mar/2026:11:15:05 -0400] "GET /no-pseudonymity-in-libel-case-alleging-false-home-violence-claims/ HTTP/1.1" 200 58182 "-" "Mozilla/5.0 (compatible; SemrushBot/7~bl; +http://www.semrush.com/bot.html)"
50.6.201.88 - - [18/Mar/2026:11:15:05 -0400] "POST /wp-admin/admin-ajax.php?action=async_litespeed&nonce=6a32a20319&litespeed_type=imgoptm HTTP/1.1" 200 21 "-" "WordPress/6.9.4; https://planetnewspro.com"
50.6.201.88 - - [18/Mar/2026:11:15:21 -0400] "POST /wp-cron.php?doing_wp_cron=1773846921.3491590023040771484375 HTTP/1.1" 200 - "-" "WordPress/6.9.4; https://planetnewspro.com"
185.191.171.11 - - [18/Mar/2026:11:15:20 -0400] "GET /travaille-ton-swing-ton-clear-et-ton-snatch-avec-kettlebell-academy-damoila-cesar/ HTTP/1.1" 200 52768 "-" "Mozilla/5.0 (compatible; SemrushBot/7~bl; +http://www.semrush.com/bot.html)"
85.208.96.200 - - [18/Mar/2026:11:15:27 -0400] "GET /phoenix-open-a-must-visit-for-any-golf-fan-due-to-sixteenth-gap/ HTTP/1.1" 200 54493 "-" "Mozilla/5.0 (compatible; SemrushBot/7~bl; +http://www.semrush.com/bot.html)"
43.173.179.45 - - [18/Mar/2026:11:15:55 -0400] "GET /?p=22349 HTTP/1.1" 301 - "-" "Mozilla/5.0 (Windows NT 10.0; Win64; x64) AppleWebKit/537.36 (KHTML, like Gecko) Chrome/133.0.0.0 Safari/537.36"
43.173.180.183 - - [18/Mar/2026:11:15:55 -0400] "GET /?p=4192 HTTP/1.1" 301 - "-" "Mozilla/5.0 (Windows NT 10.0; Win64; x64) AppleWebKit/537.36 (KHTML, like Gecko) Chrome/110.0.0.0 Safari/537.36"
50.6.201.88 - - [18/Mar/2026:11:15:57 -0400] "POST /wp-cron.php?doing_wp_cron=1773846957.6629750728607177734375 HTTP/1.1" 200 - "-" "WordPress/6.9.4; https://planetnewspro.com"
50.6.201.88 - - [18/Mar/2026:11:15:57 -0400] "POST /wp-cron.php?doing_wp_cron=1773846957.6633770465850830078125 HTTP/1.1" 200 - "-" "WordPress/6.9.4; https://planetnewspro.com"
43.173.179.60 - - [18/Mar/2026:11:15:56 -0400] "GET /china-has-65-million-not-a-typo-empty-houses-here-is-why/ HTTP/1.1" 200 53111 "-" "Mozilla/5.0 (Windows NT 10.0; Win64; x64) AppleWebKit/537.36 (KHTML, like Gecko) Chrome/133.0.0.0 Safari/537.36"
43.173.181.38 - - [18/Mar/2026:11:15:56 -0400] "GET /5-cows-one-12-monthss-value-of-free-meals-a-two-bed-condominium-and-exemption-from-army-service-how-athletes-can-win-greater-than-medals-this-olympics/ HTTP/1.1" 200 53441 "-" "Mozilla/5.0 (Windows NT 10.0; Win64; x64) AppleWebKit/537.36 (KHTML, like Gecko) Chrome/110.0.0.0 Safari/537.36"
50.6.201.88 - - [18/Mar/2026:11:16:00 -0400] "POST /wp-cron.php?doing_wp_cron=1773846960.6165349483489990234375 HTTP/1.1" 200 - "-" "WordPress/6.9.4; https://planetnewspro.com"
185.191.171.6 - - [18/Mar/2026:11:15:59 -0400] "GET /promise-stored-trump-declares-invasion-at-southwest-border-suspends-entry/ HTTP/1.1" 200 53802 "-" "Mozilla/5.0 (compatible; SemrushBot/7~bl; +http://www.semrush.com/bot.html)"
50.6.201.88 - - [18/Mar/2026:11:16:00 -0400] "POST /wp-admin/admin-ajax.php?action=async_litespeed&nonce=6a32a20319&litespeed_type=imgoptm HTTP/1.1" 200 21 "-" "WordPress/6.9.4; https://planetnewspro.com"
85.208.96.199 - - [18/Mar/2026:11:16:03 -0400] "GET /7-ideas-for-utilizing-an-air-fryer/ HTTP/1.1" 200 55952 "-" "Mozilla/5.0 (compatible; SemrushBot/7~bl; +http://www.semrush.com/bot.html)"
85.208.96.211 - - [18/Mar/2026:11:16:05 -0400] "GET /matthew-modine-debuts-the-excellent-spooky-season-shock-for-netflix-followers-forward-of-season-5/ HTTP/1.1" 200 52624 "-" "Mozilla/5.0 (compatible; SemrushBot/7~bl; +http://www.semrush.com/bot.html)"
85.208.96.209 - - [18/Mar/2026:11:16:06 -0400] "GET /robots.txt HTTP/1.1" 200 128 "-" "Mozilla/5.0 (compatible; SemrushBot/7~bl; +http://www.semrush.com/bot.html)"
50.6.201.88 - - [18/Mar/2026:11:16:07 -0400] "POST /wp-cron.php?doing_wp_cron=1773846967.4225358963012695312500 HTTP/1.1" 200 - "-" "WordPress/6.9.4; https://planetnewspro.com"
185.191.171.4 - - [18/Mar/2026:11:16:06 -0400] "GET /the-miracle-of-the-bamboo/ HTTP/1.1" 200 53735 "-" "Mozilla/5.0 (compatible; SemrushBot/7~bl; +http://www.semrush.com/bot.html)"
43.173.173.80 - - [18/Mar/2026:11:16:10 -0400] "GET /?p=4192 HTTP/1.1" 301 - "-" "Mozilla/5.0 (Windows NT 10.0; Win64; x64) AppleWebKit/537.36 (KHTML, like Gecko) Chrome/133.0.0.0 Safari/537.36"
43.173.174.145 - - [18/Mar/2026:11:16:10 -0400] "GET /?p=22349 HTTP/1.1" 301 - "-" "Mozilla/5.0 (Windows NT 10.0; Win64; x64) AppleWebKit/537.36 (KHTML, like Gecko) Chrome/110.0.0.0 Safari/537.36"
43.173.173.80 - - [18/Mar/2026:11:16:11 -0400] "GET /5-cows-one-12-monthss-value-of-free-meals-a-two-bed-condominium-and-exemption-from-army-service-how-athletes-can-win-greater-than-medals-this-olympics/ HTTP/1.1" 200 53441 "https://planetnewspro.com/?p=4192" "Mozilla/5.0 (Windows NT 10.0; Win64; x64) AppleWebKit/537.36 (KHTML, like Gecko) Chrome/133.0.0.0 Safari/537.36"
50.6.201.88 - - [18/Mar/2026:11:16:11 -0400] "POST /wp-cron.php?doing_wp_cron=1773846971.9742600917816162109375 HTTP/1.1" 200 - "-" "WordPress/6.9.4; https://planetnewspro.com"
43.173.174.145 - - [18/Mar/2026:11:16:11 -0400] "GET /china-has-65-million-not-a-typo-empty-houses-here-is-why/ HTTP/1.1" 200 53112 "https://planetnewspro.com/?p=22349" "Mozilla/5.0 (Windows NT 10.0; Win64; x64) AppleWebKit/537.36 (KHTML, like Gecko) Chrome/110.0.0.0 Safari/537.36"
50.6.201.88 - - [18/Mar/2026:11:16:25 -0400] "POST /wp-cron.php?doing_wp_cron=1773846985.0409870147705078125000 HTTP/1.1" 200 - "-" "WordPress/6.9.4; https://planetnewspro.com"
85.208.96.195 - - [18/Mar/2026:11:16:24 -0400] "GET /i-needed-to-look-lovely-for-my-boyfriend-one-final-time-kate-cassidys-defiant-message-to-merciless-trolls-as-she-defends-the-outfit-she-wore-to-liam-paynes-funeral/ HTTP/1.1" 200 55065 "-" "Mozilla/5.0 (compatible; SemrushBot/7~bl; +http://www.semrush.com/bot.html)"
85.208.96.206 - - [18/Mar/2026:11:16:34 -0400] "GET /justice-sotomayor-would-deny-immunity-for-abuses-of-energy-corrupt-functions-and-private-achieve/ HTTP/1.1" 200 54515 "-" "Mozilla/5.0 (compatible; SemrushBot/7~bl; +http://www.semrush.com/bot.html)"
85.208.96.202 - - [18/Mar/2026:11:16:37 -0400] "GET /million-greenback-ravioli-casserole-the-recipe-critic/ HTTP/1.1" 200 57502 "-" "Mozilla/5.0 (compatible; SemrushBot/7~bl; +http://www.semrush.com/bot.html)"
85.208.96.198 - - [18/Mar/2026:11:16:46 -0400] "GET /whats-the-11-million-drama-round-netflix-and-carl-rinsch-this-is-all-you-must-know-about-it/ HTTP/1.1" 200 52921 "-" "Mozilla/5.0 (compatible; SemrushBot/7~bl; +http://www.semrush.com/bot.html)"
43.173.180.232 - - [18/Mar/2026:11:16:55 -0400] "GET /kosa-strikes-ahead-in-congress-threatening-free-speech-and-encryption/ HTTP/1.1" 200 55688 "-" "Mozilla/5.0 (Windows NT 10.0; Win64; x64) AppleWebKit/537.36 (KHTML, like Gecko) Chrome/107.0.0.0 Safari/537.36"
43.173.178.119 - - [18/Mar/2026:11:16:55 -0400] "GET /steve-moore-says-kamala-triggered-the-crash-after-traders-analyzed-her-harmful-financial-insurance-policies-video-the-gateway-pundit/ HTTP/1.1" 200 53306 "-" "Mozilla/5.0 (Windows NT 10.0; Win64; x64) AppleWebKit/537.36 (KHTML, like Gecko) Chrome/111.0.0.0 Safari/537.36"
66.249.87.70 - - [18/Mar/2026:11:16:57 -0400] "GET /5-cows-one-12-monthss-value-of-free-meals-a-two-bed-condominium-and-exemption-from-army-service-how-athletes-can-win-greater-than-medals-this-olympics/ HTTP/1.1" 200 53442 "-" "Mediapartners-Google"
50.6.201.88 - - [18/Mar/2026:11:17:10 -0400] "POST /wp-cron.php?doing_wp_cron=1773847030.5767569541931152343750 HTTP/1.1" 200 - "-" "WordPress/6.9.4; https://planetnewspro.com"
43.173.180.175 - - [18/Mar/2026:11:17:10 -0400] "GET /kosa-strikes-ahead-in-congress-threatening-free-speech-and-encryption/ HTTP/1.1" 200 55688 "-" "Mozilla/5.0 (Windows NT 10.0; Win64; x64) AppleWebKit/537.36 (KHTML, like Gecko) Chrome/104.0.5112.81 Safari/537.36"
50.6.201.88 - - [18/Mar/2026:11:17:10 -0400] "POST /wp-admin/admin-ajax.php?action=async_litespeed&nonce=6a32a20319&litespeed_type=imgoptm HTTP/1.1" 200 21 "-" "WordPress/6.9.4; https://planetnewspro.com"
43.173.181.65 - - [18/Mar/2026:11:17:11 -0400] "GET /steve-moore-says-kamala-triggered-the-crash-after-traders-analyzed-her-harmful-financial-insurance-policies-video-the-gateway-pundit/ HTTP/1.1" 200 53306 "-" "Mozilla/5.0 (Windows NT 10.0; Win64; x64) AppleWebKit/537.36 (KHTML, like Gecko) Chrome/131.0.0.0 Safari/537.36"
50.6.201.88 - - [18/Mar/2026:11:17:12 -0400] "POST /wp-cron.php?doing_wp_cron=1773847032.9622468948364257812500 HTTP/1.1" 200 - "-" "WordPress/6.9.4; https://planetnewspro.com"
185.191.171.14 - - [18/Mar/2026:11:17:12 -0400] "GET /report-128-million-in-federal-grants-spent-on-gender-ideology/ HTTP/1.1" 200 53277 "-" "Mozilla/5.0 (compatible; SemrushBot/7~bl; +http://www.semrush.com/bot.html)"
85.208.96.199 - - [18/Mar/2026:11:17:15 -0400] "GET /the-greatest-examined-and-reviewed-mesh-wi-fi-routers-of-2024/ HTTP/1.1" 200 53123 "-" "Mozilla/5.0 (compatible; SemrushBot/7~bl; +http://www.semrush.com/bot.html)"
50.6.201.88 - - [18/Mar/2026:11:17:18 -0400] "POST /wp-cron.php?doing_wp_cron=1773847038.9537289142608642578125 HTTP/1.1" 200 - "-" "WordPress/6.9.4; https://planetnewspro.com"
185.191.171.9 - - [18/Mar/2026:11:17:17 -0400] "GET /fda-says-no-licenses-for-covid-19-vaccines-for-many-individuals-with-out-trial-knowledge/ HTTP/1.1" 200 54127 "-" "Mozilla/5.0 (compatible; SemrushBot/7~bl; +http://www.semrush.com/bot.html)"
50.6.201.88 - - [18/Mar/2026:11:18:18 -0400] "POST /wp-cron.php?doing_wp_cron=1773847098.0412518978118896484375 HTTP/1.1" 200 - "-" "WordPress/6.9.4; https://planetnewspro.com"
85.208.96.209 - - [18/Mar/2026:11:18:15 -0400] "GET /trump-is-rushed-to-security-after-secret-service-brokers-fired-on-man-with-a-gun-at-his-florida-golf-course-whereas-he-was-taking-part-in/ HTTP/1.1" 200 54646 "-" "Mozilla/5.0 (compatible; SemrushBot/7~bl; +http://www.semrush.com/bot.html)"
50.6.201.88 - - [18/Mar/2026:11:18:18 -0400] "POST /wp-admin/admin-ajax.php?action=async_litespeed&nonce=6a32a20319&litespeed_type=imgoptm HTTP/1.1" 200 21 "-" "WordPress/6.9.4; https://planetnewspro.com"
50.6.201.88 - - [18/Mar/2026:11:18:27 -0400] "POST /wp-cron.php?doing_wp_cron=1773847107.8639619350433349609375 HTTP/1.1" 200 - "-" "WordPress/6.9.4; https://planetnewspro.com"
185.191.171.10 - - [18/Mar/2026:11:18:27 -0400] "GET /u-s-engineers-salaries-in-2023-rose-by-5-p-c-over-2022/ HTTP/1.1" 200 52658 "-" "Mozilla/5.0 (compatible; SemrushBot/7~bl; +http://www.semrush.com/bot.html)"
85.208.96.193 - - [18/Mar/2026:11:18:38 -0400] "GET /as-a-tv-sequence-lays-naked-malice-of-the-husband-killing-black-widow-one-ex-tells-the-mail-no-man-is-secure-round-her-whereas-a-detective-warns-if-any-man-you-understand-says-theyve-met-a-stu/ HTTP/1.1" 200 58153 "-" "Mozilla/5.0 (compatible; SemrushBot/7~bl; +http://www.semrush.com/bot.html)"
66.249.87.70 - - [18/Mar/2026:11:18:55 -0400] "GET /kosa-strikes-ahead-in-congress-threatening-free-speech-and-encryption/ HTTP/1.1" 200 55687 "-" "Mediapartners-Google"
50.6.201.88 - - [18/Mar/2026:11:19:13 -0400] "POST /wp-cron.php?doing_wp_cron=1773847153.8996601104736328125000 HTTP/1.1" 200 - "-" "WordPress/6.9.4; https://planetnewspro.com"
216.73.216.103 - - [18/Mar/2026:11:19:13 -0400] "GET /?p=29224 HTTP/1.1" 301 - "-" "Mozilla/5.0 AppleWebKit/537.36 (KHTML, like Gecko; compatible; ClaudeBot/1.0; +claudebot@anthropic.com)"
50.6.201.88 - - [18/Mar/2026:11:19:14 -0400] "POST /wp-admin/admin-ajax.php?action=async_litespeed&nonce=6a32a20319&litespeed_type=imgoptm HTTP/1.1" 200 21 "-" "WordPress/6.9.4; https://planetnewspro.com"
216.73.216.103 - - [18/Mar/2026:11:19:13 -0400] "GET /savory-fast-bread-sallys-baking-dependancy/ HTTP/1.1" 200 59814 "https://planetnewspro.com/?p=29224" "Mozilla/5.0 AppleWebKit/537.36 (KHTML, like Gecko; compatible; ClaudeBot/1.0; +claudebot@anthropic.com)"
66.249.87.70 - - [18/Mar/2026:11:19:14 -0400] "GET /steve-moore-says-kamala-triggered-the-crash-after-traders-analyzed-her-harmful-financial-insurance-policies-video-the-gateway-pundit/ HTTP/1.1" 200 53306 "-" "Mediapartners-Google"
50.6.201.88 - - [18/Mar/2026:11:19:45 -0400] "POST /wp-cron.php?doing_wp_cron=1773847185.7865130901336669921875 HTTP/1.1" 200 - "-" "WordPress/6.9.4; https://planetnewspro.com"
85.208.96.197 - - [18/Mar/2026:11:19:45 -0400] "GET /waldorf-salad-recipe-love-and-lemons/ HTTP/1.1" 200 54786 "-" "Mozilla/5.0 (compatible; SemrushBot/7~bl; +http://www.semrush.com/bot.html)"
185.191.171.8 - - [18/Mar/2026:11:19:54 -0400] "GET /wanting-again-at-the-fact-of-the-thriller-doc/ HTTP/1.1" 200 52686 "-" "Mozilla/5.0 (compatible; SemrushBot/7~bl; +http://www.semrush.com/bot.html)"
50.6.201.88 - - [18/Mar/2026:11:20:02 -0400] "POST /wp-cron.php?doing_wp_cron=1773847202.1486489772796630859375 HTTP/1.1" 200 - "-" "WordPress/6.9.4; https://planetnewspro.com"
185.191.171.14 - - [18/Mar/2026:11:20:01 -0400] "GET /fats-jabs-like-ozempic-actually-are-life-saving-slashing-danger-of-loss-of-life-by-a-3rd-placing-new-information-exhibits/ HTTP/1.1" 200 55377 "-" "Mozilla/5.0 (compatible; SemrushBot/7~bl; +http://www.semrush.com/bot.html)"
50.6.201.88 - - [18/Mar/2026:11:20:02 -0400] "POST /wp-admin/admin-ajax.php?action=async_litespeed&nonce=6a32a20319&litespeed_type=imgoptm HTTP/1.1" 200 21 "-" "WordPress/6.9.4; https://planetnewspro.com"
185.191.171.6 - - [18/Mar/2026:11:20:05 -0400] "GET /liver-acid-could-possibly-be-elixir-to-increase-life-scientists-say/ HTTP/1.1" 200 53197 "-" "Mozilla/5.0 (compatible; SemrushBot/7~bl; +http://www.semrush.com/bot.html)"
216.73.216.103 - - [18/Mar/2026:11:20:06 -0400] "GET /?p=28873 HTTP/1.1" 301 - "-" "Mozilla/5.0 AppleWebKit/537.36 (KHTML, like Gecko; compatible; ClaudeBot/1.0; +claudebot@anthropic.com)"
216.73.216.103 - - [18/Mar/2026:11:20:06 -0400] "GET /?p=35296 HTTP/1.1" 301 - "-" "Mozilla/5.0 AppleWebKit/537.36 (KHTML, like Gecko; compatible; ClaudeBot/1.0; +claudebot@anthropic.com)"
216.73.216.103 - - [18/Mar/2026:11:20:06 -0400] "GET /good-occasion-gazebo-lowered-to-54-delivered-in-time-for-financial-institution-vacation-bbqs/ HTTP/1.1" 200 54598 "https://planetnewspro.com/?p=28873" "Mozilla/5.0 AppleWebKit/537.36 (KHTML, like Gecko; compatible; ClaudeBot/1.0; +claudebot@anthropic.com)"
50.6.201.88 - - [18/Mar/2026:11:20:07 -0400] "POST /wp-cron.php?doing_wp_cron=1773847207.4442930221557617187500 HTTP/1.1" 200 - "-" "WordPress/6.9.4; https://planetnewspro.com"
