85.208.96.206 - - [18/Mar/2026:12:36:22 -0400] "GET /taylor-swift-splurges-1-7-million-for-rhode-island-mansion-makeover-which-holds-candy-travis-kelce-recollections/ HTTP/1.1" 200 52985 "-" "Mozilla/5.0 (compatible; SemrushBot/7~bl; +http://www.semrush.com/bot.html)"
85.208.96.201 - - [18/Mar/2026:12:36:33 -0400] "GET /5-cheeses-you-did-not-know-had-been-made-in-america/ HTTP/1.1" 200 54506 "-" "Mozilla/5.0 (compatible; SemrushBot/7~bl; +http://www.semrush.com/bot.html)"
216.73.216.103 - - [18/Mar/2026:12:36:35 -0400] "GET /this-zesty-no-bake-dessert-is-tangy-creamy-and-completely-irresistible HTTP/1.1" 301 - "-" "Mozilla/5.0 AppleWebKit/537.36 (KHTML, like Gecko; compatible; ClaudeBot/1.0; +claudebot@anthropic.com)"
216.73.216.103 - - [18/Mar/2026:12:36:35 -0400] "GET /whats-wins-above-bubble-explaining-new-metric-for-ncaa-ladiess-basketball-event-choice HTTP/1.1" 301 - "-" "Mozilla/5.0 AppleWebKit/537.36 (KHTML, like Gecko; compatible; ClaudeBot/1.0; +claudebot@anthropic.com)"
216.73.216.103 - - [18/Mar/2026:12:36:35 -0400] "GET /this-zesty-no-bake-dessert-is-tangy-creamy-and-completely-irresistible/ HTTP/1.1" 200 56304 "https://planetnewspro.com/this-zesty-no-bake-dessert-is-tangy-creamy-and-completely-irresistible" "Mozilla/5.0 AppleWebKit/537.36 (KHTML, like Gecko; compatible; ClaudeBot/1.0; +claudebot@anthropic.com)"
216.73.216.103 - - [18/Mar/2026:12:36:35 -0400] "GET /whats-wins-above-bubble-explaining-new-metric-for-ncaa-ladiess-basketball-event-choice/ HTTP/1.1" 200 52844 "https://planetnewspro.com/whats-wins-above-bubble-explaining-new-metric-for-ncaa-ladiess-basketball-event-choice" "Mozilla/5.0 AppleWebKit/537.36 (KHTML, like Gecko; compatible; ClaudeBot/1.0; +claudebot@anthropic.com)"
216.73.216.103 - - [18/Mar/2026:12:36:36 -0400] "GET /scorching-tub-vs-sauna-which-restoration-methodology-boosts-well-being-and-immunity-the-most HTTP/1.1" 301 - "-" "Mozilla/5.0 AppleWebKit/537.36 (KHTML, like Gecko; compatible; ClaudeBot/1.0; +claudebot@anthropic.com)"
216.73.216.103 - - [18/Mar/2026:12:36:36 -0400] "GET /scorching-tub-vs-sauna-which-restoration-methodology-boosts-well-being-and-immunity-the-most/ HTTP/1.1" 200 52349 "https://planetnewspro.com/scorching-tub-vs-sauna-which-restoration-methodology-boosts-well-being-and-immunity-the-most" "Mozilla/5.0 AppleWebKit/537.36 (KHTML, like Gecko; compatible; ClaudeBot/1.0; +claudebot@anthropic.com)"
185.191.171.15 - - [18/Mar/2026:12:36:55 -0400] "GET /what-to-do-at-singapore-airport-throughout-layover-learn-how-to-make-the-most-of-it/ HTTP/1.1" 200 55768 "-" "Mozilla/5.0 (compatible; SemrushBot/7~bl; +http://www.semrush.com/bot.html)"
216.73.216.103 - - [18/Mar/2026:12:36:56 -0400] "GET /texas-lottery-to-pay-winner-of-83-5m-jackpot-after-withholding-prize-for-months HTTP/1.1" 301 - "-" "Mozilla/5.0 AppleWebKit/537.36 (KHTML, like Gecko; compatible; ClaudeBot/1.0; +claudebot@anthropic.com)"
216.73.216.103 - - [18/Mar/2026:12:36:56 -0400] "GET /behind-on-scholar-mortgage-funds-this-is-how-one-can-cease-them-from-going-to-collections-earlier-than-monday HTTP/1.1" 301 - "-" "Mozilla/5.0 AppleWebKit/537.36 (KHTML, like Gecko; compatible; ClaudeBot/1.0; +claudebot@anthropic.com)"
216.73.216.103 - - [18/Mar/2026:12:36:56 -0400] "GET /texas-lottery-to-pay-winner-of-83-5m-jackpot-after-withholding-prize-for-months/ HTTP/1.1" 200 52736 "https://planetnewspro.com/texas-lottery-to-pay-winner-of-83-5m-jackpot-after-withholding-prize-for-months" "Mozilla/5.0 AppleWebKit/537.36 (KHTML, like Gecko; compatible; ClaudeBot/1.0; +claudebot@anthropic.com)"
216.73.216.103 - - [18/Mar/2026:12:36:56 -0400] "GET /behind-on-scholar-mortgage-funds-this-is-how-one-can-cease-them-from-going-to-collections-earlier-than-monday/ HTTP/1.1" 200 54460 "https://planetnewspro.com/behind-on-scholar-mortgage-funds-this-is-how-one-can-cease-them-from-going-to-collections-earlier-than-monday" "Mozilla/5.0 AppleWebKit/537.36 (KHTML, like Gecko; compatible; ClaudeBot/1.0; +claudebot@anthropic.com)"
216.73.216.103 - - [18/Mar/2026:12:36:57 -0400] "GET /the-brand-new-energy-transfer-why-sensible-ladies-are-demanding-prenups HTTP/1.1" 301 - "-" "Mozilla/5.0 AppleWebKit/537.36 (KHTML, like Gecko; compatible; ClaudeBot/1.0; +claudebot@anthropic.com)"
216.73.216.103 - - [18/Mar/2026:12:36:57 -0400] "GET /the-brand-new-energy-transfer-why-sensible-ladies-are-demanding-prenups/ HTTP/1.1" 200 54420 "https://planetnewspro.com/the-brand-new-energy-transfer-why-sensible-ladies-are-demanding-prenups" "Mozilla/5.0 AppleWebKit/537.36 (KHTML, like Gecko; compatible; ClaudeBot/1.0; +claudebot@anthropic.com)"
14.245.188.103 - - [18/Mar/2026:12:36:58 -0400] "GET /prediction-pulse-trump-announcement-stirs-market-chatter-as-pentagon-pizza-index-stays-flat/ HTTP/1.1" 200 56128 "-" "Mozilla/5.0 (Windows NT 6.2; WOW64) AppleWebKit/535.24 (KHTML, like Gecko) Chrome/19.0.1055.1 Safari/535.24"
50.6.201.88 - - [18/Mar/2026:12:37:21 -0400] "POST /wp-cron.php?doing_wp_cron=1773851841.6402699947357177734375 HTTP/1.1" 200 - "-" "WordPress/6.9.4; https://planetnewspro.com"
85.208.96.199 - - [18/Mar/2026:12:37:21 -0400] "GET /dropping-connie/ HTTP/1.1" 200 57629 "-" "Mozilla/5.0 (compatible; SemrushBot/7~bl; +http://www.semrush.com/bot.html)"
50.6.201.88 - - [18/Mar/2026:12:37:21 -0400] "POST /wp-admin/admin-ajax.php?action=async_litespeed&nonce=6a32a20319&litespeed_type=imgoptm HTTP/1.1" 200 21 "-" "WordPress/6.9.4; https://planetnewspro.com"
216.73.216.103 - - [18/Mar/2026:12:37:21 -0400] "GET /cha-cha-wanted-to-handle-structures-wordings-puno HTTP/1.1" 301 - "-" "Mozilla/5.0 AppleWebKit/537.36 (KHTML, like Gecko; compatible; ClaudeBot/1.0; +claudebot@anthropic.com)"
216.73.216.103 - - [18/Mar/2026:12:37:22 -0400] "GET /openmind-needs-to-be-the-android-working-system-of-humanoid-robots HTTP/1.1" 301 - "-" "Mozilla/5.0 AppleWebKit/537.36 (KHTML, like Gecko; compatible; ClaudeBot/1.0; +claudebot@anthropic.com)"
216.73.216.103 - - [18/Mar/2026:12:37:22 -0400] "GET /cha-cha-wanted-to-handle-structures-wordings-puno/ HTTP/1.1" 200 54520 "https://planetnewspro.com/cha-cha-wanted-to-handle-structures-wordings-puno" "Mozilla/5.0 AppleWebKit/537.36 (KHTML, like Gecko; compatible; ClaudeBot/1.0; +claudebot@anthropic.com)"
216.73.216.103 - - [18/Mar/2026:12:37:23 -0400] "GET /do-it-yourself-salsa-recipe-love-and-lemons HTTP/1.1" 301 - "-" "Mozilla/5.0 AppleWebKit/537.36 (KHTML, like Gecko; compatible; ClaudeBot/1.0; +claudebot@anthropic.com)"
216.73.216.103 - - [18/Mar/2026:12:37:22 -0400] "GET /openmind-needs-to-be-the-android-working-system-of-humanoid-robots/ HTTP/1.1" 200 52408 "https://planetnewspro.com/openmind-needs-to-be-the-android-working-system-of-humanoid-robots" "Mozilla/5.0 AppleWebKit/537.36 (KHTML, like Gecko; compatible; ClaudeBot/1.0; +claudebot@anthropic.com)"
216.73.216.103 - - [18/Mar/2026:12:37:23 -0400] "GET /do-it-yourself-salsa-recipe-love-and-lemons/ HTTP/1.1" 200 55629 "https://planetnewspro.com/do-it-yourself-salsa-recipe-love-and-lemons" "Mozilla/5.0 AppleWebKit/537.36 (KHTML, like Gecko; compatible; ClaudeBot/1.0; +claudebot@anthropic.com)"
185.191.171.14 - - [18/Mar/2026:12:37:24 -0400] "GET /world-public-well-being-the-us-is-just-too-targeted-on-defending-itself-and-never-collaborating-with-different-nations/ HTTP/1.1" 200 59615 "-" "Mozilla/5.0 (compatible; SemrushBot/7~bl; +http://www.semrush.com/bot.html)"
101.47.130.42 - - [18/Mar/2026:12:37:25 -0400] "GET /observers-warn-the-us-should-do-extra-to-spice-up-demand-for-carbon-removing/ HTTP/1.1" 200 52822 "-" "Mozilla/5.0 (Macintosh; Intel Mac OS X 10_15_7) AppleWebKit/537.36 (KHTML, like Gecko) Chrome/120.0.0.0 Safari/537.36"
50.6.201.88 - - [18/Mar/2026:12:37:28 -0400] "POST /wp-cron.php?doing_wp_cron=1773851848.2199308872222900390625 HTTP/1.1" 200 - "-" "WordPress/6.9.4; https://planetnewspro.com"
185.191.171.10 - - [18/Mar/2026:12:37:27 -0400] "GET /ballot-immigration-insurance-policies-have-improved-beneath-trump/ HTTP/1.1" 200 53057 "-" "Mozilla/5.0 (compatible; SemrushBot/7~bl; +http://www.semrush.com/bot.html)"
50.6.201.88 - - [18/Mar/2026:12:37:50 -0400] "POST /wp-cron.php?doing_wp_cron=1773851870.2679839134216308593750 HTTP/1.1" 200 - "-" "WordPress/6.9.4; https://planetnewspro.com"
185.191.171.9 - - [18/Mar/2026:12:37:49 -0400] "GET /prime-5-wholesome-chinese-language-meals-takeout-choices-you-ought-to-know/ HTTP/1.1" 200 55063 "-" "Mozilla/5.0 (compatible; SemrushBot/7~bl; +http://www.semrush.com/bot.html)"
85.208.96.203 - - [18/Mar/2026:12:37:57 -0400] "GET /pay-consideration-to-any-new-surveillance-cameras-whereas-driving-breakthrough-expertise-might-be-concentrating-on-you-the-gateway-pundit/ HTTP/1.1" 200 53942 "-" "Mozilla/5.0 (compatible; SemrushBot/7~bl; +http://www.semrush.com/bot.html)"
50.6.201.88 - - [18/Mar/2026:12:37:59 -0400] "POST /wp-cron.php?doing_wp_cron=1773851879.2751989364624023437500 HTTP/1.1" 200 - "-" "WordPress/6.9.4; https://planetnewspro.com"
216.73.216.103 - - [18/Mar/2026:12:37:59 -0400] "GET /?p=34753 HTTP/1.1" 301 - "-" "Mozilla/5.0 AppleWebKit/537.36 (KHTML, like Gecko; compatible; ClaudeBot/1.0; +claudebot@anthropic.com)"
216.73.216.103 - - [18/Mar/2026:12:37:59 -0400] "GET /?p=34756 HTTP/1.1" 301 - "-" "Mozilla/5.0 AppleWebKit/537.36 (KHTML, like Gecko; compatible; ClaudeBot/1.0; +claudebot@anthropic.com)"
50.6.201.88 - - [18/Mar/2026:12:37:59 -0400] "POST /wp-admin/admin-ajax.php?action=async_litespeed&nonce=6a32a20319&litespeed_type=imgoptm HTTP/1.1" 200 21 "-" "WordPress/6.9.4; https://planetnewspro.com"
216.73.216.103 - - [18/Mar/2026:12:37:59 -0400] "GET /true-meals-tuscan-kale-salad-recipe/ HTTP/1.1" 200 54746 "https://planetnewspro.com/?p=34753" "Mozilla/5.0 AppleWebKit/537.36 (KHTML, like Gecko; compatible; ClaudeBot/1.0; +claudebot@anthropic.com)"
216.73.216.103 - - [18/Mar/2026:12:38:00 -0400] "GET /comedian-con-india-and-iict-signal-mou-to-expertise-growth/ HTTP/1.1" 200 53886 "https://planetnewspro.com/?p=34756" "Mozilla/5.0 AppleWebKit/537.36 (KHTML, like Gecko; compatible; ClaudeBot/1.0; +claudebot@anthropic.com)"
216.73.216.103 - - [18/Mar/2026:12:38:00 -0400] "GET /?p=37159 HTTP/1.1" 301 - "-" "Mozilla/5.0 AppleWebKit/537.36 (KHTML, like Gecko; compatible; ClaudeBot/1.0; +claudebot@anthropic.com)"
216.73.216.103 - - [18/Mar/2026:12:38:00 -0400] "GET /?p=28519 HTTP/1.1" 301 - "-" "Mozilla/5.0 AppleWebKit/537.36 (KHTML, like Gecko; compatible; ClaudeBot/1.0; +claudebot@anthropic.com)"
216.73.216.103 - - [18/Mar/2026:12:38:00 -0400] "GET /rohit-sharmas-alternative-gill-the-brand-new-kohli-when-will-india-go-away-for-asia-cup/ HTTP/1.1" 200 54411 "https://planetnewspro.com/?p=37159" "Mozilla/5.0 AppleWebKit/537.36 (KHTML, like Gecko; compatible; ClaudeBot/1.0; +claudebot@anthropic.com)"
216.73.216.103 - - [18/Mar/2026:12:38:00 -0400] "GET /im-not-trying-people-near-retirement-are-afraid-to-verify-their-account-balances/ HTTP/1.1" 200 54543 "https://planetnewspro.com/?p=28519" "Mozilla/5.0 AppleWebKit/537.36 (KHTML, like Gecko; compatible; ClaudeBot/1.0; +claudebot@anthropic.com)"
85.208.96.208 - - [18/Mar/2026:12:38:02 -0400] "GET /its-brutal-meghan-markles-father-leaves-america-struggles-in-rented-flat-within-the-philippines/ HTTP/1.1" 200 52784 "-" "Mozilla/5.0 (compatible; SemrushBot/7~bl; +http://www.semrush.com/bot.html)"
85.208.96.195 - - [18/Mar/2026:12:38:04 -0400] "GET /greatest-early-amazon-october-prime-day-journey-accent-offers/ HTTP/1.1" 200 61340 "-" "Mozilla/5.0 (compatible; SemrushBot/7~bl; +http://www.semrush.com/bot.html)"
50.6.201.88 - - [18/Mar/2026:12:38:27 -0400] "POST /wp-cron.php?doing_wp_cron=1773851907.3277969360351562500000 HTTP/1.1" 200 - "-" "WordPress/6.9.4; https://planetnewspro.com"
216.73.216.103 - - [18/Mar/2026:12:38:27 -0400] "GET /did-doge-contribute-to-the-bls-jobs-report-that-trump-hated-economist-mark-zandi-thinks-so HTTP/1.1" 301 - "-" "Mozilla/5.0 AppleWebKit/537.36 (KHTML, like Gecko; compatible; ClaudeBot/1.0; +claudebot@anthropic.com)"
216.73.216.103 - - [18/Mar/2026:12:38:27 -0400] "GET /out-of-form-rishabh-pant-blames-bowling-fielding-lapse-in-punjab-humiliation-as-playoff-hopes-nosedive HTTP/1.1" 301 - "-" "Mozilla/5.0 AppleWebKit/537.36 (KHTML, like Gecko; compatible; ClaudeBot/1.0; +claudebot@anthropic.com)"
216.73.216.103 - - [18/Mar/2026:12:38:27 -0400] "GET /did-doge-contribute-to-the-bls-jobs-report-that-trump-hated-economist-mark-zandi-thinks-so/ HTTP/1.1" 200 52219 "https://planetnewspro.com/did-doge-contribute-to-the-bls-jobs-report-that-trump-hated-economist-mark-zandi-thinks-so" "Mozilla/5.0 AppleWebKit/537.36 (KHTML, like Gecko; compatible; ClaudeBot/1.0; +claudebot@anthropic.com)"
216.73.216.103 - - [18/Mar/2026:12:38:28 -0400] "GET /sp-loses-floor-for-third-straight-day-as-shares-fail-to-maintain-early-positive-factors-amid-flurry-of-massive-tech-earnings HTTP/1.1" 301 - "-" "Mozilla/5.0 AppleWebKit/537.36 (KHTML, like Gecko; compatible; ClaudeBot/1.0; +claudebot@anthropic.com)"
216.73.216.103 - - [18/Mar/2026:12:38:28 -0400] "GET /out-of-form-rishabh-pant-blames-bowling-fielding-lapse-in-punjab-humiliation-as-playoff-hopes-nosedive/ HTTP/1.1" 200 52809 "https://planetnewspro.com/out-of-form-rishabh-pant-blames-bowling-fielding-lapse-in-punjab-humiliation-as-playoff-hopes-nosedive" "Mozilla/5.0 AppleWebKit/537.36 (KHTML, like Gecko; compatible; ClaudeBot/1.0; +claudebot@anthropic.com)"
216.73.216.103 - - [18/Mar/2026:12:38:28 -0400] "GET /sp-loses-floor-for-third-straight-day-as-shares-fail-to-maintain-early-positive-factors-amid-flurry-of-massive-tech-earnings/ HTTP/1.1" 200 66996 "https://planetnewspro.com/sp-loses-floor-for-third-straight-day-as-shares-fail-to-maintain-early-positive-factors-amid-flurry-of-massive-tech-earnings" "Mozilla/5.0 AppleWebKit/537.36 (KHTML, like Gecko; compatible; ClaudeBot/1.0; +claudebot@anthropic.com)"
216.73.216.103 - - [18/Mar/2026:12:38:30 -0400] "GET /?p=37510 HTTP/1.1" 301 - "-" "Mozilla/5.0 AppleWebKit/537.36 (KHTML, like Gecko; compatible; ClaudeBot/1.0; +claudebot@anthropic.com)"
216.73.216.103 - - [18/Mar/2026:12:38:31 -0400] "GET /?p=29044 HTTP/1.1" 301 - "-" "Mozilla/5.0 AppleWebKit/537.36 (KHTML, like Gecko; compatible; ClaudeBot/1.0; +claudebot@anthropic.com)"
216.73.216.103 - - [18/Mar/2026:12:38:31 -0400] "GET /cook-dinner-fluffy-rice-quick-with-our-favourite-examined-methodology/ HTTP/1.1" 200 53190 "https://planetnewspro.com/?p=37510" "Mozilla/5.0 AppleWebKit/537.36 (KHTML, like Gecko; compatible; ClaudeBot/1.0; +claudebot@anthropic.com)"
216.73.216.103 - - [18/Mar/2026:12:38:31 -0400] "GET /high-15-typical-vacationer-mistakes-in-japan/ HTTP/1.1" 200 67901 "https://planetnewspro.com/?p=29044" "Mozilla/5.0 AppleWebKit/537.36 (KHTML, like Gecko; compatible; ClaudeBot/1.0; +claudebot@anthropic.com)"
216.73.216.103 - - [18/Mar/2026:12:38:32 -0400] "GET /?p=35709 HTTP/1.1" 301 - "-" "Mozilla/5.0 AppleWebKit/537.36 (KHTML, like Gecko; compatible; ClaudeBot/1.0; +claudebot@anthropic.com)"
216.73.216.103 - - [18/Mar/2026:12:38:32 -0400] "GET /?p=35191 HTTP/1.1" 301 - "-" "Mozilla/5.0 AppleWebKit/537.36 (KHTML, like Gecko; compatible; ClaudeBot/1.0; +claudebot@anthropic.com)"
216.73.216.103 - - [18/Mar/2026:12:38:32 -0400] "GET /texas-lottery-to-pay-winner-of-83-5m-jackpot-after-withholding-prize-for-months/ HTTP/1.1" 200 52735 "https://planetnewspro.com/?p=35709" "Mozilla/5.0 AppleWebKit/537.36 (KHTML, like Gecko; compatible; ClaudeBot/1.0; +claudebot@anthropic.com)"
216.73.216.103 - - [18/Mar/2026:12:38:32 -0400] "GET /truth-or-simply-followers-wild-desires-this-is-the-fact/ HTTP/1.1" 200 52643 "https://planetnewspro.com/?p=35191" "Mozilla/5.0 AppleWebKit/537.36 (KHTML, like Gecko; compatible; ClaudeBot/1.0; +claudebot@anthropic.com)"
50.6.201.88 - - [18/Mar/2026:12:38:41 -0400] "POST /wp-cron.php?doing_wp_cron=1773851921.1409010887145996093750 HTTP/1.1" 200 - "-" "WordPress/6.9.4; https://planetnewspro.com"
17.246.23.193 - - [18/Mar/2026:12:38:40 -0400] "GET /barcelona-in-september-occasions-and-actions/ HTTP/1.1" 200 56366 "-" "Mozilla/5.0 (Macintosh; Intel Mac OS X 10_15_7) AppleWebKit/605.1.15 (KHTML, like Gecko) Version/17.4 Safari/605.1.15 (Applebot/0.1; +http://www.apple.com/go/applebot)"
85.208.96.202 - - [18/Mar/2026:12:38:49 -0400] "GET /a-group-of-senate-democrats-spinelessly-and-pathetically-cave-to-trump/ HTTP/1.1" 200 56088 "-" "Mozilla/5.0 (compatible; SemrushBot/7~bl; +http://www.semrush.com/bot.html)"
161.97.152.115 - - [18/Mar/2026:12:38:50 -0400] "GET /robots.txt HTTP/1.1" 200 128 "-" "Mozilla/5.0 (Macintosh; Intel Mac OS X 10_15_7) AppleWebKit/537.36 (KHTML, like Gecko) Chrome/142.0.0.0 Safari/537.36"
50.6.201.88 - - [18/Mar/2026:12:39:08 -0400] "POST /wp-cron.php?doing_wp_cron=1773851948.1268489360809326171875 HTTP/1.1" 200 - "-" "WordPress/6.9.4; https://planetnewspro.com"
85.208.96.200 - - [18/Mar/2026:12:39:07 -0400] "GET /make-dwayne-the-rock-johnsons-banana-pancakes/ HTTP/1.1" 200 54031 "-" "Mozilla/5.0 (compatible; SemrushBot/7~bl; +http://www.semrush.com/bot.html)"
50.6.201.88 - - [18/Mar/2026:12:39:08 -0400] "POST /wp-admin/admin-ajax.php?action=async_litespeed&nonce=6a32a20319&litespeed_type=imgoptm HTTP/1.1" 200 21 "-" "WordPress/6.9.4; https://planetnewspro.com"
85.208.96.200 - - [18/Mar/2026:12:39:15 -0400] "GET /modi-receives-russias-highest-civilian-award-for-selling-bilateral-ties/ HTTP/1.1" 200 53999 "-" "Mozilla/5.0 (compatible; SemrushBot/7~bl; +http://www.semrush.com/bot.html)"
50.6.201.88 - - [18/Mar/2026:12:39:30 -0400] "POST /wp-cron.php?doing_wp_cron=1773851970.3354809284210205078125 HTTP/1.1" 200 - "-" "WordPress/6.9.4; https://planetnewspro.com"
185.191.171.9 - - [18/Mar/2026:12:39:29 -0400] "GET /gender-scandal-boxer-imane-khelif-wins-olympic-gold-after-breezing-previous-chinas-yang-liu-in-dominant-welterweight-last-in-paris/ HTTP/1.1" 200 61763 "-" "Mozilla/5.0 (compatible; SemrushBot/7~bl; +http://www.semrush.com/bot.html)"
85.208.96.194 - - [18/Mar/2026:12:39:53 -0400] "GET /drake-garners-reward-from-peta-as-ovo-goes-fur-free-following-100000-emails/ HTTP/1.1" 200 52489 "-" "Mozilla/5.0 (compatible; SemrushBot/7~bl; +http://www.semrush.com/bot.html)"
51.83.100.230 - - [18/Mar/2026:12:39:57 -0400] "GET /robots.txt HTTP/1.1" 200 175 "-" "Mozilla/5.0 (compatible; MJ12bot/v1.4.8; http://mj12bot.com/)"
50.6.201.88 - - [18/Mar/2026:12:40:00 -0400] "POST /wp-cron.php?doing_wp_cron=1773852000.2337899208068847656250 HTTP/1.1" 200 - "-" "WordPress/6.9.4; https://planetnewspro.com"
51.83.100.230 - - [18/Mar/2026:12:39:59 -0400] "GET /2025-bacolod-travel-guide-with-pattern-itinerary-price-range/ HTTP/1.1" 200 65776 "-" "Mozilla/5.0 (compatible; MJ12bot/v1.4.8; http://mj12bot.com/)"
50.6.201.88 - - [18/Mar/2026:12:40:00 -0400] "POST /wp-admin/admin-ajax.php?action=async_litespeed&nonce=6a32a20319&litespeed_type=imgoptm HTTP/1.1" 200 21 "-" "WordPress/6.9.4; https://planetnewspro.com"
51.83.100.230 - - [18/Mar/2026:12:40:01 -0400] "GET /2025-local-weather-tech-corporations-to-watch-hina-battery-know-how-and-its-effort-to-commercialize-salt-cells/ HTTP/1.1" 200 53236 "-" "Mozilla/5.0 (compatible; MJ12bot/v1.4.8; http://mj12bot.com/)"
185.191.171.2 - - [18/Mar/2026:12:40:03 -0400] "GET /britains-30-finest-streets-to-reside-on-theyre-not-the-costliest-however-they-do-all-have-the-happiness-issue-with-homes-beginning-at-120000-property-specialists-decide-their-favourites/ HTTP/1.1" 200 66602 "-" "Mozilla/5.0 (compatible; SemrushBot/7~bl; +http://www.semrush.com/bot.html)"
51.83.100.230 - - [18/Mar/2026:12:40:04 -0400] "GET /5-thai-hostages-return-residence-after-482-days-in-hamas-captivity/ HTTP/1.1" 200 54053 "-" "Mozilla/5.0 (compatible; MJ12bot/v1.4.8; http://mj12bot.com/)"
85.208.96.201 - - [18/Mar/2026:12:40:05 -0400] "GET /teenager-handed-an-indefinite-sentence-after-shaking-his-companions-child-to-dying/ HTTP/1.1" 200 56768 "-" "Mozilla/5.0 (compatible; SemrushBot/7~bl; +http://www.semrush.com/bot.html)"
51.83.100.230 - - [18/Mar/2026:12:40:06 -0400] "GET /aaron-chooses-playoff-struggles-may-be-over-and-the-yankees-are-so-again/ HTTP/1.1" 200 53104 "-" "Mozilla/5.0 (compatible; MJ12bot/v1.4.8; http://mj12bot.com/)"
50.6.201.88 - - [18/Mar/2026:12:40:08 -0400] "POST /wp-cron.php?doing_wp_cron=1773852008.6915218830108642578125 HTTP/1.1" 200 - "-" "WordPress/6.9.4; https://planetnewspro.com"
51.83.100.230 - - [18/Mar/2026:12:40:08 -0400] "GET /beef-suggestions/feed/ HTTP/1.1" 200 749 "-" "Mozilla/5.0 (compatible; MJ12bot/v1.4.8; http://mj12bot.com/)"
51.83.100.230 - - [18/Mar/2026:12:40:10 -0400] "GET /ben-simmons-3-nba-buyout-suitors-ranked-by-the-place-he-can-really-make-an-influence/ HTTP/1.1" 200 53943 "-" "Mozilla/5.0 (compatible; MJ12bot/v1.4.8; http://mj12bot.com/)"
51.83.100.230 - - [18/Mar/2026:12:40:12 -0400] "GET /category/ebook/page/52/ HTTP/1.1" 200 44341 "-" "Mozilla/5.0 (compatible; MJ12bot/v1.4.8; http://mj12bot.com/)"
51.83.100.230 - - [18/Mar/2026:12:40:14 -0400] "GET /category/finance/page/76/ HTTP/1.1" 200 44838 "-" "Mozilla/5.0 (compatible; MJ12bot/v1.4.8; http://mj12bot.com/)"
51.83.100.230 - - [18/Mar/2026:12:40:16 -0400] "GET /category/fitness/page/120/ HTTP/1.1" 200 44442 "-" "Mozilla/5.0 (compatible; MJ12bot/v1.4.8; http://mj12bot.com/)"
51.83.100.230 - - [18/Mar/2026:12:40:18 -0400] "GET /creamy-gnocchi-soup-recipe/feed/ HTTP/1.1" 200 779 "-" "Mozilla/5.0 (compatible; MJ12bot/v1.4.8; http://mj12bot.com/)"
50.6.201.88 - - [18/Mar/2026:12:40:20 -0400] "POST /wp-cron.php?doing_wp_cron=1773852020.8454189300537109375000 HTTP/1.1" 200 - "-" "WordPress/6.9.4; https://planetnewspro.com"
51.83.100.230 - - [18/Mar/2026:12:40:20 -0400] "GET /edge-ai-navigating-hardware-constraints/ HTTP/1.1" 200 54016 "-" "Mozilla/5.0 (compatible; MJ12bot/v1.4.8; http://mj12bot.com/)"
51.83.100.230 - - [18/Mar/2026:12:40:22 -0400] "GET /entrena-como-profesional-y-rinde-como-leyenda-gracias-a-efficiency-academy-de-amoila-cesar/ HTTP/1.1" 200 53520 "-" "Mozilla/5.0 (compatible; MJ12bot/v1.4.8; http://mj12bot.com/)"
51.83.100.230 - - [18/Mar/2026:12:40:24 -0400] "GET /financial-institution-of-england-on-ai-mania-stretched-inventory-valuations-similar-to-the-height-of-the-dot-com-bubble/feed/ HTTP/1.1" 200 1087 "-" "Mozilla/5.0 (compatible; MJ12bot/v1.4.8; http://mj12bot.com/)"
148.135.200.35 - - [18/Mar/2026:12:40:26 -0400] "POST /wp-login.php HTTP/1.1" 200 6333 "-" "Mozilla/5.0"
51.83.100.230 - - [18/Mar/2026:12:40:26 -0400] "GET /gamers-followers-put-cba-heart-stage-throughout-wnba-all-star-weekend/ HTTP/1.1" 200 54849 "-" "Mozilla/5.0 (compatible; MJ12bot/v1.4.8; http://mj12bot.com/)"
51.83.100.230 - - [18/Mar/2026:12:40:28 -0400] "GET /geekom-it15-mini-pc-evaluate/ HTTP/1.1" 200 61477 "-" "Mozilla/5.0 (compatible; MJ12bot/v1.4.8; http://mj12bot.com/)"
50.6.201.88 - - [18/Mar/2026:12:40:32 -0400] "POST /wp-cron.php?doing_wp_cron=1773852032.6630139350891113281250 HTTP/1.1" 200 - "-" "WordPress/6.9.4; https://planetnewspro.com"
51.83.100.230 - - [18/Mar/2026:12:40:30 -0400] "GET /hidden-prices-in-ai-deployment-why-claude-fashions-could-also-be-20-30-dearer-than-gpt-in-enterprise-settings/ HTTP/1.1" 200 55426 "-" "Mozilla/5.0 (compatible; MJ12bot/v1.4.8; http://mj12bot.com/)"
51.83.100.230 - - [18/Mar/2026:12:40:34 -0400] "GET /high-analyst-on-considerations-about-nvidia-fueling-an-ai-bubble-we-have-seen-this-film-earlier-than-it-was-known-as-enron-tyco/feed/ HTTP/1.1" 200 1099 "-" "Mozilla/5.0 (compatible; MJ12bot/v1.4.8; http://mj12bot.com/)"
51.83.100.230 - - [18/Mar/2026:12:40:36 -0400] "GET /how-one-can-make-investments-on-the-planets-finest-corporations-that-are-not-nvidia/feed/ HTTP/1.1" 200 964 "-" "Mozilla/5.0 (compatible; MJ12bot/v1.4.8; http://mj12bot.com/)"
85.208.96.195 - - [18/Mar/2026:12:40:36 -0400] "GET /the-marinated-cheese-that-quietly-went-from-hidden-gem-to-cult-favourite/ HTTP/1.1" 200 55797 "-" "Mozilla/5.0 (compatible; SemrushBot/7~bl; +http://www.semrush.com/bot.html)"
51.83.100.230 - - [18/Mar/2026:12:40:37 -0400] "GET /how-scott-greenstone-defied-a-coronary-heart-assault-and-completed-a-70-3-race-a-yr-later/ HTTP/1.1" 200 54279 "-" "Mozilla/5.0 (compatible; MJ12bot/v1.4.8; http://mj12bot.com/)"
51.83.100.230 - - [18/Mar/2026:12:40:39 -0400] "GET /lifeless-kindle-designs-favourite-fashions-that-are-gone-for-good/ HTTP/1.1" 200 52922 "-" "Mozilla/5.0 (compatible; MJ12bot/v1.4.8; http://mj12bot.com/)"
51.83.100.230 - - [18/Mar/2026:12:40:42 -0400] "GET /nfl-evaluation-and-dialogue-week-5-eagles-payments-jaxson-dart-and-ashton-jeanty/ HTTP/1.1" 200 53988 "-" "Mozilla/5.0 (compatible; MJ12bot/v1.4.8; http://mj12bot.com/)"
51.83.100.230 - - [18/Mar/2026:12:40:44 -0400] "GET /no-massive-fats-indian-marriage-ceremony-billionaires-youngest-son-will-get-married-in-low-key-ceremony/ HTTP/1.1" 200 53370 "-" "Mozilla/5.0 (compatible; MJ12bot/v1.4.8; http://mj12bot.com/)"
51.83.100.230 - - [18/Mar/2026:12:40:46 -0400] "GET /olympia-2025-basic-physique-lineup-with-bumstead-retirement-it-is-anybodys-sport/feed/ HTTP/1.1" 200 949 "-" "Mozilla/5.0 (compatible; MJ12bot/v1.4.8; http://mj12bot.com/)"
51.83.100.230 - - [18/Mar/2026:12:40:48 -0400] "GET /openai-bans-chinese-language-north-korean-hacker-accounts-utilizing-chatgpt-to-launch-surveillance/feed/ HTTP/1.1" 200 996 "-" "Mozilla/5.0 (compatible; MJ12bot/v1.4.8; http://mj12bot.com/)"
85.208.96.211 - - [18/Mar/2026:12:40:48 -0400] "GET /promoting-a-home-in-2025-right-heres-what-you-must-know/ HTTP/1.1" 200 53514 "-" "Mozilla/5.0 (compatible; SemrushBot/7~bl; +http://www.semrush.com/bot.html)"
51.83.100.230 - - [18/Mar/2026:12:40:49 -0400] "GET /page/2234/ HTTP/1.1" 200 65014 "-" "Mozilla/5.0 (compatible; MJ12bot/v1.4.8; http://mj12bot.com/)"
85.208.96.206 - - [18/Mar/2026:12:40:51 -0400] "GET /revealed-what-occurred-to-the-worlds-strongest-boy-25-years-after-going-viral-and-his-shocking-new-profession/ HTTP/1.1" 200 53950 "-" "Mozilla/5.0 (compatible; SemrushBot/7~bl; +http://www.semrush.com/bot.html)"
51.83.100.230 - - [18/Mar/2026:12:40:52 -0400] "GET /page/2240/ HTTP/1.1" 200 64834 "-" "Mozilla/5.0 (compatible; MJ12bot/v1.4.8; http://mj12bot.com/)"
51.83.100.230 - - [18/Mar/2026:12:40:54 -0400] "GET /page/2274/ HTTP/1.1" 200 65022 "-" "Mozilla/5.0 (compatible; MJ12bot/v1.4.8; http://mj12bot.com/)"
51.83.100.230 - - [18/Mar/2026:12:40:57 -0400] "GET /surfshark-upgrades-its-community-with-industry-first-100gbps-servers/ HTTP/1.1" 200 56269 "-" "Mozilla/5.0 (compatible; MJ12bot/v1.4.8; http://mj12bot.com/)"
50.6.201.88 - - [18/Mar/2026:12:40:59 -0400] "POST /wp-cron.php?doing_wp_cron=1773852059.7367699146270751953125 HTTP/1.1" 200 - "-" "WordPress/6.9.4; https://planetnewspro.com"
51.83.100.230 - - [18/Mar/2026:12:40:59 -0400] "GET /survey-uncovers-stunning-variety-of-people-able-to-swap-distant-work-for-extra-cash/feed/ HTTP/1.1" 200 950 "-" "Mozilla/5.0 (compatible; MJ12bot/v1.4.8; http://mj12bot.com/)"
50.6.201.88 - - [18/Mar/2026:12:40:59 -0400] "POST /wp-admin/admin-ajax.php?action=async_litespeed&nonce=6a32a20319&litespeed_type=imgoptm HTTP/1.1" 200 21 "-" "WordPress/6.9.4; https://planetnewspro.com"
51.83.100.230 - - [18/Mar/2026:12:41:01 -0400] "GET /thai-faculty-apologises-after-pupils-punishment-haircut-sparks-outcry/ HTTP/1.1" 200 53926 "-" "Mozilla/5.0 (compatible; MJ12bot/v1.4.8; http://mj12bot.com/)"
51.83.100.230 - - [18/Mar/2026:12:41:03 -0400] "GET /the-dumbbell-shoulder-exercise-for-higher-higher-physique-power/ HTTP/1.1" 200 53873 "-" "Mozilla/5.0 (compatible; MJ12bot/v1.4.8; http://mj12bot.com/)"
51.83.100.230 - - [18/Mar/2026:12:41:05 -0400] "GET /we-requested-30-cooks-how-they-maintain-a-knife-these-grips-may-enhance-your-cuts/ HTTP/1.1" 200 58770 "-" "Mozilla/5.0 (compatible; MJ12bot/v1.4.8; http://mj12bot.com/)"
50.6.201.88 - - [18/Mar/2026:12:41:08 -0400] "POST /wp-cron.php?doing_wp_cron=1773852068.3215959072113037109375 HTTP/1.1" 200 - "-" "WordPress/6.9.4; https://planetnewspro.com"
51.83.100.230 - - [18/Mar/2026:12:41:08 -0400] "GET /wednesday-october-eighth-finest-mlb-playoff-betting-picks-predictions/feed/ HTTP/1.1" 200 915 "-" "Mozilla/5.0 (compatible; MJ12bot/v1.4.8; http://mj12bot.com/)"
50.6.201.88 - - [18/Mar/2026:12:41:08 -0400] "POST /wp-cron.php?doing_wp_cron=1773852068.5329649448394775390625 HTTP/1.1" 200 - "-" "WordPress/6.9.4; https://planetnewspro.com"
85.208.96.200 - - [18/Mar/2026:12:41:07 -0400] "GET /2-distinctive-lat-workout-routines-that-you-want-to-attempt-out/ HTTP/1.1" 200 54396 "-" "Mozilla/5.0 (compatible; SemrushBot/7~bl; +http://www.semrush.com/bot.html)"
51.83.100.230 - - [18/Mar/2026:12:41:09 -0400] "GET /why-pakistans-jaffar-specific-retains-coming-underneath-lethal-assaults/feed/ HTTP/1.1" 200 917 "-" "Mozilla/5.0 (compatible; MJ12bot/v1.4.8; http://mj12bot.com/)"
51.83.100.230 - - [18/Mar/2026:12:41:11 -0400] "GET /with-no-clear-entrance-runner-democrats-start-testing-2028-presidential-waters/ HTTP/1.1" 200 54613 "-" "Mozilla/5.0 (compatible; MJ12bot/v1.4.8; http://mj12bot.com/)"
85.208.98.31 - - [18/Mar/2026:12:41:12 -0400] "GET /lms-integration-sorts-examples-and-finest-practices/ HTTP/1.1" 200 57987 "-" "Mozilla/5.0 (compatible; SemrushBot-BA; +http://www.semrush.com/bot.html)"
51.83.100.230 - - [18/Mar/2026:12:41:14 -0400] "GET /wyndham-clark-excels-at-open-retains-anger-in-verify/ HTTP/1.1" 200 52295 "-" "Mozilla/5.0 (compatible; MJ12bot/v1.4.8; http://mj12bot.com/)"
85.208.96.195 - - [18/Mar/2026:12:41:30 -0400] "GET /4-25-friday-faves-the-fitnessista/ HTTP/1.1" 200 54545 "-" "Mozilla/5.0 (compatible; SemrushBot/7~bl; +http://www.semrush.com/bot.html)"
85.208.96.211 - - [18/Mar/2026:12:41:43 -0400] "GET /european-union-doubles-down-on-central-planning/ HTTP/1.1" 200 52567 "-" "Mozilla/5.0 (compatible; SemrushBot/7~bl; +http://www.semrush.com/bot.html)"
216.73.216.103 - - [18/Mar/2026:12:41:46 -0400] "GET /?p=36399 HTTP/1.1" 301 - "-" "Mozilla/5.0 AppleWebKit/537.36 (KHTML, like Gecko; compatible; ClaudeBot/1.0; +claudebot@anthropic.com)"
216.73.216.103 - - [18/Mar/2026:12:41:46 -0400] "GET /cha-cha-wanted-to-handle-structures-wordings-puno/ HTTP/1.1" 200 54522 "https://planetnewspro.com/?p=36399" "Mozilla/5.0 AppleWebKit/537.36 (KHTML, like Gecko; compatible; ClaudeBot/1.0; +claudebot@anthropic.com)"
85.208.96.200 - - [18/Mar/2026:12:41:51 -0400] "GET /bar-keepers-pal-evaluation/ HTTP/1.1" 200 56043 "-" "Mozilla/5.0 (compatible; SemrushBot/7~bl; +http://www.semrush.com/bot.html)"
85.208.96.194 - - [18/Mar/2026:12:41:53 -0400] "GET /inexpensive-web-options-for-filipino-digital-nomads-overseas/ HTTP/1.1" 200 55818 "-" "Mozilla/5.0 (compatible; SemrushBot/7~bl; +http://www.semrush.com/bot.html)"
85.208.96.193 - - [18/Mar/2026:12:41:55 -0400] "GET /the-place-to-keep-in-break-up-greatest-areas-locations/ HTTP/1.1" 200 64185 "-" "Mozilla/5.0 (compatible; SemrushBot/7~bl; +http://www.semrush.com/bot.html)"
50.6.201.88 - - [18/Mar/2026:12:42:32 -0400] "POST /wp-cron.php?doing_wp_cron=1773852152.2708940505981445312500 HTTP/1.1" 200 - "-" "WordPress/6.9.4; https://planetnewspro.com"
85.208.96.210 - - [18/Mar/2026:12:42:30 -0400] "GET /choose-says-google-is-an-unlawful-monopoly-now-what-video/ HTTP/1.1" 200 52596 "-" "Mozilla/5.0 (compatible; SemrushBot/7~bl; +http://www.semrush.com/bot.html)"
50.6.201.88 - - [18/Mar/2026:12:42:32 -0400] "POST /wp-admin/admin-ajax.php?action=async_litespeed&nonce=6a32a20319&litespeed_type=imgoptm HTTP/1.1" 200 21 "-" "WordPress/6.9.4; https://planetnewspro.com"
185.191.171.13 - - [18/Mar/2026:12:42:45 -0400] "GET /kristi-noems-mind-melts-as-she-tries-to-defend-elon-musk/ HTTP/1.1" 200 53226 "-" "Mozilla/5.0 (compatible; SemrushBot/7~bl; +http://www.semrush.com/bot.html)"
85.208.96.205 - - [18/Mar/2026:12:42:56 -0400] "GET /nikola-jokic-instructed-an-uncomfortable-reality-about-nuggets-after-season-opening-blowout-loss/ HTTP/1.1" 200 52618 "-" "Mozilla/5.0 (compatible; SemrushBot/7~bl; +http://www.semrush.com/bot.html)"
85.208.96.210 - - [18/Mar/2026:12:42:58 -0400] "GET /how-blueprint-founder-bryan-johnson-sought-management-by-way-of-confidentiality-agreements/ HTTP/1.1" 200 59800 "-" "Mozilla/5.0 (compatible; SemrushBot/7~bl; +http://www.semrush.com/bot.html)"
50.6.201.88 - - [18/Mar/2026:12:43:04 -0400] "POST /wp-cron.php?doing_wp_cron=1773852184.8715429306030273437500 HTTP/1.1" 200 - "-" "WordPress/6.9.4; https://planetnewspro.com"
85.208.96.200 - - [18/Mar/2026:12:43:04 -0400] "GET /hunan-rooster-the-recipe-critic/ HTTP/1.1" 200 57261 "-" "Mozilla/5.0 (compatible; SemrushBot/7~bl; +http://www.semrush.com/bot.html)"
50.6.201.88 - - [18/Mar/2026:12:43:04 -0400] "POST /wp-admin/admin-ajax.php?action=async_litespeed&nonce=6a32a20319&litespeed_type=imgoptm HTTP/1.1" 200 21 "-" "WordPress/6.9.4; https://planetnewspro.com"
50.6.201.88 - - [18/Mar/2026:12:43:49 -0400] "POST /wp-cron.php?doing_wp_cron=1773852229.6288669109344482421875 HTTP/1.1" 200 - "-" "WordPress/6.9.4; https://planetnewspro.com"
185.191.171.13 - - [18/Mar/2026:12:43:47 -0400] "GET /sisters-separated-at-beginning-and-raised-worlds-aside-meet-after-39-years-2/ HTTP/1.1" 200 53031 "-" "Mozilla/5.0 (compatible; SemrushBot/7~bl; +http://www.semrush.com/bot.html)"
50.6.201.88 - - [18/Mar/2026:12:44:11 -0400] "POST /wp-cron.php?doing_wp_cron=1773852251.6000430583953857421875 HTTP/1.1" 200 - "-" "WordPress/6.9.4; https://planetnewspro.com"
34.231.118.144 - - [18/Mar/2026:12:44:11 -0400] "GET /match-stopped-because-of-lightning-menace-shubman-abhishek-off-to-quick-begin/ HTTP/1.1" 200 53759 "-" "Mozilla/5.0 AppleWebKit/537.36 (KHTML, like Gecko; compatible; Amazonbot/0.1; +https://developer.amazon.com/support/amazonbot) Chrome/119.0.6045.214 Safari/537.36"
50.6.201.88 - - [18/Mar/2026:12:44:11 -0400] "POST /wp-admin/admin-ajax.php?action=async_litespeed&nonce=6a32a20319&litespeed_type=imgoptm HTTP/1.1" 200 21 "-" "WordPress/6.9.4; https://planetnewspro.com"
34.205.170.13 - - [18/Mar/2026:12:44:14 -0400] "GET /wp-json/wp/v2/posts/27022 HTTP/1.1" 200 4940 "-" "Mozilla/5.0 AppleWebKit/537.36 (KHTML, like Gecko; compatible; Amazonbot/0.1; +https://developer.amazon.com/support/amazonbot) Chrome/119.0.6045.214 Safari/537.36"
18.215.77.19 - - [18/Mar/2026:12:44:18 -0400] "GET /wp-json/wp/v2/posts/35350 HTTP/1.1" 200 7292 "-" "Mozilla/5.0 AppleWebKit/537.36 (KHTML, like Gecko; compatible; Amazonbot/0.1; +https://developer.amazon.com/support/amazonbot) Chrome/119.0.6045.214 Safari/537.36"
50.6.201.88 - - [18/Mar/2026:12:44:22 -0400] "POST /wp-cron.php?doing_wp_cron=1773852262.8118970394134521484375 HTTP/1.1" 200 - "-" "WordPress/6.9.4; https://planetnewspro.com"
98.82.63.147 - - [18/Mar/2026:12:44:22 -0400] "GET /wp-json/oembed/1.0/embed?url=https://planetnewspro.com/remark-stimuler-ton-metabolisme-bodi/ HTTP/1.1" 200 1498 "-" "Mozilla/5.0 AppleWebKit/537.36 (KHTML, like Gecko; compatible; Amazonbot/0.1; +https://developer.amazon.com/support/amazonbot) Chrome/119.0.6045.214 Safari/537.36"
18.213.240.226 - - [18/Mar/2026:12:44:26 -0400] "GET /wp-json/oembed/1.0/embed?url=https://planetnewspro.com/scotus-splits-5-4-on-whether-or-not-entirety-of-title-ix-laws-should-be-enjoined/ HTTP/1.1" 200 1524 "-" "Mozilla/5.0 AppleWebKit/537.36 (KHTML, like Gecko; compatible; Amazonbot/0.1; +https://developer.amazon.com/support/amazonbot) Chrome/119.0.6045.214 Safari/537.36"
3.221.50.71 - - [18/Mar/2026:12:44:30 -0400] "GET /wp-json/oembed/1.0/embed?format=xml&url=https://planetnewspro.com/dont-transfer-is-netflixs-new-1-film-however-there-are-higher-rated-thrillers-listed-below-are-3-with-over-90-on-rotten-tomatoes/ HTTP/1.1" 200 1603 "-" "Mozilla/5.0 AppleWebKit/537.36 (KHTML, like Gecko; compatible; Amazonbot/0.1; +https://developer.amazon.com/support/amazonbot) Chrome/119.0.6045.214 Safari/537.36"
44.210.204.255 - - [18/Mar/2026:12:44:35 -0400] "GET /i-drove-via-france-in-search-of-the-finest-native-delicacies-this-is-what-i-discovered/ HTTP/1.1" 200 62745 "-" "Mozilla/5.0 AppleWebKit/537.36 (KHTML, like Gecko; compatible; Amazonbot/0.1; +https://developer.amazon.com/support/amazonbot) Chrome/119.0.6045.214 Safari/537.36"
85.208.96.212 - - [18/Mar/2026:12:44:37 -0400] "GET /dumbest-folks-within-the-room-ryan-reynolds-and-rob-mcelhenneys-secret-sauce-for-wrexham-afcs-success-is-truly-no-thriller/ HTTP/1.1" 200 52925 "-" "Mozilla/5.0 (compatible; SemrushBot/7~bl; +http://www.semrush.com/bot.html)"
185.191.171.19 - - [18/Mar/2026:12:44:39 -0400] "GET /south-korea-opposition-wont-search-to-question-performing-president-over-martial-regulation/ HTTP/1.1" 200 55501 "-" "Mozilla/5.0 (compatible; SemrushBot/7~bl; +http://www.semrush.com/bot.html)"
185.179.100.135 - - [18/Mar/2026:12:44:42 -0400] "POST /xmlrpc.php HTTP/1.1" 200 403 "-" "Mozilla/5.0 (Windows NT 6.3; arm64) AppleWebKit/537.36 (KHTML, like Gecko) Opera/63.0.0.0 Safari/537.36"
216.73.216.103 - - [18/Mar/2026:12:44:43 -0400] "GET /?p=29080 HTTP/1.1" 301 - "-" "Mozilla/5.0 AppleWebKit/537.36 (KHTML, like Gecko; compatible; ClaudeBot/1.0; +claudebot@anthropic.com)"
216.73.216.103 - - [18/Mar/2026:12:44:43 -0400] "GET /?p=36348 HTTP/1.1" 301 - "-" "Mozilla/5.0 AppleWebKit/537.36 (KHTML, like Gecko; compatible; ClaudeBot/1.0; +claudebot@anthropic.com)"
185.191.171.17 - - [18/Mar/2026:12:44:43 -0400] "GET /investor-invoice-ackman-pleads-with-trump-white-home-to-not-declare-a-world-financial-battle-towards-the-entire-world-directly/ HTTP/1.1" 200 53674 "-" "Mozilla/5.0 (compatible; SemrushBot/7~bl; +http://www.semrush.com/bot.html)"
216.73.216.103 - - [18/Mar/2026:12:44:43 -0400] "GET /the-kate-spade-outlet-sale-has-the-finest-moms-day-items/ HTTP/1.1" 200 54127 "https://planetnewspro.com/?p=29080" "Mozilla/5.0 AppleWebKit/537.36 (KHTML, like Gecko; compatible; ClaudeBot/1.0; +claudebot@anthropic.com)"
216.73.216.103 - - [18/Mar/2026:12:44:44 -0400] "GET /?p=28729 HTTP/1.1" 301 - "-" "Mozilla/5.0 AppleWebKit/537.36 (KHTML, like Gecko; compatible; ClaudeBot/1.0; +claudebot@anthropic.com)"
216.73.216.103 - - [18/Mar/2026:12:44:44 -0400] "GET /simple-peach-rooster-recipe-one-pan-30-minute-dinner/ HTTP/1.1" 200 56296 "https://planetnewspro.com/?p=36348" "Mozilla/5.0 AppleWebKit/537.36 (KHTML, like Gecko; compatible; ClaudeBot/1.0; +claudebot@anthropic.com)"
216.73.216.103 - - [18/Mar/2026:12:44:44 -0400] "GET /the-obtain-the-ai-hype-index-and-regular-ai/ HTTP/1.1" 200 55097 "https://planetnewspro.com/?p=28729" "Mozilla/5.0 AppleWebKit/537.36 (KHTML, like Gecko; compatible; ClaudeBot/1.0; +claudebot@anthropic.com)"
216.73.216.103 - - [18/Mar/2026:12:44:45 -0400] "GET /?p=35979 HTTP/1.1" 301 - "-" "Mozilla/5.0 AppleWebKit/537.36 (KHTML, like Gecko; compatible; ClaudeBot/1.0; +claudebot@anthropic.com)"
216.73.216.103 - - [18/Mar/2026:12:44:45 -0400] "GET /?p=29311 HTTP/1.1" 301 - "-" "Mozilla/5.0 AppleWebKit/537.36 (KHTML, like Gecko; compatible; ClaudeBot/1.0; +claudebot@anthropic.com)"
216.73.216.103 - - [18/Mar/2026:12:44:45 -0400] "GET /the-4-finest-mushroom-coffees-of-2025-examined-reviewed/ HTTP/1.1" 200 63588 "https://planetnewspro.com/?p=35979" "Mozilla/5.0 AppleWebKit/537.36 (KHTML, like Gecko; compatible; ClaudeBot/1.0; +claudebot@anthropic.com)"
216.73.216.103 - - [18/Mar/2026:12:44:45 -0400] "GET /i-banked-500000-for-profitable-world-snooker-championship-then-i-misplaced-millionaire-standing/ HTTP/1.1" 200 53981 "https://planetnewspro.com/?p=29311" "Mozilla/5.0 AppleWebKit/537.36 (KHTML, like Gecko; compatible; ClaudeBot/1.0; +claudebot@anthropic.com)"
216.73.216.103 - - [18/Mar/2026:12:44:46 -0400] "GET /?p=36084 HTTP/1.1" 301 - "-" "Mozilla/5.0 AppleWebKit/537.36 (KHTML, like Gecko; compatible; ClaudeBot/1.0; +claudebot@anthropic.com)"
216.73.216.103 - - [18/Mar/2026:12:44:46 -0400] "GET /a-take-a-look-at-his-upcoming-initiatives-each-as-actor-and-producer/ HTTP/1.1" 200 53989 "https://planetnewspro.com/?p=36084" "Mozilla/5.0 AppleWebKit/537.36 (KHTML, like Gecko; compatible; ClaudeBot/1.0; +claudebot@anthropic.com)"
185.191.171.11 - - [18/Mar/2026:12:44:53 -0400] "GET /rcb-to-retain-cameron-inexperienced-suryakumar-yadavs-humorous-comment-ashwin-is-sorry-for-pakistan/ HTTP/1.1" 200 54446 "-" "Mozilla/5.0 (compatible; SemrushBot/7~bl; +http://www.semrush.com/bot.html)"
50.6.201.88 - - [18/Mar/2026:12:44:59 -0400] "POST /wp-cron.php?doing_wp_cron=1773852299.0309529304504394531250 HTTP/1.1" 200 - "-" "WordPress/6.9.4; https://planetnewspro.com"
85.208.96.205 - - [18/Mar/2026:12:44:58 -0400] "GET /white-home-mocked-for-celebrating-what-they-name-president-bidens-huge-boy-press-convention/ HTTP/1.1" 200 53262 "-" "Mozilla/5.0 (compatible; SemrushBot/7~bl; +http://www.semrush.com/bot.html)"
50.6.201.88 - - [18/Mar/2026:12:44:59 -0400] "POST /wp-admin/admin-ajax.php?action=async_litespeed&nonce=6a32a20319&litespeed_type=imgoptm HTTP/1.1" 200 21 "-" "WordPress/6.9.4; https://planetnewspro.com"
50.6.201.88 - - [18/Mar/2026:12:45:16 -0400] "POST /wp-cron.php?doing_wp_cron=1773852316.0659511089324951171875 HTTP/1.1" 200 - "-" "WordPress/6.9.4; https://planetnewspro.com"
185.191.171.18 - - [18/Mar/2026:12:45:15 -0400] "GET /i-took-my-11-year-old-son-on-an-off-grid-winter-journey-in-alaska-and-it-was-the-greatest-journey-weve-ever-taken/ HTTP/1.1" 200 54912 "-" "Mozilla/5.0 (compatible; SemrushBot/7~bl; +http://www.semrush.com/bot.html)"
77.238.249.216 - - [18/Mar/2026:12:45:19 -0400] "GET /caramel-coconut-macaroon-thumbprints-sallys-baking-habit/ HTTP/1.0" 200 357616 "https://planetnewspro.com/caramel-coconut-macaroon-thumbprints-sallys-baking-habit/#comment-15938" "Mozilla/5.0 (Windows NT 6.1; Win64; x64) AppleWebKit/537.36 (KHTML, like Gecko) Chrome/103.0.0.0 Safari/537.36"
50.6.201.88 - - [18/Mar/2026:12:45:24 -0400] "POST /wp-cron.php?doing_wp_cron=1773852324.5317609310150146484375 HTTP/1.1" 200 - "-" "WordPress/6.9.4; https://planetnewspro.com"
216.73.216.103 - - [18/Mar/2026:12:45:24 -0400] "GET /?p=28666 HTTP/1.1" 301 - "-" "Mozilla/5.0 AppleWebKit/537.36 (KHTML, like Gecko; compatible; ClaudeBot/1.0; +claudebot@anthropic.com)"
216.73.216.103 - - [18/Mar/2026:12:45:24 -0400] "GET /?p=25905 HTTP/1.1" 301 - "-" "Mozilla/5.0 AppleWebKit/537.36 (KHTML, like Gecko; compatible; ClaudeBot/1.0; +claudebot@anthropic.com)"
216.73.216.103 - - [18/Mar/2026:12:45:24 -0400] "GET /winwyn-marquez-huge-winner-at-miss-universe-philippines-prelims/ HTTP/1.1" 200 53846 "https://planetnewspro.com/?p=28666" "Mozilla/5.0 AppleWebKit/537.36 (KHTML, like Gecko; compatible; ClaudeBot/1.0; +claudebot@anthropic.com)"
216.73.216.103 - - [18/Mar/2026:12:45:25 -0400] "GET /?p=29470 HTTP/1.1" 301 - "-" "Mozilla/5.0 AppleWebKit/537.36 (KHTML, like Gecko; compatible; ClaudeBot/1.0; +claudebot@anthropic.com)"
216.73.216.103 - - [18/Mar/2026:12:45:25 -0400] "GET /elon-musks-xai-buys-x/ HTTP/1.1" 200 54374 "https://planetnewspro.com/?p=25905" "Mozilla/5.0 AppleWebKit/537.36 (KHTML, like Gecko; compatible; ClaudeBot/1.0; +claudebot@anthropic.com)"
216.73.216.103 - - [18/Mar/2026:12:45:25 -0400] "GET /find-out-how-to-minimize-a-mango/ HTTP/1.1" 200 53779 "https://planetnewspro.com/?p=29470" "Mozilla/5.0 AppleWebKit/537.36 (KHTML, like Gecko; compatible; ClaudeBot/1.0; +claudebot@anthropic.com)"
216.73.216.103 - - [18/Mar/2026:12:45:25 -0400] "GET /?p=35841 HTTP/1.1" 301 - "-" "Mozilla/5.0 AppleWebKit/537.36 (KHTML, like Gecko; compatible; ClaudeBot/1.0; +claudebot@anthropic.com)"
216.73.216.103 - - [18/Mar/2026:12:45:26 -0400] "GET /?p=35667 HTTP/1.1" 301 - "-" "Mozilla/5.0 AppleWebKit/537.36 (KHTML, like Gecko; compatible; ClaudeBot/1.0; +claudebot@anthropic.com)"
216.73.216.103 - - [18/Mar/2026:12:45:26 -0400] "GET /is-taylor-swift-making-energy-strikes-within-the-nfl-what-we-know-in-regards-to-the-possession-rumors/ HTTP/1.1" 200 52735 "https://planetnewspro.com/?p=35841" "Mozilla/5.0 AppleWebKit/537.36 (KHTML, like Gecko; compatible; ClaudeBot/1.0; +claudebot@anthropic.com)"
216.73.216.103 - - [18/Mar/2026:12:45:26 -0400] "GET /?p=29092 HTTP/1.1" 301 - "-" "Mozilla/5.0 AppleWebKit/537.36 (KHTML, like Gecko; compatible; ClaudeBot/1.0; +claudebot@anthropic.com)"
216.73.216.103 - - [18/Mar/2026:12:45:26 -0400] "GET /openmind-needs-to-be-the-android-working-system-of-humanoid-robots/ HTTP/1.1" 200 52407 "https://planetnewspro.com/?p=35667" "Mozilla/5.0 AppleWebKit/537.36 (KHTML, like Gecko; compatible; ClaudeBot/1.0; +claudebot@anthropic.com)"
185.191.171.1 - - [18/Mar/2026:12:45:26 -0400] "GET /salt-lake-metropoliss-cool-issue-is-rising-and-it-begins-in-these-3-neighborhoods/ HTTP/1.1" 200 55822 "-" "Mozilla/5.0 (compatible; SemrushBot/7~bl; +http://www.semrush.com/bot.html)"
216.73.216.103 - - [18/Mar/2026:12:45:26 -0400] "GET /5-2-friday-faves-the-fitnessista/ HTTP/1.1" 200 54313 "https://planetnewspro.com/?p=29092" "Mozilla/5.0 AppleWebKit/537.36 (KHTML, like Gecko; compatible; ClaudeBot/1.0; +claudebot@anthropic.com)"
185.191.171.16 - - [18/Mar/2026:12:45:43 -0400] "GET /pea-salad-spend-with-pennies/ HTTP/1.1" 200 56743 "-" "Mozilla/5.0 (compatible; SemrushBot/7~bl; +http://www.semrush.com/bot.html)"
66.249.69.167 - - [18/Mar/2026:12:45:51 -0400] "GET /ads.txt HTTP/1.1" 200 78 "-" "Google-adstxt"
85.208.96.203 - - [18/Mar/2026:12:45:51 -0400] "GET /alex-brummer-why-will-we-nonetheless-must-pay-169bn-a-12-months-for-a-tax-invented-by-a-bureaucrat-in-france-to-assist-create-an-eu-superstate/ HTTP/1.1" 200 55209 "-" "Mozilla/5.0 (compatible; SemrushBot/7~bl; +http://www.semrush.com/bot.html)"
50.6.201.88 - - [18/Mar/2026:12:45:59 -0400] "POST /wp-cron.php?doing_wp_cron=1773852359.2060759067535400390625 HTTP/1.1" 200 - "-" "WordPress/6.9.4; https://planetnewspro.com"
216.73.216.103 - - [18/Mar/2026:12:45:59 -0400] "GET /?p=37156 HTTP/1.1" 301 - "-" "Mozilla/5.0 AppleWebKit/537.36 (KHTML, like Gecko; compatible; ClaudeBot/1.0; +claudebot@anthropic.com)"
50.6.201.88 - - [18/Mar/2026:12:45:59 -0400] "POST /wp-admin/admin-ajax.php?action=async_litespeed&nonce=6a32a20319&litespeed_type=imgoptm HTTP/1.1" 200 21 "-" "WordPress/6.9.4; https://planetnewspro.com"
216.73.216.103 - - [18/Mar/2026:12:45:59 -0400] "GET /hair-loss-sufferer-says-hairdresser-could-not-imagine-progress-with-magnificence-bundle/ HTTP/1.1" 200 54996 "https://planetnewspro.com/?p=37156" "Mozilla/5.0 AppleWebKit/537.36 (KHTML, like Gecko; compatible; ClaudeBot/1.0; +claudebot@anthropic.com)"
216.73.216.103 - - [18/Mar/2026:12:45:59 -0400] "GET /?p=28918 HTTP/1.1" 301 - "-" "Mozilla/5.0 AppleWebKit/537.36 (KHTML, like Gecko; compatible; ClaudeBot/1.0; +claudebot@anthropic.com)"
216.73.216.103 - - [18/Mar/2026:12:46:00 -0400] "GET /?p=28960 HTTP/1.1" 301 - "-" "Mozilla/5.0 AppleWebKit/537.36 (KHTML, like Gecko; compatible; ClaudeBot/1.0; +claudebot@anthropic.com)"
216.73.216.103 - - [18/Mar/2026:12:46:00 -0400] "GET /federal-regulation-would-not-require-evicting-d-c-sponsored-housing-residents-for-pleading-responsible-to-possessing-unregistered-weapons/ HTTP/1.1" 200 53801 "https://planetnewspro.com/?p=28918" "Mozilla/5.0 AppleWebKit/537.36 (KHTML, like Gecko; compatible; ClaudeBot/1.0; +claudebot@anthropic.com)"
216.73.216.103 - - [18/Mar/2026:12:46:00 -0400] "GET /?p=29560 HTTP/1.1" 301 - "-" "Mozilla/5.0 AppleWebKit/537.36 (KHTML, like Gecko; compatible; ClaudeBot/1.0; +claudebot@anthropic.com)"
216.73.216.103 - - [18/Mar/2026:12:46:00 -0400] "GET /5-gamers-rr-ought-to-launch-forward-of-ipl-2026-public-sale-ft-hetmyer/ HTTP/1.1" 200 53086 "https://planetnewspro.com/?p=28960" "Mozilla/5.0 AppleWebKit/537.36 (KHTML, like Gecko; compatible; ClaudeBot/1.0; +claudebot@anthropic.com)"
216.73.216.103 - - [18/Mar/2026:12:46:01 -0400] "GET /?p=28651 HTTP/1.1" 301 - "-" "Mozilla/5.0 AppleWebKit/537.36 (KHTML, like Gecko; compatible; ClaudeBot/1.0; +claudebot@anthropic.com)"
216.73.216.103 - - [18/Mar/2026:12:46:00 -0400] "GET /tips-on-how-to-create-an-interactive-on-line-course-in-simply-5-straightforward-steps/ HTTP/1.1" 200 61411 "https://planetnewspro.com/?p=29560" "Mozilla/5.0 AppleWebKit/537.36 (KHTML, like Gecko; compatible; ClaudeBot/1.0; +claudebot@anthropic.com)"
216.73.216.103 - - [18/Mar/2026:12:46:01 -0400] "GET /?p=35317 HTTP/1.1" 301 - "-" "Mozilla/5.0 AppleWebKit/537.36 (KHTML, like Gecko; compatible; ClaudeBot/1.0; +claudebot@anthropic.com)"
216.73.216.103 - - [18/Mar/2026:12:46:01 -0400] "GET /10-zip-up-sweaters-below-100-for-spring-journey/ HTTP/1.1" 200 56044 "https://planetnewspro.com/?p=28651" "Mozilla/5.0 AppleWebKit/537.36 (KHTML, like Gecko; compatible; ClaudeBot/1.0; +claudebot@anthropic.com)"
216.73.216.103 - - [18/Mar/2026:12:46:02 -0400] "GET /russia-earthquake-mapped-what-nations-are-affected-by-the-huge-seismic-tremors/ HTTP/1.1" 200 54273 "https://planetnewspro.com/?p=35317" "Mozilla/5.0 AppleWebKit/537.36 (KHTML, like Gecko; compatible; ClaudeBot/1.0; +claudebot@anthropic.com)"
185.179.100.135 - - [18/Mar/2026:12:46:03 -0400] "POST /xmlrpc.php HTTP/1.1" 200 403 "-" "Mozilla/5.0 (Windows NT 6.3; x86) AppleWebKit/537.36 (KHTML, like Gecko) Edge/91.0.0.0 Safari/537.36"
50.6.201.88 - - [18/Mar/2026:12:46:07 -0400] "POST /wp-cron.php?doing_wp_cron=1773852367.1215569972991943359375 HTTP/1.1" 200 - "-" "WordPress/6.9.4; https://planetnewspro.com"
85.208.96.198 - - [18/Mar/2026:12:46:06 -0400] "GET /easy-methods-to-keep-away-from-paying-financial-institution-charges-whereas-touring-up-to-date-2025/ HTTP/1.1" 200 57116 "-" "Mozilla/5.0 (compatible; SemrushBot/7~bl; +http://www.semrush.com/bot.html)"
185.191.171.16 - - [18/Mar/2026:12:46:09 -0400] "GET /january-2025-reads-the-fitnessista/ HTTP/1.1" 200 55420 "-" "Mozilla/5.0 (compatible; SemrushBot/7~bl; +http://www.semrush.com/bot.html)"
50.6.201.88 - - [18/Mar/2026:12:46:24 -0400] "POST /wp-cron.php?doing_wp_cron=1773852384.9101049900054931640625 HTTP/1.1" 200 - "-" "WordPress/6.9.4; https://planetnewspro.com"
216.73.216.103 - - [18/Mar/2026:12:46:24 -0400] "GET /?p=29509 HTTP/1.1" 301 - "-" "Mozilla/5.0 AppleWebKit/537.36 (KHTML, like Gecko; compatible; ClaudeBot/1.0; +claudebot@anthropic.com)"
216.73.216.103 - - [18/Mar/2026:12:46:24 -0400] "GET /?p=29197 HTTP/1.1" 301 - "-" "Mozilla/5.0 AppleWebKit/537.36 (KHTML, like Gecko; compatible; ClaudeBot/1.0; +claudebot@anthropic.com)"
