216.73.216.103 - - [18/Mar/2026:09:26:29 -0400] "GET /it-was-a-nightmare-margaret-qualley-confronts-the-darkish-facet-of-femininity-in-the-substance/ HTTP/1.1" 200 52772 "https://planetnewspro.com/?p=35673" "Mozilla/5.0 AppleWebKit/537.36 (KHTML, like Gecko; compatible; ClaudeBot/1.0; +claudebot@anthropic.com)"
216.73.216.103 - - [18/Mar/2026:09:26:30 -0400] "GET /?p=25899 HTTP/1.1" 301 - "-" "Mozilla/5.0 AppleWebKit/537.36 (KHTML, like Gecko; compatible; ClaudeBot/1.0; +claudebot@anthropic.com)"
216.73.216.103 - - [18/Mar/2026:09:26:30 -0400] "GET /dji-reveals-osmo-360-launch-date-as-leaked-15-minute-video-reveals-precisely-the-way-it-compares-to-the-insta360-x5/ HTTP/1.1" 200 53544 "https://planetnewspro.com/?p=34873" "Mozilla/5.0 AppleWebKit/537.36 (KHTML, like Gecko; compatible; ClaudeBot/1.0; +claudebot@anthropic.com)"
216.73.216.103 - - [18/Mar/2026:09:26:30 -0400] "GET /vp-asks-the-places-the-30000-lifeless-conti-says-view-is-simplistic/ HTTP/1.1" 200 53243 "https://planetnewspro.com/?p=25899" "Mozilla/5.0 AppleWebKit/537.36 (KHTML, like Gecko; compatible; ClaudeBot/1.0; +claudebot@anthropic.com)"
216.73.216.103 - - [18/Mar/2026:09:26:31 -0400] "GET /?p=28906 HTTP/1.1" 301 - "-" "Mozilla/5.0 AppleWebKit/537.36 (KHTML, like Gecko; compatible; ClaudeBot/1.0; +claudebot@anthropic.com)"
216.73.216.103 - - [18/Mar/2026:09:26:31 -0400] "GET /cinnamon-swirl-cheesecake-sallys-baking-dependancy/ HTTP/1.1" 200 61482 "https://planetnewspro.com/?p=28906" "Mozilla/5.0 AppleWebKit/537.36 (KHTML, like Gecko; compatible; ClaudeBot/1.0; +claudebot@anthropic.com)"
206.0.11.88 - - [18/Mar/2026:09:26:34 -0400] "GET /?p=32039 HTTP/1.1" 301 - "-" "Mozilla/5.0 (Windows NT 10.0; Win64; x64) AppleWebKit/537.36 (KHTML, like Gecko) Chrome/116.0.0.0 Safari/537.36"
185.251.149.10 - - [18/Mar/2026:09:26:37 -0400] "GET /love-lemons-cooking-membership-june/ HTTP/1.1" 200 52876 "-" "Mozilla/5.0 (Windows NT 10.0; Win64; x64) AppleWebKit/537.36 (KHTML, like Gecko) Chrome/133.0.0.0 Safari/537.36"
213.230.86.64 - - [18/Mar/2026:09:26:39 -0400] "GET /brother-dcp-t780dw-ink-tank-printer-overview/ HTTP/1.1" 200 59272 "-" "Mozilla/5.0 (Windows NT 10.0; Win64; x64) AppleWebKit/537.36 (KHTML, like Gecko) Chrome/116.0.0.0 Safari/537.36"
66.249.87.72 - - [18/Mar/2026:09:26:40 -0400] "GET /brother-dcp-t780dw-ink-tank-printer-overview/ HTTP/1.1" 200 59272 "-" "Mediapartners-Google"
185.191.171.17 - - [18/Mar/2026:09:26:52 -0400] "GET /parallel-programs-is-constructing-autonomous-electrical-rail-for-short-distance-freight/ HTTP/1.1" 200 53456 "-" "Mozilla/5.0 (compatible; SemrushBot/7~bl; +http://www.semrush.com/bot.html)"
185.191.171.16 - - [18/Mar/2026:09:26:54 -0400] "GET /roasted-fall-vegetable-salad-with-white-beans/ HTTP/1.1" 200 55862 "-" "Mozilla/5.0 (compatible; SemrushBot/7~bl; +http://www.semrush.com/bot.html)"
50.6.201.88 - - [18/Mar/2026:09:27:16 -0400] "POST /wp-cron.php?doing_wp_cron=1773840436.6936120986938476562500 HTTP/1.1" 200 - "-" "WordPress/6.9.4; https://planetnewspro.com"
216.73.216.103 - - [18/Mar/2026:09:27:16 -0400] "GET /?p=34735 HTTP/1.1" 301 - "-" "Mozilla/5.0 AppleWebKit/537.36 (KHTML, like Gecko; compatible; ClaudeBot/1.0; +claudebot@anthropic.com)"
216.73.216.103 - - [18/Mar/2026:09:27:16 -0400] "GET /?p=34744 HTTP/1.1" 301 - "-" "Mozilla/5.0 AppleWebKit/537.36 (KHTML, like Gecko; compatible; ClaudeBot/1.0; +claudebot@anthropic.com)"
50.6.201.88 - - [18/Mar/2026:09:27:16 -0400] "POST /wp-admin/admin-ajax.php?action=async_litespeed&nonce=6a32a20319&litespeed_type=imgoptm HTTP/1.1" 200 21 "-" "WordPress/6.9.4; https://planetnewspro.com"
216.73.216.103 - - [18/Mar/2026:09:27:16 -0400] "GET /google-deepminds-new-ai-will-help-historians-perceive-historical-latin-inscriptions/ HTTP/1.1" 200 52231 "https://planetnewspro.com/?p=34735" "Mozilla/5.0 AppleWebKit/537.36 (KHTML, like Gecko; compatible; ClaudeBot/1.0; +claudebot@anthropic.com)"
216.73.216.103 - - [18/Mar/2026:09:27:17 -0400] "GET /viral-tiktok-cucumber-and-bell-pepper-salad-recipe/ HTTP/1.1" 200 55892 "https://planetnewspro.com/?p=34744" "Mozilla/5.0 AppleWebKit/537.36 (KHTML, like Gecko; compatible; ClaudeBot/1.0; +claudebot@anthropic.com)"
216.73.216.103 - - [18/Mar/2026:09:27:17 -0400] "GET /?p=35503 HTTP/1.1" 301 - "-" "Mozilla/5.0 AppleWebKit/537.36 (KHTML, like Gecko; compatible; ClaudeBot/1.0; +claudebot@anthropic.com)"
216.73.216.103 - - [18/Mar/2026:09:27:18 -0400] "GET /the-foot-coaching-blueprint-construct-stronger-ft-to-enhance-efficiency-and-stop-accidents/ HTTP/1.1" 200 55192 "https://planetnewspro.com/?p=35503" "Mozilla/5.0 AppleWebKit/537.36 (KHTML, like Gecko; compatible; ClaudeBot/1.0; +claudebot@anthropic.com)"
216.73.216.103 - - [18/Mar/2026:09:27:18 -0400] "GET /?p=34846 HTTP/1.1" 301 - "-" "Mozilla/5.0 AppleWebKit/537.36 (KHTML, like Gecko; compatible; ClaudeBot/1.0; +claudebot@anthropic.com)"
50.6.201.88 - - [18/Mar/2026:09:27:19 -0400] "POST /wp-cron.php?doing_wp_cron=1773840439.2276709079742431640625 HTTP/1.1" 200 - "-" "WordPress/6.9.4; https://planetnewspro.com"
216.73.216.103 - - [18/Mar/2026:09:27:18 -0400] "GET /trump-says-he-spoke-to-bongino-amid-studies-of-infighting-over-epstein-recordsdata/ HTTP/1.1" 200 53539 "https://planetnewspro.com/?p=34846" "Mozilla/5.0 AppleWebKit/537.36 (KHTML, like Gecko; compatible; ClaudeBot/1.0; +claudebot@anthropic.com)"
50.6.201.88 - - [18/Mar/2026:09:27:27 -0400] "POST /wp-cron.php?doing_wp_cron=1773840447.7180349826812744140625 HTTP/1.1" 200 - "-" "WordPress/6.9.4; https://planetnewspro.com"
182.161.73.7 - - [18/Mar/2026:09:27:27 -0400] "GET /love-lemons-cooking-membership-june HTTP/1.1" 301 - "-" "CriteoBot/0.1 (+https://www.criteo.com/criteo-crawler/)"
182.161.73.15 - - [18/Mar/2026:09:27:28 -0400] "GET /love-lemons-cooking-membership-june/ HTTP/1.1" 200 52875 "-" "CriteoBot/0.1 (+https://www.criteo.com/criteo-crawler/)"
216.73.216.103 - - [18/Mar/2026:09:27:46 -0400] "GET /?p=34747 HTTP/1.1" 301 - "-" "Mozilla/5.0 AppleWebKit/537.36 (KHTML, like Gecko; compatible; ClaudeBot/1.0; +claudebot@anthropic.com)"
216.73.216.103 - - [18/Mar/2026:09:27:46 -0400] "GET /?p=37516 HTTP/1.1" 301 - "-" "Mozilla/5.0 AppleWebKit/537.36 (KHTML, like Gecko; compatible; ClaudeBot/1.0; +claudebot@anthropic.com)"
216.73.216.103 - - [18/Mar/2026:09:27:46 -0400] "GET /kobos-ios-app-has-been-given-an-entire-redesign-however-i-would-a-lot-relatively-the-getting-older-elipsa-2e-get-an-replace/ HTTP/1.1" 200 54061 "https://planetnewspro.com/?p=34747" "Mozilla/5.0 AppleWebKit/537.36 (KHTML, like Gecko; compatible; ClaudeBot/1.0; +claudebot@anthropic.com)"
216.73.216.103 - - [18/Mar/2026:09:27:47 -0400] "GET /indias-high-courtroom-ordered-1-million-stray-canines-to-be-faraway-from-the-streets-the-backlash-was-quick/ HTTP/1.1" 200 58548 "https://planetnewspro.com/?p=37516" "Mozilla/5.0 AppleWebKit/537.36 (KHTML, like Gecko; compatible; ClaudeBot/1.0; +claudebot@anthropic.com)"
216.73.216.103 - - [18/Mar/2026:09:27:47 -0400] "GET /?p=6384 HTTP/1.1" 301 - "-" "Mozilla/5.0 AppleWebKit/537.36 (KHTML, like Gecko; compatible; ClaudeBot/1.0; +claudebot@anthropic.com)"
49.237.101.102 - - [18/Mar/2026:09:27:48 -0400] "GET /?p=32036 HTTP/1.1" 301 - "-" "Mozilla/5.0 (Windows NT 10.0; Win64; x64) AppleWebKit/537.36 (KHTML, like Gecko) Chrome/103.0.0.0 Safari/537.36"
216.73.216.103 - - [18/Mar/2026:09:27:47 -0400] "GET /sahith-theegala-third-in-atlanta-regardless-of-self-reported-penalty/ HTTP/1.1" 200 53118 "https://planetnewspro.com/?p=6384" "Mozilla/5.0 AppleWebKit/537.36 (KHTML, like Gecko; compatible; ClaudeBot/1.0; +claudebot@anthropic.com)"
216.73.216.103 - - [18/Mar/2026:09:27:48 -0400] "GET /?p=34858 HTTP/1.1" 301 - "-" "Mozilla/5.0 AppleWebKit/537.36 (KHTML, like Gecko; compatible; ClaudeBot/1.0; +claudebot@anthropic.com)"
216.73.216.103 - - [18/Mar/2026:09:27:48 -0400] "GET /how-shes-planning-a-publish-hollywood-design-life/ HTTP/1.1" 200 53828 "https://planetnewspro.com/?p=34858" "Mozilla/5.0 AppleWebKit/537.36 (KHTML, like Gecko; compatible; ClaudeBot/1.0; +claudebot@anthropic.com)"
186.158.26.62 - - [18/Mar/2026:09:27:51 -0400] "GET /love-lemons-cooking-membership-june/ HTTP/1.1" 200 52877 "-" "Mozilla/5.0 (Windows NT 10.0; Win64; x64) AppleWebKit/537.36 (KHTML, like Gecko) Chrome/103.0.0.0 Safari/537.36"
143.20.253.227 - - [18/Mar/2026:09:27:58 -0400] "GET /food52-predicts-these-high-meals-traits-in-2025/feed/ HTTP/1.1" 200 842 "-" "Mozilla/5.0 (Macintosh; Intel Mac OS X 10_15_7) AppleWebKit/537.36 (KHTML, like Gecko) Chrome/135.0.0.0 Safari/537.36"
50.6.201.88 - - [18/Mar/2026:09:28:16 -0400] "POST /wp-cron.php?doing_wp_cron=1773840496.9496290683746337890625 HTTP/1.1" 200 - "-" "WordPress/6.9.4; https://planetnewspro.com"
216.73.216.103 - - [18/Mar/2026:09:28:16 -0400] "GET /?p=36387 HTTP/1.1" 301 - "-" "Mozilla/5.0 AppleWebKit/537.36 (KHTML, like Gecko; compatible; ClaudeBot/1.0; +claudebot@anthropic.com)"
216.73.216.103 - - [18/Mar/2026:09:28:17 -0400] "GET /?p=35197 HTTP/1.1" 301 - "-" "Mozilla/5.0 AppleWebKit/537.36 (KHTML, like Gecko; compatible; ClaudeBot/1.0; +claudebot@anthropic.com)"
50.6.201.88 - - [18/Mar/2026:09:28:17 -0400] "POST /wp-admin/admin-ajax.php?action=async_litespeed&nonce=6a32a20319&litespeed_type=imgoptm HTTP/1.1" 200 21 "-" "WordPress/6.9.4; https://planetnewspro.com"
216.73.216.103 - - [18/Mar/2026:09:28:17 -0400] "GET /excessive-temperature-transistors-hit-new-report/ HTTP/1.1" 200 54810 "https://planetnewspro.com/?p=36387" "Mozilla/5.0 AppleWebKit/537.36 (KHTML, like Gecko; compatible; ClaudeBot/1.0; +claudebot@anthropic.com)"
216.73.216.103 - - [18/Mar/2026:09:28:17 -0400] "GET /?p=36252 HTTP/1.1" 301 - "-" "Mozilla/5.0 AppleWebKit/537.36 (KHTML, like Gecko; compatible; ClaudeBot/1.0; +claudebot@anthropic.com)"
216.73.216.103 - - [18/Mar/2026:09:28:17 -0400] "GET /mlb-commerce-deadline-rumors-seven-gamers-who-might-be-moved/ HTTP/1.1" 200 54372 "https://planetnewspro.com/?p=35197" "Mozilla/5.0 AppleWebKit/537.36 (KHTML, like Gecko; compatible; ClaudeBot/1.0; +claudebot@anthropic.com)"
216.73.216.103 - - [18/Mar/2026:09:28:18 -0400] "GET /these-chocolate-peanut-butter-brownies-are-so-good-it-is-virtually-unfair/ HTTP/1.1" 200 56958 "https://planetnewspro.com/?p=36252" "Mozilla/5.0 AppleWebKit/537.36 (KHTML, like Gecko; compatible; ClaudeBot/1.0; +claudebot@anthropic.com)"
216.73.216.103 - - [18/Mar/2026:09:28:18 -0400] "GET /?p=28525 HTTP/1.1" 301 - "-" "Mozilla/5.0 AppleWebKit/537.36 (KHTML, like Gecko; compatible; ClaudeBot/1.0; +claudebot@anthropic.com)"
50.6.201.88 - - [18/Mar/2026:09:28:18 -0400] "POST /wp-cron.php?doing_wp_cron=1773840498.9375579357147216796875 HTTP/1.1" 200 - "-" "WordPress/6.9.4; https://planetnewspro.com"
216.73.216.103 - - [18/Mar/2026:09:28:18 -0400] "GET /gene-hackmans-closing-post-mortem-reveals-surprising-medical-historical-past-after-actor-was-discovered-lifeless-at-95/ HTTP/1.1" 200 53983 "https://planetnewspro.com/?p=28525" "Mozilla/5.0 AppleWebKit/537.36 (KHTML, like Gecko; compatible; ClaudeBot/1.0; +claudebot@anthropic.com)"
50.6.201.88 - - [18/Mar/2026:09:28:20 -0400] "POST /wp-cron.php?doing_wp_cron=1773840500.5926969051361083984375 HTTP/1.1" 200 - "-" "WordPress/6.9.4; https://planetnewspro.com"
185.191.171.5 - - [18/Mar/2026:09:28:18 -0400] "GET /biden-administration-plans-to-watch-open-weight-fashions/ HTTP/1.1" 200 53137 "-" "Mozilla/5.0 (compatible; SemrushBot/7~bl; +http://www.semrush.com/bot.html)"
85.208.96.202 - - [18/Mar/2026:09:28:27 -0400] "GET /cheesymite-scrolls-recipetin-eats/ HTTP/1.1" 200 65750 "-" "Mozilla/5.0 (compatible; SemrushBot/7~bl; +http://www.semrush.com/bot.html)"
17.246.15.9 - - [18/Mar/2026:09:28:28 -0400] "GET /maggie-smiths-most-iconic-moments-on-display-from-professor-mcgonagall-to-the-dowager-countess/ HTTP/1.1" 200 58287 "-" "Mozilla/5.0 (Macintosh; Intel Mac OS X 10_15_7) AppleWebKit/605.1.15 (KHTML, like Gecko) Version/17.4 Safari/605.1.15 (Applebot/0.1; +http://www.apple.com/go/applebot)"
185.191.171.5 - - [18/Mar/2026:09:28:29 -0400] "GET /will-ygs-bets-on-2ne1-blackpink-repay/ HTTP/1.1" 200 54913 "-" "Mozilla/5.0 (compatible; SemrushBot/7~bl; +http://www.semrush.com/bot.html)"
85.208.96.199 - - [18/Mar/2026:09:28:36 -0400] "GET /kash-patel-threatens-journalists-making-him-an-alarming-option-to-run-fbi/ HTTP/1.1" 200 56369 "-" "Mozilla/5.0 (compatible; SemrushBot/7~bl; +http://www.semrush.com/bot.html)"
66.249.87.70 - - [18/Mar/2026:09:28:40 -0400] "GET /love-lemons-cooking-membership-june/ HTTP/1.1" 200 52877 "-" "Mediapartners-Google"
185.191.171.16 - - [18/Mar/2026:09:28:42 -0400] "GET /raspberry-muffins-recipe-the-recipe-critic/ HTTP/1.1" 200 57159 "-" "Mozilla/5.0 (compatible; SemrushBot/7~bl; +http://www.semrush.com/bot.html)"
66.249.87.70 - - [18/Mar/2026:09:28:45 -0400] "GET /brother-dcp-t780dw-ink-tank-printer-overview/ HTTP/1.1" 200 59272 "-" "Mediapartners-Google"
85.208.96.199 - - [18/Mar/2026:09:28:47 -0400] "GET /cranberry-salsa-cookie-and-kate/ HTTP/1.1" 200 53156 "-" "Mozilla/5.0 (compatible; SemrushBot/7~bl; +http://www.semrush.com/bot.html)"
216.73.216.103 - - [18/Mar/2026:09:28:49 -0400] "GET /?p=39216 HTTP/1.1" 301 - "-" "Mozilla/5.0 AppleWebKit/537.36 (KHTML, like Gecko; compatible; ClaudeBot/1.0; +claudebot@anthropic.com)"
216.73.216.103 - - [18/Mar/2026:09:28:49 -0400] "GET /?p=37948 HTTP/1.1" 301 - "-" "Mozilla/5.0 AppleWebKit/537.36 (KHTML, like Gecko; compatible; ClaudeBot/1.0; +claudebot@anthropic.com)"
185.191.171.7 - - [18/Mar/2026:09:28:49 -0400] "GET /watch-these-nvidia-inventory-worth-ranges-after-almost-600b-wiped-from-market-worth/ HTTP/1.1" 200 53514 "-" "Mozilla/5.0 (compatible; SemrushBot/7~bl; +http://www.semrush.com/bot.html)"
216.73.216.103 - - [18/Mar/2026:09:28:49 -0400] "GET /can-you-deep-fry-in-salt-how-this-historic-technique-works/ HTTP/1.1" 200 54421 "https://planetnewspro.com/?p=39216" "Mozilla/5.0 AppleWebKit/537.36 (KHTML, like Gecko; compatible; ClaudeBot/1.0; +claudebot@anthropic.com)"
216.73.216.103 - - [18/Mar/2026:09:28:50 -0400] "GET /fertility-begins-within-the-mind-therapeutic-from-the-inside-out-with-monica-cox/ HTTP/1.1" 200 53577 "https://planetnewspro.com/?p=37948" "Mozilla/5.0 AppleWebKit/537.36 (KHTML, like Gecko; compatible; ClaudeBot/1.0; +claudebot@anthropic.com)"
216.73.216.103 - - [18/Mar/2026:09:28:50 -0400] "GET /?p=30532 HTTP/1.1" 301 - "-" "Mozilla/5.0 AppleWebKit/537.36 (KHTML, like Gecko; compatible; ClaudeBot/1.0; +claudebot@anthropic.com)"
216.73.216.103 - - [18/Mar/2026:09:28:50 -0400] "GET /followers-enter-an-early-emmy-battle-in-a-depraved-disney-vs-hbo-tussle-4-months-earlier-than-the-2025-ceremony/ HTTP/1.1" 200 52642 "https://planetnewspro.com/?p=30532" "Mozilla/5.0 AppleWebKit/537.36 (KHTML, like Gecko; compatible; ClaudeBot/1.0; +claudebot@anthropic.com)"
216.73.216.103 - - [18/Mar/2026:09:28:50 -0400] "GET /?p=34771 HTTP/1.1" 301 - "-" "Mozilla/5.0 AppleWebKit/537.36 (KHTML, like Gecko; compatible; ClaudeBot/1.0; +claudebot@anthropic.com)"
216.73.216.103 - - [18/Mar/2026:09:28:51 -0400] "GET /trey-parker-matt-stone-signal-main-5-yr-deal/ HTTP/1.1" 200 52331 "https://planetnewspro.com/?p=34771" "Mozilla/5.0 AppleWebKit/537.36 (KHTML, like Gecko; compatible; ClaudeBot/1.0; +claudebot@anthropic.com)"
50.6.201.88 - - [18/Mar/2026:09:29:10 -0400] "POST /wp-cron.php?doing_wp_cron=1773840550.1382799148559570312500 HTTP/1.1" 200 - "-" "WordPress/6.9.4; https://planetnewspro.com"
216.73.216.103 - - [18/Mar/2026:09:29:10 -0400] "GET /?p=36405 HTTP/1.1" 301 - "-" "Mozilla/5.0 AppleWebKit/537.36 (KHTML, like Gecko; compatible; ClaudeBot/1.0; +claudebot@anthropic.com)"
216.73.216.103 - - [18/Mar/2026:09:29:10 -0400] "GET /?p=28597 HTTP/1.1" 301 - "-" "Mozilla/5.0 AppleWebKit/537.36 (KHTML, like Gecko; compatible; ClaudeBot/1.0; +claudebot@anthropic.com)"
50.6.201.88 - - [18/Mar/2026:09:29:10 -0400] "POST /wp-admin/admin-ajax.php?action=async_litespeed&nonce=6a32a20319&litespeed_type=imgoptm HTTP/1.1" 200 21 "-" "WordPress/6.9.4; https://planetnewspro.com"
216.73.216.103 - - [18/Mar/2026:09:29:10 -0400] "GET /the-abstractions-they-are-a-altering-oreilly/ HTTP/1.1" 200 56339 "https://planetnewspro.com/?p=36405" "Mozilla/5.0 AppleWebKit/537.36 (KHTML, like Gecko; compatible; ClaudeBot/1.0; +claudebot@anthropic.com)"
216.73.216.103 - - [18/Mar/2026:09:29:10 -0400] "GET /learn-how-to-get-yellow-fever-vaccine-icv-within-the-philippines-boq-necessities-faqs/ HTTP/1.1" 200 56769 "https://planetnewspro.com/?p=28597" "Mozilla/5.0 AppleWebKit/537.36 (KHTML, like Gecko; compatible; ClaudeBot/1.0; +claudebot@anthropic.com)"
216.73.216.103 - - [18/Mar/2026:09:29:11 -0400] "GET /?p=35011 HTTP/1.1" 301 - "-" "Mozilla/5.0 AppleWebKit/537.36 (KHTML, like Gecko; compatible; ClaudeBot/1.0; +claudebot@anthropic.com)"
216.73.216.103 - - [18/Mar/2026:09:29:11 -0400] "GET /?p=37165 HTTP/1.1" 301 - "-" "Mozilla/5.0 AppleWebKit/537.36 (KHTML, like Gecko; compatible; ClaudeBot/1.0; +claudebot@anthropic.com)"
216.73.216.103 - - [18/Mar/2026:09:29:11 -0400] "GET /trump-says-hes-pushing-for-ceasefire-to-finish-thailand-and-cambodias-border-battle/ HTTP/1.1" 200 54114 "https://planetnewspro.com/?p=35011" "Mozilla/5.0 AppleWebKit/537.36 (KHTML, like Gecko; compatible; ClaudeBot/1.0; +claudebot@anthropic.com)"
216.73.216.103 - - [18/Mar/2026:09:29:11 -0400] "GET /trump-doj-corruption-fired-aide-alleges-funds-for-merger-approvals/ HTTP/1.1" 200 54349 "https://planetnewspro.com/?p=37165" "Mozilla/5.0 AppleWebKit/537.36 (KHTML, like Gecko; compatible; ClaudeBot/1.0; +claudebot@anthropic.com)"
50.6.201.88 - - [18/Mar/2026:09:29:22 -0400] "POST /wp-cron.php?doing_wp_cron=1773840562.3682339191436767578125 HTTP/1.1" 200 - "-" "WordPress/6.9.4; https://planetnewspro.com"
85.208.96.202 - - [18/Mar/2026:09:29:21 -0400] "GET /boeing-marks-comeback-from-disaster-with-document-qatar-air-deal/ HTTP/1.1" 200 53588 "-" "Mozilla/5.0 (compatible; SemrushBot/7~bl; +http://www.semrush.com/bot.html)"
185.191.171.11 - - [18/Mar/2026:09:29:26 -0400] "GET /hen-gnocchi-soup-spend-with-pennies/ HTTP/1.1" 200 58066 "-" "Mozilla/5.0 (compatible; SemrushBot/7~bl; +http://www.semrush.com/bot.html)"
216.73.216.103 - - [18/Mar/2026:09:29:41 -0400] "GET /?p=35176 HTTP/1.1" 301 - "-" "Mozilla/5.0 AppleWebKit/537.36 (KHTML, like Gecko; compatible; ClaudeBot/1.0; +claudebot@anthropic.com)"
216.73.216.103 - - [18/Mar/2026:09:29:41 -0400] "GET /?p=36192 HTTP/1.1" 301 - "-" "Mozilla/5.0 AppleWebKit/537.36 (KHTML, like Gecko; compatible; ClaudeBot/1.0; +claudebot@anthropic.com)"
216.73.216.103 - - [18/Mar/2026:09:29:41 -0400] "GET /wwe-star-chelsea-inexperienced-shares-her-highway-warrior-exercise-from-netflixs-wwe-unreal/ HTTP/1.1" 200 54052 "https://planetnewspro.com/?p=35176" "Mozilla/5.0 AppleWebKit/537.36 (KHTML, like Gecko; compatible; ClaudeBot/1.0; +claudebot@anthropic.com)"
216.73.216.103 - - [18/Mar/2026:09:29:42 -0400] "GET /robotic-movies-exploration-robots-home-builders-extra/ HTTP/1.1" 200 54377 "https://planetnewspro.com/?p=36192" "Mozilla/5.0 AppleWebKit/537.36 (KHTML, like Gecko; compatible; ClaudeBot/1.0; +claudebot@anthropic.com)"
216.73.216.103 - - [18/Mar/2026:09:29:42 -0400] "GET /?p=35592 HTTP/1.1" 301 - "-" "Mozilla/5.0 AppleWebKit/537.36 (KHTML, like Gecko; compatible; ClaudeBot/1.0; +claudebot@anthropic.com)"
216.73.216.103 - - [18/Mar/2026:09:29:42 -0400] "GET /atong-ang-faces-murder-serious-illegal-detention-raps-before-doj/ HTTP/1.1" 200 54309 "https://planetnewspro.com/?p=35592" "Mozilla/5.0 AppleWebKit/537.36 (KHTML, like Gecko; compatible; ClaudeBot/1.0; +claudebot@anthropic.com)"
216.73.216.103 - - [18/Mar/2026:09:29:43 -0400] "GET /?p=34729 HTTP/1.1" 301 - "-" "Mozilla/5.0 AppleWebKit/537.36 (KHTML, like Gecko; compatible; ClaudeBot/1.0; +claudebot@anthropic.com)"
216.73.216.103 - - [18/Mar/2026:09:29:43 -0400] "GET /bryan-kohberger-information-reveal-terrifying-new-proof-together-with-indicators-of-a-apply-run-a-month-earlier-than-murders/ HTTP/1.1" 200 56178 "https://planetnewspro.com/?p=34729" "Mozilla/5.0 AppleWebKit/537.36 (KHTML, like Gecko; compatible; ClaudeBot/1.0; +claudebot@anthropic.com)"
216.73.216.103 - - [18/Mar/2026:09:29:44 -0400] "GET /the-cultural-supernova-no-one-noticed-coming HTTP/1.1" 301 - "-" "Mozilla/5.0 AppleWebKit/537.36 (KHTML, like Gecko; compatible; ClaudeBot/1.0; +claudebot@anthropic.com)"
216.73.216.103 - - [18/Mar/2026:09:29:44 -0400] "GET /tierra-atacama-chile-lodge-evaluation HTTP/1.1" 301 - "-" "Mozilla/5.0 AppleWebKit/537.36 (KHTML, like Gecko; compatible; ClaudeBot/1.0; +claudebot@anthropic.com)"
216.73.216.103 - - [18/Mar/2026:09:29:44 -0400] "GET /the-cultural-supernova-no-one-noticed-coming/ HTTP/1.1" 200 54372 "https://planetnewspro.com/the-cultural-supernova-no-one-noticed-coming" "Mozilla/5.0 AppleWebKit/537.36 (KHTML, like Gecko; compatible; ClaudeBot/1.0; +claudebot@anthropic.com)"
216.73.216.103 - - [18/Mar/2026:09:29:45 -0400] "GET /tierra-atacama-chile-lodge-evaluation/ HTTP/1.1" 200 58950 "https://planetnewspro.com/tierra-atacama-chile-lodge-evaluation" "Mozilla/5.0 AppleWebKit/537.36 (KHTML, like Gecko; compatible; ClaudeBot/1.0; +claudebot@anthropic.com)"
216.73.216.103 - - [18/Mar/2026:09:29:45 -0400] "GET /?p=35215 HTTP/1.1" 301 - "-" "Mozilla/5.0 AppleWebKit/537.36 (KHTML, like Gecko; compatible; ClaudeBot/1.0; +claudebot@anthropic.com)"
216.73.216.103 - - [18/Mar/2026:09:29:46 -0400] "GET /?p=38077 HTTP/1.1" 301 - "-" "Mozilla/5.0 AppleWebKit/537.36 (KHTML, like Gecko; compatible; ClaudeBot/1.0; +claudebot@anthropic.com)"
216.73.216.103 - - [18/Mar/2026:09:29:45 -0400] "GET /charming-uk-city-the-place-the-french-beloved-to-vacation-named-high-place-to-go-to/ HTTP/1.1" 200 54339 "https://planetnewspro.com/?p=35215" "Mozilla/5.0 AppleWebKit/537.36 (KHTML, like Gecko; compatible; ClaudeBot/1.0; +claudebot@anthropic.com)"
216.73.216.103 - - [18/Mar/2026:09:29:46 -0400] "GET /faculty-soccer-week-1-overreactions-texas-alabama-clemson-and-notre-dame-all-fall/ HTTP/1.1" 200 53736 "https://planetnewspro.com/?p=38077" "Mozilla/5.0 AppleWebKit/537.36 (KHTML, like Gecko; compatible; ClaudeBot/1.0; +claudebot@anthropic.com)"
50.6.201.88 - - [18/Mar/2026:09:30:07 -0400] "POST /wp-cron.php?doing_wp_cron=1773840607.5298779010772705078125 HTTP/1.1" 200 - "-" "WordPress/6.9.4; https://planetnewspro.com"
216.73.216.103 - - [18/Mar/2026:09:30:07 -0400] "GET /most-californians-oppose-urged-redistricting-modifications-ballot HTTP/1.1" 301 - "-" "Mozilla/5.0 AppleWebKit/537.36 (KHTML, like Gecko; compatible; ClaudeBot/1.0; +claudebot@anthropic.com)"
216.73.216.103 - - [18/Mar/2026:09:30:07 -0400] "GET /mapped-the-place-are-border-clashes-between-thailand-and-cambodia-going-down HTTP/1.1" 301 - "-" "Mozilla/5.0 AppleWebKit/537.36 (KHTML, like Gecko; compatible; ClaudeBot/1.0; +claudebot@anthropic.com)"
50.6.201.88 - - [18/Mar/2026:09:30:07 -0400] "POST /wp-admin/admin-ajax.php?action=async_litespeed&nonce=6a32a20319&litespeed_type=imgoptm HTTP/1.1" 200 21 "-" "WordPress/6.9.4; https://planetnewspro.com"
216.73.216.103 - - [18/Mar/2026:09:30:07 -0400] "GET /most-californians-oppose-urged-redistricting-modifications-ballot/ HTTP/1.1" 200 54715 "https://planetnewspro.com/most-californians-oppose-urged-redistricting-modifications-ballot" "Mozilla/5.0 AppleWebKit/537.36 (KHTML, like Gecko; compatible; ClaudeBot/1.0; +claudebot@anthropic.com)"
50.6.201.88 - - [18/Mar/2026:09:30:09 -0400] "POST /wp-cron.php?doing_wp_cron=1773840609.0989220142364501953125 HTTP/1.1" 200 - "-" "WordPress/6.9.4; https://planetnewspro.com"
216.73.216.103 - - [18/Mar/2026:09:30:08 -0400] "GET /mapped-the-place-are-border-clashes-between-thailand-and-cambodia-going-down/ HTTP/1.1" 200 54806 "https://planetnewspro.com/mapped-the-place-are-border-clashes-between-thailand-and-cambodia-going-down" "Mozilla/5.0 AppleWebKit/537.36 (KHTML, like Gecko; compatible; ClaudeBot/1.0; +claudebot@anthropic.com)"
216.73.216.103 - - [18/Mar/2026:09:30:09 -0400] "GET /how-the-samurai-introduced-stability-and-justice-to-japan HTTP/1.1" 301 - "-" "Mozilla/5.0 AppleWebKit/537.36 (KHTML, like Gecko; compatible; ClaudeBot/1.0; +claudebot@anthropic.com)"
216.73.216.103 - - [18/Mar/2026:09:30:09 -0400] "GET /how-the-samurai-introduced-stability-and-justice-to-japan/ HTTP/1.1" 200 55448 "https://planetnewspro.com/how-the-samurai-introduced-stability-and-justice-to-japan" "Mozilla/5.0 AppleWebKit/537.36 (KHTML, like Gecko; compatible; ClaudeBot/1.0; +claudebot@anthropic.com)"
17.246.15.214 - - [18/Mar/2026:09:30:11 -0400] "GET /wp-includes/js/jquery/jquery-migrate.min.js?ver=3.4.1 HTTP/1.1" 200 13577 "https://planetnewspro.com/maggie-smiths-most-iconic-moments-on-display-from-professor-mcgonagall-to-the-dowager-countess/" "Mozilla/5.0 (Macintosh; Intel Mac OS X 10_15_7) AppleWebKit/605.1.15 (KHTML, like Gecko) Version/17.4 Safari/605.1.15 (Applebot/0.1; +http://www.apple.com/go/applebot)"
17.246.23.146 - - [18/Mar/2026:09:30:13 -0400] "GET /wp-content/plugins/td-composer/legacy/Newspaper/js/tdToTop.js?ver=12.6.6 HTTP/1.1" 200 1426 "https://planetnewspro.com/maggie-smiths-most-iconic-moments-on-display-from-professor-mcgonagall-to-the-dowager-countess/" "Mozilla/5.0 (Macintosh; Intel Mac OS X 10_15_7) AppleWebKit/605.1.15 (KHTML, like Gecko) Version/17.4 Safari/605.1.15 (Applebot/0.1; +http://www.apple.com/go/applebot)"
17.246.23.239 - - [18/Mar/2026:09:30:15 -0400] "GET /wp-content/plugins/td-composer/legacy/Newspaper/js/tdAjaxSearch.js?ver=12.6.6 HTTP/1.1" 200 6145 "https://planetnewspro.com/maggie-smiths-most-iconic-moments-on-display-from-professor-mcgonagall-to-the-dowager-countess/" "Mozilla/5.0 (Macintosh; Intel Mac OS X 10_15_7) AppleWebKit/605.1.15 (KHTML, like Gecko) Version/17.4 Safari/605.1.15 (Applebot/0.1; +http://www.apple.com/go/applebot)"
17.246.15.103 - - [18/Mar/2026:09:30:17 -0400] "GET /wp-content/plugins/td-composer/legacy/Newspaper/js/tdAnimationSprite.js?ver=12.6.6 HTTP/1.1" 200 3989 "https://planetnewspro.com/maggie-smiths-most-iconic-moments-on-display-from-professor-mcgonagall-to-the-dowager-countess/" "Mozilla/5.0 (Macintosh; Intel Mac OS X 10_15_7) AppleWebKit/605.1.15 (KHTML, like Gecko) Version/17.4 Safari/605.1.15 (Applebot/0.1; +http://www.apple.com/go/applebot)"
17.246.15.78 - - [18/Mar/2026:09:30:19 -0400] "GET /wp-content/plugins/td-cloud-library/assets/js/tdbSearch.js?ver=b379c96c54343541fd8742379a419361 HTTP/1.1" 200 5945 "https://planetnewspro.com/maggie-smiths-most-iconic-moments-on-display-from-professor-mcgonagall-to-the-dowager-countess/" "Mozilla/5.0 (Macintosh; Intel Mac OS X 10_15_7) AppleWebKit/605.1.15 (KHTML, like Gecko) Version/17.4 Safari/605.1.15 (Applebot/0.1; +http://www.apple.com/go/applebot)"
17.246.15.198 - - [18/Mar/2026:09:30:21 -0400] "GET /wp-content/plugins/td-cloud-library/assets/js/tdbMenu.js?ver=b379c96c54343541fd8742379a419361 HTTP/1.1" 200 10781 "https://planetnewspro.com/maggie-smiths-most-iconic-moments-on-display-from-professor-mcgonagall-to-the-dowager-countess/" "Mozilla/5.0 (Macintosh; Intel Mac OS X 10_15_7) AppleWebKit/605.1.15 (KHTML, like Gecko) Version/17.4 Safari/605.1.15 (Applebot/0.1; +http://www.apple.com/go/applebot)"
17.246.19.73 - - [18/Mar/2026:09:30:23 -0400] "GET /wp-content/plugins/td-composer/legacy/Newspaper/js/tdMenu.js?ver=12.6.6 HTTP/1.1" 200 4530 "https://planetnewspro.com/maggie-smiths-most-iconic-moments-on-display-from-professor-mcgonagall-to-the-dowager-countess/" "Mozilla/5.0 (Macintosh; Intel Mac OS X 10_15_7) AppleWebKit/605.1.15 (KHTML, like Gecko) Version/17.4 Safari/605.1.15 (Applebot/0.1; +http://www.apple.com/go/applebot)"
17.246.15.76 - - [18/Mar/2026:09:30:24 -0400] "GET /wp-content/plugins/td-composer/legacy/Newspaper/js/tdLogin.js?ver=12.6.6 HTTP/1.1" 200 13630 "https://planetnewspro.com/maggie-smiths-most-iconic-moments-on-display-from-professor-mcgonagall-to-the-dowager-countess/" "Mozilla/5.0 (Macintosh; Intel Mac OS X 10_15_7) AppleWebKit/605.1.15 (KHTML, like Gecko) Version/17.4 Safari/605.1.15 (Applebot/0.1; +http://www.apple.com/go/applebot)"
17.246.15.228 - - [18/Mar/2026:09:30:31 -0400] "GET /wp-content/plugins/td-composer/legacy/Newspaper/js/tdDatei18n.js?ver=12.6.6 HTTP/1.1" 200 2431 "https://planetnewspro.com/maggie-smiths-most-iconic-moments-on-display-from-professor-mcgonagall-to-the-dowager-countess/" "Mozilla/5.0 (Macintosh; Intel Mac OS X 10_15_7) AppleWebKit/605.1.15 (KHTML, like Gecko) Version/17.4 Safari/605.1.15 (Applebot/0.1; +http://www.apple.com/go/applebot)"
50.6.201.88 - - [18/Mar/2026:09:30:33 -0400] "POST /wp-cron.php?doing_wp_cron=1773840633.2015309333801269531250 HTTP/1.1" 200 - "-" "WordPress/6.9.4; https://planetnewspro.com"
185.191.171.4 - - [18/Mar/2026:09:30:32 -0400] "GET /the-obtain-local-weather-tipping-level-alarms-and-ais-imaginative-and-prescient-of-the-3028-olympics/ HTTP/1.1" 200 57507 "-" "Mozilla/5.0 (compatible; SemrushBot/7~bl; +http://www.semrush.com/bot.html)"
185.191.171.5 - - [18/Mar/2026:09:30:52 -0400] "GET /indonesia-volcano-eruption-six-killed-and-catholic-convent-destroyed-after-laki-laki-erupts-on-flores-island/ HTTP/1.1" 200 53126 "-" "Mozilla/5.0 (compatible; SemrushBot/7~bl; +http://www.semrush.com/bot.html)"
50.6.201.88 - - [18/Mar/2026:09:31:00 -0400] "POST /wp-cron.php?doing_wp_cron=1773840660.7225968837738037109375 HTTP/1.1" 200 - "-" "WordPress/6.9.4; https://planetnewspro.com"
154.192.78.134 - - [18/Mar/2026:09:31:00 -0400] "GET /15-greatest-issues-to-do-in-seattle-should-see-locations/ HTTP/1.1" 200 65945 "-" "Mozilla/5.0 (Windows NT 10.0; Win64; x64) AppleWebKit/537.36 (KHTML, like Gecko) Chrome/110.0.0.0 Safari/537.36"
50.6.201.88 - - [18/Mar/2026:09:31:00 -0400] "POST /wp-admin/admin-ajax.php?action=async_litespeed&nonce=6a32a20319&litespeed_type=imgoptm HTTP/1.1" 200 21 "-" "WordPress/6.9.4; https://planetnewspro.com"
216.73.216.103 - - [18/Mar/2026:09:31:01 -0400] "GET /texas-ag-sues-masters-swimming-group-that-allowed-transgender-athletes HTTP/1.1" 301 - "-" "Mozilla/5.0 AppleWebKit/537.36 (KHTML, like Gecko; compatible; ClaudeBot/1.0; +claudebot@anthropic.com)"
216.73.216.103 - - [18/Mar/2026:09:31:01 -0400] "GET /palace-fires-worker-for-stealing-money-from-japans-royal-household HTTP/1.1" 301 - "-" "Mozilla/5.0 AppleWebKit/537.36 (KHTML, like Gecko; compatible; ClaudeBot/1.0; +claudebot@anthropic.com)"
50.6.201.88 - - [18/Mar/2026:09:31:02 -0400] "POST /wp-cron.php?doing_wp_cron=1773840662.7680690288543701171875 HTTP/1.1" 200 - "-" "WordPress/6.9.4; https://planetnewspro.com"
216.73.216.103 - - [18/Mar/2026:09:31:01 -0400] "GET /texas-ag-sues-masters-swimming-group-that-allowed-transgender-athletes/ HTTP/1.1" 200 53423 "https://planetnewspro.com/texas-ag-sues-masters-swimming-group-that-allowed-transgender-athletes" "Mozilla/5.0 AppleWebKit/537.36 (KHTML, like Gecko; compatible; ClaudeBot/1.0; +claudebot@anthropic.com)"
216.73.216.103 - - [18/Mar/2026:09:31:02 -0400] "GET /palace-fires-worker-for-stealing-money-from-japans-royal-household/ HTTP/1.1" 200 52930 "https://planetnewspro.com/palace-fires-worker-for-stealing-money-from-japans-royal-household" "Mozilla/5.0 AppleWebKit/537.36 (KHTML, like Gecko; compatible; ClaudeBot/1.0; +claudebot@anthropic.com)"
216.73.216.103 - - [18/Mar/2026:09:31:03 -0400] "GET /micah-parsons-subsequent-crew-odds-cowboys-bitter-rival-in-play HTTP/1.1" 301 - "-" "Mozilla/5.0 AppleWebKit/537.36 (KHTML, like Gecko; compatible; ClaudeBot/1.0; +claudebot@anthropic.com)"
216.73.216.103 - - [18/Mar/2026:09:31:03 -0400] "GET /micah-parsons-subsequent-crew-odds-cowboys-bitter-rival-in-play/ HTTP/1.1" 200 53288 "https://planetnewspro.com/micah-parsons-subsequent-crew-odds-cowboys-bitter-rival-in-play" "Mozilla/5.0 AppleWebKit/537.36 (KHTML, like Gecko; compatible; ClaudeBot/1.0; +claudebot@anthropic.com)"
50.6.201.88 - - [18/Mar/2026:09:31:07 -0400] "POST /wp-cron.php?doing_wp_cron=1773840667.0517599582672119140625 HTTP/1.1" 200 - "-" "WordPress/6.9.4; https://planetnewspro.com"
180.149.232.25 - - [18/Mar/2026:09:31:06 -0400] "GET /15-greatest-issues-to-do-in-seattle-should-see-locations/ HTTP/1.1" 200 65945 "-" "Mozilla/5.0 (Windows NT 10.0; Win64; x64) AppleWebKit/537.36 (KHTML, like Gecko) Chrome/116.0.0.0 Safari/537.36"
216.73.216.103 - - [18/Mar/2026:09:31:09 -0400] "GET /is-ryan-reynolds-a-billionaire-how-a-lot-is-the-deadpool-actor-value-in-2025 HTTP/1.1" 301 - "-" "Mozilla/5.0 AppleWebKit/537.36 (KHTML, like Gecko; compatible; ClaudeBot/1.0; +claudebot@anthropic.com)"
216.73.216.103 - - [18/Mar/2026:09:31:09 -0400] "GET /uninterested-in-quitting-your-objectives-here-is-how-one-can-belief-your-self-once-more HTTP/1.1" 301 - "-" "Mozilla/5.0 AppleWebKit/537.36 (KHTML, like Gecko; compatible; ClaudeBot/1.0; +claudebot@anthropic.com)"
216.73.216.103 - - [18/Mar/2026:09:31:09 -0400] "GET /is-ryan-reynolds-a-billionaire-how-a-lot-is-the-deadpool-actor-value-in-2025/ HTTP/1.1" 200 53196 "https://planetnewspro.com/is-ryan-reynolds-a-billionaire-how-a-lot-is-the-deadpool-actor-value-in-2025" "Mozilla/5.0 AppleWebKit/537.36 (KHTML, like Gecko; compatible; ClaudeBot/1.0; +claudebot@anthropic.com)"
216.73.216.103 - - [18/Mar/2026:09:31:10 -0400] "GET /nfl-breakout-gamers-for-steelers-browns-bengals-ravens HTTP/1.1" 301 - "-" "Mozilla/5.0 AppleWebKit/537.36 (KHTML, like Gecko; compatible; ClaudeBot/1.0; +claudebot@anthropic.com)"
216.73.216.103 - - [18/Mar/2026:09:31:10 -0400] "GET /uninterested-in-quitting-your-objectives-here-is-how-one-can-belief-your-self-once-more/ HTTP/1.1" 200 54515 "https://planetnewspro.com/uninterested-in-quitting-your-objectives-here-is-how-one-can-belief-your-self-once-more" "Mozilla/5.0 AppleWebKit/537.36 (KHTML, like Gecko; compatible; ClaudeBot/1.0; +claudebot@anthropic.com)"
216.73.216.103 - - [18/Mar/2026:09:31:10 -0400] "GET /nfl-breakout-gamers-for-steelers-browns-bengals-ravens/ HTTP/1.1" 200 52389 "https://planetnewspro.com/nfl-breakout-gamers-for-steelers-browns-bengals-ravens" "Mozilla/5.0 AppleWebKit/537.36 (KHTML, like Gecko; compatible; ClaudeBot/1.0; +claudebot@anthropic.com)"
185.191.171.17 - - [18/Mar/2026:09:31:12 -0400] "GET /tips-on-how-to-boil-lobster-the-recipe-critic/ HTTP/1.1" 200 55672 "-" "Mozilla/5.0 (compatible; SemrushBot/7~bl; +http://www.semrush.com/bot.html)"
137.255.198.12 - - [18/Mar/2026:09:31:19 -0400] "GET /spain-packing-checklist-the-fitnessista/ HTTP/1.1" 200 57000 "-" "Mozilla/5.0 (Windows; U; Windows NT 6.0; en-US) AppleWebKit/535.1 (KHTML, like Gecko) Chrome/13.0.782.107 Safari/535.1"
50.6.201.88 - - [18/Mar/2026:09:31:30 -0400] "POST /wp-cron.php?doing_wp_cron=1773840690.8042950630187988281250 HTTP/1.1" 200 - "-" "WordPress/6.9.4; https://planetnewspro.com"
216.73.216.103 - - [18/Mar/2026:09:31:30 -0400] "GET /trump-says-hes-pushing-for-ceasefire-to-finish-thailand-and-cambodias-border-battle HTTP/1.1" 301 - "-" "Mozilla/5.0 AppleWebKit/537.36 (KHTML, like Gecko; compatible; ClaudeBot/1.0; +claudebot@anthropic.com)"
216.73.216.103 - - [18/Mar/2026:09:31:30 -0400] "GET /luis-ortiz-emmanuel-clase-shohei-ohtani-and-the-hypocrisy-of-the-mlb HTTP/1.1" 301 - "-" "Mozilla/5.0 AppleWebKit/537.36 (KHTML, like Gecko; compatible; ClaudeBot/1.0; +claudebot@anthropic.com)"
216.73.216.103 - - [18/Mar/2026:09:31:31 -0400] "GET /trump-says-hes-pushing-for-ceasefire-to-finish-thailand-and-cambodias-border-battle/ HTTP/1.1" 200 54113 "https://planetnewspro.com/trump-says-hes-pushing-for-ceasefire-to-finish-thailand-and-cambodias-border-battle" "Mozilla/5.0 AppleWebKit/537.36 (KHTML, like Gecko; compatible; ClaudeBot/1.0; +claudebot@anthropic.com)"
216.73.216.103 - - [18/Mar/2026:09:31:31 -0400] "GET /japanese-girl-evacuating-amid-tsunami-warning-dies-after-automotive-falls-off-highway HTTP/1.1" 301 - "-" "Mozilla/5.0 AppleWebKit/537.36 (KHTML, like Gecko; compatible; ClaudeBot/1.0; +claudebot@anthropic.com)"
216.73.216.103 - - [18/Mar/2026:09:31:31 -0400] "GET /luis-ortiz-emmanuel-clase-shohei-ohtani-and-the-hypocrisy-of-the-mlb/ HTTP/1.1" 200 52615 "https://planetnewspro.com/luis-ortiz-emmanuel-clase-shohei-ohtani-and-the-hypocrisy-of-the-mlb" "Mozilla/5.0 AppleWebKit/537.36 (KHTML, like Gecko; compatible; ClaudeBot/1.0; +claudebot@anthropic.com)"
216.73.216.103 - - [18/Mar/2026:09:31:32 -0400] "GET /japanese-girl-evacuating-amid-tsunami-warning-dies-after-automotive-falls-off-highway/ HTTP/1.1" 200 54878 "https://planetnewspro.com/japanese-girl-evacuating-amid-tsunami-warning-dies-after-automotive-falls-off-highway" "Mozilla/5.0 AppleWebKit/537.36 (KHTML, like Gecko; compatible; ClaudeBot/1.0; +claudebot@anthropic.com)"
216.73.216.103 - - [18/Mar/2026:09:31:35 -0400] "GET /tsunami-hits-hawaii-after-large-earthquake-off-russia-sparks-pacific-wide-alerts HTTP/1.1" 301 - "-" "Mozilla/5.0 AppleWebKit/537.36 (KHTML, like Gecko; compatible; ClaudeBot/1.0; +claudebot@anthropic.com)"
216.73.216.103 - - [18/Mar/2026:09:31:35 -0400] "GET /trump-is-openly-using-the-presidency-to-enrich-the-trump-brand HTTP/1.1" 301 - "-" "Mozilla/5.0 AppleWebKit/537.36 (KHTML, like Gecko; compatible; ClaudeBot/1.0; +claudebot@anthropic.com)"
216.73.216.103 - - [18/Mar/2026:09:31:35 -0400] "GET /tsunami-hits-hawaii-after-large-earthquake-off-russia-sparks-pacific-wide-alerts/ HTTP/1.1" 200 55229 "https://planetnewspro.com/tsunami-hits-hawaii-after-large-earthquake-off-russia-sparks-pacific-wide-alerts" "Mozilla/5.0 AppleWebKit/537.36 (KHTML, like Gecko; compatible; ClaudeBot/1.0; +claudebot@anthropic.com)"
216.73.216.103 - - [18/Mar/2026:09:31:36 -0400] "GET /trump-caps-his-scottish-go-to-by-opening-a-brand-new-golf-course HTTP/1.1" 301 - "-" "Mozilla/5.0 AppleWebKit/537.36 (KHTML, like Gecko; compatible; ClaudeBot/1.0; +claudebot@anthropic.com)"
216.73.216.103 - - [18/Mar/2026:09:31:35 -0400] "GET /trump-is-openly-using-the-presidency-to-enrich-the-trump-brand/ HTTP/1.1" 200 54634 "https://planetnewspro.com/trump-is-openly-using-the-presidency-to-enrich-the-trump-brand" "Mozilla/5.0 AppleWebKit/537.36 (KHTML, like Gecko; compatible; ClaudeBot/1.0; +claudebot@anthropic.com)"
170.106.193.108 - - [18/Mar/2026:09:31:35 -0400] "GET / HTTP/1.1" 200 64280 "http://planetnewspro.com" "Mozilla/5.0 (iPhone; CPU iPhone OS 13_2_3 like Mac OS X) AppleWebKit/605.1.15 (KHTML, like Gecko) Version/13.0.3 Mobile/15E148 Safari/604.1"
216.73.216.103 - - [18/Mar/2026:09:31:36 -0400] "GET /trump-caps-his-scottish-go-to-by-opening-a-brand-new-golf-course/ HTTP/1.1" 200 53429 "https://planetnewspro.com/trump-caps-his-scottish-go-to-by-opening-a-brand-new-golf-course" "Mozilla/5.0 AppleWebKit/537.36 (KHTML, like Gecko; compatible; ClaudeBot/1.0; +claudebot@anthropic.com)"
185.191.171.12 - - [18/Mar/2026:09:31:45 -0400] "GET /10-banger-motion-pictures-leaving-netflix-in-2025-that-you-have-to-watch/ HTTP/1.1" 200 54034 "-" "Mozilla/5.0 (compatible; SemrushBot/7~bl; +http://www.semrush.com/bot.html)"
5.161.86.62 - - [18/Mar/2026:09:31:57 -0400] "GET / HTTP/1.1" 200 492263 "-" "Mozilla/5.0 (Macintosh; Intel Mac OS X 10_15_7) AppleWebKit/537.36 (KHTML, like Gecko) Chrome/93.0.4577.0 Safari/537.36"
50.6.201.88 - - [18/Mar/2026:09:31:59 -0400] "POST /wp-cron.php?doing_wp_cron=1773840719.3181738853454589843750 HTTP/1.1" 200 - "-" "WordPress/6.9.4; https://planetnewspro.com"
103.125.177.108 - - [18/Mar/2026:09:31:58 -0400] "GET /airtag-2-rumors-the-newest-leaks-and-what-they-imply-for-you/ HTTP/1.1" 200 55178 "-" "Mozilla/5.0 (Windows NT 10.0; Win64; x64) AppleWebKit/537.36 (KHTML, like Gecko) Chrome/133.0.0.0 Safari/537.36"
50.6.201.88 - - [18/Mar/2026:09:31:59 -0400] "POST /wp-admin/admin-ajax.php?action=async_litespeed&nonce=6a32a20319&litespeed_type=imgoptm HTTP/1.1" 200 21 "-" "WordPress/6.9.4; https://planetnewspro.com"
185.191.171.10 - - [18/Mar/2026:09:32:03 -0400] "GET /author/admin-pnp-171/page/1111/ HTTP/1.1" 200 44170 "-" "Mozilla/5.0 (compatible; SemrushBot/7~bl; +http://www.semrush.com/bot.html)"
50.6.201.88 - - [18/Mar/2026:09:32:08 -0400] "POST /wp-cron.php?doing_wp_cron=1773840728.2848958969116210937500 HTTP/1.1" 200 - "-" "WordPress/6.9.4; https://planetnewspro.com"
85.208.96.197 - - [18/Mar/2026:09:32:07 -0400] "GET /wasted-generations-within-the-countless-burma-myanmar-warfare-the-gateway-pundit/ HTTP/1.1" 200 53442 "-" "Mozilla/5.0 (compatible; SemrushBot/7~bl; +http://www.semrush.com/bot.html)"
50.6.201.88 - - [18/Mar/2026:09:32:15 -0400] "POST /wp-cron.php?doing_wp_cron=1773840735.0481100082397460937500 HTTP/1.1" 200 - "-" "WordPress/6.9.4; https://planetnewspro.com"
85.208.96.206 - - [18/Mar/2026:09:32:14 -0400] "GET /la-mayor-karen-bass-goes-full-biden-throughout-wildfire-press-convention-as-previous-tweet-exhibits-her-mocking-ted-cruz-for-fleeing-throughout-a-disaster/ HTTP/1.1" 200 53521 "-" "Mozilla/5.0 (compatible; SemrushBot/7~bl; +http://www.semrush.com/bot.html)"
50.6.201.88 - - [18/Mar/2026:09:32:31 -0400] "POST /wp-cron.php?doing_wp_cron=1773840751.5295720100402832031250 HTTP/1.1" 200 - "-" "WordPress/6.9.4; https://planetnewspro.com"
89.211.249.122 - - [18/Mar/2026:09:32:31 -0400] "POST /xmlrpc.php HTTP/1.1" 200 403 "-" "Mozilla/5.0 (Windows NT 10.0; x64) AppleWebKit/537.36 (KHTML, like Gecko) Edge/99.0.0.0 Safari/537.36"
66.249.87.70 - - [18/Mar/2026:09:32:41 -0400] "GET /15-greatest-issues-to-do-in-seattle-should-see-locations/ HTTP/1.1" 200 65945 "-" "Mediapartners-Google"
66.249.87.71 - - [18/Mar/2026:09:32:49 -0400] "GET /airtag-2-rumors-the-newest-leaks-and-what-they-imply-for-you/ HTTP/1.1" 200 55178 "-" "Mediapartners-Google"
216.73.216.103 - - [18/Mar/2026:09:32:52 -0400] "GET /what-loss-of-life-taught-me-about-life-a-conscious-strategy-to-grief-loss-and-getting-old HTTP/1.1" 301 - "-" "Mozilla/5.0 AppleWebKit/537.36 (KHTML, like Gecko; compatible; ClaudeBot/1.0; +claudebot@anthropic.com)"
216.73.216.103 - - [18/Mar/2026:09:32:52 -0400] "GET /new-appeals-courtroom-says-trumps-birthright-citizenship-govt-order-unconstitutional-the-gateway-pundit HTTP/1.1" 301 - "-" "Mozilla/5.0 AppleWebKit/537.36 (KHTML, like Gecko; compatible; ClaudeBot/1.0; +claudebot@anthropic.com)"
216.73.216.103 - - [18/Mar/2026:09:32:52 -0400] "GET /what-loss-of-life-taught-me-about-life-a-conscious-strategy-to-grief-loss-and-getting-old/ HTTP/1.1" 200 55199 "https://planetnewspro.com/what-loss-of-life-taught-me-about-life-a-conscious-strategy-to-grief-loss-and-getting-old" "Mozilla/5.0 AppleWebKit/537.36 (KHTML, like Gecko; compatible; ClaudeBot/1.0; +claudebot@anthropic.com)"
216.73.216.103 - - [18/Mar/2026:09:32:53 -0400] "GET /new-appeals-courtroom-says-trumps-birthright-citizenship-govt-order-unconstitutional-the-gateway-pundit/ HTTP/1.1" 200 52184 "https://planetnewspro.com/new-appeals-courtroom-says-trumps-birthright-citizenship-govt-order-unconstitutional-the-gateway-pundit" "Mozilla/5.0 AppleWebKit/537.36 (KHTML, like Gecko; compatible; ClaudeBot/1.0; +claudebot@anthropic.com)"
216.73.216.103 - - [18/Mar/2026:09:32:53 -0400] "GET /i-suffered-marcus-rashford-humiliation-and-tore-my-shirt-off-in-disgust-i-used-to-be-so-indignant HTTP/1.1" 301 - "-" "Mozilla/5.0 AppleWebKit/537.36 (KHTML, like Gecko; compatible; ClaudeBot/1.0; +claudebot@anthropic.com)"
216.73.216.103 - - [18/Mar/2026:09:32:53 -0400] "GET /i-suffered-marcus-rashford-humiliation-and-tore-my-shirt-off-in-disgust-i-used-to-be-so-indignant/ HTTP/1.1" 200 55692 "https://planetnewspro.com/i-suffered-marcus-rashford-humiliation-and-tore-my-shirt-off-in-disgust-i-used-to-be-so-indignant" "Mozilla/5.0 AppleWebKit/537.36 (KHTML, like Gecko; compatible; ClaudeBot/1.0; +claudebot@anthropic.com)"
50.6.201.88 - - [18/Mar/2026:09:33:00 -0400] "POST /wp-cron.php?doing_wp_cron=1773840780.0852560997009277343750 HTTP/1.1" 200 - "-" "WordPress/6.9.4; https://planetnewspro.com"
202.163.102.22 - - [18/Mar/2026:09:32:59 -0400] "GET /tesla-inventory-tanks-14-p-c-as-trump-musk-feud-intensifies/ HTTP/1.1" 200 53824 "-" "Mozilla/5.0 (Windows NT 10.0; Win64; x64) AppleWebKit/537.36 (KHTML, like Gecko) Chrome/120.0.0.0 Safari/537.36"
50.6.201.88 - - [18/Mar/2026:09:33:00 -0400] "POST /wp-admin/admin-ajax.php?action=async_litespeed&nonce=6a32a20319&litespeed_type=imgoptm HTTP/1.1" 200 21 "-" "WordPress/6.9.4; https://planetnewspro.com"
216.73.216.103 - - [18/Mar/2026:09:33:00 -0400] "GET /epping-councillors-name-for-authorities-to-shut-two-migrant-motels-in-pressing-assembly-as-protestors-collect-and-police-brace-for-unrest HTTP/1.1" 301 - "-" "Mozilla/5.0 AppleWebKit/537.36 (KHTML, like Gecko; compatible; ClaudeBot/1.0; +claudebot@anthropic.com)"
216.73.216.103 - - [18/Mar/2026:09:33:00 -0400] "GET /how-you-can-watch-borussia-dortmund-vs-juventus-from-wherever-for-free-stream-preseason-pleasant-soccer HTTP/1.1" 301 - "-" "Mozilla/5.0 AppleWebKit/537.36 (KHTML, like Gecko; compatible; ClaudeBot/1.0; +claudebot@anthropic.com)"
216.73.216.103 - - [18/Mar/2026:09:33:00 -0400] "GET /epping-councillors-name-for-authorities-to-shut-two-migrant-motels-in-pressing-assembly-as-protestors-collect-and-police-brace-for-unrest/ HTTP/1.1" 200 58148 "https://planetnewspro.com/epping-councillors-name-for-authorities-to-shut-two-migrant-motels-in-pressing-assembly-as-protestors-collect-and-police-brace-for-unrest" "Mozilla/5.0 AppleWebKit/537.36 (KHTML, like Gecko; compatible; ClaudeBot/1.0; +claudebot@anthropic.com)"
185.191.171.18 - - [18/Mar/2026:09:33:01 -0400] "GET /extra-on-unpublished-opinions-and-en-banc-stratagems-in-the-fifth-circuit/ HTTP/1.1" 200 54685 "-" "Mozilla/5.0 (compatible; SemrushBot/7~bl; +http://www.semrush.com/bot.html)"
216.73.216.103 - - [18/Mar/2026:09:33:01 -0400] "GET /how-you-can-watch-borussia-dortmund-vs-juventus-from-wherever-for-free-stream-preseason-pleasant-soccer/ HTTP/1.1" 200 56672 "https://planetnewspro.com/how-you-can-watch-borussia-dortmund-vs-juventus-from-wherever-for-free-stream-preseason-pleasant-soccer" "Mozilla/5.0 AppleWebKit/537.36 (KHTML, like Gecko; compatible; ClaudeBot/1.0; +claudebot@anthropic.com)"
216.73.216.103 - - [18/Mar/2026:09:33:01 -0400] "GET /the-federal-government-fined-this-farm-over-550000-principally-for-a-paperwork-violation HTTP/1.1" 301 - "-" "Mozilla/5.0 AppleWebKit/537.36 (KHTML, like Gecko; compatible; ClaudeBot/1.0; +claudebot@anthropic.com)"
216.73.216.103 - - [18/Mar/2026:09:33:01 -0400] "GET /the-federal-government-fined-this-farm-over-550000-principally-for-a-paperwork-violation/ HTTP/1.1" 200 53199 "https://planetnewspro.com/the-federal-government-fined-this-farm-over-550000-principally-for-a-paperwork-violation" "Mozilla/5.0 AppleWebKit/537.36 (KHTML, like Gecko; compatible; ClaudeBot/1.0; +claudebot@anthropic.com)"
85.208.96.200 - - [18/Mar/2026:09:33:02 -0400] "GET /are-taxpayers-off-the-hook-for-tampa-bay-rays-new-stadium/ HTTP/1.1" 200 52980 "-" "Mozilla/5.0 (compatible; SemrushBot/7~bl; +http://www.semrush.com/bot.html)"
50.6.201.88 - - [18/Mar/2026:09:33:06 -0400] "POST /wp-cron.php?doing_wp_cron=1773840786.8464710712432861328125 HTTP/1.1" 200 - "-" "WordPress/6.9.4; https://planetnewspro.com"
85.208.96.200 - - [18/Mar/2026:09:33:04 -0400] "GET /take-two-ceo-says-ugc-possible-will-not-outline-firms-future/ HTTP/1.1" 200 52940 "-" "Mozilla/5.0 (compatible; SemrushBot/7~bl; +http://www.semrush.com/bot.html)"
50.6.201.88 - - [18/Mar/2026:09:33:09 -0400] "POST /wp-cron.php?doing_wp_cron=1773840789.1446158885955810546875 HTTP/1.1" 200 - "-" "WordPress/6.9.4; https://planetnewspro.com"
216.73.216.103 - - [18/Mar/2026:09:33:09 -0400] "GET /the-burrito-that-tastes-like-residence-even-after-im-3000-miles-away HTTP/1.1" 301 - "-" "Mozilla/5.0 AppleWebKit/537.36 (KHTML, like Gecko; compatible; ClaudeBot/1.0; +claudebot@anthropic.com)"
216.73.216.103 - - [18/Mar/2026:09:33:09 -0400] "GET /pvl-in-cebu-cebuana-volleybelles-take-highlight-in-homecoming-video-games HTTP/1.1" 301 - "-" "Mozilla/5.0 AppleWebKit/537.36 (KHTML, like Gecko; compatible; ClaudeBot/1.0; +claudebot@anthropic.com)"
216.73.216.103 - - [18/Mar/2026:09:33:09 -0400] "GET /the-burrito-that-tastes-like-residence-even-after-im-3000-miles-away/ HTTP/1.1" 200 54898 "https://planetnewspro.com/the-burrito-that-tastes-like-residence-even-after-im-3000-miles-away" "Mozilla/5.0 AppleWebKit/537.36 (KHTML, like Gecko; compatible; ClaudeBot/1.0; +claudebot@anthropic.com)"
216.73.216.103 - - [18/Mar/2026:09:33:09 -0400] "GET /2024-naia-departure-information-for-worldwide-passengers-manila-flights/feed HTTP/1.1" 301 - "-" "Mozilla/5.0 AppleWebKit/537.36 (KHTML, like Gecko; compatible; ClaudeBot/1.0; +claudebot@anthropic.com)"
50.6.201.88 - - [18/Mar/2026:09:33:10 -0400] "POST /wp-cron.php?doing_wp_cron=1773840790.3265149593353271484375 HTTP/1.1" 200 - "-" "WordPress/6.9.4; https://planetnewspro.com"
216.73.216.103 - - [18/Mar/2026:09:33:10 -0400] "GET /2024-naia-departure-information-for-worldwide-passengers-manila-flights/feed/ HTTP/1.1" 200 916 "https://planetnewspro.com/2024-naia-departure-information-for-worldwide-passengers-manila-flights/feed" "Mozilla/5.0 AppleWebKit/537.36 (KHTML, like Gecko; compatible; ClaudeBot/1.0; +claudebot@anthropic.com)"
216.73.216.103 - - [18/Mar/2026:09:33:09 -0400] "GET /pvl-in-cebu-cebuana-volleybelles-take-highlight-in-homecoming-video-games/ HTTP/1.1" 200 54933 "https://planetnewspro.com/pvl-in-cebu-cebuana-volleybelles-take-highlight-in-homecoming-video-games" "Mozilla/5.0 AppleWebKit/537.36 (KHTML, like Gecko; compatible; ClaudeBot/1.0; +claudebot@anthropic.com)"
139.28.49.90 - - [18/Mar/2026:09:33:09 -0400] "GET /tesla-inventory-tanks-14-p-c-as-trump-musk-feud-intensifies/ HTTP/1.1" 200 53824 "-" "Mozilla/5.0 (Windows NT 10.0; Win64; x64) AppleWebKit/537.36 (KHTML, like Gecko) Chrome/108.0.0.0 Safari/537.36"
216.73.216.103 - - [18/Mar/2026:09:33:12 -0400] "GET /thailand-and-cambodia-clashes-escalating-and-will-turn-into-all-out-warfare-pm-warns HTTP/1.1" 301 - "-" "Mozilla/5.0 AppleWebKit/537.36 (KHTML, like Gecko; compatible; ClaudeBot/1.0; +claudebot@anthropic.com)"
216.73.216.103 - - [18/Mar/2026:09:33:12 -0400] "GET /premier-league-soccer-stream-liverpool-vs-bournemouth-stay-from-wherever HTTP/1.1" 301 - "-" "Mozilla/5.0 AppleWebKit/537.36 (KHTML, like Gecko; compatible; ClaudeBot/1.0; +claudebot@anthropic.com)"
