113.175.74.126 - - [18/Mar/2026:08:17:17 -0400] "GET /category/fitness/page/29/ HTTP/1.1" 200 44704 "-" "Mozilla/5.0 (Windows; U; Windows NT 6.0; en-US) AppleWebKit/532.1 (KHTML, like Gecko) Chrome/4.0.213.1 Safari/532.1"
185.191.171.4 - - [18/Mar/2026:08:17:19 -0400] "GET /a-brand-new-beef-followers-have-a-area-day-debating-over-kendrick-lamars-gnx-knocking-out-ariana-grandes-depraved-soundtrack/ HTTP/1.1" 200 52746 "-" "Mozilla/5.0 (compatible; SemrushBot/7~bl; +http://www.semrush.com/bot.html)"
216.73.216.103 - - [18/Mar/2026:08:17:20 -0400] "GET /youngsters-like-me-needed-to-carry-our-bodies-hiroshima-survivors-urge-world-to-not-overlook-80-years-on HTTP/1.1" 301 - "-" "Mozilla/5.0 AppleWebKit/537.36 (KHTML, like Gecko; compatible; ClaudeBot/1.0; +claudebot@anthropic.com)"
216.73.216.103 - - [18/Mar/2026:08:17:20 -0400] "GET /youngsters-like-me-needed-to-carry-our-bodies-hiroshima-survivors-urge-world-to-not-overlook-80-years-on/ HTTP/1.1" 200 59149 "https://planetnewspro.com/youngsters-like-me-needed-to-carry-our-bodies-hiroshima-survivors-urge-world-to-not-overlook-80-years-on" "Mozilla/5.0 AppleWebKit/537.36 (KHTML, like Gecko; compatible; ClaudeBot/1.0; +claudebot@anthropic.com)"
216.73.216.103 - - [18/Mar/2026:08:17:21 -0400] "GET /netflix-debunks-ex-royal-chefs-blistering-remarks-about-meghan-markle-in-new-act-of-assist HTTP/1.1" 301 - "-" "Mozilla/5.0 AppleWebKit/537.36 (KHTML, like Gecko; compatible; ClaudeBot/1.0; +claudebot@anthropic.com)"
216.73.216.103 - - [18/Mar/2026:08:17:21 -0400] "GET /netflix-debunks-ex-royal-chefs-blistering-remarks-about-meghan-markle-in-new-act-of-assist/ HTTP/1.1" 200 52898 "https://planetnewspro.com/netflix-debunks-ex-royal-chefs-blistering-remarks-about-meghan-markle-in-new-act-of-assist" "Mozilla/5.0 AppleWebKit/537.36 (KHTML, like Gecko; compatible; ClaudeBot/1.0; +claudebot@anthropic.com)"
216.73.216.103 - - [18/Mar/2026:08:17:21 -0400] "GET /marvel-of-engineering-david-corenswet-remembers-carrying-henry-cavills-iconic-superman-swimsuit-simply-because-the-former-superman-did-christopher-reeves HTTP/1.1" 301 - "-" "Mozilla/5.0 AppleWebKit/537.36 (KHTML, like Gecko; compatible; ClaudeBot/1.0; +claudebot@anthropic.com)"
216.73.216.103 - - [18/Mar/2026:08:17:21 -0400] "GET /marvel-of-engineering-david-corenswet-remembers-carrying-henry-cavills-iconic-superman-swimsuit-simply-because-the-former-superman-did-christopher-reeves/ HTTP/1.1" 200 53323 "https://planetnewspro.com/marvel-of-engineering-david-corenswet-remembers-carrying-henry-cavills-iconic-superman-swimsuit-simply-because-the-former-superman-did-christopher-reeves" "Mozilla/5.0 AppleWebKit/537.36 (KHTML, like Gecko; compatible; ClaudeBot/1.0; +claudebot@anthropic.com)"
50.6.201.88 - - [18/Mar/2026:08:17:25 -0400] "POST /wp-cron.php?doing_wp_cron=1773836245.7341020107269287109375 HTTP/1.1" 200 - "-" "WordPress/6.9.4; https://planetnewspro.com"
185.191.171.1 - - [18/Mar/2026:08:17:25 -0400] "GET /trump-claimed-kim-jong-un-missed-him-the-north-korea-chief-has-a-distinct-message-2/ HTTP/1.1" 200 53562 "-" "Mozilla/5.0 (compatible; SemrushBot/7~bl; +http://www.semrush.com/bot.html)"
50.6.201.88 - - [18/Mar/2026:08:17:25 -0400] "POST /wp-admin/admin-ajax.php?action=async_litespeed&nonce=6a32a20319&litespeed_type=imgoptm HTTP/1.1" 200 21 "-" "WordPress/6.9.4; https://planetnewspro.com"
216.73.216.103 - - [18/Mar/2026:08:17:36 -0400] "GET /taylor-swift-and-travis-kelce-have-opted-for-extra-non-public-methods-to-burn-energy-collectively-as-an-alternative-of-hitting-the-fitness-center HTTP/1.1" 301 - "-" "Mozilla/5.0 AppleWebKit/537.36 (KHTML, like Gecko; compatible; ClaudeBot/1.0; +claudebot@anthropic.com)"
216.73.216.103 - - [18/Mar/2026:08:17:36 -0400] "GET /taylor-swift-and-travis-kelce-have-opted-for-extra-non-public-methods-to-burn-energy-collectively-as-an-alternative-of-hitting-the-fitness-center/ HTTP/1.1" 200 53246 "https://planetnewspro.com/taylor-swift-and-travis-kelce-have-opted-for-extra-non-public-methods-to-burn-energy-collectively-as-an-alternative-of-hitting-the-fitness-center" "Mozilla/5.0 AppleWebKit/537.36 (KHTML, like Gecko; compatible; ClaudeBot/1.0; +claudebot@anthropic.com)"
216.73.216.103 - - [18/Mar/2026:08:17:37 -0400] "GET /unseen-video-of-taylor-swift-and-travis-kelce-on-the-yankees-recreation-has-followers-feeling-the-taycrumbs-absence HTTP/1.1" 301 - "-" "Mozilla/5.0 AppleWebKit/537.36 (KHTML, like Gecko; compatible; ClaudeBot/1.0; +claudebot@anthropic.com)"
185.191.171.15 - - [18/Mar/2026:08:17:37 -0400] "GET /kashmir-capturing-at-the-very-least-20-feared-lifeless-after-gunmen-open-fireplace/ HTTP/1.1" 200 53689 "-" "Mozilla/5.0 (compatible; SemrushBot/7~bl; +http://www.semrush.com/bot.html)"
216.73.216.103 - - [18/Mar/2026:08:17:37 -0400] "GET /unseen-video-of-taylor-swift-and-travis-kelce-on-the-yankees-recreation-has-followers-feeling-the-taycrumbs-absence/ HTTP/1.1" 200 52692 "https://planetnewspro.com/unseen-video-of-taylor-swift-and-travis-kelce-on-the-yankees-recreation-has-followers-feeling-the-taycrumbs-absence" "Mozilla/5.0 AppleWebKit/537.36 (KHTML, like Gecko; compatible; ClaudeBot/1.0; +claudebot@anthropic.com)"
50.6.201.88 - - [18/Mar/2026:08:18:22 -0400] "POST /wp-cron.php?doing_wp_cron=1773836302.2865159511566162109375 HTTP/1.1" 200 - "-" "WordPress/6.9.4; https://planetnewspro.com"
216.73.216.103 - - [18/Mar/2026:08:18:21 -0400] "GET /quiet-cracking-is-spreading-in-places-of-work-half-of-employees-are-at-breaking-level-and-its-costing-firms-438-billion-in-productiveness-loss HTTP/1.1" 301 - "-" "Mozilla/5.0 AppleWebKit/537.36 (KHTML, like Gecko; compatible; ClaudeBot/1.0; +claudebot@anthropic.com)"
216.73.216.103 - - [18/Mar/2026:08:18:22 -0400] "GET /pictured-the-uks-finest-out-of-doors-saunas-together-with-a-unadorned-steam-room-the-place-even-the-photographer-needed-to-strip-off HTTP/1.1" 301 - "-" "Mozilla/5.0 AppleWebKit/537.36 (KHTML, like Gecko; compatible; ClaudeBot/1.0; +claudebot@anthropic.com)"
50.6.201.88 - - [18/Mar/2026:08:18:22 -0400] "POST /wp-admin/admin-ajax.php?action=async_litespeed&nonce=6a32a20319&litespeed_type=imgoptm HTTP/1.1" 200 21 "-" "WordPress/6.9.4; https://planetnewspro.com"
216.73.216.103 - - [18/Mar/2026:08:18:22 -0400] "GET /quiet-cracking-is-spreading-in-places-of-work-half-of-employees-are-at-breaking-level-and-its-costing-firms-438-billion-in-productiveness-loss/ HTTP/1.1" 200 54332 "https://planetnewspro.com/quiet-cracking-is-spreading-in-places-of-work-half-of-employees-are-at-breaking-level-and-its-costing-firms-438-billion-in-productiveness-loss" "Mozilla/5.0 AppleWebKit/537.36 (KHTML, like Gecko; compatible; ClaudeBot/1.0; +claudebot@anthropic.com)"
50.6.201.88 - - [18/Mar/2026:08:18:23 -0400] "POST /wp-cron.php?doing_wp_cron=1773836303.1616768836975097656250 HTTP/1.1" 200 - "-" "WordPress/6.9.4; https://planetnewspro.com"
85.208.96.207 - - [18/Mar/2026:08:18:20 -0400] "GET /touring-the-greatest-casinos-within-the-uk/ HTTP/1.1" 200 55474 "-" "Mozilla/5.0 (compatible; SemrushBot/7~bl; +http://www.semrush.com/bot.html)"
216.73.216.103 - - [18/Mar/2026:08:18:23 -0400] "GET /pictured-the-uks-finest-out-of-doors-saunas-together-with-a-unadorned-steam-room-the-place-even-the-photographer-needed-to-strip-off/ HTTP/1.1" 200 54978 "https://planetnewspro.com/pictured-the-uks-finest-out-of-doors-saunas-together-with-a-unadorned-steam-room-the-place-even-the-photographer-needed-to-strip-off" "Mozilla/5.0 AppleWebKit/537.36 (KHTML, like Gecko; compatible; ClaudeBot/1.0; +claudebot@anthropic.com)"
216.73.216.103 - - [18/Mar/2026:08:18:44 -0400] "GET /are-trumps-tariffs-pushing-rivals-india-and-china-nearer-collectively HTTP/1.1" 301 - "-" "Mozilla/5.0 AppleWebKit/537.36 (KHTML, like Gecko; compatible; ClaudeBot/1.0; +claudebot@anthropic.com)"
216.73.216.103 - - [18/Mar/2026:08:18:44 -0400] "GET /flight-attendant-reveals-how-airways-choose-the-in-flight-snacks HTTP/1.1" 301 - "-" "Mozilla/5.0 AppleWebKit/537.36 (KHTML, like Gecko; compatible; ClaudeBot/1.0; +claudebot@anthropic.com)"
216.73.216.103 - - [18/Mar/2026:08:18:44 -0400] "GET /are-trumps-tariffs-pushing-rivals-india-and-china-nearer-collectively/ HTTP/1.1" 200 56584 "https://planetnewspro.com/are-trumps-tariffs-pushing-rivals-india-and-china-nearer-collectively" "Mozilla/5.0 AppleWebKit/537.36 (KHTML, like Gecko; compatible; ClaudeBot/1.0; +claudebot@anthropic.com)"
216.73.216.103 - - [18/Mar/2026:08:18:45 -0400] "GET /flight-attendant-reveals-how-airways-choose-the-in-flight-snacks/ HTTP/1.1" 200 52746 "https://planetnewspro.com/flight-attendant-reveals-how-airways-choose-the-in-flight-snacks" "Mozilla/5.0 AppleWebKit/537.36 (KHTML, like Gecko; compatible; ClaudeBot/1.0; +claudebot@anthropic.com)"
216.73.216.103 - - [18/Mar/2026:08:18:45 -0400] "GET /tips-on-how-to-watch-2025-us-open-tennis-for-free HTTP/1.1" 301 - "-" "Mozilla/5.0 AppleWebKit/537.36 (KHTML, like Gecko; compatible; ClaudeBot/1.0; +claudebot@anthropic.com)"
216.73.216.103 - - [18/Mar/2026:08:18:45 -0400] "GET /tips-on-how-to-watch-2025-us-open-tennis-for-free/ HTTP/1.1" 200 54613 "https://planetnewspro.com/tips-on-how-to-watch-2025-us-open-tennis-for-free" "Mozilla/5.0 AppleWebKit/537.36 (KHTML, like Gecko; compatible; ClaudeBot/1.0; +claudebot@anthropic.com)"
85.208.96.203 - - [18/Mar/2026:08:18:48 -0400] "GET /methods-to-construct-habits-that-stick/ HTTP/1.1" 200 53764 "-" "Mozilla/5.0 (compatible; SemrushBot/7~bl; +http://www.semrush.com/bot.html)"
216.73.216.103 - - [18/Mar/2026:08:18:52 -0400] "GET /service-members-proceed-to-demand-accountability-say-tyrannical-enforcement-of-covid-19-navy-shot-mandate-falls-on-shoulders-of-senior-navy-management-not-on-backs-of-attorneys-giving-poor-recommend HTTP/1.1" 301 - "-" "Mozilla/5.0 AppleWebKit/537.36 (KHTML, like Gecko; compatible; ClaudeBot/1.0; +claudebot@anthropic.com)"
216.73.216.103 - - [18/Mar/2026:08:18:52 -0400] "GET /i-am-a-sufferer-of-the-vile-grooming-gang-and-i-stored-going-again-as-a-result-of-they-made-me-really-feel-particular-i-am-pressured-to-stay-with-the-horrors-day-after-day HTTP/1.1" 301 - "-" "Mozilla/5.0 AppleWebKit/537.36 (KHTML, like Gecko; compatible; ClaudeBot/1.0; +claudebot@anthropic.com)"
216.73.216.103 - - [18/Mar/2026:08:18:52 -0400] "GET /service-members-proceed-to-demand-accountability-say-tyrannical-enforcement-of-covid-19-navy-shot-mandate-falls-on-shoulders-of-senior-navy-management-not-on-backs-of-attorneys-giving-poor-recommend/ HTTP/1.1" 200 55902 "https://planetnewspro.com/service-members-proceed-to-demand-accountability-say-tyrannical-enforcement-of-covid-19-navy-shot-mandate-falls-on-shoulders-of-senior-navy-management-not-on-backs-of-attorneys-giving-poor-recommend" "Mozilla/5.0 AppleWebKit/537.36 (KHTML, like Gecko; compatible; ClaudeBot/1.0; +claudebot@anthropic.com)"
216.73.216.103 - - [18/Mar/2026:08:18:52 -0400] "GET /i-am-a-sufferer-of-the-vile-grooming-gang-and-i-stored-going-again-as-a-result-of-they-made-me-really-feel-particular-i-am-pressured-to-stay-with-the-horrors-day-after-day/ HTTP/1.1" 200 57383 "https://planetnewspro.com/i-am-a-sufferer-of-the-vile-grooming-gang-and-i-stored-going-again-as-a-result-of-they-made-me-really-feel-particular-i-am-pressured-to-stay-with-the-horrors-day-after-day" "Mozilla/5.0 AppleWebKit/537.36 (KHTML, like Gecko; compatible; ClaudeBot/1.0; +claudebot@anthropic.com)"
185.213.175.121 - - [18/Mar/2026:08:19:07 -0400] "GET /robots.txt HTTP/1.1" 200 175 "-" "Mozilla/5.0 (compatible; MJ12bot/v1.4.8; http://mj12bot.com/)"
216.73.216.103 - - [18/Mar/2026:08:19:11 -0400] "GET /?p=37129 HTTP/1.1" 301 - "-" "Mozilla/5.0 AppleWebKit/537.36 (KHTML, like Gecko; compatible; ClaudeBot/1.0; +claudebot@anthropic.com)"
216.73.216.103 - - [18/Mar/2026:08:19:11 -0400] "GET /?p=28780 HTTP/1.1" 301 - "-" "Mozilla/5.0 AppleWebKit/537.36 (KHTML, like Gecko; compatible; ClaudeBot/1.0; +claudebot@anthropic.com)"
185.213.175.121 - - [18/Mar/2026:08:19:11 -0400] "GET /7-causes-bitcoin-can-be-a-good-selection-particularly-with-instruments-to-decrease-portfolio-volatility-the-gateway-pundit/ HTTP/1.1" 200 53904 "-" "Mozilla/5.0 (compatible; MJ12bot/v1.4.8; http://mj12bot.com/)"
216.73.216.103 - - [18/Mar/2026:08:19:12 -0400] "GET /video-reveals-immigration-officers-capturing-at-a-san-bernardino-households-automobile-dhs-calls-it-justified/ HTTP/1.1" 200 54213 "https://planetnewspro.com/?p=37129" "Mozilla/5.0 AppleWebKit/537.36 (KHTML, like Gecko; compatible; ClaudeBot/1.0; +claudebot@anthropic.com)"
216.73.216.103 - - [18/Mar/2026:08:19:12 -0400] "GET /launch-date-forged-plot-and-all-you-have-to-know-about-netflixs-new-canadian-thriller/ HTTP/1.1" 200 53028 "https://planetnewspro.com/?p=28780" "Mozilla/5.0 AppleWebKit/537.36 (KHTML, like Gecko; compatible; ClaudeBot/1.0; +claudebot@anthropic.com)"
216.73.216.103 - - [18/Mar/2026:08:19:12 -0400] "GET /?p=36075 HTTP/1.1" 301 - "-" "Mozilla/5.0 AppleWebKit/537.36 (KHTML, like Gecko; compatible; ClaudeBot/1.0; +claudebot@anthropic.com)"
216.73.216.103 - - [18/Mar/2026:08:19:13 -0400] "GET /choose-pauses-alligator-alcatraz-building-due-to-this-environmental-legislation/ HTTP/1.1" 200 53751 "https://planetnewspro.com/?p=36075" "Mozilla/5.0 AppleWebKit/537.36 (KHTML, like Gecko; compatible; ClaudeBot/1.0; +claudebot@anthropic.com)"
185.213.175.121 - - [18/Mar/2026:08:19:15 -0400] "GET /all-eyes-on-rohit-sharma-virat-kohlis-ranji-trophy-participation-after-gambhirs-home-comment/ HTTP/1.1" 200 53605 "-" "Mozilla/5.0 (compatible; MJ12bot/v1.4.8; http://mj12bot.com/)"
85.208.96.205 - - [18/Mar/2026:08:19:15 -0400] "GET /muscle-health-assessment-how-inno-supps-inno-shred-glp-1-helps-you-regain-management-over-starvation-and-fats-loss/ HTTP/1.1" 200 52834 "-" "Mozilla/5.0 (compatible; SemrushBot/7~bl; +http://www.semrush.com/bot.html)"
85.208.96.203 - - [18/Mar/2026:08:19:16 -0400] "GET /10-finest-sit-com-episodes-to-revisit-in-the-first-week-of-new-yr-in-2025/ HTTP/1.1" 200 54079 "-" "Mozilla/5.0 (compatible; SemrushBot/7~bl; +http://www.semrush.com/bot.html)"
185.213.175.121 - - [18/Mar/2026:08:19:20 -0400] "GET /an-ariana-grande-takeover-at-a-sabrina-carpenter-present-right-heres-what-went-on-the-brief-n-candy-tour-in-milan-italy/ HTTP/1.1" 200 52537 "-" "Mozilla/5.0 (compatible; MJ12bot/v1.4.8; http://mj12bot.com/)"
50.6.201.88 - - [18/Mar/2026:08:19:25 -0400] "POST /wp-cron.php?doing_wp_cron=1773836365.5585041046142578125000 HTTP/1.1" 200 - "-" "WordPress/6.9.4; https://planetnewspro.com"
17.241.227.136 - - [18/Mar/2026:08:19:25 -0400] "GET /lincoln-challenge-bashes-trumps-newest-transfer-then-finds-out-abraham-lincoln-did-the-identical-factor-the-gateway-pundit/ HTTP/1.1" 200 52734 "-" "Mozilla/5.0 (Macintosh; Intel Mac OS X 10_15_7) AppleWebKit/605.1.15 (KHTML, like Gecko) Version/17.4 Safari/605.1.15 (Applebot/0.1; +http://www.apple.com/go/applebot)"
50.6.201.88 - - [18/Mar/2026:08:19:25 -0400] "POST /wp-admin/admin-ajax.php?action=async_litespeed&nonce=6a32a20319&litespeed_type=imgoptm HTTP/1.1" 200 21 "-" "WordPress/6.9.4; https://planetnewspro.com"
185.213.175.121 - - [18/Mar/2026:08:19:28 -0400] "GET /arcane-season-2s-ultimate-trailer-teases-shimmer-powered-noxians-the-return-of-two-useless-characters-jinxs-redemption-arc-and-a-piltover-based-battle-for-the-ages/ HTTP/1.1" 200 58521 "-" "Mozilla/5.0 (compatible; MJ12bot/v1.4.8; http://mj12bot.com/)"
185.213.175.121 - - [18/Mar/2026:08:19:32 -0400] "GET /ariana-grandes-depraved-guarantees-a-excellent-christmas-plan-weeks-forward-of-the-vacation/ HTTP/1.1" 200 52485 "-" "Mozilla/5.0 (compatible; MJ12bot/v1.4.8; http://mj12bot.com/)"
185.213.175.121 - - [18/Mar/2026:08:19:36 -0400] "GET /biden-says-sinwar-demise-a-good-day-removes-impediment-to-peace/ HTTP/1.1" 200 54302 "-" "Mozilla/5.0 (compatible; MJ12bot/v1.4.8; http://mj12bot.com/)"
50.6.201.88 - - [18/Mar/2026:08:19:42 -0400] "POST /wp-cron.php?doing_wp_cron=1773836382.6767840385437011718750 HTTP/1.1" 200 - "-" "WordPress/6.9.4; https://planetnewspro.com"
185.213.175.121 - - [18/Mar/2026:08:19:39 -0400] "GET /bigme-hibreak-professional-eink-smartphone-assessment/ HTTP/1.1" 200 57453 "-" "Mozilla/5.0 (compatible; MJ12bot/v1.4.8; http://mj12bot.com/)"
185.191.171.5 - - [18/Mar/2026:08:19:43 -0400] "GET /feminine-arkansas-state-trooper-shoots-allegedly-drunk-unlawful-alien-within-the-head-after-he-assaults-her-video-the-gateway-pundit/ HTTP/1.1" 200 53421 "-" "Mozilla/5.0 (compatible; SemrushBot/7~bl; +http://www.semrush.com/bot.html)"
185.213.175.121 - - [18/Mar/2026:08:19:45 -0400] "GET /boy-15-is-charged-with-homicide-of-15-year-old-harvey-willgoose-who-was-stabbed-to-loss-of-life-at-college/ HTTP/1.1" 200 53929 "-" "Mozilla/5.0 (compatible; MJ12bot/v1.4.8; http://mj12bot.com/)"
216.73.216.103 - - [18/Mar/2026:08:19:46 -0400] "GET /?p=35808 HTTP/1.1" 301 - "-" "Mozilla/5.0 AppleWebKit/537.36 (KHTML, like Gecko; compatible; ClaudeBot/1.0; +claudebot@anthropic.com)"
216.73.216.103 - - [18/Mar/2026:08:19:46 -0400] "GET /?p=35832 HTTP/1.1" 301 - "-" "Mozilla/5.0 AppleWebKit/537.36 (KHTML, like Gecko; compatible; ClaudeBot/1.0; +claudebot@anthropic.com)"
216.73.216.103 - - [18/Mar/2026:08:19:46 -0400] "GET /micah-parsons-subsequent-crew-odds-cowboys-bitter-rival-in-play/ HTTP/1.1" 200 53289 "https://planetnewspro.com/?p=35808" "Mozilla/5.0 AppleWebKit/537.36 (KHTML, like Gecko; compatible; ClaudeBot/1.0; +claudebot@anthropic.com)"
216.73.216.103 - - [18/Mar/2026:08:19:47 -0400] "GET /seth-rogen-on-platonic-season-2-psychological-well-being-the-energy-of-actual-friendship/ HTTP/1.1" 200 53943 "https://planetnewspro.com/?p=35832" "Mozilla/5.0 AppleWebKit/537.36 (KHTML, like Gecko; compatible; ClaudeBot/1.0; +claudebot@anthropic.com)"
216.73.216.103 - - [18/Mar/2026:08:19:47 -0400] "GET /?p=36967 HTTP/1.1" 301 - "-" "Mozilla/5.0 AppleWebKit/537.36 (KHTML, like Gecko; compatible; ClaudeBot/1.0; +claudebot@anthropic.com)"
216.73.216.103 - - [18/Mar/2026:08:19:47 -0400] "GET /msnbc-modified-its-title-and-theres-a-critical-pattern-behind-it/ HTTP/1.1" 200 52862 "https://planetnewspro.com/?p=36967" "Mozilla/5.0 AppleWebKit/537.36 (KHTML, like Gecko; compatible; ClaudeBot/1.0; +claudebot@anthropic.com)"
185.213.175.121 - - [18/Mar/2026:08:19:49 -0400] "GET /breaking-global-scandal-usaid-and-samatha-energy-caught-funding-left-wing-radicales-in-hispanic-america/ HTTP/1.1" 200 53723 "-" "Mozilla/5.0 (compatible; MJ12bot/v1.4.8; http://mj12bot.com/)"
185.213.175.121 - - [18/Mar/2026:08:19:51 -0400] "GET /brilliant-victor-davis-hanson-analyzes-and-explains-trumps-cupboard-picks-as-solely-he-can-the-gateway-pundit/ HTTP/1.1" 200 52869 "-" "Mozilla/5.0 (compatible; MJ12bot/v1.4.8; http://mj12bot.com/)"
50.6.201.88 - - [18/Mar/2026:08:20:00 -0400] "POST /wp-cron.php?doing_wp_cron=1773836400.9349699020385742187500 HTTP/1.1" 200 - "-" "WordPress/6.9.4; https://planetnewspro.com"
50.6.201.88 - - [18/Mar/2026:08:20:01 -0400] "POST /wp-admin/admin-ajax.php?action=async_litespeed&nonce=6a32a20319&litespeed_type=imgoptm HTTP/1.1" 200 21 "-" "WordPress/6.9.4; https://planetnewspro.com"
185.213.175.121 - - [18/Mar/2026:08:20:00 -0400] "GET /christmas-okurimono-have-a-good-time-the-vacations-the-japanese-approach-at-the-seasons-residences/ HTTP/1.1" 200 54572 "-" "Mozilla/5.0 (compatible; MJ12bot/v1.4.8; http://mj12bot.com/)"
185.191.171.15 - - [18/Mar/2026:08:20:04 -0400] "GET /as-eras-tour-miami-inches-nearer-the-taylor-swift-impact-makes-this-lodge-enter-their-epic-period/ HTTP/1.1" 200 52866 "-" "Mozilla/5.0 (compatible; SemrushBot/7~bl; +http://www.semrush.com/bot.html)"
185.213.175.121 - - [18/Mar/2026:08:20:04 -0400] "GET /comelec-units-2025-barangay-sk-elections-for-dec-1/ HTTP/1.1" 200 53260 "-" "Mozilla/5.0 (compatible; MJ12bot/v1.4.8; http://mj12bot.com/)"
50.6.201.88 - - [18/Mar/2026:08:20:08 -0400] "POST /wp-cron.php?doing_wp_cron=1773836408.7203330993652343750000 HTTP/1.1" 200 - "-" "WordPress/6.9.4; https://planetnewspro.com"
185.213.175.121 - - [18/Mar/2026:08:20:08 -0400] "GET /david-chang-simply-dropped-a-new-line-of-cookware/ HTTP/1.1" 200 53444 "-" "Mozilla/5.0 (compatible; MJ12bot/v1.4.8; http://mj12bot.com/)"
216.73.216.103 - - [18/Mar/2026:08:20:11 -0400] "GET /category/netflix/page/148 HTTP/1.1" 301 - "-" "Mozilla/5.0 AppleWebKit/537.36 (KHTML, like Gecko; compatible; ClaudeBot/1.0; +claudebot@anthropic.com)"
17.241.227.190 - - [18/Mar/2026:08:20:12 -0400] "GET /wp-includes/js/jquery/jquery.min.js?ver=3.7.1 HTTP/1.1" 200 87553 "https://planetnewspro.com/lincoln-challenge-bashes-trumps-newest-transfer-then-finds-out-abraham-lincoln-did-the-identical-factor-the-gateway-pundit/" "Mozilla/5.0 (Macintosh; Intel Mac OS X 10_15_7) AppleWebKit/605.1.15 (KHTML, like Gecko) Version/17.4 Safari/605.1.15 (Applebot/0.1; +http://www.apple.com/go/applebot)"
216.73.216.103 - - [18/Mar/2026:08:20:12 -0400] "GET /category/netflix/page/75 HTTP/1.1" 301 - "-" "Mozilla/5.0 AppleWebKit/537.36 (KHTML, like Gecko; compatible; ClaudeBot/1.0; +claudebot@anthropic.com)"
216.73.216.103 - - [18/Mar/2026:08:20:12 -0400] "GET /category/netflix/page/148/ HTTP/1.1" 200 44865 "https://planetnewspro.com/category/netflix/page/148" "Mozilla/5.0 AppleWebKit/537.36 (KHTML, like Gecko; compatible; ClaudeBot/1.0; +claudebot@anthropic.com)"
185.213.175.121 - - [18/Mar/2026:08:20:12 -0400] "GET /dhonis-csk-out-of-ipl-2025-large-unhealthy-information-for-india-umran-malik-joins-kkr-once-more/ HTTP/1.1" 200 54567 "-" "Mozilla/5.0 (compatible; MJ12bot/v1.4.8; http://mj12bot.com/)"
216.73.216.103 - - [18/Mar/2026:08:20:12 -0400] "GET /category/netflix/page/75/ HTTP/1.1" 200 44406 "https://planetnewspro.com/category/netflix/page/75" "Mozilla/5.0 AppleWebKit/537.36 (KHTML, like Gecko; compatible; ClaudeBot/1.0; +claudebot@anthropic.com)"
216.73.216.103 - - [18/Mar/2026:08:20:13 -0400] "GET /from-delicate-hints-to-a-glowing-ring HTTP/1.1" 301 - "-" "Mozilla/5.0 AppleWebKit/537.36 (KHTML, like Gecko; compatible; ClaudeBot/1.0; +claudebot@anthropic.com)"
216.73.216.103 - - [18/Mar/2026:08:20:13 -0400] "GET /from-delicate-hints-to-a-glowing-ring/ HTTP/1.1" 200 56694 "https://planetnewspro.com/from-delicate-hints-to-a-glowing-ring" "Mozilla/5.0 AppleWebKit/537.36 (KHTML, like Gecko; compatible; ClaudeBot/1.0; +claudebot@anthropic.com)"
17.241.219.78 - - [18/Mar/2026:08:20:17 -0400] "GET /wp-content/plugins/td-composer/legacy/Newspaper/js/tagdiv_theme.min.js?ver=12.6.6 HTTP/1.1" 200 160112 "https://planetnewspro.com/lincoln-challenge-bashes-trumps-newest-transfer-then-finds-out-abraham-lincoln-did-the-identical-factor-the-gateway-pundit/" "Mozilla/5.0 (Macintosh; Intel Mac OS X 10_15_7) AppleWebKit/605.1.15 (KHTML, like Gecko) Version/17.4 Safari/605.1.15 (Applebot/0.1; +http://www.apple.com/go/applebot)"
50.6.201.88 - - [18/Mar/2026:08:20:18 -0400] "POST /wp-cron.php?doing_wp_cron=1773836418.0677330493927001953125 HTTP/1.1" 200 - "-" "WordPress/6.9.4; https://planetnewspro.com"
185.213.175.121 - - [18/Mar/2026:08:20:15 -0400] "GET /e-readers-leisure-and-the-artwork-of-mindfulness/ HTTP/1.1" 200 53180 "-" "Mozilla/5.0 (compatible; MJ12bot/v1.4.8; http://mj12bot.com/)"
216.73.216.103 - - [18/Mar/2026:08:20:19 -0400] "GET /chatgpt-customers-complain-about-dropping-customary-voice-mode HTTP/1.1" 301 - "-" "Mozilla/5.0 AppleWebKit/537.36 (KHTML, like Gecko; compatible; ClaudeBot/1.0; +claudebot@anthropic.com)"
216.73.216.103 - - [18/Mar/2026:08:20:19 -0400] "GET /over-50-amazon-kitchen-offers-as-much-as-80-off HTTP/1.1" 301 - "-" "Mozilla/5.0 AppleWebKit/537.36 (KHTML, like Gecko; compatible; ClaudeBot/1.0; +claudebot@anthropic.com)"
216.73.216.103 - - [18/Mar/2026:08:20:19 -0400] "GET /chatgpt-customers-complain-about-dropping-customary-voice-mode/ HTTP/1.1" 200 53020 "https://planetnewspro.com/chatgpt-customers-complain-about-dropping-customary-voice-mode" "Mozilla/5.0 AppleWebKit/537.36 (KHTML, like Gecko; compatible; ClaudeBot/1.0; +claudebot@anthropic.com)"
50.6.201.88 - - [18/Mar/2026:08:20:20 -0400] "POST /wp-cron.php?doing_wp_cron=1773836420.3616049289703369140625 HTTP/1.1" 200 - "-" "WordPress/6.9.4; https://planetnewspro.com"
216.73.216.103 - - [18/Mar/2026:08:20:20 -0400] "GET /33-indian-recipes-from-saag-paneer-to-samosas HTTP/1.1" 301 - "-" "Mozilla/5.0 AppleWebKit/537.36 (KHTML, like Gecko; compatible; ClaudeBot/1.0; +claudebot@anthropic.com)"
216.73.216.103 - - [18/Mar/2026:08:20:19 -0400] "GET /over-50-amazon-kitchen-offers-as-much-as-80-off/ HTTP/1.1" 200 59332 "https://planetnewspro.com/over-50-amazon-kitchen-offers-as-much-as-80-off" "Mozilla/5.0 AppleWebKit/537.36 (KHTML, like Gecko; compatible; ClaudeBot/1.0; +claudebot@anthropic.com)"
216.73.216.103 - - [18/Mar/2026:08:20:20 -0400] "GET /33-indian-recipes-from-saag-paneer-to-samosas/ HTTP/1.1" 200 58418 "https://planetnewspro.com/33-indian-recipes-from-saag-paneer-to-samosas" "Mozilla/5.0 AppleWebKit/537.36 (KHTML, like Gecko; compatible; ClaudeBot/1.0; +claudebot@anthropic.com)"
17.241.219.251 - - [18/Mar/2026:08:20:22 -0400] "GET /wp-content/plugins/td-cloud-library/assets/js/tdbMenu.js?ver=b379c96c54343541fd8742379a419361 HTTP/1.1" 200 10781 "https://planetnewspro.com/lincoln-challenge-bashes-trumps-newest-transfer-then-finds-out-abraham-lincoln-did-the-identical-factor-the-gateway-pundit/" "Mozilla/5.0 (Macintosh; Intel Mac OS X 10_15_7) AppleWebKit/605.1.15 (KHTML, like Gecko) Version/17.4 Safari/605.1.15 (Applebot/0.1; +http://www.apple.com/go/applebot)"
185.213.175.121 - - [18/Mar/2026:08:20:21 -0400] "GET /every-part-new-on-netflix-in-september-2024/ HTTP/1.1" 200 52811 "-" "Mozilla/5.0 (compatible; MJ12bot/v1.4.8; http://mj12bot.com/)"
17.241.227.173 - - [18/Mar/2026:08:20:27 -0400] "GET /wp-includes/js/comment-reply.min.js?ver=6.9.4 HTTP/1.1" 200 3026 "https://planetnewspro.com/lincoln-challenge-bashes-trumps-newest-transfer-then-finds-out-abraham-lincoln-did-the-identical-factor-the-gateway-pundit/" "Mozilla/5.0 (Macintosh; Intel Mac OS X 10_15_7) AppleWebKit/605.1.15 (KHTML, like Gecko) Version/17.4 Safari/605.1.15 (Applebot/0.1; +http://www.apple.com/go/applebot)"
17.22.237.214 - - [18/Mar/2026:08:20:29 -0400] "GET /american-primeval-is-a-giant-netflix-hit-listed-below-are-3-extra-western-exhibits-with-over-80-on-rotten-tomatoes-to-comply-with-it/ HTTP/1.1" 200 56041 "-" "Mozilla/5.0 (Macintosh; Intel Mac OS X 10_15_7) AppleWebKit/605.1.15 (KHTML, like Gecko) Version/17.4 Safari/605.1.15 (Applebot/0.1; +http://www.apple.com/go/applebot)"
17.241.227.78 - - [18/Mar/2026:08:20:32 -0400] "GET /wp-includes/js/wp-emoji-release.min.js?ver=6.9.4 HTTP/1.1" 200 22762 "https://planetnewspro.com/lincoln-challenge-bashes-trumps-newest-transfer-then-finds-out-abraham-lincoln-did-the-identical-factor-the-gateway-pundit/" "Mozilla/5.0 (Macintosh; Intel Mac OS X 10_15_7) AppleWebKit/605.1.15 (KHTML, like Gecko) Version/17.4 Safari/605.1.15 (Applebot/0.1; +http://www.apple.com/go/applebot)"
185.213.175.121 - - [18/Mar/2026:08:20:33 -0400] "GET /grays-anatomy-author-who-faked-most-cancers-right-heres-the-stunning-story/ HTTP/1.1" 200 52799 "-" "Mozilla/5.0 (compatible; MJ12bot/v1.4.8; http://mj12bot.com/)"
185.213.175.121 - - [18/Mar/2026:08:20:36 -0400] "GET /grilled-asparagus-recipe-love-and-lemons/ HTTP/1.1" 200 54301 "-" "Mozilla/5.0 (compatible; MJ12bot/v1.4.8; http://mj12bot.com/)"
17.241.227.215 - - [18/Mar/2026:08:20:37 -0400] "GET /wp-includes/js/wp-emoji-release.min.js?ver=6.9.4 HTTP/1.1" 200 22762 "https://planetnewspro.com/supercomputer-predicts-ultimate-premier-league-desk-for-2025-26-season-as-fixtures-launched/" "Mozilla/5.0 (Macintosh; Intel Mac OS X 10_15_7) AppleWebKit/605.1.15 (KHTML, like Gecko) Version/17.4 Safari/605.1.15 (Applebot/0.1; +http://www.apple.com/go/applebot)"
185.213.175.121 - - [18/Mar/2026:08:20:39 -0400] "GET /ieee-medal-of-honor-prize-elevated-to-2-million/ HTTP/1.1" 200 52675 "-" "Mozilla/5.0 (compatible; MJ12bot/v1.4.8; http://mj12bot.com/)"
185.213.175.121 - - [18/Mar/2026:08:20:42 -0400] "GET /jay-shah-turns-into-new-icc-chairman-dinesh-karthik-returns-to-cricket-lsg-to-launch-kl-rahul/ HTTP/1.1" 200 53959 "-" "Mozilla/5.0 (compatible; MJ12bot/v1.4.8; http://mj12bot.com/)"
85.208.96.199 - - [18/Mar/2026:08:20:48 -0400] "GET /mercedes-f1-not-sitting-nonetheless-after-latest-sizzling-streak/ HTTP/1.1" 200 53415 "-" "Mozilla/5.0 (compatible; SemrushBot/7~bl; +http://www.semrush.com/bot.html)"
50.6.201.88 - - [18/Mar/2026:08:20:56 -0400] "POST /wp-cron.php?doing_wp_cron=1773836456.0220088958740234375000 HTTP/1.1" 200 - "-" "WordPress/6.9.4; https://planetnewspro.com"
185.213.175.121 - - [18/Mar/2026:08:20:55 -0400] "GET /jon-kenny-lifeless-at-66-father-ted-star-dies-after-tragic-most-cancers-analysis/ HTTP/1.1" 200 54122 "-" "Mozilla/5.0 (compatible; MJ12bot/v1.4.8; http://mj12bot.com/)"
50.6.201.88 - - [18/Mar/2026:08:20:59 -0400] "POST /wp-cron.php?doing_wp_cron=1773836459.4222600460052490234375 HTTP/1.1" 200 - "-" "WordPress/6.9.4; https://planetnewspro.com"
185.213.175.121 - - [18/Mar/2026:08:20:59 -0400] "GET /krafton-india-esports-proclaims-new-zone-meta-for-bgis-2025/ HTTP/1.1" 200 53580 "-" "Mozilla/5.0 (compatible; MJ12bot/v1.4.8; http://mj12bot.com/)"
50.6.201.88 - - [18/Mar/2026:08:20:59 -0400] "POST /wp-admin/admin-ajax.php?action=async_litespeed&nonce=6a32a20319&litespeed_type=imgoptm HTTP/1.1" 200 21 "-" "WordPress/6.9.4; https://planetnewspro.com"
50.6.201.88 - - [18/Mar/2026:08:21:09 -0400] "POST /wp-cron.php?doing_wp_cron=1773836469.3766529560089111328125 HTTP/1.1" 200 - "-" "WordPress/6.9.4; https://planetnewspro.com"
185.213.175.121 - - [18/Mar/2026:08:21:08 -0400] "GET /lethal-russian-strikes-pound-ukraine-for-2nd-day/ HTTP/1.1" 200 55036 "-" "Mozilla/5.0 (compatible; MJ12bot/v1.4.8; http://mj12bot.com/)"
216.73.216.103 - - [18/Mar/2026:08:21:10 -0400] "GET /?p=36925 HTTP/1.1" 301 - "-" "Mozilla/5.0 AppleWebKit/537.36 (KHTML, like Gecko; compatible; ClaudeBot/1.0; +claudebot@anthropic.com)"
216.73.216.103 - - [18/Mar/2026:08:21:10 -0400] "GET /?p=36474 HTTP/1.1" 301 - "-" "Mozilla/5.0 AppleWebKit/537.36 (KHTML, like Gecko; compatible; ClaudeBot/1.0; +claudebot@anthropic.com)"
216.73.216.103 - - [18/Mar/2026:08:21:10 -0400] "GET /skittles-gummies-fuego-be-a-part-of-the-candy-and-spicy-snack-pattern/ HTTP/1.1" 200 53488 "https://planetnewspro.com/?p=36925" "Mozilla/5.0 AppleWebKit/537.36 (KHTML, like Gecko; compatible; ClaudeBot/1.0; +claudebot@anthropic.com)"
216.73.216.103 - - [18/Mar/2026:08:21:11 -0400] "GET /the-one-movie-he-is-pleased-with-amongst-all-his-works/ HTTP/1.1" 200 52730 "https://planetnewspro.com/?p=36474" "Mozilla/5.0 AppleWebKit/537.36 (KHTML, like Gecko; compatible; ClaudeBot/1.0; +claudebot@anthropic.com)"
216.73.216.103 - - [18/Mar/2026:08:21:11 -0400] "GET /?p=35988 HTTP/1.1" 301 - "-" "Mozilla/5.0 AppleWebKit/537.36 (KHTML, like Gecko; compatible; ClaudeBot/1.0; +claudebot@anthropic.com)"
216.73.216.103 - - [18/Mar/2026:08:21:12 -0400] "GET /how-to-take-care-of-a-fiddle-leaf-fig-tree/ HTTP/1.1" 200 55566 "https://planetnewspro.com/?p=35988" "Mozilla/5.0 AppleWebKit/537.36 (KHTML, like Gecko; compatible; ClaudeBot/1.0; +claudebot@anthropic.com)"
185.213.175.121 - - [18/Mar/2026:08:21:13 -0400] "GET /malaysia-sinkhole-race-in-opposition-to-time-as-malaysian-authorities-deploy-water-jets-in-the-hunt-for-indian-vacationer/ HTTP/1.1" 200 53413 "-" "Mozilla/5.0 (compatible; MJ12bot/v1.4.8; http://mj12bot.com/)"
216.73.216.103 - - [18/Mar/2026:08:21:15 -0400] "GET /good-occasion-gazebo-lowered-to-54-delivered-in-time-for-financial-institution-vacation-bbqs HTTP/1.1" 301 - "-" "Mozilla/5.0 AppleWebKit/537.36 (KHTML, like Gecko; compatible; ClaudeBot/1.0; +claudebot@anthropic.com)"
216.73.216.103 - - [18/Mar/2026:08:21:15 -0400] "GET /amidst-continued-wednesday-season-2-wait-netflix-brings-a-jenna-ortega-fashionable-basic-to-please-followers HTTP/1.1" 301 - "-" "Mozilla/5.0 AppleWebKit/537.36 (KHTML, like Gecko; compatible; ClaudeBot/1.0; +claudebot@anthropic.com)"
216.73.216.103 - - [18/Mar/2026:08:21:15 -0400] "GET /good-occasion-gazebo-lowered-to-54-delivered-in-time-for-financial-institution-vacation-bbqs/ HTTP/1.1" 200 54557 "https://planetnewspro.com/good-occasion-gazebo-lowered-to-54-delivered-in-time-for-financial-institution-vacation-bbqs" "Mozilla/5.0 AppleWebKit/537.36 (KHTML, like Gecko; compatible; ClaudeBot/1.0; +claudebot@anthropic.com)"
216.73.216.103 - - [18/Mar/2026:08:21:16 -0400] "GET /amidst-continued-wednesday-season-2-wait-netflix-brings-a-jenna-ortega-fashionable-basic-to-please-followers/ HTTP/1.1" 200 52742 "https://planetnewspro.com/amidst-continued-wednesday-season-2-wait-netflix-brings-a-jenna-ortega-fashionable-basic-to-please-followers" "Mozilla/5.0 AppleWebKit/537.36 (KHTML, like Gecko; compatible; ClaudeBot/1.0; +claudebot@anthropic.com)"
216.73.216.103 - - [18/Mar/2026:08:21:16 -0400] "GET /a-take-a-look-at-the-nuclear-rivals-as-pakistan-and-india-trace-at-army-motion-over-kashmir HTTP/1.1" 301 - "-" "Mozilla/5.0 AppleWebKit/537.36 (KHTML, like Gecko; compatible; ClaudeBot/1.0; +claudebot@anthropic.com)"
216.73.216.103 - - [18/Mar/2026:08:21:16 -0400] "GET /a-take-a-look-at-the-nuclear-rivals-as-pakistan-and-india-trace-at-army-motion-over-kashmir/ HTTP/1.1" 200 55352 "https://planetnewspro.com/a-take-a-look-at-the-nuclear-rivals-as-pakistan-and-india-trace-at-army-motion-over-kashmir" "Mozilla/5.0 AppleWebKit/537.36 (KHTML, like Gecko; compatible; ClaudeBot/1.0; +claudebot@anthropic.com)"
185.213.175.121 - - [18/Mar/2026:08:21:17 -0400] "GET /meghan-markle-and-prince-harry-mourn-youth-loss-as-they-champion-social-causes-by-means-of-the-archewell-basis/ HTTP/1.1" 200 52774 "-" "Mozilla/5.0 (compatible; MJ12bot/v1.4.8; http://mj12bot.com/)"
50.6.201.88 - - [18/Mar/2026:08:21:21 -0400] "POST /wp-cron.php?doing_wp_cron=1773836481.0000600814819335937500 HTTP/1.1" 200 - "-" "WordPress/6.9.4; https://planetnewspro.com"
85.208.96.212 - - [18/Mar/2026:08:21:18 -0400] "GET /greatest-vacation-cook-dinner-guide-releases-in-2024-for-a-household-feast/ HTTP/1.1" 200 53856 "-" "Mozilla/5.0 (compatible; SemrushBot/7~bl; +http://www.semrush.com/bot.html)"
50.6.201.88 - - [18/Mar/2026:08:21:23 -0400] "POST /wp-cron.php?doing_wp_cron=1773836483.0375308990478515625000 HTTP/1.1" 200 - "-" "WordPress/6.9.4; https://planetnewspro.com"
85.208.96.194 - - [18/Mar/2026:08:21:22 -0400] "GET /openais-o3-exhibits-exceptional-progress-on-arc-agi-sparking-debate-on-ai-reasoning/ HTTP/1.1" 200 56351 "-" "Mozilla/5.0 (compatible; SemrushBot/7~bl; +http://www.semrush.com/bot.html)"
85.208.96.196 - - [18/Mar/2026:08:21:28 -0400] "GET /is-sydney-sweeney-pregnant-whats-the-social-media-uproar-all-about/ HTTP/1.1" 200 52497 "-" "Mozilla/5.0 (compatible; SemrushBot/7~bl; +http://www.semrush.com/bot.html)"
185.213.175.121 - - [18/Mar/2026:08:21:32 -0400] "GET /modis-celebration-and-allies-set-for-large-election-win-in-indias-richest-state/ HTTP/1.1" 200 53172 "-" "Mozilla/5.0 (compatible; MJ12bot/v1.4.8; http://mj12bot.com/)"
185.213.175.121 - - [18/Mar/2026:08:21:35 -0400] "GET /myerss-signature-cask-assortment-options-5-rums-all-completed-in-buffalo-hint-vintage-assortment-whiskeys/ HTTP/1.1" 200 54212 "-" "Mozilla/5.0 (compatible; MJ12bot/v1.4.8; http://mj12bot.com/)"
185.213.175.121 - - [18/Mar/2026:08:21:39 -0400] "GET /narendra-modis-attraction-faces-check-as-delhi-votes-in-state-election/ HTTP/1.1" 200 53838 "-" "Mozilla/5.0 (compatible; MJ12bot/v1.4.8; http://mj12bot.com/)"
185.213.175.121 - - [18/Mar/2026:08:21:43 -0400] "GET /no-19-military-places-unbeaten-mark-on-line-vs-no-6-notre-dame/ HTTP/1.1" 200 52571 "-" "Mozilla/5.0 (compatible; MJ12bot/v1.4.8; http://mj12bot.com/)"
185.213.175.121 - - [18/Mar/2026:08:21:47 -0400] "GET /no-22-st-johns-meets-new-mexico-in-battle-of-the-pitinos/ HTTP/1.1" 200 52394 "-" "Mozilla/5.0 (compatible; MJ12bot/v1.4.8; http://mj12bot.com/)"
185.191.171.16 - - [18/Mar/2026:08:21:47 -0400] "GET /mikey-madisons-anora-earns-honorary-hat-trick-amidst-award-season-glory/ HTTP/1.1" 200 52502 "-" "Mozilla/5.0 (compatible; SemrushBot/7~bl; +http://www.semrush.com/bot.html)"
185.213.175.121 - - [18/Mar/2026:08:21:50 -0400] "GET /pakistan-police-fires-tear-gasoline-at-protesting-college-students-as-anger-spreads-over-alleged-on-campus-rape/ HTTP/1.1" 200 53189 "-" "Mozilla/5.0 (compatible; MJ12bot/v1.4.8; http://mj12bot.com/)"
216.73.216.103 - - [18/Mar/2026:08:21:53 -0400] "GET /putin-agreed-to-let-us-europe-supply-nato-style-safety-protections-for-ukraine-trump-envoy-says HTTP/1.1" 301 - "-" "Mozilla/5.0 AppleWebKit/537.36 (KHTML, like Gecko; compatible; ClaudeBot/1.0; +claudebot@anthropic.com)"
216.73.216.103 - - [18/Mar/2026:08:21:54 -0400] "GET /indian-followers-go-wild-as-14-year-old-cricket-prodigy-vaibhav-suryavanshi-hits-gorgeous-ipl-century HTTP/1.1" 301 - "-" "Mozilla/5.0 AppleWebKit/537.36 (KHTML, like Gecko; compatible; ClaudeBot/1.0; +claudebot@anthropic.com)"
216.73.216.103 - - [18/Mar/2026:08:21:54 -0400] "GET /putin-agreed-to-let-us-europe-supply-nato-style-safety-protections-for-ukraine-trump-envoy-says/ HTTP/1.1" 200 52814 "https://planetnewspro.com/putin-agreed-to-let-us-europe-supply-nato-style-safety-protections-for-ukraine-trump-envoy-says" "Mozilla/5.0 AppleWebKit/537.36 (KHTML, like Gecko; compatible; ClaudeBot/1.0; +claudebot@anthropic.com)"
216.73.216.103 - - [18/Mar/2026:08:21:54 -0400] "GET /indian-followers-go-wild-as-14-year-old-cricket-prodigy-vaibhav-suryavanshi-hits-gorgeous-ipl-century/ HTTP/1.1" 200 53599 "https://planetnewspro.com/indian-followers-go-wild-as-14-year-old-cricket-prodigy-vaibhav-suryavanshi-hits-gorgeous-ipl-century" "Mozilla/5.0 AppleWebKit/537.36 (KHTML, like Gecko; compatible; ClaudeBot/1.0; +claudebot@anthropic.com)"
216.73.216.103 - - [18/Mar/2026:08:21:55 -0400] "GET /actual-deal-florence-pugh-already-swayed-mcu-legend-scarlett-johansson-4-years-earlier-than-thunderbolts HTTP/1.1" 301 - "-" "Mozilla/5.0 AppleWebKit/537.36 (KHTML, like Gecko; compatible; ClaudeBot/1.0; +claudebot@anthropic.com)"
216.73.216.103 - - [18/Mar/2026:08:21:55 -0400] "GET /actual-deal-florence-pugh-already-swayed-mcu-legend-scarlett-johansson-4-years-earlier-than-thunderbolts/ HTTP/1.1" 200 52863 "https://planetnewspro.com/actual-deal-florence-pugh-already-swayed-mcu-legend-scarlett-johansson-4-years-earlier-than-thunderbolts" "Mozilla/5.0 AppleWebKit/537.36 (KHTML, like Gecko; compatible; ClaudeBot/1.0; +claudebot@anthropic.com)"
50.6.201.88 - - [18/Mar/2026:08:22:02 -0400] "POST /wp-cron.php?doing_wp_cron=1773836522.1085801124572753906250 HTTP/1.1" 200 - "-" "WordPress/6.9.4; https://planetnewspro.com"
185.213.175.121 - - [18/Mar/2026:08:22:01 -0400] "GET /peanut-butter-valentines-day-cookies/ HTTP/1.1" 200 60504 "-" "Mozilla/5.0 (compatible; MJ12bot/v1.4.8; http://mj12bot.com/)"
50.6.201.88 - - [18/Mar/2026:08:22:02 -0400] "POST /wp-admin/admin-ajax.php?action=async_litespeed&nonce=6a32a20319&litespeed_type=imgoptm HTTP/1.1" 200 21 "-" "WordPress/6.9.4; https://planetnewspro.com"
185.213.175.121 - - [18/Mar/2026:08:22:06 -0400] "GET /pistons-journey-phenomenal-efficiency-into-conflict-vs-hornets/ HTTP/1.1" 200 52228 "-" "Mozilla/5.0 (compatible; MJ12bot/v1.4.8; http://mj12bot.com/)"
50.6.201.88 - - [18/Mar/2026:08:22:12 -0400] "POST /wp-cron.php?doing_wp_cron=1773836532.8227629661560058593750 HTTP/1.1" 200 - "-" "WordPress/6.9.4; https://planetnewspro.com"
85.208.96.205 - - [18/Mar/2026:08:22:12 -0400] "GET /vibe-coding-vibe-checking-and-vibe-running-a-blog-oreilly/ HTTP/1.1" 200 57872 "-" "Mozilla/5.0 (compatible; SemrushBot/7~bl; +http://www.semrush.com/bot.html)"
216.73.216.103 - - [18/Mar/2026:08:22:16 -0400] "GET /most-californians-oppose-urged-redistricting-modifications-ballot HTTP/1.1" 301 - "-" "Mozilla/5.0 AppleWebKit/537.36 (KHTML, like Gecko; compatible; ClaudeBot/1.0; +claudebot@anthropic.com)"
216.73.216.103 - - [18/Mar/2026:08:22:16 -0400] "GET /the-best-creamy-lemon-orzo-recipe HTTP/1.1" 301 - "-" "Mozilla/5.0 AppleWebKit/537.36 (KHTML, like Gecko; compatible; ClaudeBot/1.0; +claudebot@anthropic.com)"
185.213.175.121 - - [18/Mar/2026:08:22:15 -0400] "GET /south-korean-man-arrested-for-fatally-stabbing-girl-in-grocery-store/ HTTP/1.1" 200 53259 "-" "Mozilla/5.0 (compatible; MJ12bot/v1.4.8; http://mj12bot.com/)"
50.6.201.88 - - [18/Mar/2026:08:22:17 -0400] "POST /wp-cron.php?doing_wp_cron=1773836537.4219050407409667968750 HTTP/1.1" 200 - "-" "WordPress/6.9.4; https://planetnewspro.com"
216.73.216.103 - - [18/Mar/2026:08:22:16 -0400] "GET /most-californians-oppose-urged-redistricting-modifications-ballot/ HTTP/1.1" 200 54714 "https://planetnewspro.com/most-californians-oppose-urged-redistricting-modifications-ballot" "Mozilla/5.0 AppleWebKit/537.36 (KHTML, like Gecko; compatible; ClaudeBot/1.0; +claudebot@anthropic.com)"
216.73.216.103 - - [18/Mar/2026:08:22:17 -0400] "GET /prince-harry-and-king-charles-may-attain-peaceable-decision-subsequent-week HTTP/1.1" 301 - "-" "Mozilla/5.0 AppleWebKit/537.36 (KHTML, like Gecko; compatible; ClaudeBot/1.0; +claudebot@anthropic.com)"
50.6.201.88 - - [18/Mar/2026:08:22:17 -0400] "POST /wp-cron.php?doing_wp_cron=1773836537.8017261028289794921875 HTTP/1.1" 200 - "-" "WordPress/6.9.4; https://planetnewspro.com"
216.73.216.103 - - [18/Mar/2026:08:22:17 -0400] "GET /the-best-creamy-lemon-orzo-recipe/ HTTP/1.1" 200 55507 "https://planetnewspro.com/the-best-creamy-lemon-orzo-recipe" "Mozilla/5.0 AppleWebKit/537.36 (KHTML, like Gecko; compatible; ClaudeBot/1.0; +claudebot@anthropic.com)"
216.73.216.103 - - [18/Mar/2026:08:22:17 -0400] "GET /prince-harry-and-king-charles-may-attain-peaceable-decision-subsequent-week/ HTTP/1.1" 200 54756 "https://planetnewspro.com/prince-harry-and-king-charles-may-attain-peaceable-decision-subsequent-week" "Mozilla/5.0 AppleWebKit/537.36 (KHTML, like Gecko; compatible; ClaudeBot/1.0; +claudebot@anthropic.com)"
185.213.175.121 - - [18/Mar/2026:08:22:28 -0400] "GET /that-is-what-occurred-the-final-time-trump-and-china-had-a-commerce-struggle/ HTTP/1.1" 200 53368 "-" "Mozilla/5.0 (compatible; MJ12bot/v1.4.8; http://mj12bot.com/)"
185.213.175.121 - - [18/Mar/2026:08:22:32 -0400] "GET /the-aga-khan-useless-at-88-religious-chief-philanthropist-and-one-of-many-worlds-richest-males-passes-away-in-lisbon/ HTTP/1.1" 200 53202 "-" "Mozilla/5.0 (compatible; MJ12bot/v1.4.8; http://mj12bot.com/)"
185.213.175.121 - - [18/Mar/2026:08:22:36 -0400] "GET /the-iconic-waldorf-salad-will-get-an-improve-with-this-one-straightforward-trick/ HTTP/1.1" 200 55831 "-" "Mozilla/5.0 (compatible; MJ12bot/v1.4.8; http://mj12bot.com/)"
216.73.216.103 - - [18/Mar/2026:08:22:40 -0400] "GET /easy-method-to-get-common-credit-score-advance-earlier-than-subsequent-cost HTTP/1.1" 301 - "-" "Mozilla/5.0 AppleWebKit/537.36 (KHTML, like Gecko; compatible; ClaudeBot/1.0; +claudebot@anthropic.com)"
216.73.216.103 - - [18/Mar/2026:08:22:40 -0400] "GET /liverpool-should-present-theyve-realized-switch-classes-after-seeing-jurgen-klopp-plan-backfire HTTP/1.1" 301 - "-" "Mozilla/5.0 AppleWebKit/537.36 (KHTML, like Gecko; compatible; ClaudeBot/1.0; +claudebot@anthropic.com)"
216.73.216.103 - - [18/Mar/2026:08:22:40 -0400] "GET /easy-method-to-get-common-credit-score-advance-earlier-than-subsequent-cost/ HTTP/1.1" 200 53927 "https://planetnewspro.com/easy-method-to-get-common-credit-score-advance-earlier-than-subsequent-cost" "Mozilla/5.0 AppleWebKit/537.36 (KHTML, like Gecko; compatible; ClaudeBot/1.0; +claudebot@anthropic.com)"
216.73.216.103 - - [18/Mar/2026:08:22:41 -0400] "GET /budding-star-chinnie-arroyo-a-revelation-for-zus HTTP/1.1" 301 - "-" "Mozilla/5.0 AppleWebKit/537.36 (KHTML, like Gecko; compatible; ClaudeBot/1.0; +claudebot@anthropic.com)"
216.73.216.103 - - [18/Mar/2026:08:22:41 -0400] "GET /liverpool-should-present-theyve-realized-switch-classes-after-seeing-jurgen-klopp-plan-backfire/ HTTP/1.1" 200 55177 "https://planetnewspro.com/liverpool-should-present-theyve-realized-switch-classes-after-seeing-jurgen-klopp-plan-backfire" "Mozilla/5.0 AppleWebKit/537.36 (KHTML, like Gecko; compatible; ClaudeBot/1.0; +claudebot@anthropic.com)"
216.73.216.103 - - [18/Mar/2026:08:22:41 -0400] "GET /budding-star-chinnie-arroyo-a-revelation-for-zus/ HTTP/1.1" 200 54290 "https://planetnewspro.com/budding-star-chinnie-arroyo-a-revelation-for-zus" "Mozilla/5.0 AppleWebKit/537.36 (KHTML, like Gecko; compatible; ClaudeBot/1.0; +claudebot@anthropic.com)"
185.213.175.121 - - [18/Mar/2026:08:22:41 -0400] "GET /z-library-the-robin-hood-of-college-students-in-misery/ HTTP/1.1" 200 53032 "-" "Mozilla/5.0 (compatible; MJ12bot/v1.4.8; http://mj12bot.com/)"
185.191.171.16 - - [18/Mar/2026:08:23:14 -0400] "GET /limits-on-housing-and-vitality-have-made-politics-poisonous-within-the-us/ HTTP/1.1" 200 54281 "-" "Mozilla/5.0 (compatible; SemrushBot/7~bl; +http://www.semrush.com/bot.html)"
50.6.201.88 - - [18/Mar/2026:08:23:20 -0400] "POST /wp-cron.php?doing_wp_cron=1773836600.0750761032104492187500 HTTP/1.1" 200 - "-" "WordPress/6.9.4; https://planetnewspro.com"
85.208.96.206 - - [18/Mar/2026:08:23:19 -0400] "GET /beijing-to-introduce-journey-cross-for-worldwide-guests/ HTTP/1.1" 200 51918 "-" "Mozilla/5.0 (compatible; SemrushBot/7~bl; +http://www.semrush.com/bot.html)"
50.6.201.88 - - [18/Mar/2026:08:23:20 -0400] "POST /wp-admin/admin-ajax.php?action=async_litespeed&nonce=6a32a20319&litespeed_type=imgoptm HTTP/1.1" 200 21 "-" "WordPress/6.9.4; https://planetnewspro.com"
85.208.96.206 - - [18/Mar/2026:08:23:23 -0400] "GET /13-finest-jason-statham-motion-pictures-and-the-place-to-stream-them-for-an-motion-packed-marathon/ HTTP/1.1" 200 58271 "-" "Mozilla/5.0 (compatible; SemrushBot/7~bl; +http://www.semrush.com/bot.html)"
17.241.219.58 - - [18/Mar/2026:08:23:37 -0400] "GET /wp-content/plugins/td-cloud-library/assets/js/tdbSearch.js?ver=b379c96c54343541fd8742379a419361 HTTP/1.1" 200 5945 "https://planetnewspro.com/rating-each-winnie-the-pooh-film-ever-made/" "Mozilla/5.0 (Macintosh; Intel Mac OS X 10_15_7) AppleWebKit/605.1.15 (KHTML, like Gecko) Version/17.4 Safari/605.1.15 (Applebot/0.1; +http://www.apple.com/go/applebot)"
185.191.171.1 - - [18/Mar/2026:08:23:42 -0400] "GET /biden-has-a-chilly-marketing-campaign-tells-reporters-halfway-by-means-of-disastrous-debate-biden-has-been-sick-for-days-the-gateway-pundit/ HTTP/1.1" 200 52701 "-" "Mozilla/5.0 (compatible; SemrushBot/7~bl; +http://www.semrush.com/bot.html)"
17.241.75.229 - - [18/Mar/2026:08:23:42 -0400] "GET /wp-content/plugins/td-composer/legacy/Newspaper/js/tdSmartSidebar.js?ver=12.6.6 HTTP/1.1" 200 9915 "https://planetnewspro.com/rating-each-winnie-the-pooh-film-ever-made/" "Mozilla/5.0 (Macintosh; Intel Mac OS X 10_15_7) AppleWebKit/605.1.15 (KHTML, like Gecko) Version/17.4 Safari/605.1.15 (Applebot/0.1; +http://www.apple.com/go/applebot)"
17.241.219.34 - - [18/Mar/2026:08:23:48 -0400] "GET /wp-content/plugins/td-composer/legacy/Newspaper/js/tdLogin.js?ver=12.6.6 HTTP/1.1" 200 13630 "https://planetnewspro.com/rating-each-winnie-the-pooh-film-ever-made/" "Mozilla/5.0 (Macintosh; Intel Mac OS X 10_15_7) AppleWebKit/605.1.15 (KHTML, like Gecko) Version/17.4 Safari/605.1.15 (Applebot/0.1; +http://www.apple.com/go/applebot)"
85.208.96.197 - - [18/Mar/2026:08:23:56 -0400] "GET /brentford-vs-manchester-metropolis-preview-reside-streaming-january-15-2025-premier-league/ HTTP/1.1" 200 56584 "-" "Mozilla/5.0 (compatible; SemrushBot/7~bl; +http://www.semrush.com/bot.html)"
50.6.201.88 - - [18/Mar/2026:08:24:09 -0400] "POST /wp-cron.php?doing_wp_cron=1773836649.5913250446319580078125 HTTP/1.1" 200 - "-" "WordPress/6.9.4; https://planetnewspro.com"
185.191.171.16 - - [18/Mar/2026:08:24:06 -0400] "GET /advantages-of-audiobooks-for-children/ HTTP/1.1" 200 54679 "-" "Mozilla/5.0 (compatible; SemrushBot/7~bl; +http://www.semrush.com/bot.html)"
50.6.201.88 - - [18/Mar/2026:08:24:09 -0400] "POST /wp-admin/admin-ajax.php?action=async_litespeed&nonce=6a32a20319&litespeed_type=imgoptm HTTP/1.1" 200 21 "-" "WordPress/6.9.4; https://planetnewspro.com"
50.6.201.88 - - [18/Mar/2026:08:25:00 -0400] "POST /wp-cron.php?doing_wp_cron=1773836700.5911109447479248046875 HTTP/1.1" 200 - "-" "WordPress/6.9.4; https://planetnewspro.com"
185.191.171.13 - - [18/Mar/2026:08:24:58 -0400] "GET /steve-mnuchin-requires-a-culling-of-the-20-year-treasury-bond-he-reintroduced/ HTTP/1.1" 200 54472 "-" "Mozilla/5.0 (compatible; SemrushBot/7~bl; +http://www.semrush.com/bot.html)"
50.6.201.88 - - [18/Mar/2026:08:25:00 -0400] "POST /wp-admin/admin-ajax.php?action=async_litespeed&nonce=6a32a20319&litespeed_type=imgoptm HTTP/1.1" 200 21 "-" "WordPress/6.9.4; https://planetnewspro.com"
85.208.96.201 - - [18/Mar/2026:08:25:03 -0400] "GET /netflix-cancels-hit-supernatural-sequence-lifeless-boy-detectives-however-followers-need-to-resurrect-it-from-the-grave/ HTTP/1.1" 200 55624 "-" "Mozilla/5.0 (compatible; SemrushBot/7~bl; +http://www.semrush.com/bot.html)"
85.208.96.203 - - [18/Mar/2026:08:25:05 -0400] "GET /federal-funding-freeze-how-will-wildlife-conservation-be-impacted/ HTTP/1.1" 200 54844 "-" "Mozilla/5.0 (compatible; SemrushBot/7~bl; +http://www.semrush.com/bot.html)"
188.187.48.66 - - [18/Mar/2026:08:25:11 -0400] "GET /wp-comments-post.php HTTP/1.0" 405 - "https://planetnewspro.com/wp-comments-post.php" "Mozilla/5.0 (Windows NT 10.0; Win64; x64) AppleWebKit/537.36 (KHTML, like Gecko) Chrome/130.0.0.0 Safari/537.36 CCleaner/130.0.0.0"
50.6.201.88 - - [18/Mar/2026:08:25:13 -0400] "POST /wp-cron.php?doing_wp_cron=1773836713.3480660915374755859375 HTTP/1.1" 200 - "-" "WordPress/6.9.4; https://planetnewspro.com"
188.187.48.66 - - [18/Mar/2026:08:25:12 -0400] "GET / HTTP/1.0" 200 492263 "https://planetnewspro.com/" "Mozilla/5.0 (Windows NT 10.0; Win64; x64) AppleWebKit/537.36 (KHTML, like Gecko) Chrome/130.0.0.0 Safari/537.36 CCleaner/130.0.0.0"
188.187.48.66 - - [18/Mar/2026:08:25:15 -0400] "GET /why-your-metabolism-isnt-slowing-after-30-whats-actually-going-on/ HTTP/1.0" 200 318761 "https://planetnewspro.com/why-your-metabolism-isnt-slowing-after-30-whats-actually-going-on/" "Mozilla/5.0 (Windows NT 10.0; Win64; x64) AppleWebKit/537.36 (KHTML, like Gecko) Chrome/130.0.0.0 Safari/537.36 CCleaner/130.0.0.0"
