85.208.96.196 - - [18/Mar/2026:10:04:31 -0400] "GET /8-finest-secured-bank-cards-of-january-2025/ HTTP/1.1" 200 66052 "-" "Mozilla/5.0 (compatible; SemrushBot/7~bl; +http://www.semrush.com/bot.html)"
142.44.225.191 - - [18/Mar/2026:10:04:46 -0400] "GET /the-5-finest-motels-in-istanbul/ HTTP/1.1" 200 55592 "-" "Mozilla/5.0 (compatible; AhrefsBot/7.0; +http://ahrefs.com/robot/)"
50.6.201.88 - - [18/Mar/2026:10:04:58 -0400] "POST /wp-cron.php?doing_wp_cron=1773842698.3634529113769531250000 HTTP/1.1" 200 - "-" "WordPress/6.9.4; https://planetnewspro.com"
185.191.171.4 - - [18/Mar/2026:10:04:55 -0400] "GET /anti-piracy-efforts-results-in-higher-sale-of-authorized-copies-however-solely-barely/ HTTP/1.1" 200 53227 "-" "Mozilla/5.0 (compatible; SemrushBot/7~bl; +http://www.semrush.com/bot.html)"
50.6.201.88 - - [18/Mar/2026:10:05:03 -0400] "POST /wp-cron.php?doing_wp_cron=1773842703.9229159355163574218750 HTTP/1.1" 200 - "-" "WordPress/6.9.4; https://planetnewspro.com"
85.208.96.204 - - [18/Mar/2026:10:05:03 -0400] "GET /30-make-forward-thanksgiving-breakfast-concepts/ HTTP/1.1" 200 64938 "-" "Mozilla/5.0 (compatible; SemrushBot/7~bl; +http://www.semrush.com/bot.html)"
50.6.201.88 - - [18/Mar/2026:10:05:04 -0400] "POST /wp-admin/admin-ajax.php?action=async_litespeed&nonce=6a32a20319&litespeed_type=imgoptm HTTP/1.1" 200 21 "-" "WordPress/6.9.4; https://planetnewspro.com"
50.6.201.88 - - [18/Mar/2026:10:05:09 -0400] "POST /wp-cron.php?doing_wp_cron=1773842709.4352869987487792968750 HTTP/1.1" 200 - "-" "WordPress/6.9.4; https://planetnewspro.com"
85.208.96.211 - - [18/Mar/2026:10:05:09 -0400] "GET /10-canceled-sci-fi-tv-reveals-that-left-followers-wanting-extra/ HTTP/1.1" 200 53846 "-" "Mozilla/5.0 (compatible; SemrushBot/7~bl; +http://www.semrush.com/bot.html)"
50.6.201.88 - - [18/Mar/2026:10:05:23 -0400] "POST /wp-cron.php?doing_wp_cron=1773842723.0384271144866943359375 HTTP/1.1" 200 - "-" "WordPress/6.9.4; https://planetnewspro.com"
89.211.249.122 - - [18/Mar/2026:10:05:22 -0400] "POST /xmlrpc.php HTTP/1.1" 200 403 "-" "Mozilla/5.0 (Windows NT 6.3; arm64) AppleWebKit/537.36 (KHTML, like Gecko) Safari/15.0.0.0 Safari/537.36"
85.208.98.16 - - [18/Mar/2026:10:05:23 -0400] "GET /chris-bumsteads-rise-to-iconic-bodybuilder-and-businessman/ HTTP/1.1" 200 53048 "-" "Mozilla/5.0 (compatible; SemrushBot-BA; +http://www.semrush.com/bot.html)"
216.73.216.103 - - [18/Mar/2026:10:05:37 -0400] "GET /?p=35098 HTTP/1.1" 301 - "-" "Mozilla/5.0 AppleWebKit/537.36 (KHTML, like Gecko; compatible; ClaudeBot/1.0; +claudebot@anthropic.com)"
216.73.216.103 - - [18/Mar/2026:10:05:37 -0400] "GET /the-right-way-to-write-a-guide-dedication-that-readers-will-bear-in-mind/ HTTP/1.1" 200 57230 "https://planetnewspro.com/?p=35098" "Mozilla/5.0 AppleWebKit/537.36 (KHTML, like Gecko; compatible; ClaudeBot/1.0; +claudebot@anthropic.com)"
216.73.216.103 - - [18/Mar/2026:10:05:42 -0400] "GET /?p=37135 HTTP/1.1" 301 - "-" "Mozilla/5.0 AppleWebKit/537.36 (KHTML, like Gecko; compatible; ClaudeBot/1.0; +claudebot@anthropic.com)"
216.73.216.103 - - [18/Mar/2026:10:05:42 -0400] "GET /netflix-to-host-star-studded-boxing-exhibition-will-it-be-accessible-in-usa/ HTTP/1.1" 200 52567 "https://planetnewspro.com/?p=37135" "Mozilla/5.0 AppleWebKit/537.36 (KHTML, like Gecko; compatible; ClaudeBot/1.0; +claudebot@anthropic.com)"
185.191.171.16 - - [18/Mar/2026:10:05:48 -0400] "GET /epic-july-4th-laptop-computer-gross-sales-deep-reductions-on-high-brands-like-apple-lenovo-hp-and-dell/ HTTP/1.1" 200 59833 "-" "Mozilla/5.0 (compatible; SemrushBot/7~bl; +http://www.semrush.com/bot.html)"
50.6.201.88 - - [18/Mar/2026:10:06:14 -0400] "POST /wp-cron.php?doing_wp_cron=1773842774.4082689285278320312500 HTTP/1.1" 200 - "-" "WordPress/6.9.4; https://planetnewspro.com"
216.73.216.103 - - [18/Mar/2026:10:06:14 -0400] "GET /?p=35278 HTTP/1.1" 301 - "-" "Mozilla/5.0 AppleWebKit/537.36 (KHTML, like Gecko; compatible; ClaudeBot/1.0; +claudebot@anthropic.com)"
50.6.201.88 - - [18/Mar/2026:10:06:14 -0400] "POST /wp-admin/admin-ajax.php?action=async_litespeed&nonce=6a32a20319&litespeed_type=imgoptm HTTP/1.1" 200 21 "-" "WordPress/6.9.4; https://planetnewspro.com"
216.73.216.103 - - [18/Mar/2026:10:06:14 -0400] "GET /how-to-do-wall-walks-construct-higher-physique-energy-and-muscle-management/ HTTP/1.1" 200 54138 "https://planetnewspro.com/?p=35278" "Mozilla/5.0 AppleWebKit/537.36 (KHTML, like Gecko; compatible; ClaudeBot/1.0; +claudebot@anthropic.com)"
50.6.201.88 - - [18/Mar/2026:10:06:26 -0400] "POST /wp-cron.php?doing_wp_cron=1773842786.9248580932617187500000 HTTP/1.1" 200 - "-" "WordPress/6.9.4; https://planetnewspro.com"
89.211.249.122 - - [18/Mar/2026:10:06:26 -0400] "POST /xmlrpc.php HTTP/1.1" 200 403 "-" "Mozilla/5.0 (X11; Ubuntu; Linux x86_64; x64) AppleWebKit/537.36 (KHTML, like Gecko) Chrome/106.0.0.0 Safari/537.36"
85.208.96.204 - - [18/Mar/2026:10:06:41 -0400] "GET /author/admin-pnp-171/page/740/ HTTP/1.1" 200 43853 "-" "Mozilla/5.0 (compatible; SemrushBot/7~bl; +http://www.semrush.com/bot.html)"
50.6.201.88 - - [18/Mar/2026:10:07:01 -0400] "POST /wp-cron.php?doing_wp_cron=1773842821.8944599628448486328125 HTTP/1.1" 200 - "-" "WordPress/6.9.4; https://planetnewspro.com"
216.73.216.103 - - [18/Mar/2026:10:07:01 -0400] "GET /?p=36889 HTTP/1.1" 301 - "-" "Mozilla/5.0 AppleWebKit/537.36 (KHTML, like Gecko; compatible; ClaudeBot/1.0; +claudebot@anthropic.com)"
50.6.201.88 - - [18/Mar/2026:10:07:01 -0400] "POST /wp-admin/admin-ajax.php?action=async_litespeed&nonce=6a32a20319&litespeed_type=imgoptm HTTP/1.1" 200 21 "-" "WordPress/6.9.4; https://planetnewspro.com"
216.73.216.103 - - [18/Mar/2026:10:07:01 -0400] "GET /no-bake-cookies-recipe-love-and-lemons/ HTTP/1.1" 200 55731 "https://planetnewspro.com/?p=36889" "Mozilla/5.0 AppleWebKit/537.36 (KHTML, like Gecko; compatible; ClaudeBot/1.0; +claudebot@anthropic.com)"
50.6.201.88 - - [18/Mar/2026:10:07:11 -0400] "POST /wp-cron.php?doing_wp_cron=1773842831.5238931179046630859375 HTTP/1.1" 200 - "-" "WordPress/6.9.4; https://planetnewspro.com"
85.208.96.206 - - [18/Mar/2026:10:07:10 -0400] "GET /straightforward-one-pot-rooster-and-rice/ HTTP/1.1" 200 57860 "-" "Mozilla/5.0 (compatible; SemrushBot/7~bl; +http://www.semrush.com/bot.html)"
50.6.201.88 - - [18/Mar/2026:10:07:27 -0400] "POST /wp-cron.php?doing_wp_cron=1773842847.6143510341644287109375 HTTP/1.1" 200 - "-" "WordPress/6.9.4; https://planetnewspro.com"
85.208.96.200 - - [18/Mar/2026:10:07:26 -0400] "GET /high-romantic-spots-for-couples-in-barcelona/ HTTP/1.1" 200 57724 "-" "Mozilla/5.0 (compatible; SemrushBot/7~bl; +http://www.semrush.com/bot.html)"
89.211.249.122 - - [18/Mar/2026:10:07:29 -0400] "POST /xmlrpc.php HTTP/1.1" 200 403 "-" "Mozilla/5.0 (Macintosh; Intel Mac OS X 10_15_7; arm64) AppleWebKit/537.36 (KHTML, like Gecko) Safari/15.0.0.0 Safari/537.36"
185.191.171.15 - - [18/Mar/2026:10:07:36 -0400] "GET /watch-these-robinhood-worth-ranges-as-inventory-hits-3-yr-excessive-after-improve/ HTTP/1.1" 200 53658 "-" "Mozilla/5.0 (compatible; SemrushBot/7~bl; +http://www.semrush.com/bot.html)"
85.208.96.193 - - [18/Mar/2026:10:07:40 -0400] "GET /second-easyjet-flight-to-greece-is-compelled-to-divert-to-munich-after-drunk-passenger-tries-to-storm-the-cockpit-at-30000ft-earlier-than-being-restrained-by-hero-bystander/ HTTP/1.1" 200 53579 "-" "Mozilla/5.0 (compatible; SemrushBot/7~bl; +http://www.semrush.com/bot.html)"
50.6.201.88 - - [18/Mar/2026:10:07:53 -0400] "POST /wp-cron.php?doing_wp_cron=1773842873.9048719406127929687500 HTTP/1.1" 200 - "-" "WordPress/6.9.4; https://planetnewspro.com"
216.73.216.103 - - [18/Mar/2026:10:07:53 -0400] "GET /white-home-calls-reported-plan-to-spotlight-tariff-affect-in-amazon-pricing-hostile HTTP/1.1" 301 - "-" "Mozilla/5.0 AppleWebKit/537.36 (KHTML, like Gecko; compatible; ClaudeBot/1.0; +claudebot@anthropic.com)"
216.73.216.103 - - [18/Mar/2026:10:07:53 -0400] "GET /white-home-calls-reported-plan-to-spotlight-tariff-affect-in-amazon-pricing-hostile/ HTTP/1.1" 200 53228 "https://planetnewspro.com/white-home-calls-reported-plan-to-spotlight-tariff-affect-in-amazon-pricing-hostile" "Mozilla/5.0 AppleWebKit/537.36 (KHTML, like Gecko; compatible; ClaudeBot/1.0; +claudebot@anthropic.com)"
50.6.201.88 - - [18/Mar/2026:10:08:03 -0400] "POST /wp-cron.php?doing_wp_cron=1773842883.8104119300842285156250 HTTP/1.1" 200 - "-" "WordPress/6.9.4; https://planetnewspro.com"
85.208.96.212 - - [18/Mar/2026:10:08:03 -0400] "GET /openai-is-phasing-out-scale-ai-work-following-startups-meta-deal/ HTTP/1.1" 200 52425 "-" "Mozilla/5.0 (compatible; SemrushBot/7~bl; +http://www.semrush.com/bot.html)"
50.6.201.88 - - [18/Mar/2026:10:08:03 -0400] "POST /wp-admin/admin-ajax.php?action=async_litespeed&nonce=6a32a20319&litespeed_type=imgoptm HTTP/1.1" 200 21 "-" "WordPress/6.9.4; https://planetnewspro.com"
185.191.171.5 - - [18/Mar/2026:10:08:05 -0400] "GET /right-this-moments-mortgage-refinance-charges-by-state-nov-12-2024/ HTTP/1.1" 200 54509 "-" "Mozilla/5.0 (compatible; SemrushBot/7~bl; +http://www.semrush.com/bot.html)"
50.6.201.88 - - [18/Mar/2026:10:08:17 -0400] "POST /wp-cron.php?doing_wp_cron=1773842897.1318609714508056640625 HTTP/1.1" 200 - "-" "WordPress/6.9.4; https://planetnewspro.com"
110.249.202.174 - - [18/Mar/2026:10:08:17 -0400] "GET /robots.txt HTTP/1.1" 200 128 "-" "Mozilla/5.0 (Linux; Android 5.0) AppleWebKit/537.36 (KHTML, like Gecko) Mobile Safari/537.36 (compatible; Bytespider; https://zhanzhang.toutiao.com/)"
50.6.201.88 - - [18/Mar/2026:10:08:30 -0400] "POST /wp-cron.php?doing_wp_cron=1773842910.3667080402374267578125 HTTP/1.1" 200 - "-" "WordPress/6.9.4; https://planetnewspro.com"
216.73.216.103 - - [18/Mar/2026:10:08:30 -0400] "GET /canada-seeks-to-jail-freedom-convoy-organizers-for-8-years HTTP/1.1" 301 - "-" "Mozilla/5.0 AppleWebKit/537.36 (KHTML, like Gecko; compatible; ClaudeBot/1.0; +claudebot@anthropic.com)"
216.73.216.103 - - [18/Mar/2026:10:08:30 -0400] "GET /canada-seeks-to-jail-freedom-convoy-organizers-for-8-years/ HTTP/1.1" 200 55047 "https://planetnewspro.com/canada-seeks-to-jail-freedom-convoy-organizers-for-8-years" "Mozilla/5.0 AppleWebKit/537.36 (KHTML, like Gecko; compatible; ClaudeBot/1.0; +claudebot@anthropic.com)"
89.211.249.122 - - [18/Mar/2026:10:08:33 -0400] "POST /xmlrpc.php HTTP/1.1" 200 403 "-" "Mozilla/5.0 (Windows NT 10.0; arm64) AppleWebKit/537.36 (KHTML, like Gecko) Firefox/85.0.0.0 Safari/537.36"
216.73.216.103 - - [18/Mar/2026:10:08:41 -0400] "GET /pubg-cellular-4-0-replace-brings-tremendous-clean-graphics HTTP/1.1" 301 - "-" "Mozilla/5.0 AppleWebKit/537.36 (KHTML, like Gecko; compatible; ClaudeBot/1.0; +claudebot@anthropic.com)"
216.73.216.103 - - [18/Mar/2026:10:08:41 -0400] "GET /pubg-cellular-4-0-replace-brings-tremendous-clean-graphics/ HTTP/1.1" 200 53099 "https://planetnewspro.com/pubg-cellular-4-0-replace-brings-tremendous-clean-graphics" "Mozilla/5.0 AppleWebKit/537.36 (KHTML, like Gecko; compatible; ClaudeBot/1.0; +claudebot@anthropic.com)"
50.6.201.88 - - [18/Mar/2026:10:09:06 -0400] "POST /wp-cron.php?doing_wp_cron=1773842946.3083651065826416015625 HTTP/1.1" 200 - "-" "WordPress/6.9.4; https://planetnewspro.com"
185.191.171.8 - - [18/Mar/2026:10:09:05 -0400] "GET /nationals-on-upswing-forward-of-go-to-to-marlins/ HTTP/1.1" 200 52365 "-" "Mozilla/5.0 (compatible; SemrushBot/7~bl; +http://www.semrush.com/bot.html)"
50.6.201.88 - - [18/Mar/2026:10:09:06 -0400] "POST /wp-admin/admin-ajax.php?action=async_litespeed&nonce=6a32a20319&litespeed_type=imgoptm HTTP/1.1" 200 21 "-" "WordPress/6.9.4; https://planetnewspro.com"
50.6.201.88 - - [18/Mar/2026:10:09:23 -0400] "POST /wp-cron.php?doing_wp_cron=1773842963.4781990051269531250000 HTTP/1.1" 200 - "-" "WordPress/6.9.4; https://planetnewspro.com"
85.208.96.206 - - [18/Mar/2026:10:09:23 -0400] "GET /whats-the-agustawestland-case-involving-british-citizen-christian-michel/ HTTP/1.1" 200 55671 "-" "Mozilla/5.0 (compatible; SemrushBot/7~bl; +http://www.semrush.com/bot.html)"
85.208.96.197 - - [18/Mar/2026:10:09:26 -0400] "GET /dutch-king-willem-alexander-swears-in-geert-wilders-new-proper-wing-authorities-which-will-get-proper-to-work-to-make-netherlands-dutch-once-more-the-gateway-pundit/ HTTP/1.1" 200 53491 "-" "Mozilla/5.0 (compatible; SemrushBot/7~bl; +http://www.semrush.com/bot.html)"
216.73.216.103 - - [18/Mar/2026:10:09:27 -0400] "GET /gordon-ramsay-opens-his-first-restaurant-in-india-with-beef-free-avenue-burger-outlet HTTP/1.1" 301 - "-" "Mozilla/5.0 AppleWebKit/537.36 (KHTML, like Gecko; compatible; ClaudeBot/1.0; +claudebot@anthropic.com)"
216.73.216.103 - - [18/Mar/2026:10:09:27 -0400] "GET /gordon-ramsay-opens-his-first-restaurant-in-india-with-beef-free-avenue-burger-outlet/ HTTP/1.1" 200 53528 "https://planetnewspro.com/gordon-ramsay-opens-his-first-restaurant-in-india-with-beef-free-avenue-burger-outlet" "Mozilla/5.0 AppleWebKit/537.36 (KHTML, like Gecko; compatible; ClaudeBot/1.0; +claudebot@anthropic.com)"
89.211.249.122 - - [18/Mar/2026:10:09:30 -0400] "POST /xmlrpc.php HTTP/1.1" 200 403 "-" "Mozilla/5.0 (Windows NT 6.3; x86) AppleWebKit/537.36 (KHTML, like Gecko) Edge/97.0.0.0 Safari/537.36"
216.73.216.103 - - [18/Mar/2026:10:09:38 -0400] "GET /see-six-planets-line-up-within-the-upcoming-planet-parade-tonight HTTP/1.1" 301 - "-" "Mozilla/5.0 AppleWebKit/537.36 (KHTML, like Gecko; compatible; ClaudeBot/1.0; +claudebot@anthropic.com)"
216.73.216.103 - - [18/Mar/2026:10:09:38 -0400] "GET /see-six-planets-line-up-within-the-upcoming-planet-parade-tonight/ HTTP/1.1" 200 53206 "https://planetnewspro.com/see-six-planets-line-up-within-the-upcoming-planet-parade-tonight" "Mozilla/5.0 AppleWebKit/537.36 (KHTML, like Gecko; compatible; ClaudeBot/1.0; +claudebot@anthropic.com)"
85.208.96.193 - - [18/Mar/2026:10:09:55 -0400] "GET /after-arcane-season-1-ended-on-a-surprising-cliff-hanger-its-creators-say-it-was-at-all-times-the-plan-for-these-characters-to-die-within-the-season-2-premiere/ HTTP/1.1" 200 54548 "-" "Mozilla/5.0 (compatible; SemrushBot/7~bl; +http://www.semrush.com/bot.html)"
185.191.171.17 - - [18/Mar/2026:10:09:57 -0400] "GET /watch-democrat-adam-schiff-geese-questions-from-tgp-following-pam-bondis-senate-affirmation-listening-to-claims-that-biden-was-upholding-the-rule-of-legislation-with-political-persecution-of-dona/ HTTP/1.1" 200 53554 "-" "Mozilla/5.0 (compatible; SemrushBot/7~bl; +http://www.semrush.com/bot.html)"
50.6.201.88 - - [18/Mar/2026:10:10:01 -0400] "POST /wp-cron.php?doing_wp_cron=1773843000.9941558837890625000000 HTTP/1.1" 200 - "-" "WordPress/6.9.4; https://planetnewspro.com"
216.73.216.103 - - [18/Mar/2026:10:10:00 -0400] "GET /4-unforgettable-tales-that-formed-the-2025-world-sequence-of-poker HTTP/1.1" 301 - "-" "Mozilla/5.0 AppleWebKit/537.36 (KHTML, like Gecko; compatible; ClaudeBot/1.0; +claudebot@anthropic.com)"
50.6.201.88 - - [18/Mar/2026:10:10:01 -0400] "POST /wp-admin/admin-ajax.php?action=async_litespeed&nonce=6a32a20319&litespeed_type=imgoptm HTTP/1.1" 200 21 "-" "WordPress/6.9.4; https://planetnewspro.com"
216.73.216.103 - - [18/Mar/2026:10:10:01 -0400] "GET /4-unforgettable-tales-that-formed-the-2025-world-sequence-of-poker/ HTTP/1.1" 200 52619 "https://planetnewspro.com/4-unforgettable-tales-that-formed-the-2025-world-sequence-of-poker" "Mozilla/5.0 AppleWebKit/537.36 (KHTML, like Gecko; compatible; ClaudeBot/1.0; +claudebot@anthropic.com)"
50.6.201.88 - - [18/Mar/2026:10:10:23 -0400] "POST /wp-cron.php?doing_wp_cron=1773843023.2473790645599365234375 HTTP/1.1" 200 - "-" "WordPress/6.9.4; https://planetnewspro.com"
23.21.204.95 - - [18/Mar/2026:10:10:22 -0400] "GET /category/sports/page/33/ HTTP/1.1" 200 44379 "-" "Mozilla/5.0 AppleWebKit/537.36 (KHTML, like Gecko; compatible; Amazonbot/0.1; +https://developer.amazon.com/support/amazonbot) Chrome/119.0.6045.214 Safari/537.36"
3.217.171.106 - - [18/Mar/2026:10:10:27 -0400] "GET /wp-json/wp/v2/posts/17370 HTTP/1.1" 200 5919 "-" "Mozilla/5.0 AppleWebKit/537.36 (KHTML, like Gecko; compatible; Amazonbot/0.1; +https://developer.amazon.com/support/amazonbot) Chrome/119.0.6045.214 Safari/537.36"
216.73.216.103 - - [18/Mar/2026:10:10:29 -0400] "GET /kolkata-survive-vipraj-scare-to-disclaim-delhi-prime-spot HTTP/1.1" 301 - "-" "Mozilla/5.0 AppleWebKit/537.36 (KHTML, like Gecko; compatible; ClaudeBot/1.0; +claudebot@anthropic.com)"
216.73.216.103 - - [18/Mar/2026:10:10:30 -0400] "GET /kolkata-survive-vipraj-scare-to-disclaim-delhi-prime-spot/ HTTP/1.1" 200 53313 "https://planetnewspro.com/kolkata-survive-vipraj-scare-to-disclaim-delhi-prime-spot" "Mozilla/5.0 AppleWebKit/537.36 (KHTML, like Gecko; compatible; ClaudeBot/1.0; +claudebot@anthropic.com)"
23.22.105.143 - - [18/Mar/2026:10:10:30 -0400] "GET /wp-json/wp/v2/posts/42398 HTTP/1.1" 200 8972 "-" "Mozilla/5.0 AppleWebKit/537.36 (KHTML, like Gecko; compatible; Amazonbot/0.1; +https://developer.amazon.com/support/amazonbot) Chrome/119.0.6045.214 Safari/537.36"
89.211.249.122 - - [18/Mar/2026:10:10:34 -0400] "POST /xmlrpc.php HTTP/1.1" 200 403 "-" "Mozilla/5.0 (Windows NT 6.2; arm64) AppleWebKit/537.36 (KHTML, like Gecko) Edge/94.0.0.0 Safari/537.36"
107.22.208.39 - - [18/Mar/2026:10:10:34 -0400] "GET /merach-novarow-r50-the-finest-price-range-dwelling-rowing-different-to-concept2/ HTTP/1.1" 200 52726 "-" "Mozilla/5.0 AppleWebKit/537.36 (KHTML, like Gecko; compatible; Amazonbot/0.1; +https://developer.amazon.com/support/amazonbot) Chrome/119.0.6045.214 Safari/537.36"
44.193.102.198 - - [18/Mar/2026:10:10:38 -0400] "GET /wp-json/oembed/1.0/embed?url=https://planetnewspro.com/meta-ais-experimental-new-sensible-glasses-can-see-every-thing-you-do-and-even-inform-how-youre-feeling-about-it/ HTTP/1.1" 200 1526 "-" "Mozilla/5.0 AppleWebKit/537.36 (KHTML, like Gecko; compatible; Amazonbot/0.1; +https://developer.amazon.com/support/amazonbot) Chrome/119.0.6045.214 Safari/537.36"
51.75.129.164 - - [18/Mar/2026:10:10:40 -0400] "GET /robots.txt HTTP/1.1" 200 175 "-" "Mozilla/5.0 (compatible; MJ12bot/v1.4.8; http://mj12bot.com/)"
51.75.129.164 - - [18/Mar/2026:10:10:42 -0400] "GET /alex-pereira-makes-an-attempt-to-retake-title-from-magomed-ankalaev-at-ufc-320/ HTTP/1.1" 200 52551 "-" "Mozilla/5.0 (compatible; MJ12bot/v1.4.8; http://mj12bot.com/)"
34.233.114.237 - - [18/Mar/2026:10:10:42 -0400] "GET /wp-json/oembed/1.0/embed?format=xml&url=https://planetnewspro.com/assist-hurricane-beryl-reduction-efforts-by-donating-to-these-organizations/ HTTP/1.1" 200 1662 "-" "Mozilla/5.0 AppleWebKit/537.36 (KHTML, like Gecko; compatible; Amazonbot/0.1; +https://developer.amazon.com/support/amazonbot) Chrome/119.0.6045.214 Safari/537.36"
51.75.129.164 - - [18/Mar/2026:10:10:44 -0400] "GET /extra-women-are-beginning-their-intervals-youthful-than-ever-earlier-than-scientists-assume-theyve-lastly-discovered-whats-inflicting-it/ HTTP/1.1" 200 56153 "-" "Mozilla/5.0 (compatible; MJ12bot/v1.4.8; http://mj12bot.com/)"
50.6.201.88 - - [18/Mar/2026:10:10:47 -0400] "POST /wp-cron.php?doing_wp_cron=1773843047.1464710235595703125000 HTTP/1.1" 200 - "-" "WordPress/6.9.4; https://planetnewspro.com"
54.210.155.69 - - [18/Mar/2026:10:10:46 -0400] "GET /wp-json/oembed/1.0/embed?url=https://planetnewspro.com/chicago-academics-union-members-approve-deal-to-push-common-wage-over-114000/ HTTP/1.1" 200 1517 "-" "Mozilla/5.0 AppleWebKit/537.36 (KHTML, like Gecko; compatible; Amazonbot/0.1; +https://developer.amazon.com/support/amazonbot) Chrome/119.0.6045.214 Safari/537.36"
51.75.129.164 - - [18/Mar/2026:10:10:46 -0400] "GET /fast-simple-pizza-dip-recipe/ HTTP/1.1" 200 57116 "-" "Mozilla/5.0 (compatible; MJ12bot/v1.4.8; http://mj12bot.com/)"
50.6.201.88 - - [18/Mar/2026:10:10:50 -0400] "POST /wp-cron.php?doing_wp_cron=1773843050.8377699851989746093750 HTTP/1.1" 200 - "-" "WordPress/6.9.4; https://planetnewspro.com"
52.45.92.83 - - [18/Mar/2026:10:10:50 -0400] "GET /wp-json/oembed/1.0/embed?url=https://planetnewspro.com/loopy-like-a-fox-trumps-greenland-pitch-makes-excellent-sense/ HTTP/1.1" 200 1531 "-" "Mozilla/5.0 AppleWebKit/537.36 (KHTML, like Gecko; compatible; Amazonbot/0.1; +https://developer.amazon.com/support/amazonbot) Chrome/119.0.6045.214 Safari/537.36"
54.157.84.74 - - [18/Mar/2026:10:10:54 -0400] "GET /wp-json/oembed/1.0/embed?url=https://planetnewspro.com/ranveer-allahbadia-indias-high-court-docket-pulls-up-podcaster-for-incest-joke-it-exhibits-a-perverted-thoughts/ HTTP/1.1" 200 1637 "-" "Mozilla/5.0 AppleWebKit/537.36 (KHTML, like Gecko; compatible; Amazonbot/0.1; +https://developer.amazon.com/support/amazonbot) Chrome/119.0.6045.214 Safari/537.36"
50.6.201.88 - - [18/Mar/2026:10:11:08 -0400] "POST /wp-cron.php?doing_wp_cron=1773843068.6602718830108642578125 HTTP/1.1" 200 - "-" "WordPress/6.9.4; https://planetnewspro.com"
216.73.216.103 - - [18/Mar/2026:10:11:08 -0400] "GET /the-spanish-brad-pitt-alicia-silverstone-tells-the-wild-story-of-getting-this-academy-award-winner-into-the-trade HTTP/1.1" 301 - "-" "Mozilla/5.0 AppleWebKit/537.36 (KHTML, like Gecko; compatible; ClaudeBot/1.0; +claudebot@anthropic.com)"
50.6.201.88 - - [18/Mar/2026:10:11:08 -0400] "POST /wp-admin/admin-ajax.php?action=async_litespeed&nonce=6a32a20319&litespeed_type=imgoptm HTTP/1.1" 200 21 "-" "WordPress/6.9.4; https://planetnewspro.com"
216.73.216.103 - - [18/Mar/2026:10:11:08 -0400] "GET /the-spanish-brad-pitt-alicia-silverstone-tells-the-wild-story-of-getting-this-academy-award-winner-into-the-trade/ HTTP/1.1" 200 52590 "https://planetnewspro.com/the-spanish-brad-pitt-alicia-silverstone-tells-the-wild-story-of-getting-this-academy-award-winner-into-the-trade" "Mozilla/5.0 AppleWebKit/537.36 (KHTML, like Gecko; compatible; ClaudeBot/1.0; +claudebot@anthropic.com)"
185.191.171.1 - - [18/Mar/2026:10:11:12 -0400] "GET /peppermint-meltaway-cookies-sallys-baking-dependancy/ HTTP/1.1" 200 60526 "-" "Mozilla/5.0 (compatible; SemrushBot/7~bl; +http://www.semrush.com/bot.html)"
216.73.216.103 - - [18/Mar/2026:10:11:16 -0400] "GET /nastja-claessens-will-play-for-kansas-state-however-do-the-washington-mystics-hold-her-wnba-rights HTTP/1.1" 301 - "-" "Mozilla/5.0 AppleWebKit/537.36 (KHTML, like Gecko; compatible; ClaudeBot/1.0; +claudebot@anthropic.com)"
216.73.216.103 - - [18/Mar/2026:10:11:16 -0400] "GET /nastja-claessens-will-play-for-kansas-state-however-do-the-washington-mystics-hold-her-wnba-rights/ HTTP/1.1" 200 52941 "https://planetnewspro.com/nastja-claessens-will-play-for-kansas-state-however-do-the-washington-mystics-hold-her-wnba-rights" "Mozilla/5.0 AppleWebKit/537.36 (KHTML, like Gecko; compatible; ClaudeBot/1.0; +claudebot@anthropic.com)"
50.6.201.88 - - [18/Mar/2026:10:11:25 -0400] "POST /wp-cron.php?doing_wp_cron=1773843085.4141039848327636718750 HTTP/1.1" 200 - "-" "WordPress/6.9.4; https://planetnewspro.com"
185.191.171.15 - - [18/Mar/2026:10:11:24 -0400] "GET /anthropic-ceo-says-deepseek-was-the-worst-on-a-vital-bioweapons-knowledge-security-take-a-look-at/ HTTP/1.1" 200 52925 "-" "Mozilla/5.0 (compatible; SemrushBot/7~bl; +http://www.semrush.com/bot.html)"
89.211.249.122 - - [18/Mar/2026:10:11:28 -0400] "POST /xmlrpc.php HTTP/1.1" 200 403 "-" "Mozilla/5.0 (Windows NT 6.3; x86) AppleWebKit/537.36 (KHTML, like Gecko) Edge/82.0.0.0 Safari/537.36"
216.73.216.103 - - [18/Mar/2026:10:11:38 -0400] "GET /?p=37063 HTTP/1.1" 301 - "-" "Mozilla/5.0 AppleWebKit/537.36 (KHTML, like Gecko; compatible; ClaudeBot/1.0; +claudebot@anthropic.com)"
216.73.216.103 - - [18/Mar/2026:10:11:38 -0400] "GET /pumpkin-chocolate-chip-bread-the-recipe-critic/ HTTP/1.1" 200 55408 "https://planetnewspro.com/?p=37063" "Mozilla/5.0 AppleWebKit/537.36 (KHTML, like Gecko; compatible; ClaudeBot/1.0; +claudebot@anthropic.com)"
50.6.201.88 - - [18/Mar/2026:10:11:44 -0400] "POST /wp-cron.php?doing_wp_cron=1773843104.7427849769592285156250 HTTP/1.1" 200 - "-" "WordPress/6.9.4; https://planetnewspro.com"
85.208.96.200 - - [18/Mar/2026:10:11:43 -0400] "GET /kamala-harris-dominates-fox-information-in-commanding-interview-efficiency/ HTTP/1.1" 200 54692 "-" "Mozilla/5.0 (compatible; SemrushBot/7~bl; +http://www.semrush.com/bot.html)"
216.73.216.103 - - [18/Mar/2026:10:11:48 -0400] "GET /headteacher-spots-pupil-stealing-from-faculty-however-clarification-is-heartbreaking HTTP/1.1" 301 - "-" "Mozilla/5.0 AppleWebKit/537.36 (KHTML, like Gecko; compatible; ClaudeBot/1.0; +claudebot@anthropic.com)"
216.73.216.103 - - [18/Mar/2026:10:11:48 -0400] "GET /headteacher-spots-pupil-stealing-from-faculty-however-clarification-is-heartbreaking/ HTTP/1.1" 200 54635 "https://planetnewspro.com/headteacher-spots-pupil-stealing-from-faculty-however-clarification-is-heartbreaking" "Mozilla/5.0 AppleWebKit/537.36 (KHTML, like Gecko; compatible; ClaudeBot/1.0; +claudebot@anthropic.com)"
50.6.201.88 - - [18/Mar/2026:10:12:07 -0400] "POST /wp-cron.php?doing_wp_cron=1773843127.3440310955047607421875 HTTP/1.1" 200 - "-" "WordPress/6.9.4; https://planetnewspro.com"
185.191.171.13 - - [18/Mar/2026:10:12:06 -0400] "GET /david-harbour-seemingly-confirms-huge-stranger-issues-heartbreak-amidst-separation-upset-with-spouse/ HTTP/1.1" 200 52975 "-" "Mozilla/5.0 (compatible; SemrushBot/7~bl; +http://www.semrush.com/bot.html)"
50.6.201.88 - - [18/Mar/2026:10:12:07 -0400] "POST /wp-admin/admin-ajax.php?action=async_litespeed&nonce=6a32a20319&litespeed_type=imgoptm HTTP/1.1" 200 21 "-" "WordPress/6.9.4; https://planetnewspro.com"
50.6.201.88 - - [18/Mar/2026:10:12:10 -0400] "POST /wp-cron.php?doing_wp_cron=1773843130.8602430820465087890625 HTTP/1.1" 200 - "-" "WordPress/6.9.4; https://planetnewspro.com"
185.191.171.8 - - [18/Mar/2026:10:12:08 -0400] "GET /parisian-booksellers-win-olympic-standoff/ HTTP/1.1" 200 53514 "-" "Mozilla/5.0 (compatible; SemrushBot/7~bl; +http://www.semrush.com/bot.html)"
50.6.201.88 - - [18/Mar/2026:10:12:28 -0400] "POST /wp-cron.php?doing_wp_cron=1773843148.4276158809661865234375 HTTP/1.1" 200 - "-" "WordPress/6.9.4; https://planetnewspro.com"
185.191.171.9 - - [18/Mar/2026:10:12:27 -0400] "GET /author/admin-pnp-171/page/789/ HTTP/1.1" 200 43964 "-" "Mozilla/5.0 (compatible; SemrushBot/7~bl; +http://www.semrush.com/bot.html)"
216.73.216.103 - - [18/Mar/2026:10:12:29 -0400] "GET /why-the-brand-new-bonnie-blue-documentary-would-be-the-worst-factor-ive-ever-seen-on-channel-4 HTTP/1.1" 301 - "-" "Mozilla/5.0 AppleWebKit/537.36 (KHTML, like Gecko; compatible; ClaudeBot/1.0; +claudebot@anthropic.com)"
216.73.216.103 - - [18/Mar/2026:10:12:29 -0400] "GET /why-the-brand-new-bonnie-blue-documentary-would-be-the-worst-factor-ive-ever-seen-on-channel-4/ HTTP/1.1" 200 55715 "https://planetnewspro.com/why-the-brand-new-bonnie-blue-documentary-would-be-the-worst-factor-ive-ever-seen-on-channel-4" "Mozilla/5.0 AppleWebKit/537.36 (KHTML, like Gecko; compatible; ClaudeBot/1.0; +claudebot@anthropic.com)"
89.211.249.122 - - [18/Mar/2026:10:12:33 -0400] "POST /xmlrpc.php HTTP/1.1" 200 403 "-" "Mozilla/5.0 (Windows NT 6.2; arm64) AppleWebKit/537.36 (KHTML, like Gecko) Firefox/79.0.0.0 Safari/537.36"
216.73.216.103 - - [18/Mar/2026:10:12:55 -0400] "GET /?p=38486 HTTP/1.1" 301 - "-" "Mozilla/5.0 AppleWebKit/537.36 (KHTML, like Gecko; compatible; ClaudeBot/1.0; +claudebot@anthropic.com)"
216.73.216.103 - - [18/Mar/2026:10:12:56 -0400] "GET /three-new-elaborate-graves-spring-up-round-large-monument-to-king-of-sheffield-traveller-however-might-they-find-yourself-being-even-greater/ HTTP/1.1" 200 56349 "https://planetnewspro.com/?p=38486" "Mozilla/5.0 AppleWebKit/537.36 (KHTML, like Gecko; compatible; ClaudeBot/1.0; +claudebot@anthropic.com)"
216.73.216.103 - - [18/Mar/2026:10:13:02 -0400] "GET /?p=38985 HTTP/1.1" 301 - "-" "Mozilla/5.0 AppleWebKit/537.36 (KHTML, like Gecko; compatible; ClaudeBot/1.0; +claudebot@anthropic.com)"
216.73.216.103 - - [18/Mar/2026:10:13:02 -0400] "GET /?p=28702 HTTP/1.1" 301 - "-" "Mozilla/5.0 AppleWebKit/537.36 (KHTML, like Gecko; compatible; ClaudeBot/1.0; +claudebot@anthropic.com)"
216.73.216.103 - - [18/Mar/2026:10:13:03 -0400] "GET /this-simple-applesauce-cake-tastes-like-a-leaf-peeping-journey-to-vermont/ HTTP/1.1" 200 55757 "https://planetnewspro.com/?p=38985" "Mozilla/5.0 AppleWebKit/537.36 (KHTML, like Gecko; compatible; ClaudeBot/1.0; +claudebot@anthropic.com)"
216.73.216.103 - - [18/Mar/2026:10:13:03 -0400] "GET /kate-middleton-appears-lovingly-at-prince-william-as-royal-couple-spend-their-14th-marriage-ceremony-anniversary-sampling-whiskey-and-cooking-haggis-throughout-particular-go-to-to-the-isle-of-mull/ HTTP/1.1" 200 72658 "https://planetnewspro.com/?p=28702" "Mozilla/5.0 AppleWebKit/537.36 (KHTML, like Gecko; compatible; ClaudeBot/1.0; +claudebot@anthropic.com)"
85.208.96.210 - - [18/Mar/2026:10:13:07 -0400] "GET /11-greatest-mountain-climbing-treks-to-expertise-in-nepal/ HTTP/1.1" 200 58695 "-" "Mozilla/5.0 (compatible; SemrushBot/7~bl; +http://www.semrush.com/bot.html)"
14.181.93.132 - - [18/Mar/2026:10:13:10 -0400] "GET /netflixs-2-most-watched-present-is-a-darkish-superhero-collection-with-100-on-rotten-tomatoes-listed-below-are-3-extra-to-look-at-subsequent/ HTTP/1.1" 200 56198 "-" "Mozilla/5.0 (X11; U; FreeBSD x86_64; en-US) AppleWebKit/534.16 (KHTML, like Gecko) Chrome/10.0.648.204 Safari/534.16"
85.208.96.208 - - [18/Mar/2026:10:13:13 -0400] "GET /robots.txt HTTP/1.1" 200 128 "-" "Mozilla/5.0 (compatible; SemrushBot/7~bl; +http://www.semrush.com/bot.html)"
85.208.96.205 - - [18/Mar/2026:10:13:11 -0400] "GET /nintendo-brings-again-late-night-console-launches-with-debut-of-change-2/ HTTP/1.1" 200 52991 "-" "Mozilla/5.0 (compatible; SemrushBot/7~bl; +http://www.semrush.com/bot.html)"
85.208.96.210 - - [18/Mar/2026:10:13:15 -0400] "GET /star-energy-amongst-successful-qualities-in-be-the-subsequent-9-dreamers/ HTTP/1.1" 200 55612 "-" "Mozilla/5.0 (compatible; SemrushBot/7~bl; +http://www.semrush.com/bot.html)"
185.191.171.13 - - [18/Mar/2026:10:13:18 -0400] "GET /why-notre-dames-group-chemistry-is-placing-the-irish-in-nationwide-championship-competition/ HTTP/1.1" 200 53981 "-" "Mozilla/5.0 (compatible; SemrushBot/7~bl; +http://www.semrush.com/bot.html)"
185.191.171.2 - - [18/Mar/2026:10:13:33 -0400] "GET /chargers-bucs-attempt-to-maintain-on-to-playoff-positions/ HTTP/1.1" 200 52751 "-" "Mozilla/5.0 (compatible; SemrushBot/7~bl; +http://www.semrush.com/bot.html)"
89.211.249.122 - - [18/Mar/2026:10:13:49 -0400] "POST /xmlrpc.php HTTP/1.1" 200 403 "-" "Mozilla/5.0 (X11; Ubuntu; Linux x86_64; x86) AppleWebKit/537.36 (KHTML, like Gecko) Safari/11.0.0.0 Safari/537.36"
50.6.201.88 - - [18/Mar/2026:10:14:05 -0400] "POST /wp-cron.php?doing_wp_cron=1773843245.1531989574432373046875 HTTP/1.1" 200 - "-" "WordPress/6.9.4; https://planetnewspro.com"
43.173.173.193 - - [18/Mar/2026:10:14:05 -0400] "GET /?p=18771 HTTP/1.1" 301 - "-" "Mozilla/5.0 (Windows NT 10.0; Win64; x64) AppleWebKit/537.36 (KHTML, like Gecko) Chrome/112.0.0.0 Safari/537.36"
50.6.201.88 - - [18/Mar/2026:10:14:05 -0400] "POST /wp-admin/admin-ajax.php?action=async_litespeed&nonce=6a32a20319&litespeed_type=imgoptm HTTP/1.1" 200 21 "-" "WordPress/6.9.4; https://planetnewspro.com"
43.173.181.6 - - [18/Mar/2026:10:14:06 -0400] "GET /5-new-guidelines-to-revolutionize-your-weight-loss-technique-in-2025/ HTTP/1.1" 200 54777 "-" "Mozilla/5.0 (Windows NT 10.0; Win64; x64) AppleWebKit/537.36 (KHTML, like Gecko) Chrome/112.0.0.0 Safari/537.36"
50.6.201.88 - - [18/Mar/2026:10:14:32 -0400] "POST /wp-cron.php?doing_wp_cron=1773843272.7480759620666503906250 HTTP/1.1" 200 - "-" "WordPress/6.9.4; https://planetnewspro.com"
216.73.216.103 - - [18/Mar/2026:10:14:32 -0400] "GET /two-youngsters-charged-over-transport-for-london-cyber-assault-that-brought-about-huge-disruption-and-uncovered-delicate-buyer-information HTTP/1.1" 301 - "-" "Mozilla/5.0 AppleWebKit/537.36 (KHTML, like Gecko; compatible; ClaudeBot/1.0; +claudebot@anthropic.com)"
216.73.216.103 - - [18/Mar/2026:10:14:32 -0400] "GET /two-youngsters-charged-over-transport-for-london-cyber-assault-that-brought-about-huge-disruption-and-uncovered-delicate-buyer-information/ HTTP/1.1" 200 53452 "https://planetnewspro.com/two-youngsters-charged-over-transport-for-london-cyber-assault-that-brought-about-huge-disruption-and-uncovered-delicate-buyer-information" "Mozilla/5.0 AppleWebKit/537.36 (KHTML, like Gecko; compatible; ClaudeBot/1.0; +claudebot@anthropic.com)"
66.249.87.72 - - [18/Mar/2026:10:14:50 -0400] "GET /5-new-guidelines-to-revolutionize-your-weight-loss-technique-in-2025/ HTTP/1.1" 200 54777 "-" "Mediapartners-Google"
89.211.249.122 - - [18/Mar/2026:10:14:51 -0400] "POST /xmlrpc.php HTTP/1.1" 200 403 "-" "Mozilla/5.0 (Windows NT 6.2; arm64) AppleWebKit/537.36 (KHTML, like Gecko) Chrome/87.0.0.0 Safari/537.36"
85.208.96.207 - - [18/Mar/2026:10:14:56 -0400] "GET /maduro-is-unhealthy-for-venezuela-and-unhealthy-for-the-u-s/ HTTP/1.1" 200 53587 "-" "Mozilla/5.0 (compatible; SemrushBot/7~bl; +http://www.semrush.com/bot.html)"
50.6.201.88 - - [18/Mar/2026:10:15:16 -0400] "POST /wp-cron.php?doing_wp_cron=1773843316.5338668823242187500000 HTTP/1.1" 200 - "-" "WordPress/6.9.4; https://planetnewspro.com"
185.191.171.4 - - [18/Mar/2026:10:15:15 -0400] "GET /on-the-duties-that-include-the-freedom-to-communicate-freely/ HTTP/1.1" 200 53330 "-" "Mozilla/5.0 (compatible; SemrushBot/7~bl; +http://www.semrush.com/bot.html)"
50.6.201.88 - - [18/Mar/2026:10:15:16 -0400] "POST /wp-admin/admin-ajax.php?action=async_litespeed&nonce=6a32a20319&litespeed_type=imgoptm HTTP/1.1" 200 21 "-" "WordPress/6.9.4; https://planetnewspro.com"
31.57.219.245 - - [18/Mar/2026:10:15:17 -0400] "POST /wp-login.php HTTP/1.1" 200 6333 "-" "Mozilla/5.0"
50.6.201.88 - - [18/Mar/2026:10:15:24 -0400] "POST /wp-cron.php?doing_wp_cron=1773843324.0685980319976806640625 HTTP/1.1" 200 - "-" "WordPress/6.9.4; https://planetnewspro.com"
85.208.96.200 - - [18/Mar/2026:10:15:23 -0400] "GET /deadpool-wolverine-opinions-echo-ryan-reynolds-sentiments-of-cameos-and-surprises-in-blazing-style/ HTTP/1.1" 200 52689 "-" "Mozilla/5.0 (compatible; SemrushBot/7~bl; +http://www.semrush.com/bot.html)"
85.208.96.202 - - [18/Mar/2026:10:15:31 -0400] "GET /louisville-received-the-switch-portal-with-3-nice-additions-in-maless-faculty-basketball/ HTTP/1.1" 200 57154 "-" "Mozilla/5.0 (compatible; SemrushBot/7~bl; +http://www.semrush.com/bot.html)"
85.208.96.203 - - [18/Mar/2026:10:15:36 -0400] "GET /winterify-your-taco-tuesday-with-this-tacky-tortilla-topped-taco-soup/ HTTP/1.1" 200 56648 "-" "Mozilla/5.0 (compatible; SemrushBot/7~bl; +http://www.semrush.com/bot.html)"
89.211.249.122 - - [18/Mar/2026:10:15:49 -0400] "POST /xmlrpc.php HTTP/1.1" 200 403 "-" "Mozilla/5.0 (Windows NT 6.3; x64) AppleWebKit/537.36 (KHTML, like Gecko) Chrome/86.0.0.0 Safari/537.36"
50.6.201.88 - - [18/Mar/2026:10:16:18 -0400] "POST /wp-cron.php?doing_wp_cron=1773843378.0858891010284423828125 HTTP/1.1" 200 - "-" "WordPress/6.9.4; https://planetnewspro.com"
185.191.171.4 - - [18/Mar/2026:10:16:17 -0400] "GET /i-re-watched-my-favourite-zombie-film-world-conflict-z-on-netflix-here-is-why-you-must-ignore-its-disappointing-rotten-tomatoes-rating/ HTTP/1.1" 200 55975 "-" "Mozilla/5.0 (compatible; SemrushBot/7~bl; +http://www.semrush.com/bot.html)"
50.6.201.88 - - [18/Mar/2026:10:16:18 -0400] "POST /wp-admin/admin-ajax.php?action=async_litespeed&nonce=6a32a20319&litespeed_type=imgoptm HTTP/1.1" 200 21 "-" "WordPress/6.9.4; https://planetnewspro.com"
50.6.201.88 - - [18/Mar/2026:10:16:20 -0400] "POST /wp-cron.php?doing_wp_cron=1773843380.4923369884490966796875 HTTP/1.1" 200 - "-" "WordPress/6.9.4; https://planetnewspro.com"
185.75.224.208 - - [18/Mar/2026:10:16:19 -0400] "GET /daniel-day-lewiss-return-to-performing-is-hit-by-site-visitors-wardens-as-jobsworth-cheshire-west-and-chester-council-ticket-automobiles-getting-used-on-the-shoot/ HTTP/1.1" 200 54855 "https://planetnewspro.com/" "Mozilla/5.0 (Windows NT 10.0; Win64; x64) AppleWebKit/537.36 (KHTML, like Gecko) Chrome/135.0.0.0 Safari/537.36 Edg/135.0.0.0"
185.191.171.1 - - [18/Mar/2026:10:16:26 -0400] "GET /ideas-on-the-assassination-try-in-opposition-to-trump/ HTTP/1.1" 200 53985 "-" "Mozilla/5.0 (compatible; SemrushBot/7~bl; +http://www.semrush.com/bot.html)"
185.191.171.17 - - [18/Mar/2026:10:16:42 -0400] "GET /japans-7-1-magnitude-earthquake-sparks-contemporary-considerations-over-looming-megaquake/ HTTP/1.1" 200 53559 "-" "Mozilla/5.0 (compatible; SemrushBot/7~bl; +http://www.semrush.com/bot.html)"
185.191.171.12 - - [18/Mar/2026:10:16:50 -0400] "GET /its-a-blessing-will-smiths-collaborator-fridayy-gushes-about-working-with-the-hollywood-titan/ HTTP/1.1" 200 52546 "-" "Mozilla/5.0 (compatible; SemrushBot/7~bl; +http://www.semrush.com/bot.html)"
89.211.249.122 - - [18/Mar/2026:10:16:52 -0400] "POST /xmlrpc.php HTTP/1.1" 200 403 "-" "Mozilla/5.0 (Windows NT 6.2; arm64) AppleWebKit/537.36 (KHTML, like Gecko) Safari/12.0.0.0 Safari/537.36"
50.6.201.88 - - [18/Mar/2026:10:17:08 -0400] "POST /wp-cron.php?doing_wp_cron=1773843428.9227271080017089843750 HTTP/1.1" 200 - "-" "WordPress/6.9.4; https://planetnewspro.com"
43.173.178.141 - - [18/Mar/2026:10:17:08 -0400] "GET /category/travel/page/64/ HTTP/1.1" 200 44889 "-" "Mozilla/5.0 (Windows NT 10.0; Win64; x64) AppleWebKit/537.36 (KHTML, like Gecko) Chrome/120.0.0.0 Safari/537.36"
50.6.201.88 - - [18/Mar/2026:10:17:09 -0400] "POST /wp-admin/admin-ajax.php?action=async_litespeed&nonce=6a32a20319&litespeed_type=imgoptm HTTP/1.1" 200 21 "-" "WordPress/6.9.4; https://planetnewspro.com"
50.6.201.88 - - [18/Mar/2026:10:17:23 -0400] "POST /wp-cron.php?doing_wp_cron=1773843443.3097100257873535156250 HTTP/1.1" 200 - "-" "WordPress/6.9.4; https://planetnewspro.com"
43.173.181.44 - - [18/Mar/2026:10:17:22 -0400] "GET /category/travel/page/64/ HTTP/1.1" 200 44889 "-" "Mozilla/5.0 (Windows NT 10.0; Win64; x64) AppleWebKit/537.36 (KHTML, like Gecko) Chrome/116.0.0.0 Safari/537.36"
185.191.171.3 - - [18/Mar/2026:10:17:42 -0400] "GET /trump-points-chilling-ultimate-warning-for-hamas-to-launch-all-hostages-or-its-over-for-you/ HTTP/1.1" 200 56684 "-" "Mozilla/5.0 (compatible; SemrushBot/7~bl; +http://www.semrush.com/bot.html)"
85.208.96.198 - - [18/Mar/2026:10:17:45 -0400] "GET /the-twisted-economics-of-rushtok-some-sorority-pledge-influencers-will-pay-their-tuition-however-theyre-fleeing-on-line-hate-and-backlash/ HTTP/1.1" 200 54175 "-" "Mozilla/5.0 (compatible; SemrushBot/7~bl; +http://www.semrush.com/bot.html)"
85.208.96.202 - - [18/Mar/2026:10:17:49 -0400] "GET /lady-guardian-libel-defence-claims-was-groped-by-physician-who-actor-noel-clarke-denies-being-assaulted-by-him-in-proof-given-to-libel-listening-to/ HTTP/1.1" 200 53706 "-" "Mozilla/5.0 (compatible; SemrushBot/7~bl; +http://www.semrush.com/bot.html)"
89.211.249.122 - - [18/Mar/2026:10:17:55 -0400] "POST /xmlrpc.php HTTP/1.1" 200 403 "-" "Mozilla/5.0 (X11; Ubuntu; Linux x86_64; x86) AppleWebKit/537.36 (KHTML, like Gecko) Firefox/89.0.0.0 Safari/537.36"
85.208.96.204 - - [18/Mar/2026:10:17:56 -0400] "GET /daca-aca-fcpa/ HTTP/1.1" 200 51993 "-" "Mozilla/5.0 (compatible; SemrushBot/7~bl; +http://www.semrush.com/bot.html)"
50.6.201.88 - - [18/Mar/2026:10:18:45 -0400] "POST /wp-cron.php?doing_wp_cron=1773843525.3491499423980712890625 HTTP/1.1" 200 - "-" "WordPress/6.9.4; https://planetnewspro.com"
216.73.216.103 - - [18/Mar/2026:10:18:43 -0400] "GET /category/current-affairs/page/235 HTTP/1.1" 301 - "-" "Mozilla/5.0 AppleWebKit/537.36 (KHTML, like Gecko; compatible; ClaudeBot/1.0; +claudebot@anthropic.com)"
50.6.201.88 - - [18/Mar/2026:10:18:45 -0400] "POST /wp-admin/admin-ajax.php?action=async_litespeed&nonce=6a32a20319&litespeed_type=imgoptm HTTP/1.1" 200 21 "-" "WordPress/6.9.4; https://planetnewspro.com"
216.73.216.103 - - [18/Mar/2026:10:18:45 -0400] "GET /category/current-affairs/page/235/ HTTP/1.1" 200 45074 "https://planetnewspro.com/category/current-affairs/page/235" "Mozilla/5.0 AppleWebKit/537.36 (KHTML, like Gecko; compatible; ClaudeBot/1.0; +claudebot@anthropic.com)"
50.6.201.88 - - [18/Mar/2026:10:19:05 -0400] "POST /wp-cron.php?doing_wp_cron=1773843545.5977358818054199218750 HTTP/1.1" 200 - "-" "WordPress/6.9.4; https://planetnewspro.com"
89.211.249.122 - - [18/Mar/2026:10:19:05 -0400] "POST /xmlrpc.php HTTP/1.1" 200 403 "-" "Mozilla/5.0 (Macintosh; Intel Mac OS X 10_15_7; x86) AppleWebKit/537.36 (KHTML, like Gecko) Opera/74.0.0.0 Safari/537.36"
50.6.201.88 - - [18/Mar/2026:10:19:05 -0400] "POST /wp-admin/admin-ajax.php?action=async_litespeed&nonce=6a32a20319&litespeed_type=imgoptm HTTP/1.1" 200 21 "-" "WordPress/6.9.4; https://planetnewspro.com"
50.6.201.88 - - [18/Mar/2026:10:19:18 -0400] "POST /wp-cron.php?doing_wp_cron=1773843558.8627359867095947265625 HTTP/1.1" 200 - "-" "WordPress/6.9.4; https://planetnewspro.com"
185.191.171.8 - - [18/Mar/2026:10:19:17 -0400] "GET /excited-for-the-diplomat-season-2-to-return-to-netflix-listed-below-are-3-extra-nail-biting-political-dramas-to-look-at-whilst-you-wait-together-with-one-with-100-on-rotten-tomatoes/ HTTP/1.1" 200 53497 "-" "Mozilla/5.0 (compatible; SemrushBot/7~bl; +http://www.semrush.com/bot.html)"
50.6.201.88 - - [18/Mar/2026:10:19:26 -0400] "POST /wp-cron.php?doing_wp_cron=1773843566.0095350742340087890625 HTTP/1.1" 200 - "-" "WordPress/6.9.4; https://planetnewspro.com"
85.208.96.198 - - [18/Mar/2026:10:19:25 -0400] "GET /lindsay-brewers-full-physique-exercise-to-go-full-throttle/ HTTP/1.1" 200 52621 "-" "Mozilla/5.0 (compatible; SemrushBot/7~bl; +http://www.semrush.com/bot.html)"
50.6.201.88 - - [18/Mar/2026:10:19:43 -0400] "POST /wp-cron.php?doing_wp_cron=1773843583.0632369518280029296875 HTTP/1.1" 200 - "-" "WordPress/6.9.4; https://planetnewspro.com"
185.191.171.11 - - [18/Mar/2026:10:19:42 -0400] "GET /a-scrumptious-comparability-of-two-consolation-meals-classics/ HTTP/1.1" 200 54683 "-" "Mozilla/5.0 (compatible; SemrushBot/7~bl; +http://www.semrush.com/bot.html)"
185.191.171.16 - - [18/Mar/2026:10:19:56 -0400] "GET /the-6-greatest-resorts-in-lisbon-up-to-date-2024/ HTTP/1.1" 200 56769 "-" "Mozilla/5.0 (compatible; SemrushBot/7~bl; +http://www.semrush.com/bot.html)"
50.6.201.88 - - [18/Mar/2026:10:20:06 -0400] "POST /wp-cron.php?doing_wp_cron=1773843606.6593000888824462890625 HTTP/1.1" 200 - "-" "WordPress/6.9.4; https://planetnewspro.com"
89.211.249.122 - - [18/Mar/2026:10:20:06 -0400] "POST /xmlrpc.php HTTP/1.1" 200 403 "-" "Mozilla/5.0 (Windows NT 10.0; x64) AppleWebKit/537.36 (KHTML, like Gecko) Edge/91.0.0.0 Safari/537.36"
50.6.201.88 - - [18/Mar/2026:10:20:06 -0400] "POST /wp-admin/admin-ajax.php?action=async_litespeed&nonce=6a32a20319&litespeed_type=imgoptm HTTP/1.1" 200 21 "-" "WordPress/6.9.4; https://planetnewspro.com"
104.131.186.189 - - [18/Mar/2026:10:20:21 -0400] "GET / HTTP/1.1" 200 64323 "-" "Mozilla/5.0 (X11; Linux x86_64; rv:142.0) Gecko/20100101 Firefox/142.0"
104.131.186.189 - - [18/Mar/2026:10:20:25 -0400] "GET /wp-content/uploads/2024/07/cropped-Planet-News-Pro-1-32x32.png HTTP/1.1" 200 2293 "https://planetnewspro.com/" "Mozilla/5.0 (X11; Linux x86_64; rv:142.0) Gecko/20100101 Firefox/142.0"
51.77.211.137 - - [18/Mar/2026:10:20:26 -0400] "GET /watch-fa-cup-soccer-livestream-crystal-palace-vs-aston-villa-from-wherever/ HTTP/1.1" 200 58074 "-" "Mozilla/5.0 (Windows NT 10.0; Win64; x64) AppleWebKit/537.36 (KHTML, like Gecko) Chrome/139.0.0.0 Safari/537.36"
51.91.250.17 - - [18/Mar/2026:10:20:26 -0400] "GET /kobo-has-launched-an-audiobook-subscription-plan-and-audio-bookstore/ HTTP/1.1" 200 53291 "-" "Mozilla/5.0 (Windows NT 10.0; Win64; x64) AppleWebKit/537.36 (KHTML, like Gecko) Chrome/139.0.0.0 Safari/537.36"
146.59.127.80 - - [18/Mar/2026:10:20:27 -0400] "GET /see-if-you-can-discover-prince-archie/ HTTP/1.1" 200 52334 "-" "Mozilla/5.0 (Windows NT 10.0; Win64; x64) AppleWebKit/537.36 (KHTML, like Gecko) Chrome/139.0.0.0 Safari/537.36"
145.239.81.31 - - [18/Mar/2026:10:20:27 -0400] "GET /35-finest-moms-day-cake-recipes-to-make-for-mother-or-your-self/ HTTP/1.1" 200 62303 "-" "Mozilla/5.0 (Windows NT 10.0; Win64; x64) AppleWebKit/537.36 (KHTML, like Gecko) Chrome/139.0.0.0 Safari/537.36"
57.129.81.228 - - [18/Mar/2026:10:20:27 -0400] "GET /yanks-jasson-dominguez-out-to-construct-on-profession-evening-vs-as/ HTTP/1.1" 200 52750 "-" "Mozilla/5.0 (Windows NT 10.0; Win64; x64) AppleWebKit/537.36 (KHTML, like Gecko) Chrome/139.0.0.0 Safari/537.36"
57.129.69.65 - - [18/Mar/2026:10:20:27 -0400] "GET /nordics-hope-to-draw-us-researchers-alienated-by-trump/ HTTP/1.1" 200 54299 "-" "Mozilla/5.0 (Windows NT 10.0; Win64; x64) AppleWebKit/537.36 (KHTML, like Gecko) Chrome/139.0.0.0 Safari/537.36"
141.94.76.134 - - [18/Mar/2026:10:20:28 -0400] "GET /these-will-be-the-busiest-days-for-air-journey-as-tens-of-millions-are-anticipated-to-fly-for-thanksgiving/ HTTP/1.1" 200 53031 "-" "Mozilla/5.0 (Windows NT 10.0; Win64; x64) AppleWebKit/537.36 (KHTML, like Gecko) Chrome/139.0.0.0 Safari/537.36"
57.129.69.52 - - [18/Mar/2026:10:20:28 -0400] "GET /author/admin-pnp-171/page/47/ HTTP/1.1" 200 43598 "-" "Mozilla/5.0 (Windows NT 10.0; Win64; x64) AppleWebKit/537.36 (KHTML, like Gecko) Chrome/139.0.0.0 Safari/537.36"
57.129.81.224 - - [18/Mar/2026:10:20:30 -0400] "GET /wp-json/oembed/1.0/embed?url=https://planetnewspro.com/see-if-you-can-discover-prince-archie/ HTTP/1.1" 200 1553 "-" "Mozilla/5.0 (Windows NT 10.0; Win64; x64) AppleWebKit/537.36 (KHTML, like Gecko) Chrome/139.0.0.0 Safari/537.36"
51.38.112.81 - - [18/Mar/2026:10:20:29 -0400] "GET /category/technology/page/201/ HTTP/1.1" 200 44599 "-" "Mozilla/5.0 (Windows NT 10.0; Win64; x64) AppleWebKit/537.36 (KHTML, like Gecko) Chrome/139.0.0.0 Safari/537.36"
145.239.81.31 - - [18/Mar/2026:10:20:29 -0400] "GET /i-requested-a-bunch-of-mothers-what-they-really-need-for-moms-day-right-heres-what-they-stated/ HTTP/1.1" 200 57555 "-" "Mozilla/5.0 (Windows NT 10.0; Win64; x64) AppleWebKit/537.36 (KHTML, like Gecko) Chrome/139.0.0.0 Safari/537.36"
145.239.83.37 - - [18/Mar/2026:10:20:32 -0400] "GET /wp-json/oembed/1.0/embed?url=https://planetnewspro.com/see-if-you-can-discover-prince-archie/&format=xml HTTP/1.1" 200 1600 "-" "Mozilla/5.0 (Windows NT 10.0; Win64; x64) AppleWebKit/537.36 (KHTML, like Gecko) Chrome/139.0.0.0 Safari/537.36"
85.208.96.206 - - [18/Mar/2026:10:20:30 -0400] "GET /hen-enchilada-soup-spend-with-pennies/ HTTP/1.1" 200 57974 "-" "Mozilla/5.0 (compatible; SemrushBot/7~bl; +http://www.semrush.com/bot.html)"
145.239.89.234 - - [18/Mar/2026:10:20:29 -0400] "GET /this-chocolatey-spin-on-pecan-pie-is-our-favourite-riff-but/ HTTP/1.1" 200 53773 "-" "Mozilla/5.0 (Windows NT 10.0; Win64; x64) AppleWebKit/537.36 (KHTML, like Gecko) Chrome/139.0.0.0 Safari/537.36"
51.91.255.135 - - [18/Mar/2026:10:20:31 -0400] "GET /right-this-moments-mortgage-refinance-charges-by-state-nov-12-2024/ HTTP/1.1" 200 54507 "-" "Mozilla/5.0 (Windows NT 10.0; Win64; x64) AppleWebKit/537.36 (KHTML, like Gecko) Chrome/139.0.0.0 Safari/537.36"
57.129.81.227 - - [18/Mar/2026:10:20:31 -0400] "GET /how-kashmirs-deadliest-assault-on-civilians-in-years-unfolded-it-was-like-a-storm/ HTTP/1.1" 200 56221 "-" "Mozilla/5.0 (Windows NT 10.0; Win64; x64) AppleWebKit/537.36 (KHTML, like Gecko) Chrome/139.0.0.0 Safari/537.36"
51.38.187.132 - - [18/Mar/2026:10:20:31 -0400] "GET /roasted-mushrooms-spend-with-pennies/ HTTP/1.1" 200 57495 "-" "Mozilla/5.0 (Windows NT 10.0; Win64; x64) AppleWebKit/537.36 (KHTML, like Gecko) Chrome/139.0.0.0 Safari/537.36"
151.80.133.171 - - [18/Mar/2026:10:20:36 -0400] "GET /category/food/page/47/ HTTP/1.1" 200 44625 "-" "Mozilla/5.0 (Windows NT 10.0; Win64; x64) AppleWebKit/537.36 (KHTML, like Gecko) Chrome/139.0.0.0 Safari/537.36"
185.191.171.14 - - [18/Mar/2026:10:20:36 -0400] "GET /freya-allans-ciri-will-get-a-makeover-but-once-more-following-a-pivotal-change-for-the-witcher-season-4/ HTTP/1.1" 200 52798 "-" "Mozilla/5.0 (compatible; SemrushBot/7~bl; +http://www.semrush.com/bot.html)"
89.211.249.122 - - [18/Mar/2026:10:21:01 -0400] "POST /xmlrpc.php HTTP/1.1" 200 403 "-" "Mozilla/5.0 (Macintosh; Intel Mac OS X 10_15_7; arm64) AppleWebKit/537.36 (KHTML, like Gecko) Safari/13.0.0.0 Safari/537.36"
85.208.96.198 - - [18/Mar/2026:10:21:09 -0400] "GET /full-record-of-offered-gamers/ HTTP/1.1" 200 53742 "-" "Mozilla/5.0 (compatible; SemrushBot/7~bl; +http://www.semrush.com/bot.html)"
185.191.171.3 - - [18/Mar/2026:10:21:11 -0400] "GET /ferroelectric-transistors-for-homomorphic-encryption/ HTTP/1.1" 200 53088 "-" "Mozilla/5.0 (compatible; SemrushBot/7~bl; +http://www.semrush.com/bot.html)"
185.191.171.13 - - [18/Mar/2026:10:21:14 -0400] "GET /how-we-stop-our-jobs-to-journey-our-journey-from-2008-to-now/ HTTP/1.1" 200 66190 "-" "Mozilla/5.0 (compatible; SemrushBot/7~bl; +http://www.semrush.com/bot.html)"
176.241.84.107 - - [18/Mar/2026:10:21:16 -0400] "GET /page/2047/ HTTP/1.1" 200 65298 "https://planetnewspro.com/" "Mozilla/5.0 (Macintosh; Intel Mac OS X 10_15_7) AppleWebKit/605.1.15 (KHTML, like Gecko) Version/18.3.1 Safari/605.1.15"
50.6.201.88 - - [18/Mar/2026:10:21:26 -0400] "POST /wp-cron.php?doing_wp_cron=1773843686.8589389324188232421875 HTTP/1.1" 200 - "-" "WordPress/6.9.4; https://planetnewspro.com"
185.191.171.14 - - [18/Mar/2026:10:21:26 -0400] "GET /corn-fritters-flavorful-straightforward/ HTTP/1.1" 200 59736 "-" "Mozilla/5.0 (compatible; SemrushBot/7~bl; +http://www.semrush.com/bot.html)"
50.6.201.88 - - [18/Mar/2026:10:21:27 -0400] "POST /wp-admin/admin-ajax.php?action=async_litespeed&nonce=6a32a20319&litespeed_type=imgoptm HTTP/1.1" 200 21 "-" "WordPress/6.9.4; https://planetnewspro.com"
50.6.201.88 - - [18/Mar/2026:10:21:43 -0400] "POST /wp-cron.php?doing_wp_cron=1773843703.4787619113922119140625 HTTP/1.1" 200 - "-" "WordPress/6.9.4; https://planetnewspro.com"
185.191.171.16 - - [18/Mar/2026:10:21:41 -0400] "GET /futuristic-e-reader-devices-on-sale-for-the-holidays/ HTTP/1.1" 200 53732 "-" "Mozilla/5.0 (compatible; SemrushBot/7~bl; +http://www.semrush.com/bot.html)"
85.208.96.198 - - [18/Mar/2026:10:21:47 -0400] "GET /olivia-attwood-fires-again-as-shes-slammed-for-response-to-chris-hughes-and-jojo-siwa/ HTTP/1.1" 200 54690 "-" "Mozilla/5.0 (compatible; SemrushBot/7~bl; +http://www.semrush.com/bot.html)"
