216.73.216.103 - - [18/Mar/2026:14:26:00 -0400] "GET /why-kettlebells-are-one-of-many-most-efficient-coaching-instruments/ HTTP/1.1" 200 57589 "https://planetnewspro.com/why-kettlebells-are-one-of-many-most-efficient-coaching-instruments" "Mozilla/5.0 AppleWebKit/537.36 (KHTML, like Gecko; compatible; ClaudeBot/1.0; +claudebot@anthropic.com)"
85.208.96.210 - - [18/Mar/2026:14:26:02 -0400] "GET /is-it-value-the-hype-healthifyme/ HTTP/1.1" 200 61025 "-" "Mozilla/5.0 (compatible; SemrushBot/7~bl; +http://www.semrush.com/bot.html)"
185.191.171.14 - - [18/Mar/2026:14:26:06 -0400] "GET /weekly-meal-plan-16-the-recipe-critic/ HTTP/1.1" 200 54522 "-" "Mozilla/5.0 (compatible; SemrushBot/7~bl; +http://www.semrush.com/bot.html)"
216.73.216.103 - - [18/Mar/2026:14:26:23 -0400] "GET /watch-these-applovin-ranges-as-inventory-soars-after-robust-earnings-sale-of-cellular-gaming-unit HTTP/1.1" 301 - "-" "Mozilla/5.0 AppleWebKit/537.36 (KHTML, like Gecko; compatible; ClaudeBot/1.0; +claudebot@anthropic.com)"
216.73.216.103 - - [18/Mar/2026:14:26:24 -0400] "GET /they-had-water-weapons-insane-excuse-anthony-household-used-for-new-dwelling-spending-the-gateway-pundit HTTP/1.1" 301 - "-" "Mozilla/5.0 AppleWebKit/537.36 (KHTML, like Gecko; compatible; ClaudeBot/1.0; +claudebot@anthropic.com)"
216.73.216.103 - - [18/Mar/2026:14:26:24 -0400] "GET /watch-these-applovin-ranges-as-inventory-soars-after-robust-earnings-sale-of-cellular-gaming-unit/ HTTP/1.1" 200 53773 "https://planetnewspro.com/watch-these-applovin-ranges-as-inventory-soars-after-robust-earnings-sale-of-cellular-gaming-unit" "Mozilla/5.0 AppleWebKit/537.36 (KHTML, like Gecko; compatible; ClaudeBot/1.0; +claudebot@anthropic.com)"
216.73.216.103 - - [18/Mar/2026:14:26:24 -0400] "GET /they-had-water-weapons-insane-excuse-anthony-household-used-for-new-dwelling-spending-the-gateway-pundit/ HTTP/1.1" 200 53991 "https://planetnewspro.com/they-had-water-weapons-insane-excuse-anthony-household-used-for-new-dwelling-spending-the-gateway-pundit" "Mozilla/5.0 AppleWebKit/537.36 (KHTML, like Gecko; compatible; ClaudeBot/1.0; +claudebot@anthropic.com)"
216.73.216.103 - - [18/Mar/2026:14:26:25 -0400] "GET /moneyfellows-raises-13m-to-take-its-group-financial-savings-mannequin-exterior-egypt HTTP/1.1" 301 - "-" "Mozilla/5.0 AppleWebKit/537.36 (KHTML, like Gecko; compatible; ClaudeBot/1.0; +claudebot@anthropic.com)"
216.73.216.103 - - [18/Mar/2026:14:26:25 -0400] "GET /15-finest-air-purifiers-2025-coway-airdoctor-iqair HTTP/1.1" 301 - "-" "Mozilla/5.0 AppleWebKit/537.36 (KHTML, like Gecko; compatible; ClaudeBot/1.0; +claudebot@anthropic.com)"
216.73.216.103 - - [18/Mar/2026:14:26:25 -0400] "GET /moneyfellows-raises-13m-to-take-its-group-financial-savings-mannequin-exterior-egypt/ HTTP/1.1" 200 54695 "https://planetnewspro.com/moneyfellows-raises-13m-to-take-its-group-financial-savings-mannequin-exterior-egypt" "Mozilla/5.0 AppleWebKit/537.36 (KHTML, like Gecko; compatible; ClaudeBot/1.0; +claudebot@anthropic.com)"
216.73.216.103 - - [18/Mar/2026:14:26:26 -0400] "GET /15-finest-air-purifiers-2025-coway-airdoctor-iqair/ HTTP/1.1" 200 62372 "https://planetnewspro.com/15-finest-air-purifiers-2025-coway-airdoctor-iqair" "Mozilla/5.0 AppleWebKit/537.36 (KHTML, like Gecko; compatible; ClaudeBot/1.0; +claudebot@anthropic.com)"
216.73.216.103 - - [18/Mar/2026:14:26:26 -0400] "GET /fight-back-afd-sues-german-spy-company-that-labeled-it-as-a-proper-wing-extremist-celebration-the-gateway-pundit HTTP/1.1" 301 - "-" "Mozilla/5.0 AppleWebKit/537.36 (KHTML, like Gecko; compatible; ClaudeBot/1.0; +claudebot@anthropic.com)"
216.73.216.103 - - [18/Mar/2026:14:26:26 -0400] "GET /fight-back-afd-sues-german-spy-company-that-labeled-it-as-a-proper-wing-extremist-celebration-the-gateway-pundit/ HTTP/1.1" 200 53513 "https://planetnewspro.com/fight-back-afd-sues-german-spy-company-that-labeled-it-as-a-proper-wing-extremist-celebration-the-gateway-pundit" "Mozilla/5.0 AppleWebKit/537.36 (KHTML, like Gecko; compatible; ClaudeBot/1.0; +claudebot@anthropic.com)"
50.6.201.88 - - [18/Mar/2026:14:26:44 -0400] "POST /wp-cron.php?doing_wp_cron=1773858404.8853409290313720703125 HTTP/1.1" 200 - "-" "WordPress/6.9.4; https://planetnewspro.com"
85.208.96.209 - - [18/Mar/2026:14:26:44 -0400] "GET /trump-urges-keep-of-s-ct-proceedings-in-tiktok-case-delay-of-statutory-efficient-date/ HTTP/1.1" 200 55143 "-" "Mozilla/5.0 (compatible; SemrushBot/7~bl; +http://www.semrush.com/bot.html)"
50.6.201.88 - - [18/Mar/2026:14:26:45 -0400] "POST /wp-admin/admin-ajax.php?action=async_litespeed&nonce=6a32a20319&litespeed_type=imgoptm HTTP/1.1" 200 21 "-" "WordPress/6.9.4; https://planetnewspro.com"
216.73.216.103 - - [18/Mar/2026:14:26:53 -0400] "GET /psl-2025-disrupted-after-operation-sindoor-matches-could-possibly-be-shifted-to-dubai HTTP/1.1" 301 - "-" "Mozilla/5.0 AppleWebKit/537.36 (KHTML, like Gecko; compatible; ClaudeBot/1.0; +claudebot@anthropic.com)"
216.73.216.103 - - [18/Mar/2026:14:26:53 -0400] "GET /elon-musk-and-doge-uncover-that-critical-spending-cuts-are-actually-troublesome HTTP/1.1" 301 - "-" "Mozilla/5.0 AppleWebKit/537.36 (KHTML, like Gecko; compatible; ClaudeBot/1.0; +claudebot@anthropic.com)"
216.73.216.103 - - [18/Mar/2026:14:26:53 -0400] "GET /psl-2025-disrupted-after-operation-sindoor-matches-could-possibly-be-shifted-to-dubai/ HTTP/1.1" 200 53380 "https://planetnewspro.com/psl-2025-disrupted-after-operation-sindoor-matches-could-possibly-be-shifted-to-dubai" "Mozilla/5.0 AppleWebKit/537.36 (KHTML, like Gecko; compatible; ClaudeBot/1.0; +claudebot@anthropic.com)"
216.73.216.103 - - [18/Mar/2026:14:26:54 -0400] "GET /elon-musk-and-doge-uncover-that-critical-spending-cuts-are-actually-troublesome/ HTTP/1.1" 200 54017 "https://planetnewspro.com/elon-musk-and-doge-uncover-that-critical-spending-cuts-are-actually-troublesome" "Mozilla/5.0 AppleWebKit/537.36 (KHTML, like Gecko; compatible; ClaudeBot/1.0; +claudebot@anthropic.com)"
216.73.216.103 - - [18/Mar/2026:14:26:54 -0400] "GET /friday-faves-8-8-the-fitnessista HTTP/1.1" 301 - "-" "Mozilla/5.0 AppleWebKit/537.36 (KHTML, like Gecko; compatible; ClaudeBot/1.0; +claudebot@anthropic.com)"
216.73.216.103 - - [18/Mar/2026:14:26:55 -0400] "GET /friday-faves-8-8-the-fitnessista/ HTTP/1.1" 200 54980 "https://planetnewspro.com/friday-faves-8-8-the-fitnessista" "Mozilla/5.0 AppleWebKit/537.36 (KHTML, like Gecko; compatible; ClaudeBot/1.0; +claudebot@anthropic.com)"
216.73.216.103 - - [18/Mar/2026:14:26:55 -0400] "GET /corsair-k70-professional-tkl-assessment-professional-isnt-at-all-times-higher HTTP/1.1" 301 - "-" "Mozilla/5.0 AppleWebKit/537.36 (KHTML, like Gecko; compatible; ClaudeBot/1.0; +claudebot@anthropic.com)"
216.73.216.103 - - [18/Mar/2026:14:26:55 -0400] "GET /corsair-k70-professional-tkl-assessment-professional-isnt-at-all-times-higher/ HTTP/1.1" 200 52545 "https://planetnewspro.com/corsair-k70-professional-tkl-assessment-professional-isnt-at-all-times-higher" "Mozilla/5.0 AppleWebKit/537.36 (KHTML, like Gecko; compatible; ClaudeBot/1.0; +claudebot@anthropic.com)"
216.73.216.103 - - [18/Mar/2026:14:26:56 -0400] "GET /gamers-groups-to-observe-within-the-2025-ncaa-girlss-softball-event HTTP/1.1" 301 - "-" "Mozilla/5.0 AppleWebKit/537.36 (KHTML, like Gecko; compatible; ClaudeBot/1.0; +claudebot@anthropic.com)"
216.73.216.103 - - [18/Mar/2026:14:26:56 -0400] "GET /gamers-groups-to-observe-within-the-2025-ncaa-girlss-softball-event/ HTTP/1.1" 200 53226 "https://planetnewspro.com/gamers-groups-to-observe-within-the-2025-ncaa-girlss-softball-event" "Mozilla/5.0 AppleWebKit/537.36 (KHTML, like Gecko; compatible; ClaudeBot/1.0; +claudebot@anthropic.com)"
50.6.201.88 - - [18/Mar/2026:14:27:06 -0400] "POST /wp-cron.php?doing_wp_cron=1773858426.1280009746551513671875 HTTP/1.1" 200 - "-" "WordPress/6.9.4; https://planetnewspro.com"
85.208.96.201 - - [18/Mar/2026:14:27:05 -0400] "GET /hurricane-yagi-tracker-china-and-hong-kong-elevate-emergency-alerts-as-dozens-of-flights-cancelled/ HTTP/1.1" 200 57699 "-" "Mozilla/5.0 (compatible; SemrushBot/7~bl; +http://www.semrush.com/bot.html)"
50.6.201.88 - - [18/Mar/2026:14:27:06 -0400] "POST /wp-admin/admin-ajax.php?action=async_litespeed&nonce=6a32a20319&litespeed_type=imgoptm HTTP/1.1" 200 21 "-" "WordPress/6.9.4; https://planetnewspro.com"
50.6.201.88 - - [18/Mar/2026:14:27:08 -0400] "POST /wp-cron.php?doing_wp_cron=1773858428.8513400554656982421875 HTTP/1.1" 200 - "-" "WordPress/6.9.4; https://planetnewspro.com"
185.191.171.1 - - [18/Mar/2026:14:27:08 -0400] "GET /nfl-playoff-image-eagles-make-assertion-in-nfc-with-thursday-night-time-win-over-commanders/ HTTP/1.1" 200 53224 "-" "Mozilla/5.0 (compatible; SemrushBot/7~bl; +http://www.semrush.com/bot.html)"
50.6.201.88 - - [18/Mar/2026:14:27:15 -0400] "POST /wp-cron.php?doing_wp_cron=1773858435.1490459442138671875000 HTTP/1.1" 200 - "-" "WordPress/6.9.4; https://planetnewspro.com"
185.191.171.16 - - [18/Mar/2026:14:27:14 -0400] "GET /i-tried-nycs-most-hyped-honey-butter-pancakes-with-comic-cat-cohen/ HTTP/1.1" 200 55200 "-" "Mozilla/5.0 (compatible; SemrushBot/7~bl; +http://www.semrush.com/bot.html)"
185.191.171.11 - - [18/Mar/2026:14:27:18 -0400] "GET /rewards-system-existed-validates-garmas-testimony/ HTTP/1.1" 200 53200 "-" "Mozilla/5.0 (compatible; SemrushBot/7~bl; +http://www.semrush.com/bot.html)"
50.6.201.88 - - [18/Mar/2026:14:27:20 -0400] "POST /wp-cron.php?doing_wp_cron=1773858440.7703950405120849609375 HTTP/1.1" 200 - "-" "WordPress/6.9.4; https://planetnewspro.com"
216.73.216.103 - - [18/Mar/2026:14:27:20 -0400] "GET /?p=36522 HTTP/1.1" 301 - "-" "Mozilla/5.0 AppleWebKit/537.36 (KHTML, like Gecko; compatible; ClaudeBot/1.0; +claudebot@anthropic.com)"
216.73.216.103 - - [18/Mar/2026:14:27:20 -0400] "GET /hurricane-podul-brings-heavy-rain-to-southern-china-after-injuring-scores-in-taiwan/ HTTP/1.1" 200 53346 "https://planetnewspro.com/?p=36522" "Mozilla/5.0 AppleWebKit/537.36 (KHTML, like Gecko; compatible; ClaudeBot/1.0; +claudebot@anthropic.com)"
85.208.96.195 - - [18/Mar/2026:14:27:30 -0400] "GET /how-doctor-crossfit-athlete-julie-foucher-m-d-stays-sturdy/ HTTP/1.1" 200 58866 "-" "Mozilla/5.0 (compatible; SemrushBot/7~bl; +http://www.semrush.com/bot.html)"
85.208.96.212 - - [18/Mar/2026:14:27:39 -0400] "GET /meghan-markle-and-prince-harrys-14-million-montecito-residence-faces-insecurity-drama-amid-portugal-desires/ HTTP/1.1" 200 52839 "-" "Mozilla/5.0 (compatible; SemrushBot/7~bl; +http://www.semrush.com/bot.html)"
85.208.96.196 - - [18/Mar/2026:14:27:46 -0400] "GET /straightforward-peach-cobbler-recipe-love-and-lemons/ HTTP/1.1" 200 56301 "-" "Mozilla/5.0 (compatible; SemrushBot/7~bl; +http://www.semrush.com/bot.html)"
50.6.201.88 - - [18/Mar/2026:14:28:08 -0400] "POST /wp-cron.php?doing_wp_cron=1773858488.4932649135589599609375 HTTP/1.1" 200 - "-" "WordPress/6.9.4; https://planetnewspro.com"
100.30.5.6 - - [18/Mar/2026:14:28:08 -0400] "GET /robots.txt HTTP/1.1" 200 128 "-" "Mozilla/5.0 (Macintosh; Intel Mac OS X 10_10_1) AppleWebKit/600.2.5 (KHTML, like Gecko) Version/8.0.2 Safari/600.2.5 (Gort)"
50.6.201.88 - - [18/Mar/2026:14:28:08 -0400] "POST /wp-admin/admin-ajax.php?action=async_litespeed&nonce=6a32a20319&litespeed_type=imgoptm HTTP/1.1" 200 21 "-" "WordPress/6.9.4; https://planetnewspro.com"
185.191.171.11 - - [18/Mar/2026:14:28:17 -0400] "GET /ipls-loss-is-llcs-acquire-as-shikhar-dhawan-hits-maiden-50-in-his-comeback-to-cricket/ HTTP/1.1" 200 52814 "-" "Mozilla/5.0 (compatible; SemrushBot/7~bl; +http://www.semrush.com/bot.html)"
50.6.201.88 - - [18/Mar/2026:14:28:24 -0400] "POST /wp-cron.php?doing_wp_cron=1773858504.7338180541992187500000 HTTP/1.1" 200 - "-" "WordPress/6.9.4; https://planetnewspro.com"
148.135.200.35 - - [18/Mar/2026:14:28:24 -0400] "POST /wp-login.php HTTP/1.1" 200 6333 "-" "Mozilla/5.0"
185.191.171.19 - - [18/Mar/2026:14:28:37 -0400] "GET /due-course-of-is-well-timed/ HTTP/1.1" 200 53267 "-" "Mozilla/5.0 (compatible; SemrushBot/7~bl; +http://www.semrush.com/bot.html)"
185.191.171.18 - - [18/Mar/2026:14:28:47 -0400] "GET /how-alexnet-remodeled-ai-and-laptop-imaginative-and-prescient-eternally/ HTTP/1.1" 200 56591 "-" "Mozilla/5.0 (compatible; SemrushBot/7~bl; +http://www.semrush.com/bot.html)"
95.214.211.96 - - [18/Mar/2026:14:28:56 -0400] "GET /pumpkin-soup/ HTTP/1.1" 200 57975 "https://planetnewspro.com/" "Mozilla/5.0 (Windows NT 10.0; Win64; x64; rv:137.0) Gecko/20100101 Firefox/137.0"
50.6.201.88 - - [18/Mar/2026:14:28:57 -0400] "POST /wp-cron.php?doing_wp_cron=1773858537.0853440761566162109375 HTTP/1.1" 200 - "-" "WordPress/6.9.4; https://planetnewspro.com"
185.191.171.10 - - [18/Mar/2026:14:28:56 -0400] "GET /high-road-meals-markets-in-barcelona-for-reasonably-priced-and-tasty-bites/ HTTP/1.1" 200 57280 "-" "Mozilla/5.0 (compatible; SemrushBot/7~bl; +http://www.semrush.com/bot.html)"
50.6.201.88 - - [18/Mar/2026:14:29:25 -0400] "POST /wp-cron.php?doing_wp_cron=1773858565.9240500926971435546875 HTTP/1.1" 200 - "-" "WordPress/6.9.4; https://planetnewspro.com"
181.61.247.83 - - [18/Mar/2026:14:29:23 -0400] "GET /viwoods-aipaper-to-rewrite-the-guidelines-of-the-e-ink-pill-recreation-a-evaluation/ HTTP/1.1" 200 57753 "https://planetnewspro.com/" "Mozilla/5.0 (Macintosh; Intel Mac OS X 10_15_7) AppleWebKit/605.1.15 (KHTML, like Gecko) Version/18.3.1 Safari/605.1.15"
50.6.201.88 - - [18/Mar/2026:14:29:26 -0400] "POST /wp-admin/admin-ajax.php?action=async_litespeed&nonce=6a32a20319&litespeed_type=imgoptm HTTP/1.1" 200 21 "-" "WordPress/6.9.4; https://planetnewspro.com"
85.208.96.195 - - [18/Mar/2026:14:29:32 -0400] "GET /india-pakistan-newest-air-raid-sirens-sound-in-jammu-after-india-and-pakistan-accuse-one-another-of-drone-assaults/ HTTP/1.1" 200 56266 "-" "Mozilla/5.0 (compatible; SemrushBot/7~bl; +http://www.semrush.com/bot.html)"
185.191.171.16 - - [18/Mar/2026:14:29:35 -0400] "GET /7-layer-dip-spend-with-pennies/ HTTP/1.1" 200 57236 "-" "Mozilla/5.0 (compatible; SemrushBot/7~bl; +http://www.semrush.com/bot.html)"
185.191.171.4 - - [18/Mar/2026:14:29:45 -0400] "GET /23-early-cookware-offers-to-store-forward-of-amazon-prime-huge-deal-days/ HTTP/1.1" 200 55902 "-" "Mozilla/5.0 (compatible; SemrushBot/7~bl; +http://www.semrush.com/bot.html)"
85.208.96.202 - - [18/Mar/2026:14:29:48 -0400] "GET /planning-to-binge-netflix-over-the-bf-weekend-listed-here-are-the-vpn-offers-to-take-a-look-at/ HTTP/1.1" 200 52842 "-" "Mozilla/5.0 (compatible; SemrushBot/7~bl; +http://www.semrush.com/bot.html)"
50.6.201.88 - - [18/Mar/2026:14:30:28 -0400] "POST /wp-cron.php?doing_wp_cron=1773858628.5983519554138183593750 HTTP/1.1" 200 - "-" "WordPress/6.9.4; https://planetnewspro.com"
85.208.96.209 - - [18/Mar/2026:14:30:26 -0400] "GET /supreme-courtroom-chief-justice-roberts-takes-veiled-shot-at-trump-again-in-uncommon-public-look-says-rule-of-legislation-endangered-the-gateway-pundit/ HTTP/1.1" 200 53269 "-" "Mozilla/5.0 (compatible; SemrushBot/7~bl; +http://www.semrush.com/bot.html)"
50.6.201.88 - - [18/Mar/2026:14:30:28 -0400] "POST /wp-admin/admin-ajax.php?action=async_litespeed&nonce=6a32a20319&litespeed_type=imgoptm HTTP/1.1" 200 21 "-" "WordPress/6.9.4; https://planetnewspro.com"
185.191.171.19 - - [18/Mar/2026:14:30:53 -0400] "GET /diddy-makes-shock-submit-from-behind-bars-as-he-awaits-trial-for-intercourse-trafficking-expenses/ HTTP/1.1" 200 55417 "-" "Mozilla/5.0 (compatible; SemrushBot/7~bl; +http://www.semrush.com/bot.html)"
50.6.201.88 - - [18/Mar/2026:14:31:05 -0400] "POST /wp-cron.php?doing_wp_cron=1773858665.1604349613189697265625 HTTP/1.1" 200 - "-" "WordPress/6.9.4; https://planetnewspro.com"
85.208.96.196 - - [18/Mar/2026:14:31:04 -0400] "GET /autonomous-automobiles-can-make-all-vehicles-extra-environment-friendly/ HTTP/1.1" 200 54661 "-" "Mozilla/5.0 (compatible; SemrushBot/7~bl; +http://www.semrush.com/bot.html)"
50.6.201.88 - - [18/Mar/2026:14:31:05 -0400] "POST /wp-admin/admin-ajax.php?action=async_litespeed&nonce=6a32a20319&litespeed_type=imgoptm HTTP/1.1" 200 21 "-" "WordPress/6.9.4; https://planetnewspro.com"
50.6.201.88 - - [18/Mar/2026:14:31:23 -0400] "POST /wp-cron.php?doing_wp_cron=1773858683.8969769477844238281250 HTTP/1.1" 200 - "-" "WordPress/6.9.4; https://planetnewspro.com"
185.191.171.1 - - [18/Mar/2026:14:31:23 -0400] "GET /a-roundup-of-latest-federal-courtroom-selections-2/ HTTP/1.1" 200 56647 "-" "Mozilla/5.0 (compatible; SemrushBot/7~bl; +http://www.semrush.com/bot.html)"
201.249.154.231 - - [18/Mar/2026:14:31:41 -0400] "GET /which-subscription-service-is-proper-for-you/ HTTP/1.1" 200 52306 "https://planetnewspro.com/" "Mozilla/5.0 (Macintosh; Intel Mac OS X 10_15_7) AppleWebKit/537.36 (KHTML, like Gecko) Chrome/128.0.0.0 Safari/537.36"
185.191.171.13 - - [18/Mar/2026:14:31:42 -0400] "GET /tragic-reason-behind-demise-is-launched-for-aubrey-plazas-movie-director-husband-jeff-baena/ HTTP/1.1" 200 54062 "-" "Mozilla/5.0 (compatible; SemrushBot/7~bl; +http://www.semrush.com/bot.html)"
85.208.96.211 - - [18/Mar/2026:14:31:45 -0400] "GET /chinese-language-hackers-goal-trump-marketing-campaign-through-verizon-breach/ HTTP/1.1" 200 53690 "-" "Mozilla/5.0 (compatible; SemrushBot/7~bl; +http://www.semrush.com/bot.html)"
185.191.171.18 - - [18/Mar/2026:14:31:48 -0400] "GET /one-pot-cajun-beef-pasta-with-lots-of-veg/ HTTP/1.1" 200 62653 "-" "Mozilla/5.0 (compatible; SemrushBot/7~bl; +http://www.semrush.com/bot.html)"
85.208.96.210 - - [18/Mar/2026:14:31:58 -0400] "GET /the-misplaced-victims-of-the-holocaust-they-fled-the-dying-camps-solely-to-search-out-lives-of-torment-behind-the-iron-curtain-earlier-than-a-miracle-from-britain-helped-to-revive-their-hu/ HTTP/1.1" 200 58242 "-" "Mozilla/5.0 (compatible; SemrushBot/7~bl; +http://www.semrush.com/bot.html)"
50.6.201.88 - - [18/Mar/2026:14:32:02 -0400] "POST /wp-cron.php?doing_wp_cron=1773858722.4965629577636718750000 HTTP/1.1" 200 - "-" "WordPress/6.9.4; https://planetnewspro.com"
85.208.96.211 - - [18/Mar/2026:14:32:02 -0400] "GET /glasgow-2024-worldcon-ends-commandingly/ HTTP/1.1" 200 52653 "-" "Mozilla/5.0 (compatible; SemrushBot/7~bl; +http://www.semrush.com/bot.html)"
50.6.201.88 - - [18/Mar/2026:14:32:02 -0400] "POST /wp-admin/admin-ajax.php?action=async_litespeed&nonce=6a32a20319&litespeed_type=imgoptm HTTP/1.1" 200 21 "-" "WordPress/6.9.4; https://planetnewspro.com"
50.6.201.88 - - [18/Mar/2026:14:32:24 -0400] "POST /wp-cron.php?doing_wp_cron=1773858743.9919540882110595703125 HTTP/1.1" 200 - "-" "WordPress/6.9.4; https://planetnewspro.com"
216.73.216.103 - - [18/Mar/2026:14:32:23 -0400] "GET /contemporary-hibiscus-tea-with-culligan-filtered-water HTTP/1.1" 301 - "-" "Mozilla/5.0 AppleWebKit/537.36 (KHTML, like Gecko; compatible; ClaudeBot/1.0; +claudebot@anthropic.com)"
216.73.216.103 - - [18/Mar/2026:14:32:24 -0400] "GET /contemporary-hibiscus-tea-with-culligan-filtered-water/ HTTP/1.1" 200 53135 "https://planetnewspro.com/contemporary-hibiscus-tea-with-culligan-filtered-water" "Mozilla/5.0 AppleWebKit/537.36 (KHTML, like Gecko; compatible; ClaudeBot/1.0; +claudebot@anthropic.com)"
216.73.216.103 - - [18/Mar/2026:14:32:28 -0400] "GET /icc-partially-grants-duterte-camps-bid-to-droop-deadlines HTTP/1.1" 301 - "-" "Mozilla/5.0 AppleWebKit/537.36 (KHTML, like Gecko; compatible; ClaudeBot/1.0; +claudebot@anthropic.com)"
216.73.216.103 - - [18/Mar/2026:14:32:28 -0400] "GET /icc-partially-grants-duterte-camps-bid-to-droop-deadlines/ HTTP/1.1" 200 54572 "https://planetnewspro.com/icc-partially-grants-duterte-camps-bid-to-droop-deadlines" "Mozilla/5.0 AppleWebKit/537.36 (KHTML, like Gecko; compatible; ClaudeBot/1.0; +claudebot@anthropic.com)"
185.191.171.10 - - [18/Mar/2026:14:32:39 -0400] "GET /2025-tokyo-disneysea-information-for-first-timers/ HTTP/1.1" 200 63259 "-" "Mozilla/5.0 (compatible; SemrushBot/7~bl; +http://www.semrush.com/bot.html)"
185.191.171.6 - - [18/Mar/2026:14:32:43 -0400] "GET /blood-sugar-spikes-causes-and-prevention/ HTTP/1.1" 200 57138 "-" "Mozilla/5.0 (compatible; SemrushBot/7~bl; +http://www.semrush.com/bot.html)"
85.208.96.201 - - [18/Mar/2026:14:32:48 -0400] "GET /six-indians-preventing-for-russia-in-ukraine-conflict-set-to-return-house-after-launch/ HTTP/1.1" 200 54607 "-" "Mozilla/5.0 (compatible; SemrushBot/7~bl; +http://www.semrush.com/bot.html)"
178.156.235.26 - - [18/Mar/2026:14:32:48 -0400] "GET / HTTP/1.1" 200 492389 "-" "Mozilla/5.0 (Macintosh; Intel Mac OS X 10_15_7) AppleWebKit/537.36 (KHTML, like Gecko) Chrome/93.0.4577.0 Safari/537.36"
216.73.216.103 - - [18/Mar/2026:14:32:49 -0400] "GET /?p=38495 HTTP/1.1" 301 - "-" "Mozilla/5.0 AppleWebKit/537.36 (KHTML, like Gecko; compatible; ClaudeBot/1.0; +claudebot@anthropic.com)"
216.73.216.103 - - [18/Mar/2026:14:32:49 -0400] "GET /?p=28768 HTTP/1.1" 301 - "-" "Mozilla/5.0 AppleWebKit/537.36 (KHTML, like Gecko; compatible; ClaudeBot/1.0; +claudebot@anthropic.com)"
216.73.216.103 - - [18/Mar/2026:14:32:49 -0400] "GET /openai-reorganizes-analysis-workforce-behind-chatgpts-character/ HTTP/1.1" 200 53343 "https://planetnewspro.com/?p=38495" "Mozilla/5.0 AppleWebKit/537.36 (KHTML, like Gecko; compatible; ClaudeBot/1.0; +claudebot@anthropic.com)"
216.73.216.103 - - [18/Mar/2026:14:32:50 -0400] "GET /trump-destroys-abc-hack-reporter-in-explosive-interview-theyre-giving-you-the-huge-break-of-a-lifetime-i-picked-you-as-a-result-of-frankly-i-by-no-means-heard-of-you-the-gate/ HTTP/1.1" 200 57217 "https://planetnewspro.com/?p=28768" "Mozilla/5.0 AppleWebKit/537.36 (KHTML, like Gecko; compatible; ClaudeBot/1.0; +claudebot@anthropic.com)"
185.191.171.10 - - [18/Mar/2026:14:32:51 -0400] "GET /robots.txt HTTP/1.1" 200 128 "-" "Mozilla/5.0 (compatible; SemrushBot/7~bl; +http://www.semrush.com/bot.html)"
185.191.171.19 - - [18/Mar/2026:14:32:52 -0400] "GET /meta-tries-to-cease-sarah-wynn-williams-from-additional-promoting-scathing-memoir/ HTTP/1.1" 200 52742 "-" "Mozilla/5.0 (compatible; SemrushBot/7~bl; +http://www.semrush.com/bot.html)"
50.6.201.88 - - [18/Mar/2026:14:33:12 -0400] "POST /wp-cron.php?doing_wp_cron=1773858792.3259789943695068359375 HTTP/1.1" 200 - "-" "WordPress/6.9.4; https://planetnewspro.com"
85.208.96.199 - - [18/Mar/2026:14:33:11 -0400] "GET /nba-mock-draft-2025-prompt-projection-after-mavs-win-cooper-flagg-sweepstakes/ HTTP/1.1" 200 64020 "-" "Mozilla/5.0 (compatible; SemrushBot/7~bl; +http://www.semrush.com/bot.html)"
50.6.201.88 - - [18/Mar/2026:14:33:12 -0400] "POST /wp-admin/admin-ajax.php?action=async_litespeed&nonce=6a32a20319&litespeed_type=imgoptm HTTP/1.1" 200 21 "-" "WordPress/6.9.4; https://planetnewspro.com"
50.6.201.88 - - [18/Mar/2026:14:33:31 -0400] "POST /wp-cron.php?doing_wp_cron=1773858811.6403260231018066406250 HTTP/1.1" 200 - "-" "WordPress/6.9.4; https://planetnewspro.com"
216.73.216.103 - - [18/Mar/2026:14:33:31 -0400] "GET /?p=35356 HTTP/1.1" 301 - "-" "Mozilla/5.0 AppleWebKit/537.36 (KHTML, like Gecko; compatible; ClaudeBot/1.0; +claudebot@anthropic.com)"
216.73.216.103 - - [18/Mar/2026:14:33:31 -0400] "GET /meghan-markles-netflix-present-outshines-prince-harrys-invictus-documentary-reveal-us-polls-and-report/ HTTP/1.1" 200 52888 "https://planetnewspro.com/?p=35356" "Mozilla/5.0 AppleWebKit/537.36 (KHTML, like Gecko; compatible; ClaudeBot/1.0; +claudebot@anthropic.com)"
185.191.171.18 - - [18/Mar/2026:14:33:40 -0400] "GET /novosbed-mattress-assessment-2024-reminiscence-foam-with-sturdy-edge-assist-examined-by-specialists/ HTTP/1.1" 200 61639 "-" "Mozilla/5.0 (compatible; SemrushBot/7~bl; +http://www.semrush.com/bot.html)"
85.208.96.205 - - [18/Mar/2026:14:33:43 -0400] "GET /hyundais-new-tesla-charging-port-comes-up-quick/ HTTP/1.1" 200 55798 "-" "Mozilla/5.0 (compatible; SemrushBot/7~bl; +http://www.semrush.com/bot.html)"
185.191.171.19 - - [18/Mar/2026:14:33:45 -0400] "GET /heartbroken-mom-of-british-lady-28-fatally-poisoned-by-methanol-at-hostel-in-laos-recounts-nightmare-16-hour-journey-to-be-by-her-dying-daughters-facet-earlier-than-switching-off-her-life-assis/ HTTP/1.1" 200 55733 "-" "Mozilla/5.0 (compatible; SemrushBot/7~bl; +http://www.semrush.com/bot.html)"
185.191.171.2 - - [18/Mar/2026:14:33:53 -0400] "GET /delhis-air-high-quality-worsens-as-folks-defy-ban-on-diwali-fireworks/ HTTP/1.1" 200 54303 "-" "Mozilla/5.0 (compatible; SemrushBot/7~bl; +http://www.semrush.com/bot.html)"
50.6.201.88 - - [18/Mar/2026:14:34:02 -0400] "POST /wp-cron.php?doing_wp_cron=1773858842.6586310863494873046875 HTTP/1.1" 200 - "-" "WordPress/6.9.4; https://planetnewspro.com"
17.241.219.197 - - [18/Mar/2026:14:34:02 -0400] "GET /membership-paradise-coron-the-final-luxurious-escape/ HTTP/1.1" 200 55075 "-" "Mozilla/5.0 (Macintosh; Intel Mac OS X 10_15_7) AppleWebKit/605.1.15 (KHTML, like Gecko) Version/17.4 Safari/605.1.15 (Applebot/0.1; +http://www.apple.com/go/applebot)"
50.6.201.88 - - [18/Mar/2026:14:34:02 -0400] "POST /wp-admin/admin-ajax.php?action=async_litespeed&nonce=6a32a20319&litespeed_type=imgoptm HTTP/1.1" 200 21 "-" "WordPress/6.9.4; https://planetnewspro.com"
50.6.201.88 - - [18/Mar/2026:14:34:07 -0400] "POST /wp-cron.php?doing_wp_cron=1773858847.4002740383148193359375 HTTP/1.1" 200 - "-" "WordPress/6.9.4; https://planetnewspro.com"
185.191.171.17 - - [18/Mar/2026:14:34:06 -0400] "GET /who-will-win-at-this-times-ipl-2025-match/ HTTP/1.1" 200 54543 "-" "Mozilla/5.0 (compatible; SemrushBot/7~bl; +http://www.semrush.com/bot.html)"
216.73.216.103 - - [18/Mar/2026:14:34:12 -0400] "GET /?p=29008 HTTP/1.1" 301 - "-" "Mozilla/5.0 AppleWebKit/537.36 (KHTML, like Gecko; compatible; ClaudeBot/1.0; +claudebot@anthropic.com)"
216.73.216.103 - - [18/Mar/2026:14:34:13 -0400] "GET /western-convention-shake-up-younger-stars-overtake-nba-veterans-in-2025-playoffs/ HTTP/1.1" 200 52658 "https://planetnewspro.com/?p=29008" "Mozilla/5.0 AppleWebKit/537.36 (KHTML, like Gecko; compatible; ClaudeBot/1.0; +claudebot@anthropic.com)"
50.6.201.88 - - [18/Mar/2026:14:34:49 -0400] "POST /wp-cron.php?doing_wp_cron=1773858889.6715159416198730468750 HTTP/1.1" 200 - "-" "WordPress/6.9.4; https://planetnewspro.com"
216.73.216.103 - - [18/Mar/2026:14:34:49 -0400] "GET /?p=28990 HTTP/1.1" 301 - "-" "Mozilla/5.0 AppleWebKit/537.36 (KHTML, like Gecko; compatible; ClaudeBot/1.0; +claudebot@anthropic.com)"
185.191.171.19 - - [18/Mar/2026:14:34:47 -0400] "GET /inside-britains-deportation-flight-fiasco-colouring-books-treats-and-violence-whistleblower-guards-reveal-all-to-sue-reid/ HTTP/1.1" 200 57615 "-" "Mozilla/5.0 (compatible; SemrushBot/7~bl; +http://www.semrush.com/bot.html)"
216.73.216.103 - - [18/Mar/2026:14:34:49 -0400] "GET /f1-publicizes-huge-extension-of-the-miami-grand-prix/ HTTP/1.1" 200 52694 "https://planetnewspro.com/?p=28990" "Mozilla/5.0 AppleWebKit/537.36 (KHTML, like Gecko; compatible; ClaudeBot/1.0; +claudebot@anthropic.com)"
50.6.201.88 - - [18/Mar/2026:14:35:18 -0400] "POST /wp-cron.php?doing_wp_cron=1773858918.2048161029815673828125 HTTP/1.1" 200 - "-" "WordPress/6.9.4; https://planetnewspro.com"
216.73.216.103 - - [18/Mar/2026:14:35:18 -0400] "GET /?p=35107 HTTP/1.1" 301 - "-" "Mozilla/5.0 AppleWebKit/537.36 (KHTML, like Gecko; compatible; ClaudeBot/1.0; +claudebot@anthropic.com)"
50.6.201.88 - - [18/Mar/2026:14:35:18 -0400] "POST /wp-admin/admin-ajax.php?action=async_litespeed&nonce=6a32a20319&litespeed_type=imgoptm HTTP/1.1" 200 21 "-" "WordPress/6.9.4; https://planetnewspro.com"
216.73.216.103 - - [18/Mar/2026:14:35:18 -0400] "GET /fbi-director-patel-vows-no-cowl-ups-amid-bureau-criticism-over-epstein-recordsdata/ HTTP/1.1" 200 53864 "https://planetnewspro.com/?p=35107" "Mozilla/5.0 AppleWebKit/537.36 (KHTML, like Gecko; compatible; ClaudeBot/1.0; +claudebot@anthropic.com)"
85.208.96.195 - - [18/Mar/2026:14:35:19 -0400] "GET /the-finest-cookbooks-of-fall-2024/ HTTP/1.1" 200 72299 "-" "Mozilla/5.0 (compatible; SemrushBot/7~bl; +http://www.semrush.com/bot.html)"
50.6.201.88 - - [18/Mar/2026:14:35:28 -0400] "POST /wp-cron.php?doing_wp_cron=1773858927.9947841167449951171875 HTTP/1.1" 200 - "-" "WordPress/6.9.4; https://planetnewspro.com"
85.208.96.207 - - [18/Mar/2026:14:35:27 -0400] "GET /who-will-win-at-this-times-match/ HTTP/1.1" 200 53427 "-" "Mozilla/5.0 (compatible; SemrushBot/7~bl; +http://www.semrush.com/bot.html)"
85.208.96.197 - - [18/Mar/2026:14:35:34 -0400] "GET /bianca-censori-and-north-wests-particular-bond-grows-stronger-in-japan-thanks-to-playful-piglets/ HTTP/1.1" 200 52515 "-" "Mozilla/5.0 (compatible; SemrushBot/7~bl; +http://www.semrush.com/bot.html)"
50.6.201.88 - - [18/Mar/2026:14:35:49 -0400] "POST /wp-cron.php?doing_wp_cron=1773858949.1489720344543457031250 HTTP/1.1" 200 - "-" "WordPress/6.9.4; https://planetnewspro.com"
185.191.171.3 - - [18/Mar/2026:14:35:48 -0400] "GET /monkeys-at-hellhole-zoo-threat-infecting-holidaymakers-with-tb-critics-declare/ HTTP/1.1" 200 53594 "-" "Mozilla/5.0 (compatible; SemrushBot/7~bl; +http://www.semrush.com/bot.html)"
185.191.171.7 - - [18/Mar/2026:14:35:51 -0400] "GET /csc-serviceworks-reveals-2023-knowledge-breach-affecting-hundreds-of-individuals/ HTTP/1.1" 200 52273 "-" "Mozilla/5.0 (compatible; SemrushBot/7~bl; +http://www.semrush.com/bot.html)"
50.6.201.88 - - [18/Mar/2026:14:35:55 -0400] "POST /wp-cron.php?doing_wp_cron=1773858955.6113820075988769531250 HTTP/1.1" 200 - "-" "WordPress/6.9.4; https://planetnewspro.com"
50.6.201.88 - - [18/Mar/2026:14:36:02 -0400] "POST /wp-cron.php?doing_wp_cron=1773858962.4812469482421875000000 HTTP/1.1" 200 - "-" "WordPress/6.9.4; https://planetnewspro.com"
43.173.179.178 - - [18/Mar/2026:14:36:01 -0400] "GET /category/netflix/page/74/ HTTP/1.1" 200 44429 "-" "Mozilla/5.0 (Windows NT 10.0; Win64; x64) AppleWebKit/537.36 (KHTML, like Gecko) Chrome/103.0.0.0 Safari/537.36"
50.6.201.88 - - [18/Mar/2026:14:36:02 -0400] "POST /wp-admin/admin-ajax.php?action=async_litespeed&nonce=6a32a20319&litespeed_type=imgoptm HTTP/1.1" 200 21 "-" "WordPress/6.9.4; https://planetnewspro.com"
216.73.216.103 - - [18/Mar/2026:14:36:07 -0400] "GET /?p=28687 HTTP/1.1" 301 - "-" "Mozilla/5.0 AppleWebKit/537.36 (KHTML, like Gecko; compatible; ClaudeBot/1.0; +claudebot@anthropic.com)"
50.6.201.88 - - [18/Mar/2026:14:36:07 -0400] "POST /wp-cron.php?doing_wp_cron=1773858967.5179650783538818359375 HTTP/1.1" 200 - "-" "WordPress/6.9.4; https://planetnewspro.com"
85.208.96.202 - - [18/Mar/2026:14:36:07 -0400] "GET /hbo-compelled-to-defend-jk-rowling-after-woke-on-line-trolls-demand-she-is-faraway-from-her-personal-harry-potter-tv-sequence-over-her-views-on-transgender-points/ HTTP/1.1" 200 55053 "-" "Mozilla/5.0 (compatible; SemrushBot/7~bl; +http://www.semrush.com/bot.html)"
216.73.216.103 - - [18/Mar/2026:14:36:07 -0400] "GET /inspecting-trumps-busy-first-100-days-again-within-the-white-home/ HTTP/1.1" 200 59200 "https://planetnewspro.com/?p=28687" "Mozilla/5.0 AppleWebKit/537.36 (KHTML, like Gecko; compatible; ClaudeBot/1.0; +claudebot@anthropic.com)"
216.73.216.103 - - [18/Mar/2026:14:36:10 -0400] "GET /the-dumbbell-shoulder-exercise-for-higher-higher-physique-power HTTP/1.1" 301 - "-" "Mozilla/5.0 AppleWebKit/537.36 (KHTML, like Gecko; compatible; ClaudeBot/1.0; +claudebot@anthropic.com)"
216.73.216.103 - - [18/Mar/2026:14:36:10 -0400] "GET /the-dumbbell-shoulder-exercise-for-higher-higher-physique-power/ HTTP/1.1" 200 53872 "https://planetnewspro.com/the-dumbbell-shoulder-exercise-for-higher-higher-physique-power" "Mozilla/5.0 AppleWebKit/537.36 (KHTML, like Gecko; compatible; ClaudeBot/1.0; +claudebot@anthropic.com)"
46.243.173.161 - - [18/Mar/2026:14:35:53 -0400] "GET /hidden-prices-in-ai-deployment-why-claude-fashions-could-also-be-20-30-dearer-than-gpt-in-enterprise-settings/ HTTP/1.0" 200 326777 "https://planetnewspro.com/hidden-prices-in-ai-deployment-why-claude-fashions-could-also-be-20-30-dearer-than-gpt-in-enterprise-settings/#comment-16329" "Mozilla/5.0 (Windows NT 10.0; Win64; x64) AppleWebKit/537.36 (KHTML, like Gecko) Chrome/129.0.0.0 Safari/537.36"
66.249.87.70 - - [18/Mar/2026:14:36:16 -0400] "GET /category/netflix/page/74/ HTTP/1.1" 200 44429 "-" "Mediapartners-Google"
50.6.201.88 - - [18/Mar/2026:14:36:21 -0400] "POST /wp-cron.php?doing_wp_cron=1773858981.9425508975982666015625 HTTP/1.1" 200 - "-" "WordPress/6.9.4; https://planetnewspro.com"
207.180.11.143 - - [18/Mar/2026:14:36:21 -0400] "GET /israel-hamas-commerce-blame-as-bloodshed-clouds-gaza-peace-bid/feed/ HTTP/1.1" 200 888 "-" "Mozilla/5.0 (Macintosh; Intel Mac OS X 10_15_7) AppleWebKit/537.36 (KHTML, like Gecko) Chrome/135.0.0.0 Safari/537.36"
185.191.171.19 - - [18/Mar/2026:14:36:25 -0400] "GET /this-insulated-tumbler-by-no-means-spills-a-drop-even-when-its-upside-down/ HTTP/1.1" 200 53648 "-" "Mozilla/5.0 (compatible; SemrushBot/7~bl; +http://www.semrush.com/bot.html)"
51.68.32.135 - - [18/Mar/2026:14:36:28 -0400] "GET /robots.txt HTTP/1.1" 200 175 "-" "Mozilla/5.0 (compatible; MJ12bot/v1.4.8; http://mj12bot.com/)"
51.68.32.135 - - [18/Mar/2026:14:36:30 -0400] "GET /category/finance/page/107/ HTTP/1.1" 200 41716 "-" "Mozilla/5.0 (compatible; MJ12bot/v1.4.8; http://mj12bot.com/)"
51.68.32.135 - - [18/Mar/2026:14:36:32 -0400] "GET /category/fitness/page/147/ HTTP/1.1" 200 41479 "-" "Mozilla/5.0 (compatible; MJ12bot/v1.4.8; http://mj12bot.com/)"
50.6.201.88 - - [18/Mar/2026:14:36:39 -0400] "POST /wp-cron.php?doing_wp_cron=1773858999.7875840663909912109375 HTTP/1.1" 200 - "-" "WordPress/6.9.4; https://planetnewspro.com"
176.29.110.33 - - [18/Mar/2026:14:36:38 -0400] "GET /finest-financial-savings-charges-right-this-moment-apys-are-on-the-manner-down-here-is-the-place-you-can-nonetheless-earn-as-much-as-5-25-apy/ HTTP/1.1" 200 55552 "https://planetnewspro.com/" "Mozilla/5.0 (Macintosh; Intel Mac OS X 10_15_7) AppleWebKit/537.36 (KHTML, like Gecko) Chrome/131.0.0.0 Safari/537.36"
17.241.227.203 - - [18/Mar/2026:14:36:49 -0400] "GET /wp-includes/js/jquery/jquery.min.js?ver=3.7.1 HTTP/1.1" 200 87553 "https://planetnewspro.com/membership-paradise-coron-the-final-luxurious-escape/" "Mozilla/5.0 (Macintosh; Intel Mac OS X 10_15_7) AppleWebKit/605.1.15 (KHTML, like Gecko) Version/17.4 Safari/605.1.15 (Applebot/0.1; +http://www.apple.com/go/applebot)"
17.241.75.225 - - [18/Mar/2026:14:36:51 -0400] "GET /wp-includes/js/jquery/jquery-migrate.min.js?ver=3.4.1 HTTP/1.1" 200 13577 "https://planetnewspro.com/membership-paradise-coron-the-final-luxurious-escape/" "Mozilla/5.0 (Macintosh; Intel Mac OS X 10_15_7) AppleWebKit/605.1.15 (KHTML, like Gecko) Version/17.4 Safari/605.1.15 (Applebot/0.1; +http://www.apple.com/go/applebot)"
17.241.219.115 - - [18/Mar/2026:14:36:53 -0400] "GET /wp-content/plugins/td-composer/legacy/Newspaper/js/tdSocialSharing.js?ver=12.6.6 HTTP/1.1" 200 2632 "https://planetnewspro.com/membership-paradise-coron-the-final-luxurious-escape/" "Mozilla/5.0 (Macintosh; Intel Mac OS X 10_15_7) AppleWebKit/605.1.15 (KHTML, like Gecko) Version/17.4 Safari/605.1.15 (Applebot/0.1; +http://www.apple.com/go/applebot)"
17.241.219.197 - - [18/Mar/2026:14:36:55 -0400] "GET /wp-content/plugins/td-composer/legacy/Newspaper/js/tagdiv_theme.min.js?ver=12.6.6 HTTP/1.1" 200 160112 "https://planetnewspro.com/membership-paradise-coron-the-final-luxurious-escape/" "Mozilla/5.0 (Macintosh; Intel Mac OS X 10_15_7) AppleWebKit/605.1.15 (KHTML, like Gecko) Version/17.4 Safari/605.1.15 (Applebot/0.1; +http://www.apple.com/go/applebot)"
216.73.216.103 - - [18/Mar/2026:14:36:55 -0400] "GET /openai-reorganizes-analysis-workforce-behind-chatgpts-character HTTP/1.1" 301 - "-" "Mozilla/5.0 AppleWebKit/537.36 (KHTML, like Gecko; compatible; ClaudeBot/1.0; +claudebot@anthropic.com)"
216.73.216.103 - - [18/Mar/2026:14:36:56 -0400] "GET /openai-reorganizes-analysis-workforce-behind-chatgpts-character/ HTTP/1.1" 200 53343 "https://planetnewspro.com/openai-reorganizes-analysis-workforce-behind-chatgpts-character" "Mozilla/5.0 AppleWebKit/537.36 (KHTML, like Gecko; compatible; ClaudeBot/1.0; +claudebot@anthropic.com)"
17.241.227.160 - - [18/Mar/2026:14:36:56 -0400] "GET /wp-content/plugins/td-composer/legacy/Newspaper/js/tdModalPostImages.js?ver=12.6.6 HTTP/1.1" 200 8892 "https://planetnewspro.com/membership-paradise-coron-the-final-luxurious-escape/" "Mozilla/5.0 (Macintosh; Intel Mac OS X 10_15_7) AppleWebKit/605.1.15 (KHTML, like Gecko) Version/17.4 Safari/605.1.15 (Applebot/0.1; +http://www.apple.com/go/applebot)"
17.241.227.41 - - [18/Mar/2026:14:36:58 -0400] "GET /wp-content/plugins/td-composer/legacy/Newspaper/js/tdPostImages.js?ver=12.6.6 HTTP/1.1" 200 2449 "https://planetnewspro.com/membership-paradise-coron-the-final-luxurious-escape/" "Mozilla/5.0 (Macintosh; Intel Mac OS X 10_15_7) AppleWebKit/605.1.15 (KHTML, like Gecko) Version/17.4 Safari/605.1.15 (Applebot/0.1; +http://www.apple.com/go/applebot)"
17.241.75.25 - - [18/Mar/2026:14:37:00 -0400] "GET /wp-content/plugins/td-composer/legacy/Newspaper/js/tdToTop.js?ver=12.6.6 HTTP/1.1" 200 1426 "https://planetnewspro.com/membership-paradise-coron-the-final-luxurious-escape/" "Mozilla/5.0 (Macintosh; Intel Mac OS X 10_15_7) AppleWebKit/605.1.15 (KHTML, like Gecko) Version/17.4 Safari/605.1.15 (Applebot/0.1; +http://www.apple.com/go/applebot)"
17.241.75.83 - - [18/Mar/2026:14:37:02 -0400] "GET /wp-content/plugins/td-composer/legacy/Newspaper/js/tdDatei18n.js?ver=12.6.6 HTTP/1.1" 200 2431 "https://planetnewspro.com/membership-paradise-coron-the-final-luxurious-escape/" "Mozilla/5.0 (Macintosh; Intel Mac OS X 10_15_7) AppleWebKit/605.1.15 (KHTML, like Gecko) Version/17.4 Safari/605.1.15 (Applebot/0.1; +http://www.apple.com/go/applebot)"
17.241.227.209 - - [18/Mar/2026:14:37:06 -0400] "GET /wp-content/plugins/td-cloud-library/assets/js/tdbSearch.js?ver=b379c96c54343541fd8742379a419361 HTTP/1.1" 200 5945 "https://planetnewspro.com/membership-paradise-coron-the-final-luxurious-escape/" "Mozilla/5.0 (Macintosh; Intel Mac OS X 10_15_7) AppleWebKit/605.1.15 (KHTML, like Gecko) Version/17.4 Safari/605.1.15 (Applebot/0.1; +http://www.apple.com/go/applebot)"
50.6.201.88 - - [18/Mar/2026:14:37:06 -0400] "POST /wp-cron.php?doing_wp_cron=1773859026.1680109500885009765625 HTTP/1.1" 200 - "-" "WordPress/6.9.4; https://planetnewspro.com"
185.191.171.7 - - [18/Mar/2026:14:37:05 -0400] "GET /indian-gins-are-reclaiming-the-spirit-from-its-colonial-roots/ HTTP/1.1" 200 60313 "-" "Mozilla/5.0 (compatible; SemrushBot/7~bl; +http://www.semrush.com/bot.html)"
50.6.201.88 - - [18/Mar/2026:14:37:06 -0400] "POST /wp-admin/admin-ajax.php?action=async_litespeed&nonce=6a32a20319&litespeed_type=imgoptm HTTP/1.1" 200 21 "-" "WordPress/6.9.4; https://planetnewspro.com"
17.241.227.70 - - [18/Mar/2026:14:37:08 -0400] "GET /wp-content/plugins/td-composer/legacy/Newspaper/js/tdLoadingBox.js?ver=12.6.6 HTTP/1.1" 200 2670 "https://planetnewspro.com/membership-paradise-coron-the-final-luxurious-escape/" "Mozilla/5.0 (Macintosh; Intel Mac OS X 10_15_7) AppleWebKit/605.1.15 (KHTML, like Gecko) Version/17.4 Safari/605.1.15 (Applebot/0.1; +http://www.apple.com/go/applebot)"
17.241.219.73 - - [18/Mar/2026:14:37:09 -0400] "GET /wp-content/plugins/td-composer/legacy/Newspaper/js/tdWeather.js?ver=12.6.6 HTTP/1.1" 200 9932 "https://planetnewspro.com/membership-paradise-coron-the-final-luxurious-escape/" "Mozilla/5.0 (Macintosh; Intel Mac OS X 10_15_7) AppleWebKit/605.1.15 (KHTML, like Gecko) Version/17.4 Safari/605.1.15 (Applebot/0.1; +http://www.apple.com/go/applebot)"
17.241.227.105 - - [18/Mar/2026:14:37:09 -0400] "GET /wp-content/plugins/td-composer/legacy/Newspaper/js/tdSmartSidebar.js?ver=12.6.6 HTTP/1.1" 200 9915 "https://planetnewspro.com/membership-paradise-coron-the-final-luxurious-escape/" "Mozilla/5.0 (Macintosh; Intel Mac OS X 10_15_7) AppleWebKit/605.1.15 (KHTML, like Gecko) Version/17.4 Safari/605.1.15 (Applebot/0.1; +http://www.apple.com/go/applebot)"
17.241.227.105 - - [18/Mar/2026:14:37:11 -0400] "GET /wp-includes/js/comment-reply.min.js?ver=6.9.4 HTTP/1.1" 200 3026 "https://planetnewspro.com/membership-paradise-coron-the-final-luxurious-escape/" "Mozilla/5.0 (Macintosh; Intel Mac OS X 10_15_7) AppleWebKit/605.1.15 (KHTML, like Gecko) Version/17.4 Safari/605.1.15 (Applebot/0.1; +http://www.apple.com/go/applebot)"
17.241.75.145 - - [18/Mar/2026:14:37:15 -0400] "GET /wp-includes/js/wp-emoji-release.min.js?ver=6.9.4 HTTP/1.1" 200 22762 "https://planetnewspro.com/membership-paradise-coron-the-final-luxurious-escape/" "Mozilla/5.0 (Macintosh; Intel Mac OS X 10_15_7) AppleWebKit/605.1.15 (KHTML, like Gecko) Version/17.4 Safari/605.1.15 (Applebot/0.1; +http://www.apple.com/go/applebot)"
50.6.201.88 - - [18/Mar/2026:14:37:17 -0400] "POST /wp-cron.php?doing_wp_cron=1773859037.9553558826446533203125 HTTP/1.1" 200 - "-" "WordPress/6.9.4; https://planetnewspro.com"
85.208.96.198 - - [18/Mar/2026:14:37:17 -0400] "GET /most-wnba-groups-modified-head-coaches-lets-get-to-know-the-brand-new-hires/ HTTP/1.1" 200 65073 "-" "Mozilla/5.0 (compatible; SemrushBot/7~bl; +http://www.semrush.com/bot.html)"
216.73.216.103 - - [18/Mar/2026:14:37:19 -0400] "GET /every-part-you-want-to-know-earlier-than-you-start HTTP/1.1" 301 - "-" "Mozilla/5.0 AppleWebKit/537.36 (KHTML, like Gecko; compatible; ClaudeBot/1.0; +claudebot@anthropic.com)"
85.208.96.199 - - [18/Mar/2026:14:37:19 -0400] "GET /tim-walz-requires-the-formation-of-a-shadow-authorities-the-gateway-pundit/ HTTP/1.1" 200 53310 "-" "Mozilla/5.0 (compatible; SemrushBot/7~bl; +http://www.semrush.com/bot.html)"
50.6.201.88 - - [18/Mar/2026:14:37:20 -0400] "POST /wp-cron.php?doing_wp_cron=1773859040.0244030952453613281250 HTTP/1.1" 200 - "-" "WordPress/6.9.4; https://planetnewspro.com"
216.73.216.103 - - [18/Mar/2026:14:37:19 -0400] "GET /every-part-you-want-to-know-earlier-than-you-start/ HTTP/1.1" 200 58689 "https://planetnewspro.com/every-part-you-want-to-know-earlier-than-you-start" "Mozilla/5.0 AppleWebKit/537.36 (KHTML, like Gecko; compatible; ClaudeBot/1.0; +claudebot@anthropic.com)"
50.6.201.88 - - [18/Mar/2026:14:37:31 -0400] "POST /wp-cron.php?doing_wp_cron=1773859051.1307630538940429687500 HTTP/1.1" 200 - "-" "WordPress/6.9.4; https://planetnewspro.com"
185.191.171.7 - - [18/Mar/2026:14:37:30 -0400] "GET /industries-urge-trump-to-permit-them-to-pollute-air-and-water/ HTTP/1.1" 200 54492 "-" "Mozilla/5.0 (compatible; SemrushBot/7~bl; +http://www.semrush.com/bot.html)"
216.73.216.103 - - [18/Mar/2026:14:37:36 -0400] "GET /how-one-can-begin-a-private-coach-or-health-facet-hustle/feed HTTP/1.1" 301 - "-" "Mozilla/5.0 AppleWebKit/537.36 (KHTML, like Gecko; compatible; ClaudeBot/1.0; +claudebot@anthropic.com)"
216.73.216.103 - - [18/Mar/2026:14:37:36 -0400] "GET /how-one-can-begin-a-private-coach-or-health-facet-hustle/feed/ HTTP/1.1" 200 869 "https://planetnewspro.com/how-one-can-begin-a-private-coach-or-health-facet-hustle/feed" "Mozilla/5.0 AppleWebKit/537.36 (KHTML, like Gecko; compatible; ClaudeBot/1.0; +claudebot@anthropic.com)"
50.6.201.88 - - [18/Mar/2026:14:37:48 -0400] "POST /wp-cron.php?doing_wp_cron=1773859068.7631649971008300781250 HTTP/1.1" 200 - "-" "WordPress/6.9.4; https://planetnewspro.com"
17.22.245.47 - - [18/Mar/2026:14:37:48 -0400] "GET /a-full-information-to-bali-entry-necessities-for-first-time-vacationers/ HTTP/1.1" 200 56422 "-" "Mozilla/5.0 (Macintosh; Intel Mac OS X 10_15_7) AppleWebKit/605.1.15 (KHTML, like Gecko) Version/17.4 Safari/605.1.15 (Applebot/0.1; +http://www.apple.com/go/applebot)"
85.208.96.211 - - [18/Mar/2026:14:37:51 -0400] "GET /love-or-immortality-a-brief-story/ HTTP/1.1" 200 61941 "-" "Mozilla/5.0 (compatible; SemrushBot/7~bl; +http://www.semrush.com/bot.html)"
216.73.216.103 - - [18/Mar/2026:14:37:54 -0400] "GET /prince-harrys-bombshell-interview-about-his-father-royal-household-and-safety-row-in-full HTTP/1.1" 301 - "-" "Mozilla/5.0 AppleWebKit/537.36 (KHTML, like Gecko; compatible; ClaudeBot/1.0; +claudebot@anthropic.com)"
216.73.216.103 - - [18/Mar/2026:14:37:54 -0400] "GET /prince-harrys-bombshell-interview-about-his-father-royal-household-and-safety-row-in-full/ HTTP/1.1" 200 57485 "https://planetnewspro.com/prince-harrys-bombshell-interview-about-his-father-royal-household-and-safety-row-in-full" "Mozilla/5.0 AppleWebKit/537.36 (KHTML, like Gecko; compatible; ClaudeBot/1.0; +claudebot@anthropic.com)"
85.208.96.212 - - [18/Mar/2026:14:37:56 -0400] "GET /myleene-klass-suffered-nine-month-ordeal-at-arms-of-stalker-who-despatched-her-catwoman-swimsuit-and-tried-to-put-up-air-gun/ HTTP/1.1" 200 53932 "-" "Mozilla/5.0 (compatible; SemrushBot/7~bl; +http://www.semrush.com/bot.html)"
50.6.201.88 - - [18/Mar/2026:14:38:00 -0400] "POST /wp-cron.php?doing_wp_cron=1773859080.3867239952087402343750 HTTP/1.1" 200 - "-" "WordPress/6.9.4; https://planetnewspro.com"
185.191.171.13 - - [18/Mar/2026:14:37:59 -0400] "GET /al-sharpton-organizes-a-purchase-cott-to-help-costcos-dedication-to-dei-and-it-instantly-backfired/ HTTP/1.1" 200 53871 "-" "Mozilla/5.0 (compatible; SemrushBot/7~bl; +http://www.semrush.com/bot.html)"
50.6.201.88 - - [18/Mar/2026:14:38:00 -0400] "POST /wp-admin/admin-ajax.php?action=async_litespeed&nonce=6a32a20319&litespeed_type=imgoptm HTTP/1.1" 200 21 "-" "WordPress/6.9.4; https://planetnewspro.com"
50.6.201.88 - - [18/Mar/2026:14:38:23 -0400] "POST /wp-cron.php?doing_wp_cron=1773859103.9242460727691650390625 HTTP/1.1" 200 - "-" "WordPress/6.9.4; https://planetnewspro.com"
185.191.171.8 - - [18/Mar/2026:14:38:21 -0400] "GET /encourage-studying-throughout-the-holidays-with-academic-items-for-kids/ HTTP/1.1" 200 55430 "-" "Mozilla/5.0 (compatible; SemrushBot/7~bl; +http://www.semrush.com/bot.html)"
216.73.216.103 - - [18/Mar/2026:14:38:27 -0400] "GET /itch-io-is-the-newest-market-to-crack-down-on-grownup-video-games HTTP/1.1" 301 - "-" "Mozilla/5.0 AppleWebKit/537.36 (KHTML, like Gecko; compatible; ClaudeBot/1.0; +claudebot@anthropic.com)"
216.73.216.103 - - [18/Mar/2026:14:38:27 -0400] "GET /itch-io-is-the-newest-market-to-crack-down-on-grownup-video-games/ HTTP/1.1" 200 52848 "https://planetnewspro.com/itch-io-is-the-newest-market-to-crack-down-on-grownup-video-games" "Mozilla/5.0 AppleWebKit/537.36 (KHTML, like Gecko; compatible; ClaudeBot/1.0; +claudebot@anthropic.com)"
216.73.216.103 - - [18/Mar/2026:14:38:30 -0400] "GET /f1-publicizes-huge-extension-of-the-miami-grand-prix HTTP/1.1" 301 - "-" "Mozilla/5.0 AppleWebKit/537.36 (KHTML, like Gecko; compatible; ClaudeBot/1.0; +claudebot@anthropic.com)"
216.73.216.103 - - [18/Mar/2026:14:38:31 -0400] "GET /f1-publicizes-huge-extension-of-the-miami-grand-prix/ HTTP/1.1" 200 52693 "https://planetnewspro.com/f1-publicizes-huge-extension-of-the-miami-grand-prix" "Mozilla/5.0 AppleWebKit/537.36 (KHTML, like Gecko; compatible; ClaudeBot/1.0; +claudebot@anthropic.com)"
50.6.201.88 - - [18/Mar/2026:14:38:44 -0400] "POST /wp-cron.php?doing_wp_cron=1773859124.2860229015350341796875 HTTP/1.1" 200 - "-" "WordPress/6.9.4; https://planetnewspro.com"
41.208.141.179 - - [18/Mar/2026:14:38:42 -0400] "GET /the-way-forward-for-e-books-direct-publishing/ HTTP/1.1" 200 53080 "https://planetnewspro.com/" "Mozilla/5.0 (Windows NT 10.0; Win64; x64) AppleWebKit/537.36 (KHTML, like Gecko) Chrome/134.0.0.0 Safari/537.36"
50.6.201.88 - - [18/Mar/2026:14:39:09 -0400] "POST /wp-cron.php?doing_wp_cron=1773859149.8370499610900878906250 HTTP/1.1" 200 - "-" "WordPress/6.9.4; https://planetnewspro.com"
185.191.171.1 - - [18/Mar/2026:14:39:09 -0400] "GET /trump-is-president-now-the-gateway-pundit/ HTTP/1.1" 200 54258 "-" "Mozilla/5.0 (compatible; SemrushBot/7~bl; +http://www.semrush.com/bot.html)"
50.6.201.88 - - [18/Mar/2026:14:39:09 -0400] "POST /wp-admin/admin-ajax.php?action=async_litespeed&nonce=6a32a20319&litespeed_type=imgoptm HTTP/1.1" 200 21 "-" "WordPress/6.9.4; https://planetnewspro.com"
185.191.171.8 - - [18/Mar/2026:14:39:12 -0400] "GET /crimson-hot-xander-bogaerts-leads-padres-into-sequence-vs-dodgers/ HTTP/1.1" 200 52372 "-" "Mozilla/5.0 (compatible; SemrushBot/7~bl; +http://www.semrush.com/bot.html)"
50.6.201.88 - - [18/Mar/2026:14:39:27 -0400] "POST /wp-cron.php?doing_wp_cron=1773859167.9801919460296630859375 HTTP/1.1" 200 - "-" "WordPress/6.9.4; https://planetnewspro.com"
216.73.216.103 - - [18/Mar/2026:14:39:27 -0400] "GET /meet-the-tennis-exec-in-control-of-the-u-s-opens-groups-incomes-over-500-million-in-income-annually HTTP/1.1" 301 - "-" "Mozilla/5.0 AppleWebKit/537.36 (KHTML, like Gecko; compatible; ClaudeBot/1.0; +claudebot@anthropic.com)"
216.73.216.103 - - [18/Mar/2026:14:39:28 -0400] "GET /meet-the-tennis-exec-in-control-of-the-u-s-opens-groups-incomes-over-500-million-in-income-annually/ HTTP/1.1" 200 54183 "https://planetnewspro.com/meet-the-tennis-exec-in-control-of-the-u-s-opens-groups-incomes-over-500-million-in-income-annually" "Mozilla/5.0 AppleWebKit/537.36 (KHTML, like Gecko; compatible; ClaudeBot/1.0; +claudebot@anthropic.com)"
185.191.171.3 - - [18/Mar/2026:14:39:36 -0400] "GET /folie-a-deux-bombing-andrew-garfield-shares-a-contemporary-story-of-the-og-heath-ledger/ HTTP/1.1" 200 52936 "-" "Mozilla/5.0 (compatible; SemrushBot/7~bl; +http://www.semrush.com/bot.html)"
185.191.171.4 - - [18/Mar/2026:14:39:40 -0400] "GET /my-day-by-day-drop-professional-overview/ HTTP/1.1" 200 54083 "-" "Mozilla/5.0 (compatible; SemrushBot/7~bl; +http://www.semrush.com/bot.html)"
185.191.171.3 - - [18/Mar/2026:14:39:42 -0400] "GET /draining-the-swamp-pres-trump-formally-instructs-all-federal-companies-to-put-together-for-massive-scale-paperwork-cuts-by-march-13-the-gateway-pundit/ HTTP/1.1" 200 53560 "-" "Mozilla/5.0 (compatible; SemrushBot/7~bl; +http://www.semrush.com/bot.html)"
50.6.201.88 - - [18/Mar/2026:14:39:48 -0400] "POST /wp-cron.php?doing_wp_cron=1773859188.2943069934844970703125 HTTP/1.1" 200 - "-" "WordPress/6.9.4; https://planetnewspro.com"
17.241.227.58 - - [18/Mar/2026:14:39:46 -0400] "GET /salesforce-used-ai-to-chop-help-load-by-5-however-the-actual-win-was-instructing-bots-to-say-im-sorry/ HTTP/1.1" 200 57922 "-" "Mozilla/5.0 (Macintosh; Intel Mac OS X 10_15_7) AppleWebKit/605.1.15 (KHTML, like Gecko) Version/17.4 Safari/605.1.15 (Applebot/0.1; +http://www.apple.com/go/applebot)"
