216.73.216.103 - - [18/Mar/2026:09:12:26 -0400] "GET /?p=36159 HTTP/1.1" 301 - "-" "Mozilla/5.0 AppleWebKit/537.36 (KHTML, like Gecko; compatible; ClaudeBot/1.0; +claudebot@anthropic.com)"
216.73.216.103 - - [18/Mar/2026:09:12:26 -0400] "GET /?p=34768 HTTP/1.1" 301 - "-" "Mozilla/5.0 AppleWebKit/537.36 (KHTML, like Gecko; compatible; ClaudeBot/1.0; +claudebot@anthropic.com)"
216.73.216.103 - - [18/Mar/2026:09:12:26 -0400] "GET /neighbors-referred-to-as-cps-on-this-virginia-mother-for-letting-children-play-exterior/ HTTP/1.1" 200 54116 "https://planetnewspro.com/?p=36159" "Mozilla/5.0 AppleWebKit/537.36 (KHTML, like Gecko; compatible; ClaudeBot/1.0; +claudebot@anthropic.com)"
216.73.216.103 - - [18/Mar/2026:09:12:26 -0400] "GET /pistachio-milk-cookie-and-kate/ HTTP/1.1" 200 54698 "https://planetnewspro.com/?p=34768" "Mozilla/5.0 AppleWebKit/537.36 (KHTML, like Gecko; compatible; ClaudeBot/1.0; +claudebot@anthropic.com)"
216.73.216.103 - - [18/Mar/2026:09:12:27 -0400] "GET /?p=34787 HTTP/1.1" 301 - "-" "Mozilla/5.0 AppleWebKit/537.36 (KHTML, like Gecko; compatible; ClaudeBot/1.0; +claudebot@anthropic.com)"
85.208.96.206 - - [18/Mar/2026:09:12:27 -0400] "GET /wages-within-the-u-okay-are-rising-twice-as-quick-as-europe-and-the-u-s-thanks-to-at-least-one-easy-coverage/ HTTP/1.1" 200 52826 "-" "Mozilla/5.0 (compatible; SemrushBot/7~bl; +http://www.semrush.com/bot.html)"
216.73.216.103 - - [18/Mar/2026:09:12:27 -0400] "GET /this-hearty-peak-summer-time-panzanella-is-so-a-lot-extra-than-a-meal-to-me/ HTTP/1.1" 200 59294 "https://planetnewspro.com/?p=34787" "Mozilla/5.0 AppleWebKit/537.36 (KHTML, like Gecko; compatible; ClaudeBot/1.0; +claudebot@anthropic.com)"
185.191.171.19 - - [18/Mar/2026:09:12:36 -0400] "GET /how-dare-you-present-your-face-right-here-after-colossal-human-struggling-sir-keir-starmer-slams-vladimir-putins-un-envoy/ HTTP/1.1" 200 54996 "-" "Mozilla/5.0 (compatible; SemrushBot/7~bl; +http://www.semrush.com/bot.html)"
50.6.201.88 - - [18/Mar/2026:09:12:50 -0400] "POST /wp-cron.php?doing_wp_cron=1773839570.2893130779266357421875 HTTP/1.1" 200 - "-" "WordPress/6.9.4; https://planetnewspro.com"
216.73.216.103 - - [18/Mar/2026:09:12:50 -0400] "GET /?p=35035 HTTP/1.1" 301 - "-" "Mozilla/5.0 AppleWebKit/537.36 (KHTML, like Gecko; compatible; ClaudeBot/1.0; +claudebot@anthropic.com)"
216.73.216.103 - - [18/Mar/2026:09:12:50 -0400] "GET /?p=34642 HTTP/1.1" 301 - "-" "Mozilla/5.0 AppleWebKit/537.36 (KHTML, like Gecko; compatible; ClaudeBot/1.0; +claudebot@anthropic.com)"
216.73.216.103 - - [18/Mar/2026:09:12:50 -0400] "GET /i-gave-myself-a-faux-identify-on-fb-and-located-my-aunties-killer/ HTTP/1.1" 200 53284 "https://planetnewspro.com/?p=35035" "Mozilla/5.0 AppleWebKit/537.36 (KHTML, like Gecko; compatible; ClaudeBot/1.0; +claudebot@anthropic.com)"
216.73.216.103 - - [18/Mar/2026:09:12:51 -0400] "GET /?p=36333 HTTP/1.1" 301 - "-" "Mozilla/5.0 AppleWebKit/537.36 (KHTML, like Gecko; compatible; ClaudeBot/1.0; +claudebot@anthropic.com)"
216.73.216.103 - - [18/Mar/2026:09:12:50 -0400] "GET /tesla-gross-sales-cratered-in-california-for-7-straight-quarters-whereas-rivals-toyota-and-honda-surge-report-exhibits/ HTTP/1.1" 200 53199 "https://planetnewspro.com/?p=34642" "Mozilla/5.0 AppleWebKit/537.36 (KHTML, like Gecko; compatible; ClaudeBot/1.0; +claudebot@anthropic.com)"
216.73.216.103 - - [18/Mar/2026:09:12:51 -0400] "GET /japan-strikes-to-evacuate-hundreds-of-thousands-of-individuals-as-torrential-rain-triggers-flooding-and-landslides/ HTTP/1.1" 200 53179 "https://planetnewspro.com/?p=36333" "Mozilla/5.0 AppleWebKit/537.36 (KHTML, like Gecko; compatible; ClaudeBot/1.0; +claudebot@anthropic.com)"
50.6.201.88 - - [18/Mar/2026:09:13:05 -0400] "POST /wp-cron.php?doing_wp_cron=1773839584.9971120357513427734375 HTTP/1.1" 200 - "-" "WordPress/6.9.4; https://planetnewspro.com"
216.73.216.103 - - [18/Mar/2026:09:13:04 -0400] "GET /category/netflix/page/122 HTTP/1.1" 301 - "-" "Mozilla/5.0 AppleWebKit/537.36 (KHTML, like Gecko; compatible; ClaudeBot/1.0; +claudebot@anthropic.com)"
216.73.216.103 - - [18/Mar/2026:09:13:05 -0400] "GET /intelligent-kitchen-instruments-underneath-15-at-amazon HTTP/1.1" 301 - "-" "Mozilla/5.0 AppleWebKit/537.36 (KHTML, like Gecko; compatible; ClaudeBot/1.0; +claudebot@anthropic.com)"
50.6.201.88 - - [18/Mar/2026:09:13:05 -0400] "POST /wp-admin/admin-ajax.php?action=async_litespeed&nonce=6a32a20319&litespeed_type=imgoptm HTTP/1.1" 200 21 "-" "WordPress/6.9.4; https://planetnewspro.com"
216.73.216.103 - - [18/Mar/2026:09:13:05 -0400] "GET /category/netflix/page/122/ HTTP/1.1" 200 44898 "https://planetnewspro.com/category/netflix/page/122" "Mozilla/5.0 AppleWebKit/537.36 (KHTML, like Gecko; compatible; ClaudeBot/1.0; +claudebot@anthropic.com)"
216.73.216.103 - - [18/Mar/2026:09:13:05 -0400] "GET /intelligent-kitchen-instruments-underneath-15-at-amazon/ HTTP/1.1" 200 55262 "https://planetnewspro.com/intelligent-kitchen-instruments-underneath-15-at-amazon" "Mozilla/5.0 AppleWebKit/537.36 (KHTML, like Gecko; compatible; ClaudeBot/1.0; +claudebot@anthropic.com)"
216.73.216.103 - - [18/Mar/2026:09:13:05 -0400] "GET /mini-cinnamon-muffins-recipetin-eats HTTP/1.1" 301 - "-" "Mozilla/5.0 AppleWebKit/537.36 (KHTML, like Gecko; compatible; ClaudeBot/1.0; +claudebot@anthropic.com)"
216.73.216.103 - - [18/Mar/2026:09:13:06 -0400] "GET /mini-cinnamon-muffins-recipetin-eats/ HTTP/1.1" 200 63443 "https://planetnewspro.com/mini-cinnamon-muffins-recipetin-eats" "Mozilla/5.0 AppleWebKit/537.36 (KHTML, like Gecko; compatible; ClaudeBot/1.0; +claudebot@anthropic.com)"
50.6.201.88 - - [18/Mar/2026:09:13:19 -0400] "POST /wp-cron.php?doing_wp_cron=1773839599.5178060531616210937500 HTTP/1.1" 200 - "-" "WordPress/6.9.4; https://planetnewspro.com"
216.73.216.103 - - [18/Mar/2026:09:13:19 -0400] "GET /how-do-trumps-tariffs-have-an-effect-on-asian-nations HTTP/1.1" 301 - "-" "Mozilla/5.0 AppleWebKit/537.36 (KHTML, like Gecko; compatible; ClaudeBot/1.0; +claudebot@anthropic.com)"
216.73.216.103 - - [18/Mar/2026:09:13:19 -0400] "GET /turkey-meatballs-spend-with-pennies HTTP/1.1" 301 - "-" "Mozilla/5.0 AppleWebKit/537.36 (KHTML, like Gecko; compatible; ClaudeBot/1.0; +claudebot@anthropic.com)"
216.73.216.103 - - [18/Mar/2026:09:13:19 -0400] "GET /how-do-trumps-tariffs-have-an-effect-on-asian-nations/ HTTP/1.1" 200 56347 "https://planetnewspro.com/how-do-trumps-tariffs-have-an-effect-on-asian-nations" "Mozilla/5.0 AppleWebKit/537.36 (KHTML, like Gecko; compatible; ClaudeBot/1.0; +claudebot@anthropic.com)"
50.6.201.88 - - [18/Mar/2026:09:13:20 -0400] "POST /wp-cron.php?doing_wp_cron=1773839600.8493919372558593750000 HTTP/1.1" 200 - "-" "WordPress/6.9.4; https://planetnewspro.com"
216.73.216.103 - - [18/Mar/2026:09:13:20 -0400] "GET /beef-burritos-spend-with-pennies HTTP/1.1" 301 - "-" "Mozilla/5.0 AppleWebKit/537.36 (KHTML, like Gecko; compatible; ClaudeBot/1.0; +claudebot@anthropic.com)"
216.73.216.103 - - [18/Mar/2026:09:13:20 -0400] "GET /turkey-meatballs-spend-with-pennies/ HTTP/1.1" 200 57332 "https://planetnewspro.com/turkey-meatballs-spend-with-pennies" "Mozilla/5.0 AppleWebKit/537.36 (KHTML, like Gecko; compatible; ClaudeBot/1.0; +claudebot@anthropic.com)"
50.6.201.88 - - [18/Mar/2026:09:13:21 -0400] "POST /wp-cron.php?doing_wp_cron=1773839601.4290349483489990234375 HTTP/1.1" 200 - "-" "WordPress/6.9.4; https://planetnewspro.com"
85.208.96.197 - - [18/Mar/2026:09:13:20 -0400] "GET /the-finest-resorts-in-dubai-of-2024/ HTTP/1.1" 200 63084 "-" "Mozilla/5.0 (compatible; SemrushBot/7~bl; +http://www.semrush.com/bot.html)"
216.73.216.103 - - [18/Mar/2026:09:13:20 -0400] "GET /beef-burritos-spend-with-pennies/ HTTP/1.1" 200 58079 "https://planetnewspro.com/beef-burritos-spend-with-pennies" "Mozilla/5.0 AppleWebKit/537.36 (KHTML, like Gecko; compatible; ClaudeBot/1.0; +claudebot@anthropic.com)"
85.208.96.200 - - [18/Mar/2026:09:14:09 -0400] "GET /peloton-pronounces-95-used-gear-activation-charge/ HTTP/1.1" 200 53262 "-" "Mozilla/5.0 (compatible; SemrushBot/7~bl; +http://www.semrush.com/bot.html)"
216.73.216.103 - - [18/Mar/2026:09:14:12 -0400] "GET /scott-bessent-turns-up-the-warmth-on-the-fed-calls-for-probe-as-powells-future-hangs-in-steadiness HTTP/1.1" 301 - "-" "Mozilla/5.0 AppleWebKit/537.36 (KHTML, like Gecko; compatible; ClaudeBot/1.0; +claudebot@anthropic.com)"
216.73.216.103 - - [18/Mar/2026:09:14:12 -0400] "GET /trumps-tariff-and-commerce-warfare-his-technique-and-the-way-it-might-go-mistaken HTTP/1.1" 301 - "-" "Mozilla/5.0 AppleWebKit/537.36 (KHTML, like Gecko; compatible; ClaudeBot/1.0; +claudebot@anthropic.com)"
216.73.216.103 - - [18/Mar/2026:09:14:12 -0400] "GET /scott-bessent-turns-up-the-warmth-on-the-fed-calls-for-probe-as-powells-future-hangs-in-steadiness/ HTTP/1.1" 200 54540 "https://planetnewspro.com/scott-bessent-turns-up-the-warmth-on-the-fed-calls-for-probe-as-powells-future-hangs-in-steadiness" "Mozilla/5.0 AppleWebKit/537.36 (KHTML, like Gecko; compatible; ClaudeBot/1.0; +claudebot@anthropic.com)"
216.73.216.103 - - [18/Mar/2026:09:14:12 -0400] "GET /trumps-tariff-and-commerce-warfare-his-technique-and-the-way-it-might-go-mistaken/ HTTP/1.1" 200 54862 "https://planetnewspro.com/trumps-tariff-and-commerce-warfare-his-technique-and-the-way-it-might-go-mistaken" "Mozilla/5.0 AppleWebKit/537.36 (KHTML, like Gecko; compatible; ClaudeBot/1.0; +claudebot@anthropic.com)"
50.6.201.88 - - [18/Mar/2026:09:14:25 -0400] "POST /wp-cron.php?doing_wp_cron=1773839665.2730309963226318359375 HTTP/1.1" 200 - "-" "WordPress/6.9.4; https://planetnewspro.com"
216.75.132.84 - - [18/Mar/2026:09:14:25 -0400] "GET /greenback-vs-yen-shock-in-japans-management-race-jolts-monetary-markets/feed/ HTTP/1.1" 200 922 "-" "Mozilla/5.0 (Macintosh; Intel Mac OS X 10_15_7) AppleWebKit/537.36 (KHTML, like Gecko) Chrome/135.0.0.0 Safari/537.36"
50.6.201.88 - - [18/Mar/2026:09:14:25 -0400] "POST /wp-admin/admin-ajax.php?action=async_litespeed&nonce=6a32a20319&litespeed_type=imgoptm HTTP/1.1" 200 21 "-" "WordPress/6.9.4; https://planetnewspro.com"
216.73.216.103 - - [18/Mar/2026:09:14:30 -0400] "GET /how-present-pupil-mortgage-debtors-are-affected-by-the-large-stunning-invoice HTTP/1.1" 301 - "-" "Mozilla/5.0 AppleWebKit/537.36 (KHTML, like Gecko; compatible; ClaudeBot/1.0; +claudebot@anthropic.com)"
216.73.216.103 - - [18/Mar/2026:09:14:30 -0400] "GET /kobos-ios-app-has-been-given-an-entire-redesign-however-i-would-a-lot-relatively-the-getting-older-elipsa-2e-get-an-replace HTTP/1.1" 301 - "-" "Mozilla/5.0 AppleWebKit/537.36 (KHTML, like Gecko; compatible; ClaudeBot/1.0; +claudebot@anthropic.com)"
216.73.216.103 - - [18/Mar/2026:09:14:30 -0400] "GET /how-present-pupil-mortgage-debtors-are-affected-by-the-large-stunning-invoice/ HTTP/1.1" 200 53951 "https://planetnewspro.com/how-present-pupil-mortgage-debtors-are-affected-by-the-large-stunning-invoice" "Mozilla/5.0 AppleWebKit/537.36 (KHTML, like Gecko; compatible; ClaudeBot/1.0; +claudebot@anthropic.com)"
216.73.216.103 - - [18/Mar/2026:09:14:31 -0400] "GET /kobos-ios-app-has-been-given-an-entire-redesign-however-i-would-a-lot-relatively-the-getting-older-elipsa-2e-get-an-replace/ HTTP/1.1" 200 54061 "https://planetnewspro.com/kobos-ios-app-has-been-given-an-entire-redesign-however-i-would-a-lot-relatively-the-getting-older-elipsa-2e-get-an-replace" "Mozilla/5.0 AppleWebKit/537.36 (KHTML, like Gecko; compatible; ClaudeBot/1.0; +claudebot@anthropic.com)"
216.73.216.103 - - [18/Mar/2026:09:14:41 -0400] "GET /nfl-coaching-camp-fantasy-questions-rookies-rehabs-and-redemption-hopes HTTP/1.1" 301 - "-" "Mozilla/5.0 AppleWebKit/537.36 (KHTML, like Gecko; compatible; ClaudeBot/1.0; +claudebot@anthropic.com)"
216.73.216.103 - - [18/Mar/2026:09:14:41 -0400] "GET /kim-jong-un-arrives-in-china-on-armoured-practice-to-fulfill-xi-and-putin HTTP/1.1" 301 - "-" "Mozilla/5.0 AppleWebKit/537.36 (KHTML, like Gecko; compatible; ClaudeBot/1.0; +claudebot@anthropic.com)"
216.73.216.103 - - [18/Mar/2026:09:14:41 -0400] "GET /nfl-coaching-camp-fantasy-questions-rookies-rehabs-and-redemption-hopes/ HTTP/1.1" 200 55734 "https://planetnewspro.com/nfl-coaching-camp-fantasy-questions-rookies-rehabs-and-redemption-hopes" "Mozilla/5.0 AppleWebKit/537.36 (KHTML, like Gecko; compatible; ClaudeBot/1.0; +claudebot@anthropic.com)"
216.73.216.103 - - [18/Mar/2026:09:14:41 -0400] "GET /kim-jong-un-arrives-in-china-on-armoured-practice-to-fulfill-xi-and-putin/ HTTP/1.1" 200 54871 "https://planetnewspro.com/kim-jong-un-arrives-in-china-on-armoured-practice-to-fulfill-xi-and-putin" "Mozilla/5.0 AppleWebKit/537.36 (KHTML, like Gecko; compatible; ClaudeBot/1.0; +claudebot@anthropic.com)"
50.6.201.88 - - [18/Mar/2026:09:15:00 -0400] "POST /wp-cron.php?doing_wp_cron=1773839700.9033510684967041015625 HTTP/1.1" 200 - "-" "WordPress/6.9.4; https://planetnewspro.com"
85.208.96.197 - - [18/Mar/2026:09:15:00 -0400] "GET /this-little-known-greek-island-has-close-to-empty-seashores-rugged-mountain-climbing-trails-and-a-postcard-perfect-city-go-to/ HTTP/1.1" 200 56483 "-" "Mozilla/5.0 (compatible; SemrushBot/7~bl; +http://www.semrush.com/bot.html)"
50.6.201.88 - - [18/Mar/2026:09:15:00 -0400] "POST /wp-admin/admin-ajax.php?action=async_litespeed&nonce=6a32a20319&litespeed_type=imgoptm HTTP/1.1" 200 21 "-" "WordPress/6.9.4; https://planetnewspro.com"
50.6.201.88 - - [18/Mar/2026:09:15:11 -0400] "POST /wp-cron.php?doing_wp_cron=1773839711.0634689331054687500000 HTTP/1.1" 200 - "-" "WordPress/6.9.4; https://planetnewspro.com"
216.73.216.103 - - [18/Mar/2026:09:15:10 -0400] "GET /cincinnati-mob-violence-sufferer-holly-slams-democrat-leaders-for-being-mushy-on-crime-says-her-docs-are-shocked-she-did-not-die-video-the-gateway-pundit HTTP/1.1" 301 - "-" "Mozilla/5.0 AppleWebKit/537.36 (KHTML, like Gecko; compatible; ClaudeBot/1.0; +claudebot@anthropic.com)"
216.73.216.103 - - [18/Mar/2026:09:15:11 -0400] "GET /it-was-a-nightmare-margaret-qualley-confronts-the-darkish-facet-of-femininity-in-the-substance HTTP/1.1" 301 - "-" "Mozilla/5.0 AppleWebKit/537.36 (KHTML, like Gecko; compatible; ClaudeBot/1.0; +claudebot@anthropic.com)"
216.73.216.103 - - [18/Mar/2026:09:15:11 -0400] "GET /cincinnati-mob-violence-sufferer-holly-slams-democrat-leaders-for-being-mushy-on-crime-says-her-docs-are-shocked-she-did-not-die-video-the-gateway-pundit/ HTTP/1.1" 200 52936 "https://planetnewspro.com/cincinnati-mob-violence-sufferer-holly-slams-democrat-leaders-for-being-mushy-on-crime-says-her-docs-are-shocked-she-did-not-die-video-the-gateway-pundit" "Mozilla/5.0 AppleWebKit/537.36 (KHTML, like Gecko; compatible; ClaudeBot/1.0; +claudebot@anthropic.com)"
216.73.216.103 - - [18/Mar/2026:09:15:11 -0400] "GET /it-was-a-nightmare-margaret-qualley-confronts-the-darkish-facet-of-femininity-in-the-substance/ HTTP/1.1" 200 52773 "https://planetnewspro.com/it-was-a-nightmare-margaret-qualley-confronts-the-darkish-facet-of-femininity-in-the-substance" "Mozilla/5.0 AppleWebKit/537.36 (KHTML, like Gecko; compatible; ClaudeBot/1.0; +claudebot@anthropic.com)"
50.6.201.88 - - [18/Mar/2026:09:15:21 -0400] "POST /wp-cron.php?doing_wp_cron=1773839721.0053510665893554687500 HTTP/1.1" 200 - "-" "WordPress/6.9.4; https://planetnewspro.com"
185.191.171.19 - - [18/Mar/2026:09:15:20 -0400] "GET /e-readers-leisure-and-the-artwork-of-mindfulness/ HTTP/1.1" 200 53180 "-" "Mozilla/5.0 (compatible; SemrushBot/7~bl; +http://www.semrush.com/bot.html)"
85.208.96.208 - - [18/Mar/2026:09:15:24 -0400] "GET /optimum-cardio-train-coronary-heart-fee-objective-for-efficient-exercises/ HTTP/1.1" 200 57953 "-" "Mozilla/5.0 (compatible; SemrushBot/7~bl; +http://www.semrush.com/bot.html)"
167.99.123.236 - - [18/Mar/2026:09:15:34 -0400] "GET /wp-json/wp/v2/posts?slug=/glazed-apple-cider-doughnut-cake-smitten-kitchen/ HTTP/1.1" 200 25531 "-" "-"
167.99.123.236 - - [18/Mar/2026:09:15:36 -0400] "POST /wp-comments-post.php HTTP/1.1" 403 2554 "-" "-"
185.191.171.6 - - [18/Mar/2026:09:15:39 -0400] "GET /straightforward-apricot-sorbet-no-churn-minimalist-baker-recipes/ HTTP/1.1" 200 55355 "-" "Mozilla/5.0 (compatible; SemrushBot/7~bl; +http://www.semrush.com/bot.html)"
185.191.171.10 - - [18/Mar/2026:09:15:46 -0400] "GET /not-less-than-126-killed-in-7-1-magnitude-tibet-earthquake-as-tremors-felt-throughout-a-number-of-nations/ HTTP/1.1" 200 54703 "-" "Mozilla/5.0 (compatible; SemrushBot/7~bl; +http://www.semrush.com/bot.html)"
185.191.171.13 - - [18/Mar/2026:09:15:48 -0400] "GET /kanye-wests-spouse-bianca-censori-goes-bare-once-more-amid-requires-public-indecency-arrest/ HTTP/1.1" 200 53702 "-" "Mozilla/5.0 (compatible; SemrushBot/7~bl; +http://www.semrush.com/bot.html)"
216.73.216.103 - - [18/Mar/2026:09:15:52 -0400] "GET /category/finance/page/7 HTTP/1.1" 301 - "-" "Mozilla/5.0 AppleWebKit/537.36 (KHTML, like Gecko; compatible; ClaudeBot/1.0; +claudebot@anthropic.com)"
216.73.216.103 - - [18/Mar/2026:09:15:52 -0400] "GET /?p=34595 HTTP/1.1" 301 - "-" "Mozilla/5.0 AppleWebKit/537.36 (KHTML, like Gecko; compatible; ClaudeBot/1.0; +claudebot@anthropic.com)"
216.73.216.103 - - [18/Mar/2026:09:15:52 -0400] "GET /category/finance/page/7/ HTTP/1.1" 200 44956 "https://planetnewspro.com/category/finance/page/7" "Mozilla/5.0 AppleWebKit/537.36 (KHTML, like Gecko; compatible; ClaudeBot/1.0; +claudebot@anthropic.com)"
216.73.216.103 - - [18/Mar/2026:09:15:53 -0400] "GET /snap-fed-generations-now-its-future-is-unsure/ HTTP/1.1" 200 56383 "https://planetnewspro.com/?p=34595" "Mozilla/5.0 AppleWebKit/537.36 (KHTML, like Gecko; compatible; ClaudeBot/1.0; +claudebot@anthropic.com)"
216.73.216.103 - - [18/Mar/2026:09:15:53 -0400] "GET /?p=39969 HTTP/1.1" 301 - "-" "Mozilla/5.0 AppleWebKit/537.36 (KHTML, like Gecko; compatible; ClaudeBot/1.0; +claudebot@anthropic.com)"
216.73.216.103 - - [18/Mar/2026:09:15:53 -0400] "GET /faculty-soccer-week-4-takeaways-indiana-rises-john-mateer-is-actual-and-extra/ HTTP/1.1" 200 53623 "https://planetnewspro.com/?p=39969" "Mozilla/5.0 AppleWebKit/537.36 (KHTML, like Gecko; compatible; ClaudeBot/1.0; +claudebot@anthropic.com)"
5.39.109.184 - - [18/Mar/2026:09:15:58 -0400] "GET /robots.txt HTTP/1.1" 200 128 "-" "Mozilla/5.0 (compatible; AhrefsBot/7.0; +http://ahrefs.com/robot/)"
50.6.201.88 - - [18/Mar/2026:09:15:59 -0400] "POST /wp-cron.php?doing_wp_cron=1773839759.4221758842468261718750 HTTP/1.1" 200 - "-" "WordPress/6.9.4; https://planetnewspro.com"
167.99.123.236 - - [18/Mar/2026:09:15:59 -0400] "GET /wp-json/wp/v2/posts?slug=/glazed-apple-cider-doughnut-cake-smitten-kitchen/ HTTP/1.1" 200 25531 "-" "-"
50.6.201.88 - - [18/Mar/2026:09:15:59 -0400] "POST /wp-admin/admin-ajax.php?action=async_litespeed&nonce=6a32a20319&litespeed_type=imgoptm HTTP/1.1" 200 21 "-" "WordPress/6.9.4; https://planetnewspro.com"
142.44.225.241 - - [18/Mar/2026:09:16:00 -0400] "GET /is-that-this-the-electrical-grid-of-the-longer-term/ HTTP/1.1" 200 52856 "-" "Mozilla/5.0 (compatible; AhrefsBot/7.0; +http://ahrefs.com/robot/)"
167.99.123.236 - - [18/Mar/2026:09:16:01 -0400] "POST /wp-comments-post.php HTTP/1.1" 403 2554 "-" "-"
50.6.201.88 - - [18/Mar/2026:09:16:08 -0400] "POST /wp-cron.php?doing_wp_cron=1773839768.3350279331207275390625 HTTP/1.1" 200 - "-" "WordPress/6.9.4; https://planetnewspro.com"
216.73.216.103 - - [18/Mar/2026:09:16:08 -0400] "GET /ieee-makes-strides-to-enhance-on-line-security-for-youngsters HTTP/1.1" 301 - "-" "Mozilla/5.0 AppleWebKit/537.36 (KHTML, like Gecko; compatible; ClaudeBot/1.0; +claudebot@anthropic.com)"
216.73.216.103 - - [18/Mar/2026:09:16:08 -0400] "GET /report-trump-considers-downgrading-hashish-to-much-less-harmful-classification-the-gateway-pundit HTTP/1.1" 301 - "-" "Mozilla/5.0 AppleWebKit/537.36 (KHTML, like Gecko; compatible; ClaudeBot/1.0; +claudebot@anthropic.com)"
216.73.216.103 - - [18/Mar/2026:09:16:08 -0400] "GET /ieee-makes-strides-to-enhance-on-line-security-for-youngsters/ HTTP/1.1" 200 54952 "https://planetnewspro.com/ieee-makes-strides-to-enhance-on-line-security-for-youngsters" "Mozilla/5.0 AppleWebKit/537.36 (KHTML, like Gecko; compatible; ClaudeBot/1.0; +claudebot@anthropic.com)"
216.73.216.103 - - [18/Mar/2026:09:16:08 -0400] "GET /report-trump-considers-downgrading-hashish-to-much-less-harmful-classification-the-gateway-pundit/ HTTP/1.1" 200 52623 "https://planetnewspro.com/report-trump-considers-downgrading-hashish-to-much-less-harmful-classification-the-gateway-pundit" "Mozilla/5.0 AppleWebKit/537.36 (KHTML, like Gecko; compatible; ClaudeBot/1.0; +claudebot@anthropic.com)"
216.73.216.103 - - [18/Mar/2026:09:16:09 -0400] "GET /how-one-can-make-tender-fluffy-biscuits-in-below-an-hour HTTP/1.1" 301 - "-" "Mozilla/5.0 AppleWebKit/537.36 (KHTML, like Gecko; compatible; ClaudeBot/1.0; +claudebot@anthropic.com)"
216.73.216.103 - - [18/Mar/2026:09:16:09 -0400] "GET /how-one-can-make-tender-fluffy-biscuits-in-below-an-hour/ HTTP/1.1" 200 55460 "https://planetnewspro.com/how-one-can-make-tender-fluffy-biscuits-in-below-an-hour" "Mozilla/5.0 AppleWebKit/537.36 (KHTML, like Gecko; compatible; ClaudeBot/1.0; +claudebot@anthropic.com)"
216.73.216.103 - - [18/Mar/2026:09:16:16 -0400] "GET /trumps-dangerous-and-unlawful-plan-to-intestine-h-1b-visas-by-imposing-100000-charges HTTP/1.1" 301 - "-" "Mozilla/5.0 AppleWebKit/537.36 (KHTML, like Gecko; compatible; ClaudeBot/1.0; +claudebot@anthropic.com)"
216.73.216.103 - - [18/Mar/2026:09:16:17 -0400] "GET /the-wi-fi-bra-diaries-prime-picks-for-the-finest-wire-free-bras-for-dd-sizes HTTP/1.1" 301 - "-" "Mozilla/5.0 AppleWebKit/537.36 (KHTML, like Gecko; compatible; ClaudeBot/1.0; +claudebot@anthropic.com)"
216.73.216.103 - - [18/Mar/2026:09:16:17 -0400] "GET /trumps-dangerous-and-unlawful-plan-to-intestine-h-1b-visas-by-imposing-100000-charges/ HTTP/1.1" 200 55456 "https://planetnewspro.com/trumps-dangerous-and-unlawful-plan-to-intestine-h-1b-visas-by-imposing-100000-charges" "Mozilla/5.0 AppleWebKit/537.36 (KHTML, like Gecko; compatible; ClaudeBot/1.0; +claudebot@anthropic.com)"
216.73.216.103 - - [18/Mar/2026:09:16:17 -0400] "GET /the-wi-fi-bra-diaries-prime-picks-for-the-finest-wire-free-bras-for-dd-sizes/ HTTP/1.1" 200 55353 "https://planetnewspro.com/the-wi-fi-bra-diaries-prime-picks-for-the-finest-wire-free-bras-for-dd-sizes" "Mozilla/5.0 AppleWebKit/537.36 (KHTML, like Gecko; compatible; ClaudeBot/1.0; +claudebot@anthropic.com)"
50.6.201.88 - - [18/Mar/2026:09:16:20 -0400] "POST /wp-cron.php?doing_wp_cron=1773839780.5219829082489013671875 HTTP/1.1" 200 - "-" "WordPress/6.9.4; https://planetnewspro.com"
167.99.123.236 - - [18/Mar/2026:09:16:20 -0400] "GET /wp-json/wp/v2/posts?slug=/glazed-apple-cider-doughnut-cake-smitten-kitchen/ HTTP/1.1" 200 25531 "-" "-"
185.191.171.7 - - [18/Mar/2026:09:16:22 -0400] "GET /too-a-lot-regulation-provides-prosecutors-huge-energy-to-destroy-individualss-lives/ HTTP/1.1" 200 53365 "-" "Mozilla/5.0 (compatible; SemrushBot/7~bl; +http://www.semrush.com/bot.html)"
167.99.123.236 - - [18/Mar/2026:09:16:22 -0400] "POST /wp-comments-post.php HTTP/1.1" 403 2554 "-" "-"
216.73.216.103 - - [18/Mar/2026:09:16:34 -0400] "GET /the-final-dolby-atmos-expertise-would-possibly-be-in-your-automobile HTTP/1.1" 301 - "-" "Mozilla/5.0 AppleWebKit/537.36 (KHTML, like Gecko; compatible; ClaudeBot/1.0; +claudebot@anthropic.com)"
216.73.216.103 - - [18/Mar/2026:09:16:34 -0400] "GET /5-finest-leg-press-alternate-options-to-construct-huge-quads-glutes-and-not-using-a-machine HTTP/1.1" 301 - "-" "Mozilla/5.0 AppleWebKit/537.36 (KHTML, like Gecko; compatible; ClaudeBot/1.0; +claudebot@anthropic.com)"
216.73.216.103 - - [18/Mar/2026:09:16:34 -0400] "GET /the-final-dolby-atmos-expertise-would-possibly-be-in-your-automobile/ HTTP/1.1" 200 53493 "https://planetnewspro.com/the-final-dolby-atmos-expertise-would-possibly-be-in-your-automobile" "Mozilla/5.0 AppleWebKit/537.36 (KHTML, like Gecko; compatible; ClaudeBot/1.0; +claudebot@anthropic.com)"
216.73.216.103 - - [18/Mar/2026:09:16:35 -0400] "GET /5-finest-leg-press-alternate-options-to-construct-huge-quads-glutes-and-not-using-a-machine/ HTTP/1.1" 200 53736 "https://planetnewspro.com/5-finest-leg-press-alternate-options-to-construct-huge-quads-glutes-and-not-using-a-machine" "Mozilla/5.0 AppleWebKit/537.36 (KHTML, like Gecko; compatible; ClaudeBot/1.0; +claudebot@anthropic.com)"
185.191.171.5 - - [18/Mar/2026:09:16:42 -0400] "GET /how-irresponsible-olympic-committee-faces-criticism-after-uswnt-names-paris-olympics-squad/ HTTP/1.1" 200 52951 "-" "Mozilla/5.0 (compatible; SemrushBot/7~bl; +http://www.semrush.com/bot.html)"
85.208.98.22 - - [18/Mar/2026:09:16:55 -0400] "GET /wait-democrats-now-say-they-love-freedom/ HTTP/1.1" 200 55093 "-" "Mozilla/5.0 (compatible; SemrushBot-BA; +http://www.semrush.com/bot.html)"
50.6.201.88 - - [18/Mar/2026:09:17:07 -0400] "POST /wp-cron.php?doing_wp_cron=1773839827.8628981113433837890625 HTTP/1.1" 200 - "-" "WordPress/6.9.4; https://planetnewspro.com"
216.73.216.103 - - [18/Mar/2026:09:17:07 -0400] "GET /all-the-pieces-new-on-netflix-in-august-2025-stream-49-films-and-31-tv-reveals-together-with-wednesday-season-2-and-extra HTTP/1.1" 301 - "-" "Mozilla/5.0 AppleWebKit/537.36 (KHTML, like Gecko; compatible; ClaudeBot/1.0; +claudebot@anthropic.com)"
216.73.216.103 - - [18/Mar/2026:09:17:07 -0400] "GET /astronomer-ceo-andy-byron-resigns-after-viral-video-of-him-and-hr-head-on-live-performance-jumbotron HTTP/1.1" 301 - "-" "Mozilla/5.0 AppleWebKit/537.36 (KHTML, like Gecko; compatible; ClaudeBot/1.0; +claudebot@anthropic.com)"
50.6.201.88 - - [18/Mar/2026:09:17:08 -0400] "POST /wp-admin/admin-ajax.php?action=async_litespeed&nonce=6a32a20319&litespeed_type=imgoptm HTTP/1.1" 200 21 "-" "WordPress/6.9.4; https://planetnewspro.com"
216.73.216.103 - - [18/Mar/2026:09:17:08 -0400] "GET /all-the-pieces-new-on-netflix-in-august-2025-stream-49-films-and-31-tv-reveals-together-with-wednesday-season-2-and-extra/ HTTP/1.1" 200 53206 "https://planetnewspro.com/all-the-pieces-new-on-netflix-in-august-2025-stream-49-films-and-31-tv-reveals-together-with-wednesday-season-2-and-extra" "Mozilla/5.0 AppleWebKit/537.36 (KHTML, like Gecko; compatible; ClaudeBot/1.0; +claudebot@anthropic.com)"
50.6.201.88 - - [18/Mar/2026:09:17:09 -0400] "POST /wp-cron.php?doing_wp_cron=1773839829.3446850776672363281250 HTTP/1.1" 200 - "-" "WordPress/6.9.4; https://planetnewspro.com"
216.73.216.103 - - [18/Mar/2026:09:17:08 -0400] "GET /astronomer-ceo-andy-byron-resigns-after-viral-video-of-him-and-hr-head-on-live-performance-jumbotron/ HTTP/1.1" 200 53221 "https://planetnewspro.com/astronomer-ceo-andy-byron-resigns-after-viral-video-of-him-and-hr-head-on-live-performance-jumbotron" "Mozilla/5.0 AppleWebKit/537.36 (KHTML, like Gecko; compatible; ClaudeBot/1.0; +claudebot@anthropic.com)"
85.208.98.19 - - [18/Mar/2026:09:17:10 -0400] "GET /why-the-media-coated-for-biden/ HTTP/1.1" 200 52944 "-" "Mozilla/5.0 (compatible; SemrushBot-BA; +http://www.semrush.com/bot.html)"
185.191.171.3 - - [18/Mar/2026:09:17:19 -0400] "GET /10-unsettling-meals-information-you-will-remorse-studying/ HTTP/1.1" 200 56877 "-" "Mozilla/5.0 (compatible; SemrushBot/7~bl; +http://www.semrush.com/bot.html)"
50.6.201.88 - - [18/Mar/2026:09:17:22 -0400] "POST /wp-cron.php?doing_wp_cron=1773839842.6035990715026855468750 HTTP/1.1" 200 - "-" "WordPress/6.9.4; https://planetnewspro.com"
85.208.96.210 - - [18/Mar/2026:09:17:22 -0400] "GET /operation-cinnamon-zoo-house-owners-reveal-the-extraordinary-lengths-they-went-to-as-they-lastly-caught-runaway-capybara-after-every-week-on-the-run/ HTTP/1.1" 200 53819 "-" "Mozilla/5.0 (compatible; SemrushBot/7~bl; +http://www.semrush.com/bot.html)"
85.208.98.22 - - [18/Mar/2026:09:17:26 -0400] "GET /my-favourite-wellness-merchandise-from-2024/ HTTP/1.1" 200 57484 "-" "Mozilla/5.0 (compatible; SemrushBot-BA; +http://www.semrush.com/bot.html)"
216.73.216.103 - - [18/Mar/2026:09:17:30 -0400] "GET /the-best-way-to-repair-ais-unique-sin-oreilly/feed HTTP/1.1" 301 - "-" "Mozilla/5.0 AppleWebKit/537.36 (KHTML, like Gecko; compatible; ClaudeBot/1.0; +claudebot@anthropic.com)"
216.73.216.103 - - [18/Mar/2026:09:17:31 -0400] "GET /cloudflare-cracks-down-on-uk-piracy-and-vpn-customers-are-getting-caught-within-the-crossfire HTTP/1.1" 301 - "-" "Mozilla/5.0 AppleWebKit/537.36 (KHTML, like Gecko; compatible; ClaudeBot/1.0; +claudebot@anthropic.com)"
216.73.216.103 - - [18/Mar/2026:09:17:31 -0400] "GET /the-best-way-to-repair-ais-unique-sin-oreilly/feed/ HTTP/1.1" 200 852 "https://planetnewspro.com/the-best-way-to-repair-ais-unique-sin-oreilly/feed" "Mozilla/5.0 AppleWebKit/537.36 (KHTML, like Gecko; compatible; ClaudeBot/1.0; +claudebot@anthropic.com)"
216.73.216.103 - - [18/Mar/2026:09:17:31 -0400] "GET /cloudflare-cracks-down-on-uk-piracy-and-vpn-customers-are-getting-caught-within-the-crossfire/ HTTP/1.1" 200 53983 "https://planetnewspro.com/cloudflare-cracks-down-on-uk-piracy-and-vpn-customers-are-getting-caught-within-the-crossfire" "Mozilla/5.0 AppleWebKit/537.36 (KHTML, like Gecko; compatible; ClaudeBot/1.0; +claudebot@anthropic.com)"
216.73.216.103 - - [18/Mar/2026:09:17:57 -0400] "GET /?p=35949 HTTP/1.1" 301 - "-" "Mozilla/5.0 AppleWebKit/537.36 (KHTML, like Gecko; compatible; ClaudeBot/1.0; +claudebot@anthropic.com)"
216.73.216.103 - - [18/Mar/2026:09:17:57 -0400] "GET /?p=35017 HTTP/1.1" 301 - "-" "Mozilla/5.0 AppleWebKit/537.36 (KHTML, like Gecko; compatible; ClaudeBot/1.0; +claudebot@anthropic.com)"
216.73.216.103 - - [18/Mar/2026:09:17:57 -0400] "GET /chinas-world-exports-rise-however-u-s-market-faces-slowdown-amid-trumps-tariffs/ HTTP/1.1" 200 54975 "https://planetnewspro.com/?p=35949" "Mozilla/5.0 AppleWebKit/537.36 (KHTML, like Gecko; compatible; ClaudeBot/1.0; +claudebot@anthropic.com)"
50.6.201.88 - - [18/Mar/2026:09:17:59 -0400] "POST /wp-cron.php?doing_wp_cron=1773839879.0523810386657714843750 HTTP/1.1" 200 - "-" "WordPress/6.9.4; https://planetnewspro.com"
216.73.216.103 - - [18/Mar/2026:09:17:58 -0400] "GET /?p=35569 HTTP/1.1" 301 - "-" "Mozilla/5.0 AppleWebKit/537.36 (KHTML, like Gecko; compatible; ClaudeBot/1.0; +claudebot@anthropic.com)"
216.73.216.103 - - [18/Mar/2026:09:17:58 -0400] "GET /pmwc-2025-group-stage-day-3-groups-schedule-and-stream/ HTTP/1.1" 200 53655 "https://planetnewspro.com/?p=35017" "Mozilla/5.0 AppleWebKit/537.36 (KHTML, like Gecko; compatible; ClaudeBot/1.0; +claudebot@anthropic.com)"
50.6.201.88 - - [18/Mar/2026:09:17:59 -0400] "POST /wp-admin/admin-ajax.php?action=async_litespeed&nonce=6a32a20319&litespeed_type=imgoptm HTTP/1.1" 200 21 "-" "WordPress/6.9.4; https://planetnewspro.com"
216.73.216.103 - - [18/Mar/2026:09:17:59 -0400] "GET /mlbs-most-complicated-deadline-strikes-have-been-these-ones-that-by-no-means-occurred/ HTTP/1.1" 200 53393 "https://planetnewspro.com/?p=35569" "Mozilla/5.0 AppleWebKit/537.36 (KHTML, like Gecko; compatible; ClaudeBot/1.0; +claudebot@anthropic.com)"
50.6.201.88 - - [18/Mar/2026:09:18:09 -0400] "POST /wp-cron.php?doing_wp_cron=1773839889.7403221130371093750000 HTTP/1.1" 200 - "-" "WordPress/6.9.4; https://planetnewspro.com"
216.73.216.103 - - [18/Mar/2026:09:18:09 -0400] "GET /?p=34930 HTTP/1.1" 301 - "-" "Mozilla/5.0 AppleWebKit/537.36 (KHTML, like Gecko; compatible; ClaudeBot/1.0; +claudebot@anthropic.com)"
216.73.216.103 - - [18/Mar/2026:09:18:09 -0400] "GET /?p=34322 HTTP/1.1" 301 - "-" "Mozilla/5.0 AppleWebKit/537.36 (KHTML, like Gecko; compatible; ClaudeBot/1.0; +claudebot@anthropic.com)"
216.73.216.103 - - [18/Mar/2026:09:18:10 -0400] "GET /if-the-wnba-playoffs-started-immediately-right-heres-who-would-face-off/ HTTP/1.1" 200 53640 "https://planetnewspro.com/?p=34930" "Mozilla/5.0 AppleWebKit/537.36 (KHTML, like Gecko; compatible; ClaudeBot/1.0; +claudebot@anthropic.com)"
216.73.216.103 - - [18/Mar/2026:09:18:10 -0400] "GET /?p=35676 HTTP/1.1" 301 - "-" "Mozilla/5.0 AppleWebKit/537.36 (KHTML, like Gecko; compatible; ClaudeBot/1.0; +claudebot@anthropic.com)"
216.73.216.103 - - [18/Mar/2026:09:18:10 -0400] "GET /30-finest-j-crew-summer-time-sale-offers-july-2025/ HTTP/1.1" 200 54212 "https://planetnewspro.com/?p=34322" "Mozilla/5.0 AppleWebKit/537.36 (KHTML, like Gecko; compatible; ClaudeBot/1.0; +claudebot@anthropic.com)"
216.73.216.103 - - [18/Mar/2026:09:18:10 -0400] "GET /vietnams-lesser-known-locations-away-from-the-vacationer-path-2/ HTTP/1.1" 200 57263 "https://planetnewspro.com/?p=35676" "Mozilla/5.0 AppleWebKit/537.36 (KHTML, like Gecko; compatible; ClaudeBot/1.0; +claudebot@anthropic.com)"
50.6.201.88 - - [18/Mar/2026:09:18:13 -0400] "POST /wp-cron.php?doing_wp_cron=1773839893.5388250350952148437500 HTTP/1.1" 200 - "-" "WordPress/6.9.4; https://planetnewspro.com"
185.191.171.19 - - [18/Mar/2026:09:18:12 -0400] "GET /lara-trump-throws-her-hat-within-the-ring-to-change-marco-rubio-within-the-senate/ HTTP/1.1" 200 53322 "-" "Mozilla/5.0 (compatible; SemrushBot/7~bl; +http://www.semrush.com/bot.html)"
50.6.201.88 - - [18/Mar/2026:09:18:24 -0400] "POST /wp-cron.php?doing_wp_cron=1773839904.7815389633178710937500 HTTP/1.1" 200 - "-" "WordPress/6.9.4; https://planetnewspro.com"
216.73.216.103 - - [18/Mar/2026:09:18:24 -0400] "GET /premier-league-soccer-stream-liverpool-vs-bournemouth-stay-from-wherever HTTP/1.1" 301 - "-" "Mozilla/5.0 AppleWebKit/537.36 (KHTML, like Gecko; compatible; ClaudeBot/1.0; +claudebot@anthropic.com)"
216.73.216.103 - - [18/Mar/2026:09:18:24 -0400] "GET /trey-parker-matt-stone-signal-main-5-yr-deal HTTP/1.1" 301 - "-" "Mozilla/5.0 AppleWebKit/537.36 (KHTML, like Gecko; compatible; ClaudeBot/1.0; +claudebot@anthropic.com)"
216.73.216.103 - - [18/Mar/2026:09:18:24 -0400] "GET /premier-league-soccer-stream-liverpool-vs-bournemouth-stay-from-wherever/ HTTP/1.1" 200 58709 "https://planetnewspro.com/premier-league-soccer-stream-liverpool-vs-bournemouth-stay-from-wherever" "Mozilla/5.0 AppleWebKit/537.36 (KHTML, like Gecko; compatible; ClaudeBot/1.0; +claudebot@anthropic.com)"
216.73.216.103 - - [18/Mar/2026:09:18:25 -0400] "GET /trey-parker-matt-stone-signal-main-5-yr-deal/ HTTP/1.1" 200 52331 "https://planetnewspro.com/trey-parker-matt-stone-signal-main-5-yr-deal" "Mozilla/5.0 AppleWebKit/537.36 (KHTML, like Gecko; compatible; ClaudeBot/1.0; +claudebot@anthropic.com)"
85.208.96.193 - - [18/Mar/2026:09:18:54 -0400] "GET /atlassian-acquires-rewatch-because-it-will-get-into-ai-assembly-bots/ HTTP/1.1" 200 53294 "-" "Mozilla/5.0 (compatible; SemrushBot/7~bl; +http://www.semrush.com/bot.html)"
50.6.201.88 - - [18/Mar/2026:09:19:03 -0400] "POST /wp-cron.php?doing_wp_cron=1773839943.1096279621124267578125 HTTP/1.1" 200 - "-" "WordPress/6.9.4; https://planetnewspro.com"
216.73.216.103 - - [18/Mar/2026:09:19:03 -0400] "GET /meet-dr-shana-walsh-afpas-curriculum-director-chief-behind-our-nbhwc-authorised-well-being-teaching-training HTTP/1.1" 301 - "-" "Mozilla/5.0 AppleWebKit/537.36 (KHTML, like Gecko; compatible; ClaudeBot/1.0; +claudebot@anthropic.com)"
50.6.201.88 - - [18/Mar/2026:09:19:03 -0400] "POST /wp-admin/admin-ajax.php?action=async_litespeed&nonce=6a32a20319&litespeed_type=imgoptm HTTP/1.1" 200 21 "-" "WordPress/6.9.4; https://planetnewspro.com"
216.73.216.103 - - [18/Mar/2026:09:19:03 -0400] "GET /seven-youngsters-killed-and-over-dozen-injured-after-roof-collapses-at-indian-faculty HTTP/1.1" 301 - "-" "Mozilla/5.0 AppleWebKit/537.36 (KHTML, like Gecko; compatible; ClaudeBot/1.0; +claudebot@anthropic.com)"
216.73.216.103 - - [18/Mar/2026:09:19:03 -0400] "GET /meet-dr-shana-walsh-afpas-curriculum-director-chief-behind-our-nbhwc-authorised-well-being-teaching-training/ HTTP/1.1" 200 56244 "https://planetnewspro.com/meet-dr-shana-walsh-afpas-curriculum-director-chief-behind-our-nbhwc-authorised-well-being-teaching-training" "Mozilla/5.0 AppleWebKit/537.36 (KHTML, like Gecko; compatible; ClaudeBot/1.0; +claudebot@anthropic.com)"
216.73.216.103 - - [18/Mar/2026:09:19:03 -0400] "GET /seven-youngsters-killed-and-over-dozen-injured-after-roof-collapses-at-indian-faculty/ HTTP/1.1" 200 53497 "https://planetnewspro.com/seven-youngsters-killed-and-over-dozen-injured-after-roof-collapses-at-indian-faculty" "Mozilla/5.0 AppleWebKit/537.36 (KHTML, like Gecko; compatible; ClaudeBot/1.0; +claudebot@anthropic.com)"
85.208.96.197 - - [18/Mar/2026:09:19:06 -0400] "GET /6g-ai-mashups-will-reshape-the-telecom-trade/ HTTP/1.1" 200 54744 "-" "Mozilla/5.0 (compatible; SemrushBot/7~bl; +http://www.semrush.com/bot.html)"
50.6.201.88 - - [18/Mar/2026:09:19:19 -0400] "POST /wp-cron.php?doing_wp_cron=1773839959.7008109092712402343750 HTTP/1.1" 200 - "-" "WordPress/6.9.4; https://planetnewspro.com"
88.127.216.152 - - [18/Mar/2026:09:19:19 -0400] "GET /netflix-leads-index-larger-after-earnings-beat/ HTTP/1.1" 200 53470 "-" "Mozilla/5.0 (Macintosh; Intel Mac OS X 10_6_0) AppleWebKit/537.4 (KHTML, like Gecko) Chrome/22.0.1229.79 Safari/537.4"
50.6.201.88 - - [18/Mar/2026:09:19:45 -0400] "POST /wp-cron.php?doing_wp_cron=1773839985.7299160957336425781250 HTTP/1.1" 200 - "-" "WordPress/6.9.4; https://planetnewspro.com"
143.14.6.254 - - [18/Mar/2026:09:19:45 -0400] "GET /is-it-protected-to-journey-to-nepal-proper-now-authorities-recommendation-amid-lethal-protests/feed/ HTTP/1.1" 200 984 "-" "Mozilla/5.0 (Macintosh; Intel Mac OS X 10_15_7) AppleWebKit/537.36 (KHTML, like Gecko) Chrome/135.0.0.0 Safari/537.36"
216.73.216.103 - - [18/Mar/2026:09:19:46 -0400] "GET /these-chocolate-peanut-butter-brownies-are-so-good-it-is-virtually-unfair HTTP/1.1" 301 - "-" "Mozilla/5.0 AppleWebKit/537.36 (KHTML, like Gecko; compatible; ClaudeBot/1.0; +claudebot@anthropic.com)"
216.73.216.103 - - [18/Mar/2026:09:19:46 -0400] "GET /these-chocolate-peanut-butter-brownies-are-so-good-it-is-virtually-unfair/ HTTP/1.1" 200 56959 "https://planetnewspro.com/these-chocolate-peanut-butter-brownies-are-so-good-it-is-virtually-unfair" "Mozilla/5.0 AppleWebKit/537.36 (KHTML, like Gecko; compatible; ClaudeBot/1.0; +claudebot@anthropic.com)"
50.6.201.88 - - [18/Mar/2026:09:20:05 -0400] "POST /wp-cron.php?doing_wp_cron=1773840005.0601348876953125000000 HTTP/1.1" 200 - "-" "WordPress/6.9.4; https://planetnewspro.com"
185.191.171.10 - - [18/Mar/2026:09:20:04 -0400] "GET /27-customers-evaluate-mbgs-postbiotic-physique-lotion-for-dry-pores-and-skin/ HTTP/1.1" 200 56913 "-" "Mozilla/5.0 (compatible; SemrushBot/7~bl; +http://www.semrush.com/bot.html)"
50.6.201.88 - - [18/Mar/2026:09:20:05 -0400] "POST /wp-admin/admin-ajax.php?action=async_litespeed&nonce=6a32a20319&litespeed_type=imgoptm HTTP/1.1" 200 21 "-" "WordPress/6.9.4; https://planetnewspro.com"
50.6.201.88 - - [18/Mar/2026:09:20:17 -0400] "POST /wp-cron.php?doing_wp_cron=1773840017.8849859237670898437500 HTTP/1.1" 200 - "-" "WordPress/6.9.4; https://planetnewspro.com"
85.208.96.200 - - [18/Mar/2026:09:20:15 -0400] "GET /anychat-brings-collectively-chatgpt-google-gemini-and-extra-for-final-ai-flexibility/ HTTP/1.1" 200 54916 "-" "Mozilla/5.0 (compatible; SemrushBot/7~bl; +http://www.semrush.com/bot.html)"
85.208.96.194 - - [18/Mar/2026:09:20:19 -0400] "GET /worlds-most-correct-economist-predicts-if-trump-or-harris-will-win-2024-election-and-the-impression-on-the-us-market/ HTTP/1.1" 200 53875 "-" "Mozilla/5.0 (compatible; SemrushBot/7~bl; +http://www.semrush.com/bot.html)"
50.6.201.88 - - [18/Mar/2026:09:20:21 -0400] "POST /wp-cron.php?doing_wp_cron=1773840021.5983300209045410156250 HTTP/1.1" 200 - "-" "WordPress/6.9.4; https://planetnewspro.com"
185.191.171.15 - - [18/Mar/2026:09:20:21 -0400] "GET /justice-ketanji-brown-jackson-points-should-learn-dissent-after-conservative-justices-give-doge-entry-to-social-safety-knowledge/ HTTP/1.1" 200 53562 "-" "Mozilla/5.0 (compatible; SemrushBot/7~bl; +http://www.semrush.com/bot.html)"
148.135.200.3 - - [18/Mar/2026:09:20:26 -0400] "POST /wp-login.php HTTP/1.1" 200 6333 "-" "Mozilla/5.0"
185.191.171.15 - - [18/Mar/2026:09:20:30 -0400] "GET /ms-dhoni-to-usher-in-ashwin-at-csk-ipl-2025-public-sale-replace-virat-kohli-in-ranji-trophy/ HTTP/1.1" 200 54212 "-" "Mozilla/5.0 (compatible; SemrushBot/7~bl; +http://www.semrush.com/bot.html)"
185.191.171.5 - - [18/Mar/2026:09:20:32 -0400] "GET /chinese-language-scientists-make-tremendous-diamond-materials-a-lot-tougher-than-actual-factor/ HTTP/1.1" 200 53512 "-" "Mozilla/5.0 (compatible; SemrushBot/7~bl; +http://www.semrush.com/bot.html)"
50.6.201.88 - - [18/Mar/2026:09:21:20 -0400] "POST /wp-cron.php?doing_wp_cron=1773840080.6720108985900878906250 HTTP/1.1" 200 - "-" "WordPress/6.9.4; https://planetnewspro.com"
85.208.96.199 - - [18/Mar/2026:09:21:18 -0400] "GET /democrats-odds-of-retaking-the-senate-improve-after-home-gop-passes-tax-minimize-invoice/ HTTP/1.1" 200 53258 "-" "Mozilla/5.0 (compatible; SemrushBot/7~bl; +http://www.semrush.com/bot.html)"
50.6.201.88 - - [18/Mar/2026:09:21:20 -0400] "POST /wp-admin/admin-ajax.php?action=async_litespeed&nonce=6a32a20319&litespeed_type=imgoptm HTTP/1.1" 200 21 "-" "WordPress/6.9.4; https://planetnewspro.com"
185.191.171.3 - - [18/Mar/2026:09:21:21 -0400] "GET /6-greatest-carpet-cleaners-2025-examined-and-reviewed/ HTTP/1.1" 200 59174 "-" "Mozilla/5.0 (compatible; SemrushBot/7~bl; +http://www.semrush.com/bot.html)"
216.73.216.103 - - [18/Mar/2026:09:21:29 -0400] "GET /?p=34849 HTTP/1.1" 301 - "-" "Mozilla/5.0 AppleWebKit/537.36 (KHTML, like Gecko; compatible; ClaudeBot/1.0; +claudebot@anthropic.com)"
216.73.216.103 - - [18/Mar/2026:09:21:29 -0400] "GET /phillip-carter-on-the-place-generative-ai-meets-observability-oreilly/ HTTP/1.1" 200 57943 "https://planetnewspro.com/?p=34849" "Mozilla/5.0 AppleWebKit/537.36 (KHTML, like Gecko; compatible; ClaudeBot/1.0; +claudebot@anthropic.com)"
50.6.201.88 - - [18/Mar/2026:09:22:15 -0400] "POST /wp-cron.php?doing_wp_cron=1773840135.1166839599609375000000 HTTP/1.1" 200 - "-" "WordPress/6.9.4; https://planetnewspro.com"
85.208.96.201 - - [18/Mar/2026:09:22:13 -0400] "GET /why-4-star-basketball-recruit-shon-abaev-is-coveted-by-maryland-syracuse-auburn-and-extra/ HTTP/1.1" 200 52971 "-" "Mozilla/5.0 (compatible; SemrushBot/7~bl; +http://www.semrush.com/bot.html)"
50.6.201.88 - - [18/Mar/2026:09:22:15 -0400] "POST /wp-admin/admin-ajax.php?action=async_litespeed&nonce=6a32a20319&litespeed_type=imgoptm HTTP/1.1" 200 21 "-" "WordPress/6.9.4; https://planetnewspro.com"
50.6.201.88 - - [18/Mar/2026:09:22:27 -0400] "POST /wp-cron.php?doing_wp_cron=1773840147.3185920715332031250000 HTTP/1.1" 200 - "-" "WordPress/6.9.4; https://planetnewspro.com"
185.191.171.6 - - [18/Mar/2026:09:22:26 -0400] "GET /kamala-harris-drinks-beer-with-stephen-colbert-whereas-floridians-attempting-to-flee-hurricane-milton-face-gasoline-shortages/ HTTP/1.1" 200 54023 "-" "Mozilla/5.0 (compatible; SemrushBot/7~bl; +http://www.semrush.com/bot.html)"
50.6.201.88 - - [18/Mar/2026:09:23:04 -0400] "POST /wp-cron.php?doing_wp_cron=1773840184.1233780384063720703125 HTTP/1.1" 200 - "-" "WordPress/6.9.4; https://planetnewspro.com"
85.208.96.194 - - [18/Mar/2026:09:23:02 -0400] "GET /the-creators-of-trade-know-banking-is-a-rigged-sport/ HTTP/1.1" 200 52450 "-" "Mozilla/5.0 (compatible; SemrushBot/7~bl; +http://www.semrush.com/bot.html)"
50.6.201.88 - - [18/Mar/2026:09:23:04 -0400] "POST /wp-admin/admin-ajax.php?action=async_litespeed&nonce=6a32a20319&litespeed_type=imgoptm HTTP/1.1" 200 21 "-" "WordPress/6.9.4; https://planetnewspro.com"
50.6.201.88 - - [18/Mar/2026:09:23:10 -0400] "POST /wp-cron.php?doing_wp_cron=1773840190.8568859100341796875000 HTTP/1.1" 200 - "-" "WordPress/6.9.4; https://planetnewspro.com"
216.73.216.103 - - [18/Mar/2026:09:23:10 -0400] "GET /texas-ag-sues-masters-swimming-group-that-allowed-transgender-athletes HTTP/1.1" 301 - "-" "Mozilla/5.0 AppleWebKit/537.36 (KHTML, like Gecko; compatible; ClaudeBot/1.0; +claudebot@anthropic.com)"
216.73.216.103 - - [18/Mar/2026:09:23:10 -0400] "GET /texas-ag-sues-masters-swimming-group-that-allowed-transgender-athletes/ HTTP/1.1" 200 53423 "https://planetnewspro.com/texas-ag-sues-masters-swimming-group-that-allowed-transgender-athletes" "Mozilla/5.0 AppleWebKit/537.36 (KHTML, like Gecko; compatible; ClaudeBot/1.0; +claudebot@anthropic.com)"
50.6.201.88 - - [18/Mar/2026:09:23:45 -0400] "POST /wp-cron.php?doing_wp_cron=1773840225.7157568931579589843750 HTTP/1.1" 200 - "-" "WordPress/6.9.4; https://planetnewspro.com"
85.208.96.196 - - [18/Mar/2026:09:23:43 -0400] "GET /disneys-cgi-seven-dwarfs-known-as-out-on-a-missed-alternative/ HTTP/1.1" 200 52660 "-" "Mozilla/5.0 (compatible; SemrushBot/7~bl; +http://www.semrush.com/bot.html)"
85.208.96.208 - - [18/Mar/2026:09:23:55 -0400] "GET /2-time-sexiest-man-alive-george-clooney-has-an-immortal-recommendation-for-the-new-title-holder/ HTTP/1.1" 200 52626 "-" "Mozilla/5.0 (compatible; SemrushBot/7~bl; +http://www.semrush.com/bot.html)"
50.6.201.88 - - [18/Mar/2026:09:24:13 -0400] "POST /wp-cron.php?doing_wp_cron=1773840253.6783580780029296875000 HTTP/1.1" 200 - "-" "WordPress/6.9.4; https://planetnewspro.com"
85.208.96.202 - - [18/Mar/2026:09:24:13 -0400] "GET /hydrogen-storage-made-simpler-with-new-service-fluid/ HTTP/1.1" 200 55495 "-" "Mozilla/5.0 (compatible; SemrushBot/7~bl; +http://www.semrush.com/bot.html)"
50.6.201.88 - - [18/Mar/2026:09:24:13 -0400] "POST /wp-admin/admin-ajax.php?action=async_litespeed&nonce=6a32a20319&litespeed_type=imgoptm HTTP/1.1" 200 21 "-" "WordPress/6.9.4; https://planetnewspro.com"
50.6.201.88 - - [18/Mar/2026:09:24:20 -0400] "POST /wp-cron.php?doing_wp_cron=1773840260.0963358879089355468750 HTTP/1.1" 200 - "-" "WordPress/6.9.4; https://planetnewspro.com"
85.208.96.197 - - [18/Mar/2026:09:24:19 -0400] "GET /dti-research-safeguard-measures-for-imported-paper-merchandise/ HTTP/1.1" 200 53064 "-" "Mozilla/5.0 (compatible; SemrushBot/7~bl; +http://www.semrush.com/bot.html)"
85.208.96.210 - - [18/Mar/2026:09:24:25 -0400] "GET /doc-safety-what-it-is-and-why-you-want-it/ HTTP/1.1" 200 57170 "-" "Mozilla/5.0 (compatible; SemrushBot/7~bl; +http://www.semrush.com/bot.html)"
185.191.171.16 - - [18/Mar/2026:09:24:31 -0400] "GET /regent-bali-canggu-is-a-new-beachfront-resort-with-beautiful-villas-9-swimming-swimming-pools-and-an-unique-membership-see-inside/ HTTP/1.1" 200 53876 "-" "Mozilla/5.0 (compatible; SemrushBot/7~bl; +http://www.semrush.com/bot.html)"
85.208.96.205 - - [18/Mar/2026:09:24:40 -0400] "GET /learn-how-to-retailer-potatoes-so-they-final-longer-in-response-to-our-exams/ HTTP/1.1" 200 58345 "-" "Mozilla/5.0 (compatible; SemrushBot/7~bl; +http://www.semrush.com/bot.html)"
216.73.216.103 - - [18/Mar/2026:09:24:45 -0400] "GET /how-the-steele-file-turned-a-politically-fueled-assault-on-trump-the-gateway-pundit HTTP/1.1" 301 - "-" "Mozilla/5.0 AppleWebKit/537.36 (KHTML, like Gecko; compatible; ClaudeBot/1.0; +claudebot@anthropic.com)"
216.73.216.103 - - [18/Mar/2026:09:24:45 -0400] "GET /how-the-steele-file-turned-a-politically-fueled-assault-on-trump-the-gateway-pundit/ HTTP/1.1" 200 53329 "https://planetnewspro.com/how-the-steele-file-turned-a-politically-fueled-assault-on-trump-the-gateway-pundit" "Mozilla/5.0 AppleWebKit/537.36 (KHTML, like Gecko; compatible; ClaudeBot/1.0; +claudebot@anthropic.com)"
50.6.201.88 - - [18/Mar/2026:09:25:20 -0400] "POST /wp-cron.php?doing_wp_cron=1773840320.9655129909515380859375 HTTP/1.1" 200 - "-" "WordPress/6.9.4; https://planetnewspro.com"
85.208.96.195 - - [18/Mar/2026:09:25:18 -0400] "GET /tory-treasurer-used-1m-vat-fraud-and-soiled-money-rip-off-to-fund-a-luxurious-way-of-life/ HTTP/1.1" 200 53741 "-" "Mozilla/5.0 (compatible; SemrushBot/7~bl; +http://www.semrush.com/bot.html)"
50.6.201.88 - - [18/Mar/2026:09:25:21 -0400] "POST /wp-admin/admin-ajax.php?action=async_litespeed&nonce=6a32a20319&litespeed_type=imgoptm HTTP/1.1" 200 21 "-" "WordPress/6.9.4; https://planetnewspro.com"
185.191.171.15 - - [18/Mar/2026:09:25:22 -0400] "GET /as-kanye-and-bianca-head-for-divorce-we-reveal-the-censori-households-chilling-idea-for-why-their-sensible-unbiased-daughter-turned-a-rappers-nude-plaything-and-ask-her-ex-gangster-dad-what/ HTTP/1.1" 200 57555 "-" "Mozilla/5.0 (compatible; SemrushBot/7~bl; +http://www.semrush.com/bot.html)"
41.249.152.219 - - [18/Mar/2026:09:25:34 -0400] "GET /brother-dcp-t780dw-ink-tank-printer-overview/ HTTP/1.1" 200 59271 "-" "Mozilla/5.0 (Windows NT 10.0; Win64; x64) AppleWebKit/537.36 (KHTML, like Gecko) Chrome/104.0.5112.81 Safari/537.36"
216.73.216.103 - - [18/Mar/2026:09:25:58 -0400] "GET /?p=34781 HTTP/1.1" 301 - "-" "Mozilla/5.0 AppleWebKit/537.36 (KHTML, like Gecko; compatible; ClaudeBot/1.0; +claudebot@anthropic.com)"
50.6.201.88 - - [18/Mar/2026:09:25:59 -0400] "POST /wp-cron.php?doing_wp_cron=1773840359.2962379455566406250000 HTTP/1.1" 200 - "-" "WordPress/6.9.4; https://planetnewspro.com"
216.73.216.103 - - [18/Mar/2026:09:25:58 -0400] "GET /delta-angers-congress-with-ai-powered-personalised-airfares/ HTTP/1.1" 200 57507 "https://planetnewspro.com/?p=34781" "Mozilla/5.0 AppleWebKit/537.36 (KHTML, like Gecko; compatible; ClaudeBot/1.0; +claudebot@anthropic.com)"
50.6.201.88 - - [18/Mar/2026:09:25:59 -0400] "POST /wp-admin/admin-ajax.php?action=async_litespeed&nonce=6a32a20319&litespeed_type=imgoptm HTTP/1.1" 200 21 "-" "WordPress/6.9.4; https://planetnewspro.com"
50.6.201.88 - - [18/Mar/2026:09:26:17 -0400] "POST /wp-cron.php?doing_wp_cron=1773840377.4828150272369384765625 HTTP/1.1" 200 - "-" "WordPress/6.9.4; https://planetnewspro.com"
85.208.96.193 - - [18/Mar/2026:09:26:17 -0400] "GET /14-methods-to-use-grapes-in-salad-starters-mains-and-extra/ HTTP/1.1" 200 54255 "-" "Mozilla/5.0 (compatible; SemrushBot/7~bl; +http://www.semrush.com/bot.html)"
50.6.201.88 - - [18/Mar/2026:09:26:29 -0400] "POST /wp-cron.php?doing_wp_cron=1773840389.6648170948028564453125 HTTP/1.1" 200 - "-" "WordPress/6.9.4; https://planetnewspro.com"
216.73.216.103 - - [18/Mar/2026:09:26:29 -0400] "GET /?p=35673 HTTP/1.1" 301 - "-" "Mozilla/5.0 AppleWebKit/537.36 (KHTML, like Gecko; compatible; ClaudeBot/1.0; +claudebot@anthropic.com)"
216.73.216.103 - - [18/Mar/2026:09:26:29 -0400] "GET /?p=34873 HTTP/1.1" 301 - "-" "Mozilla/5.0 AppleWebKit/537.36 (KHTML, like Gecko; compatible; ClaudeBot/1.0; +claudebot@anthropic.com)"
