216.73.216.103 - - [18/Mar/2026:10:43:20 -0400] "GET /?p=34427 HTTP/1.1" 301 - "-" "Mozilla/5.0 AppleWebKit/537.36 (KHTML, like Gecko; compatible; ClaudeBot/1.0; +claudebot@anthropic.com)"
216.73.216.103 - - [18/Mar/2026:10:43:20 -0400] "GET /?p=34791 HTTP/1.1" 301 - "-" "Mozilla/5.0 AppleWebKit/537.36 (KHTML, like Gecko; compatible; ClaudeBot/1.0; +claudebot@anthropic.com)"
216.73.216.103 - - [18/Mar/2026:10:43:20 -0400] "GET /the-final-dolby-atmos-expertise-would-possibly-be-in-your-automobile/ HTTP/1.1" 200 53492 "https://planetnewspro.com/?p=34427" "Mozilla/5.0 AppleWebKit/537.36 (KHTML, like Gecko; compatible; ClaudeBot/1.0; +claudebot@anthropic.com)"
216.73.216.103 - - [18/Mar/2026:10:43:20 -0400] "GET /cloudflare-cracks-down-on-uk-piracy-and-vpn-customers-are-getting-caught-within-the-crossfire/ HTTP/1.1" 200 53983 "https://planetnewspro.com/?p=34791" "Mozilla/5.0 AppleWebKit/537.36 (KHTML, like Gecko; compatible; ClaudeBot/1.0; +claudebot@anthropic.com)"
216.73.216.103 - - [18/Mar/2026:10:43:27 -0400] "GET /category/finance/page/8 HTTP/1.1" 301 - "-" "Mozilla/5.0 AppleWebKit/537.36 (KHTML, like Gecko; compatible; ClaudeBot/1.0; +claudebot@anthropic.com)"
216.73.216.103 - - [18/Mar/2026:10:43:27 -0400] "GET /?p=36687 HTTP/1.1" 301 - "-" "Mozilla/5.0 AppleWebKit/537.36 (KHTML, like Gecko; compatible; ClaudeBot/1.0; +claudebot@anthropic.com)"
216.73.216.103 - - [18/Mar/2026:10:43:27 -0400] "GET /category/finance/page/8/ HTTP/1.1" 200 44783 "https://planetnewspro.com/category/finance/page/8" "Mozilla/5.0 AppleWebKit/537.36 (KHTML, like Gecko; compatible; ClaudeBot/1.0; +claudebot@anthropic.com)"
216.73.216.103 - - [18/Mar/2026:10:43:28 -0400] "GET /mini-cinnamon-muffins-recipetin-eats/ HTTP/1.1" 200 63444 "https://planetnewspro.com/?p=36687" "Mozilla/5.0 AppleWebKit/537.36 (KHTML, like Gecko; compatible; ClaudeBot/1.0; +claudebot@anthropic.com)"
185.191.171.13 - - [18/Mar/2026:10:43:38 -0400] "GET /how-one-can-carry-dopamine-decor-into-your-dwelling/ HTTP/1.1" 200 59139 "-" "Mozilla/5.0 (compatible; SemrushBot/7~bl; +http://www.semrush.com/bot.html)"
85.208.96.211 - - [18/Mar/2026:10:43:54 -0400] "GET /how-one-can-accomplish-etravel-type-for-philippine-departure-and-arrival/ HTTP/1.1" 200 57782 "-" "Mozilla/5.0 (compatible; SemrushBot/7~bl; +http://www.semrush.com/bot.html)"
185.191.171.3 - - [18/Mar/2026:10:44:02 -0400] "GET /10-worthwhile-on-line-course-concepts/ HTTP/1.1" 200 57143 "-" "Mozilla/5.0 (compatible; SemrushBot/7~bl; +http://www.semrush.com/bot.html)"
31.6.29.188 - - [18/Mar/2026:10:44:04 -0400] "HEAD /wp-content/plugins/lastudio-element-kit/readme.txt HTTP/1.1" 404 - "https://planetnewspro.com/" "Mozilla/5.0 (X11; Ubuntu; Linux x86_64; rv:146.0) Gecko/20100101 Firefox/146.0"
31.6.29.188 - - [18/Mar/2026:10:44:04 -0400] "HEAD /wp-content/themes/workreap/style.css HTTP/1.1" 404 - "https://planetnewspro.com/" "Mozilla/5.0 (X11; Ubuntu; Linux x86_64; rv:146.0) Gecko/20100101 Firefox/146.0"
185.191.171.7 - - [18/Mar/2026:10:44:04 -0400] "GET /treaty-talks-in-south-korea-tackles-plastic-air-pollution-disaster/ HTTP/1.1" 200 54209 "-" "Mozilla/5.0 (compatible; SemrushBot/7~bl; +http://www.semrush.com/bot.html)"
31.6.29.188 - - [18/Mar/2026:10:44:08 -0400] "HEAD /wp-content/plugins/login-customizer/resources/css/style-review.css HTTP/1.1" 404 - "https://planetnewspro.com/" "Mozilla/5.0 (X11; Ubuntu; Linux x86_64; rv:146.0) Gecko/20100101 Firefox/146.0"
31.6.29.188 - - [18/Mar/2026:10:44:08 -0400] "HEAD /wp-content/plugins/academy/assets/lib/css/plyr.css HTTP/1.1" 404 - "https://planetnewspro.com/" "Mozilla/5.0 (X11; Ubuntu; Linux x86_64; rv:146.0) Gecko/20100101 Firefox/146.0"
50.6.201.88 - - [18/Mar/2026:10:44:14 -0400] "POST /wp-cron.php?doing_wp_cron=1773845054.7393040657043457031250 HTTP/1.1" 200 - "-" "WordPress/6.9.4; https://planetnewspro.com"
31.6.29.188 - - [18/Mar/2026:10:44:14 -0400] "HEAD /wp-content/plugins/cimy-user-extra-fields/css/cimy_uef_register.css HTTP/1.1" 404 - "https://planetnewspro.com/" "Mozilla/5.0 (X11; Ubuntu; Linux x86_64; rv:146.0) Gecko/20100101 Firefox/146.0"
50.6.201.88 - - [18/Mar/2026:10:44:14 -0400] "POST /wp-admin/admin-ajax.php?action=async_litespeed&nonce=6a32a20319&litespeed_type=imgoptm HTTP/1.1" 200 21 "-" "WordPress/6.9.4; https://planetnewspro.com"
50.6.201.88 - - [18/Mar/2026:10:44:21 -0400] "POST /wp-cron.php?doing_wp_cron=1773845060.9841160774230957031250 HTTP/1.1" 200 - "-" "WordPress/6.9.4; https://planetnewspro.com"
31.6.29.188 - - [18/Mar/2026:10:44:20 -0400] "HEAD /wp-content/plugins/acf-frontend-form-element/assets/css/icon.css HTTP/1.1" 404 - "https://planetnewspro.com/" "Mozilla/5.0 (X11; Ubuntu; Linux x86_64; rv:146.0) Gecko/20100101 Firefox/146.0"
216.73.216.103 - - [18/Mar/2026:10:44:27 -0400] "GET /intelligent-kitchen-instruments-underneath-15-at-amazon HTTP/1.1" 301 - "-" "Mozilla/5.0 AppleWebKit/537.36 (KHTML, like Gecko; compatible; ClaudeBot/1.0; +claudebot@anthropic.com)"
216.73.216.103 - - [18/Mar/2026:10:44:27 -0400] "GET /mini-cinnamon-muffins-recipetin-eats HTTP/1.1" 301 - "-" "Mozilla/5.0 AppleWebKit/537.36 (KHTML, like Gecko; compatible; ClaudeBot/1.0; +claudebot@anthropic.com)"
216.73.216.103 - - [18/Mar/2026:10:44:27 -0400] "GET /intelligent-kitchen-instruments-underneath-15-at-amazon/ HTTP/1.1" 200 55266 "https://planetnewspro.com/intelligent-kitchen-instruments-underneath-15-at-amazon" "Mozilla/5.0 AppleWebKit/537.36 (KHTML, like Gecko; compatible; ClaudeBot/1.0; +claudebot@anthropic.com)"
216.73.216.103 - - [18/Mar/2026:10:44:27 -0400] "GET /mini-cinnamon-muffins-recipetin-eats/ HTTP/1.1" 200 63444 "https://planetnewspro.com/mini-cinnamon-muffins-recipetin-eats" "Mozilla/5.0 AppleWebKit/537.36 (KHTML, like Gecko; compatible; ClaudeBot/1.0; +claudebot@anthropic.com)"
31.6.29.188 - - [18/Mar/2026:10:44:31 -0400] "HEAD /wp-content/plugins/kalrav-ai-agent/js/kalrav-forms.js HTTP/1.1" 404 - "https://planetnewspro.com/" "Mozilla/5.0 (X11; Ubuntu; Linux x86_64; rv:146.0) Gecko/20100101 Firefox/146.0"
31.6.29.188 - - [18/Mar/2026:10:44:39 -0400] "HEAD /wp-content/plugins/directorist-social-login/assets/public/css/main.css HTTP/1.1" 404 - "https://planetnewspro.com/" "Mozilla/5.0 (X11; Ubuntu; Linux x86_64; rv:146.0) Gecko/20100101 Firefox/146.0"
216.73.216.103 - - [18/Mar/2026:10:44:40 -0400] "GET /methods-to-run-an-llm-in-your-laptop-computer HTTP/1.1" 301 - "-" "Mozilla/5.0 AppleWebKit/537.36 (KHTML, like Gecko; compatible; ClaudeBot/1.0; +claudebot@anthropic.com)"
216.73.216.103 - - [18/Mar/2026:10:44:40 -0400] "GET /category/netflix/page/123 HTTP/1.1" 301 - "-" "Mozilla/5.0 AppleWebKit/537.36 (KHTML, like Gecko; compatible; ClaudeBot/1.0; +claudebot@anthropic.com)"
216.73.216.103 - - [18/Mar/2026:10:44:40 -0400] "GET /methods-to-run-an-llm-in-your-laptop-computer/ HTTP/1.1" 200 52115 "https://planetnewspro.com/methods-to-run-an-llm-in-your-laptop-computer" "Mozilla/5.0 AppleWebKit/537.36 (KHTML, like Gecko; compatible; ClaudeBot/1.0; +claudebot@anthropic.com)"
216.73.216.103 - - [18/Mar/2026:10:44:41 -0400] "GET /category/netflix/page/123/ HTTP/1.1" 200 44665 "https://planetnewspro.com/category/netflix/page/123" "Mozilla/5.0 AppleWebKit/537.36 (KHTML, like Gecko; compatible; ClaudeBot/1.0; +claudebot@anthropic.com)"
216.73.216.103 - - [18/Mar/2026:10:44:48 -0400] "GET /mums-determined-plea-as-son-7-identified-with-uncommon-muscle-wasting-illness HTTP/1.1" 301 - "-" "Mozilla/5.0 AppleWebKit/537.36 (KHTML, like Gecko; compatible; ClaudeBot/1.0; +claudebot@anthropic.com)"
216.73.216.103 - - [18/Mar/2026:10:44:48 -0400] "GET /mapped-the-place-are-border-clashes-between-thailand-and-cambodia-going-down HTTP/1.1" 301 - "-" "Mozilla/5.0 AppleWebKit/537.36 (KHTML, like Gecko; compatible; ClaudeBot/1.0; +claudebot@anthropic.com)"
216.73.216.103 - - [18/Mar/2026:10:44:48 -0400] "GET /mums-determined-plea-as-son-7-identified-with-uncommon-muscle-wasting-illness/ HTTP/1.1" 200 53767 "https://planetnewspro.com/mums-determined-plea-as-son-7-identified-with-uncommon-muscle-wasting-illness" "Mozilla/5.0 AppleWebKit/537.36 (KHTML, like Gecko; compatible; ClaudeBot/1.0; +claudebot@anthropic.com)"
216.73.216.103 - - [18/Mar/2026:10:44:49 -0400] "GET /mapped-the-place-are-border-clashes-between-thailand-and-cambodia-going-down/ HTTP/1.1" 200 54807 "https://planetnewspro.com/mapped-the-place-are-border-clashes-between-thailand-and-cambodia-going-down" "Mozilla/5.0 AppleWebKit/537.36 (KHTML, like Gecko; compatible; ClaudeBot/1.0; +claudebot@anthropic.com)"
50.6.201.88 - - [18/Mar/2026:10:45:08 -0400] "POST /wp-cron.php?doing_wp_cron=1773845108.3964509963989257812500 HTTP/1.1" 200 - "-" "WordPress/6.9.4; https://planetnewspro.com"
151.250.74.19 - - [18/Mar/2026:10:45:07 -0400] "GET /nationwide-guard-personnel-will-probably-be-deployed-from-three-pink-states-to-d-c/ HTTP/1.1" 200 55115 "https://planetnewspro.com/nationwide-guard-personnel-will-probably-be-deployed-from-three-pink-states-to-d-c/" "Mozilla/5.0 (Windows NT 10.0; Win64; x64) AppleWebKit/537.36 (KHTML, like Gecko) Chrome/80.0.3987.132 Safari/537.36"
50.6.201.88 - - [18/Mar/2026:10:45:08 -0400] "POST /wp-admin/admin-ajax.php?action=async_litespeed&nonce=6a32a20319&litespeed_type=imgoptm HTTP/1.1" 200 21 "-" "WordPress/6.9.4; https://planetnewspro.com"
216.73.216.103 - - [18/Mar/2026:10:45:16 -0400] "GET /ichiro-suzuki-leads-intriguing-corridor-of-fame-class-into-cooperstown HTTP/1.1" 301 - "-" "Mozilla/5.0 AppleWebKit/537.36 (KHTML, like Gecko; compatible; ClaudeBot/1.0; +claudebot@anthropic.com)"
216.73.216.103 - - [18/Mar/2026:10:45:16 -0400] "GET /the-hazard-of-ofws-beginning-companies HTTP/1.1" 301 - "-" "Mozilla/5.0 AppleWebKit/537.36 (KHTML, like Gecko; compatible; ClaudeBot/1.0; +claudebot@anthropic.com)"
216.73.216.103 - - [18/Mar/2026:10:45:16 -0400] "GET /ichiro-suzuki-leads-intriguing-corridor-of-fame-class-into-cooperstown/ HTTP/1.1" 200 53233 "https://planetnewspro.com/ichiro-suzuki-leads-intriguing-corridor-of-fame-class-into-cooperstown" "Mozilla/5.0 AppleWebKit/537.36 (KHTML, like Gecko; compatible; ClaudeBot/1.0; +claudebot@anthropic.com)"
216.73.216.103 - - [18/Mar/2026:10:45:16 -0400] "GET /the-hazard-of-ofws-beginning-companies/ HTTP/1.1" 200 54572 "https://planetnewspro.com/the-hazard-of-ofws-beginning-companies" "Mozilla/5.0 AppleWebKit/537.36 (KHTML, like Gecko; compatible; ClaudeBot/1.0; +claudebot@anthropic.com)"
50.6.201.88 - - [18/Mar/2026:10:45:22 -0400] "POST /wp-cron.php?doing_wp_cron=1773845122.1969599723815917968750 HTTP/1.1" 200 - "-" "WordPress/6.9.4; https://planetnewspro.com"
216.73.216.103 - - [18/Mar/2026:10:45:22 -0400] "GET /the-final-information-to-the-greatest-5-street-journeys-in-germany/feed HTTP/1.1" 301 - "-" "Mozilla/5.0 AppleWebKit/537.36 (KHTML, like Gecko; compatible; ClaudeBot/1.0; +claudebot@anthropic.com)"
216.73.216.103 - - [18/Mar/2026:10:45:22 -0400] "GET /finest-12-anterior-delt-workout-routines-ranked-construct-wider-shoulders-and-stronger-urgent-energy HTTP/1.1" 301 - "-" "Mozilla/5.0 AppleWebKit/537.36 (KHTML, like Gecko; compatible; ClaudeBot/1.0; +claudebot@anthropic.com)"
216.73.216.103 - - [18/Mar/2026:10:45:22 -0400] "GET /the-final-information-to-the-greatest-5-street-journeys-in-germany/feed/ HTTP/1.1" 200 899 "https://planetnewspro.com/the-final-information-to-the-greatest-5-street-journeys-in-germany/feed" "Mozilla/5.0 AppleWebKit/537.36 (KHTML, like Gecko; compatible; ClaudeBot/1.0; +claudebot@anthropic.com)"
216.73.216.103 - - [18/Mar/2026:10:45:22 -0400] "GET /finest-12-anterior-delt-workout-routines-ranked-construct-wider-shoulders-and-stronger-urgent-energy/ HTTP/1.1" 200 54079 "https://planetnewspro.com/finest-12-anterior-delt-workout-routines-ranked-construct-wider-shoulders-and-stronger-urgent-energy" "Mozilla/5.0 AppleWebKit/537.36 (KHTML, like Gecko; compatible; ClaudeBot/1.0; +claudebot@anthropic.com)"
85.208.96.212 - - [18/Mar/2026:10:45:49 -0400] "GET /new-crypto-launch-the-meme-video-games-merges-pepe-coin-brett-and-different-viral-memes/ HTTP/1.1" 200 54700 "-" "Mozilla/5.0 (compatible; SemrushBot/7~bl; +http://www.semrush.com/bot.html)"
50.6.201.88 - - [18/Mar/2026:10:46:01 -0400] "POST /wp-cron.php?doing_wp_cron=1773845161.6249420642852783203125 HTTP/1.1" 200 - "-" "WordPress/6.9.4; https://planetnewspro.com"
216.73.216.103 - - [18/Mar/2026:10:46:01 -0400] "GET /trumps-social-safety-tax-cuts-might-hit-future-generations-exhausting-and-propel-this-systems-insolvency-by-2032-analysis-warns HTTP/1.1" 301 - "-" "Mozilla/5.0 AppleWebKit/537.36 (KHTML, like Gecko; compatible; ClaudeBot/1.0; +claudebot@anthropic.com)"
216.73.216.103 - - [18/Mar/2026:10:46:01 -0400] "GET /josh-hawleys-tariff-rebate-checks-are-a-foul-inflationary-concept HTTP/1.1" 301 - "-" "Mozilla/5.0 AppleWebKit/537.36 (KHTML, like Gecko; compatible; ClaudeBot/1.0; +claudebot@anthropic.com)"
50.6.201.88 - - [18/Mar/2026:10:46:01 -0400] "POST /wp-admin/admin-ajax.php?action=async_litespeed&nonce=6a32a20319&litespeed_type=imgoptm HTTP/1.1" 200 21 "-" "WordPress/6.9.4; https://planetnewspro.com"
216.73.216.103 - - [18/Mar/2026:10:46:01 -0400] "GET /trumps-social-safety-tax-cuts-might-hit-future-generations-exhausting-and-propel-this-systems-insolvency-by-2032-analysis-warns/ HTTP/1.1" 200 53104 "https://planetnewspro.com/trumps-social-safety-tax-cuts-might-hit-future-generations-exhausting-and-propel-this-systems-insolvency-by-2032-analysis-warns" "Mozilla/5.0 AppleWebKit/537.36 (KHTML, like Gecko; compatible; ClaudeBot/1.0; +claudebot@anthropic.com)"
216.73.216.103 - - [18/Mar/2026:10:46:02 -0400] "GET /josh-hawleys-tariff-rebate-checks-are-a-foul-inflationary-concept/ HTTP/1.1" 200 53086 "https://planetnewspro.com/josh-hawleys-tariff-rebate-checks-are-a-foul-inflationary-concept" "Mozilla/5.0 AppleWebKit/537.36 (KHTML, like Gecko; compatible; ClaudeBot/1.0; +claudebot@anthropic.com)"
85.208.96.196 - - [18/Mar/2026:10:46:05 -0400] "GET /man-charged-with-homicide-of-mother-of-four-who-died-in-hospital-9-months-after-being-discovered-severely-injured-in-a-entrance-backyard/ HTTP/1.1" 200 52722 "-" "Mozilla/5.0 (compatible; SemrushBot/7~bl; +http://www.semrush.com/bot.html)"
50.6.201.88 - - [18/Mar/2026:10:46:08 -0400] "POST /wp-cron.php?doing_wp_cron=1773845168.3900029659271240234375 HTTP/1.1" 200 - "-" "WordPress/6.9.4; https://planetnewspro.com"
85.208.96.206 - - [18/Mar/2026:10:46:07 -0400] "GET /if-mortgage-charges-keep-above-6-5-the-possibilities-of-an-imminent-restoration-are-slim-for-housing-demand/ HTTP/1.1" 200 53588 "-" "Mozilla/5.0 (compatible; SemrushBot/7~bl; +http://www.semrush.com/bot.html)"
185.191.171.13 - - [18/Mar/2026:10:46:11 -0400] "GET /elon-musk-attracts-hearth-for-taking-part-in-down-affect-of-atomic-bombing-of-japan-not-as-scary-as-folks-suppose/ HTTP/1.1" 200 53404 "-" "Mozilla/5.0 (compatible; SemrushBot/7~bl; +http://www.semrush.com/bot.html)"
216.73.216.103 - - [18/Mar/2026:10:46:16 -0400] "GET /cockfighting-bettor-killings-filed-by-the-division-of-justice HTTP/1.1" 301 - "-" "Mozilla/5.0 AppleWebKit/537.36 (KHTML, like Gecko; compatible; ClaudeBot/1.0; +claudebot@anthropic.com)"
216.73.216.103 - - [18/Mar/2026:10:46:16 -0400] "GET /time-journey-big-mechs-and-restrict-breaks-warframe-cant-cease-including-cool-stuff-with-huge-plans-for-the-12-months-forward HTTP/1.1" 301 - "-" "Mozilla/5.0 AppleWebKit/537.36 (KHTML, like Gecko; compatible; ClaudeBot/1.0; +claudebot@anthropic.com)"
216.73.216.103 - - [18/Mar/2026:10:46:16 -0400] "GET /cockfighting-bettor-killings-filed-by-the-division-of-justice/ HTTP/1.1" 200 52363 "https://planetnewspro.com/cockfighting-bettor-killings-filed-by-the-division-of-justice" "Mozilla/5.0 AppleWebKit/537.36 (KHTML, like Gecko; compatible; ClaudeBot/1.0; +claudebot@anthropic.com)"
216.73.216.103 - - [18/Mar/2026:10:46:16 -0400] "GET /time-journey-big-mechs-and-restrict-breaks-warframe-cant-cease-including-cool-stuff-with-huge-plans-for-the-12-months-forward/ HTTP/1.1" 200 56256 "https://planetnewspro.com/time-journey-big-mechs-and-restrict-breaks-warframe-cant-cease-including-cool-stuff-with-huge-plans-for-the-12-months-forward" "Mozilla/5.0 AppleWebKit/537.36 (KHTML, like Gecko; compatible; ClaudeBot/1.0; +claudebot@anthropic.com)"
148.113.130.66 - - [18/Mar/2026:10:46:17 -0400] "GET /10-new-amazon-fall-trend-objects-beneath-40/ HTTP/1.1" 200 56024 "-" "Mozilla/5.0 (compatible; AhrefsBot/7.0; +http://ahrefs.com/robot/)"
50.6.201.88 - - [18/Mar/2026:10:46:21 -0400] "POST /wp-cron.php?doing_wp_cron=1773845181.4969930648803710937500 HTTP/1.1" 200 - "-" "WordPress/6.9.4; https://planetnewspro.com"
85.208.96.206 - - [18/Mar/2026:10:46:20 -0400] "GET /meals-exercises-coach-ideas/ HTTP/1.1" 200 59216 "-" "Mozilla/5.0 (compatible; SemrushBot/7~bl; +http://www.semrush.com/bot.html)"
185.191.171.9 - - [18/Mar/2026:10:46:27 -0400] "GET /the-ten-most-widespread-crimes-towards-pasta-no-one-ought-to-ever-commit/ HTTP/1.1" 200 56202 "-" "Mozilla/5.0 (compatible; SemrushBot/7~bl; +http://www.semrush.com/bot.html)"
216.73.216.103 - - [18/Mar/2026:10:46:47 -0400] "GET /south-korea-fires-newest-27-killed-and-1000-year-old-buddhist-temples-destroyed-in-greatest-wildfire-on-file HTTP/1.1" 301 - "-" "Mozilla/5.0 AppleWebKit/537.36 (KHTML, like Gecko; compatible; ClaudeBot/1.0; +claudebot@anthropic.com)"
216.73.216.103 - - [18/Mar/2026:10:46:47 -0400] "GET /oscar-nominated-horror-film-star-of-cursed-blockbuster-appears-to-be-like-unrecognizable-on-uncommon-outing HTTP/1.1" 301 - "-" "Mozilla/5.0 AppleWebKit/537.36 (KHTML, like Gecko; compatible; ClaudeBot/1.0; +claudebot@anthropic.com)"
216.73.216.103 - - [18/Mar/2026:10:46:47 -0400] "GET /south-korea-fires-newest-27-killed-and-1000-year-old-buddhist-temples-destroyed-in-greatest-wildfire-on-file/ HTTP/1.1" 200 56184 "https://planetnewspro.com/south-korea-fires-newest-27-killed-and-1000-year-old-buddhist-temples-destroyed-in-greatest-wildfire-on-file" "Mozilla/5.0 AppleWebKit/537.36 (KHTML, like Gecko; compatible; ClaudeBot/1.0; +claudebot@anthropic.com)"
216.73.216.103 - - [18/Mar/2026:10:46:48 -0400] "GET /oscar-nominated-horror-film-star-of-cursed-blockbuster-appears-to-be-like-unrecognizable-on-uncommon-outing/ HTTP/1.1" 200 54333 "https://planetnewspro.com/oscar-nominated-horror-film-star-of-cursed-blockbuster-appears-to-be-like-unrecognizable-on-uncommon-outing" "Mozilla/5.0 AppleWebKit/537.36 (KHTML, like Gecko; compatible; ClaudeBot/1.0; +claudebot@anthropic.com)"
50.6.201.88 - - [18/Mar/2026:10:47:07 -0400] "POST /wp-cron.php?doing_wp_cron=1773845227.9621210098266601562500 HTTP/1.1" 200 - "-" "WordPress/6.9.4; https://planetnewspro.com"
185.191.171.14 - - [18/Mar/2026:10:47:07 -0400] "GET /all-the-pieces-introduced-at-apple-wwdc-2025-unified-os-redesign/ HTTP/1.1" 200 59544 "-" "Mozilla/5.0 (compatible; SemrushBot/7~bl; +http://www.semrush.com/bot.html)"
50.6.201.88 - - [18/Mar/2026:10:47:08 -0400] "POST /wp-admin/admin-ajax.php?action=async_litespeed&nonce=6a32a20319&litespeed_type=imgoptm HTTP/1.1" 200 21 "-" "WordPress/6.9.4; https://planetnewspro.com"
216.73.216.103 - - [18/Mar/2026:10:47:08 -0400] "GET /i-suffered-marcus-rashford-humiliation-and-tore-my-shirt-off-in-disgust-i-used-to-be-so-indignant HTTP/1.1" 301 - "-" "Mozilla/5.0 AppleWebKit/537.36 (KHTML, like Gecko; compatible; ClaudeBot/1.0; +claudebot@anthropic.com)"
216.73.216.103 - - [18/Mar/2026:10:47:08 -0400] "GET /shares-finish-sharply-greater-to-start-week-apple-hits-all-time-excessive-gold-recovers-as-us-authorities-shutdown-drags-on HTTP/1.1" 301 - "-" "Mozilla/5.0 AppleWebKit/537.36 (KHTML, like Gecko; compatible; ClaudeBot/1.0; +claudebot@anthropic.com)"
216.73.216.103 - - [18/Mar/2026:10:47:09 -0400] "GET /i-suffered-marcus-rashford-humiliation-and-tore-my-shirt-off-in-disgust-i-used-to-be-so-indignant/ HTTP/1.1" 200 55692 "https://planetnewspro.com/i-suffered-marcus-rashford-humiliation-and-tore-my-shirt-off-in-disgust-i-used-to-be-so-indignant" "Mozilla/5.0 AppleWebKit/537.36 (KHTML, like Gecko; compatible; ClaudeBot/1.0; +claudebot@anthropic.com)"
216.73.216.103 - - [18/Mar/2026:10:47:09 -0400] "GET /shares-finish-sharply-greater-to-start-week-apple-hits-all-time-excessive-gold-recovers-as-us-authorities-shutdown-drags-on/ HTTP/1.1" 200 68932 "https://planetnewspro.com/shares-finish-sharply-greater-to-start-week-apple-hits-all-time-excessive-gold-recovers-as-us-authorities-shutdown-drags-on" "Mozilla/5.0 AppleWebKit/537.36 (KHTML, like Gecko; compatible; ClaudeBot/1.0; +claudebot@anthropic.com)"
185.191.171.14 - - [18/Mar/2026:10:47:11 -0400] "GET /how-lengthy-does-kraft-mac-cheese-final-within-the-pantry/ HTTP/1.1" 200 55413 "-" "Mozilla/5.0 (compatible; SemrushBot/7~bl; +http://www.semrush.com/bot.html)"
185.191.171.7 - - [18/Mar/2026:10:47:17 -0400] "GET /jack-hoffman-the-nebraska-superfan-who-captured-the-nations-coronary-heart-with-viral-landing-dies-of-most-cancers-at-19/ HTTP/1.1" 200 53842 "-" "Mozilla/5.0 (compatible; SemrushBot/7~bl; +http://www.semrush.com/bot.html)"
50.6.201.88 - - [18/Mar/2026:10:47:29 -0400] "POST /wp-cron.php?doing_wp_cron=1773845249.5911738872528076171875 HTTP/1.1" 200 - "-" "WordPress/6.9.4; https://planetnewspro.com"
216.73.216.103 - - [18/Mar/2026:10:47:29 -0400] "GET /trump-proclaims-commerce-offers-with-indonesia-and-the-philippines-each-nations-comply-with-open-market-with-zero-tariffs-on-the-u-s-however-will-pay-19-tariffs-on-exports-to-u-s-the-gateway-pun HTTP/1.1" 301 - "-" "Mozilla/5.0 AppleWebKit/537.36 (KHTML, like Gecko; compatible; ClaudeBot/1.0; +claudebot@anthropic.com)"
216.73.216.103 - - [18/Mar/2026:10:47:29 -0400] "GET /near-disaster-delta-connection-flight-pressured-into-aggressive-maneuver-to-keep-away-from-mid-air-collision-with-b-52-bomber-pilot-slams-lack-of-warning-from-air-power-ba HTTP/1.1" 301 - "-" "Mozilla/5.0 AppleWebKit/537.36 (KHTML, like Gecko; compatible; ClaudeBot/1.0; +claudebot@anthropic.com)"
216.73.216.103 - - [18/Mar/2026:10:47:29 -0400] "GET /trump-proclaims-commerce-offers-with-indonesia-and-the-philippines-each-nations-comply-with-open-market-with-zero-tariffs-on-the-u-s-however-will-pay-19-tariffs-on-exports-to-u-s-the-gateway-pun/ HTTP/1.1" 200 52684 "https://planetnewspro.com/trump-proclaims-commerce-offers-with-indonesia-and-the-philippines-each-nations-comply-with-open-market-with-zero-tariffs-on-the-u-s-however-will-pay-19-tariffs-on-exports-to-u-s-the-gateway-pun" "Mozilla/5.0 AppleWebKit/537.36 (KHTML, like Gecko; compatible; ClaudeBot/1.0; +claudebot@anthropic.com)"
216.73.216.103 - - [18/Mar/2026:10:47:30 -0400] "GET /near-disaster-delta-connection-flight-pressured-into-aggressive-maneuver-to-keep-away-from-mid-air-collision-with-b-52-bomber-pilot-slams-lack-of-warning-from-air-power-ba/ HTTP/1.1" 200 53640 "https://planetnewspro.com/near-disaster-delta-connection-flight-pressured-into-aggressive-maneuver-to-keep-away-from-mid-air-collision-with-b-52-bomber-pilot-slams-lack-of-warning-from-air-power-ba" "Mozilla/5.0 AppleWebKit/537.36 (KHTML, like Gecko; compatible; ClaudeBot/1.0; +claudebot@anthropic.com)"
185.191.171.13 - - [18/Mar/2026:10:47:38 -0400] "GET /tgp-images-trumps-epic-return-to-butler-pa-rally-half-one-the-gateway-pundit/ HTTP/1.1" 200 54976 "-" "Mozilla/5.0 (compatible; SemrushBot/7~bl; +http://www.semrush.com/bot.html)"
216.73.216.103 - - [18/Mar/2026:10:47:41 -0400] "GET /the-present-of-night-times-sleep-the-ceo-who-donates-duvets-and-luxurious-sheets-to-households-who-want-relaxation-most HTTP/1.1" 301 - "-" "Mozilla/5.0 AppleWebKit/537.36 (KHTML, like Gecko; compatible; ClaudeBot/1.0; +claudebot@anthropic.com)"
216.73.216.103 - - [18/Mar/2026:10:47:41 -0400] "GET /oscar-nominee-cynthia-erivo-takes-to-the-courtroom-as-prima-facie-begins-filming-this-fall HTTP/1.1" 301 - "-" "Mozilla/5.0 AppleWebKit/537.36 (KHTML, like Gecko; compatible; ClaudeBot/1.0; +claudebot@anthropic.com)"
185.191.171.9 - - [18/Mar/2026:10:47:41 -0400] "GET /introducing-afpas-new-0-curiosity-no-credit-score-examine-cost-plans/ HTTP/1.1" 200 52824 "-" "Mozilla/5.0 (compatible; SemrushBot/7~bl; +http://www.semrush.com/bot.html)"
216.73.216.103 - - [18/Mar/2026:10:47:42 -0400] "GET /the-present-of-night-times-sleep-the-ceo-who-donates-duvets-and-luxurious-sheets-to-households-who-want-relaxation-most/ HTTP/1.1" 200 69680 "https://planetnewspro.com/the-present-of-night-times-sleep-the-ceo-who-donates-duvets-and-luxurious-sheets-to-households-who-want-relaxation-most" "Mozilla/5.0 AppleWebKit/537.36 (KHTML, like Gecko; compatible; ClaudeBot/1.0; +claudebot@anthropic.com)"
216.73.216.103 - - [18/Mar/2026:10:47:42 -0400] "GET /oscar-nominee-cynthia-erivo-takes-to-the-courtroom-as-prima-facie-begins-filming-this-fall/ HTTP/1.1" 200 52993 "https://planetnewspro.com/oscar-nominee-cynthia-erivo-takes-to-the-courtroom-as-prima-facie-begins-filming-this-fall" "Mozilla/5.0 AppleWebKit/537.36 (KHTML, like Gecko; compatible; ClaudeBot/1.0; +claudebot@anthropic.com)"
43.173.182.101 - - [18/Mar/2026:10:47:47 -0400] "GET /potential-oscar-contender-the-brutalist-sparks-intense-debate-amongst-followers-over-ai-utilization/feed/ HTTP/1.1" 200 1004 "-" "Mozilla/5.0 (Windows NT 10.0; Win64; x64) AppleWebKit/537.36 (KHTML, like Gecko) Chrome/112.0.0.0 Safari/537.36"
50.6.201.88 - - [18/Mar/2026:10:47:59 -0400] "POST /wp-cron.php?doing_wp_cron=1773845279.5715889930725097656250 HTTP/1.1" 200 - "-" "WordPress/6.9.4; https://planetnewspro.com"
185.191.171.18 - - [18/Mar/2026:10:47:58 -0400] "GET /rapper-lord-jamar-says-black-males-like-him-will-not-be-shamed-into-voting-for-kamala-not-certified-to-run-a-dunkin-donuts/ HTTP/1.1" 200 54477 "-" "Mozilla/5.0 (compatible; SemrushBot/7~bl; +http://www.semrush.com/bot.html)"
50.6.201.88 - - [18/Mar/2026:10:47:59 -0400] "POST /wp-admin/admin-ajax.php?action=async_litespeed&nonce=6a32a20319&litespeed_type=imgoptm HTTP/1.1" 200 21 "-" "WordPress/6.9.4; https://planetnewspro.com"
50.6.201.88 - - [18/Mar/2026:10:48:07 -0400] "POST /wp-cron.php?doing_wp_cron=1773845287.3770799636840820312500 HTTP/1.1" 200 - "-" "WordPress/6.9.4; https://planetnewspro.com"
85.208.96.210 - - [18/Mar/2026:10:48:07 -0400] "GET /robots.txt HTTP/1.1" 200 128 "-" "Mozilla/5.0 (compatible; SemrushBot/7~bl; +http://www.semrush.com/bot.html)"
185.191.171.9 - - [18/Mar/2026:10:48:07 -0400] "GET /understanding-protocol-alien-to-ph/ HTTP/1.1" 200 57947 "-" "Mozilla/5.0 (compatible; SemrushBot/7~bl; +http://www.semrush.com/bot.html)"
50.6.201.88 - - [18/Mar/2026:10:48:22 -0400] "POST /wp-cron.php?doing_wp_cron=1773845302.2913739681243896484375 HTTP/1.1" 200 - "-" "WordPress/6.9.4; https://planetnewspro.com"
85.208.96.197 - - [18/Mar/2026:10:48:21 -0400] "GET /sahith-theegala-third-in-atlanta-regardless-of-self-reported-penalty/ HTTP/1.1" 200 53117 "-" "Mozilla/5.0 (compatible; SemrushBot/7~bl; +http://www.semrush.com/bot.html)"
216.73.216.103 - - [18/Mar/2026:10:48:25 -0400] "GET /how-the-us-opens-honey-deuce-put-tennis-on-the-drink-map HTTP/1.1" 301 - "-" "Mozilla/5.0 AppleWebKit/537.36 (KHTML, like Gecko; compatible; ClaudeBot/1.0; +claudebot@anthropic.com)"
216.73.216.103 - - [18/Mar/2026:10:48:26 -0400] "GET /ieee-makes-strides-to-enhance-on-line-security-for-youngsters HTTP/1.1" 301 - "-" "Mozilla/5.0 AppleWebKit/537.36 (KHTML, like Gecko; compatible; ClaudeBot/1.0; +claudebot@anthropic.com)"
216.73.216.103 - - [18/Mar/2026:10:48:26 -0400] "GET /how-the-us-opens-honey-deuce-put-tennis-on-the-drink-map/ HTTP/1.1" 200 56098 "https://planetnewspro.com/how-the-us-opens-honey-deuce-put-tennis-on-the-drink-map" "Mozilla/5.0 AppleWebKit/537.36 (KHTML, like Gecko; compatible; ClaudeBot/1.0; +claudebot@anthropic.com)"
216.73.216.103 - - [18/Mar/2026:10:48:26 -0400] "GET /ieee-makes-strides-to-enhance-on-line-security-for-youngsters/ HTTP/1.1" 200 54952 "https://planetnewspro.com/ieee-makes-strides-to-enhance-on-line-security-for-youngsters" "Mozilla/5.0 AppleWebKit/537.36 (KHTML, like Gecko; compatible; ClaudeBot/1.0; +claudebot@anthropic.com)"
216.73.216.103 - - [18/Mar/2026:10:48:46 -0400] "GET /when-ai-writes-code-who-secures-it-oreilly HTTP/1.1" 301 - "-" "Mozilla/5.0 AppleWebKit/537.36 (KHTML, like Gecko; compatible; ClaudeBot/1.0; +claudebot@anthropic.com)"
216.73.216.103 - - [18/Mar/2026:10:48:46 -0400] "GET /iphone-17-professional-each-new-function-we-know HTTP/1.1" 301 - "-" "Mozilla/5.0 AppleWebKit/537.36 (KHTML, like Gecko; compatible; ClaudeBot/1.0; +claudebot@anthropic.com)"
216.73.216.103 - - [18/Mar/2026:10:48:47 -0400] "GET /when-ai-writes-code-who-secures-it-oreilly/ HTTP/1.1" 200 54715 "https://planetnewspro.com/when-ai-writes-code-who-secures-it-oreilly" "Mozilla/5.0 AppleWebKit/537.36 (KHTML, like Gecko; compatible; ClaudeBot/1.0; +claudebot@anthropic.com)"
216.73.216.103 - - [18/Mar/2026:10:48:47 -0400] "GET /iphone-17-professional-each-new-function-we-know/ HTTP/1.1" 200 60176 "https://planetnewspro.com/iphone-17-professional-each-new-function-we-know" "Mozilla/5.0 AppleWebKit/537.36 (KHTML, like Gecko; compatible; ClaudeBot/1.0; +claudebot@anthropic.com)"
50.6.201.88 - - [18/Mar/2026:10:49:20 -0400] "POST /wp-cron.php?doing_wp_cron=1773845360.6335439682006835937500 HTTP/1.1" 200 - "-" "WordPress/6.9.4; https://planetnewspro.com"
216.73.216.103 - - [18/Mar/2026:10:49:19 -0400] "GET /how-the-samurai-introduced-stability-and-justice-to-japan HTTP/1.1" 301 - "-" "Mozilla/5.0 AppleWebKit/537.36 (KHTML, like Gecko; compatible; ClaudeBot/1.0; +claudebot@anthropic.com)"
50.6.201.88 - - [18/Mar/2026:10:49:20 -0400] "POST /wp-admin/admin-ajax.php?action=async_litespeed&nonce=6a32a20319&litespeed_type=imgoptm HTTP/1.1" 200 21 "-" "WordPress/6.9.4; https://planetnewspro.com"
216.73.216.103 - - [18/Mar/2026:10:49:20 -0400] "GET /how-the-samurai-introduced-stability-and-justice-to-japan/ HTTP/1.1" 200 55449 "https://planetnewspro.com/how-the-samurai-introduced-stability-and-justice-to-japan" "Mozilla/5.0 AppleWebKit/537.36 (KHTML, like Gecko; compatible; ClaudeBot/1.0; +claudebot@anthropic.com)"
185.191.171.9 - - [18/Mar/2026:10:49:25 -0400] "GET /trieste-italy-was-named-one-of-many-finest-locations-to-journey-in-2025/ HTTP/1.1" 200 57396 "-" "Mozilla/5.0 (compatible; SemrushBot/7~bl; +http://www.semrush.com/bot.html)"
185.191.171.9 - - [18/Mar/2026:10:49:50 -0400] "GET /2024-stilts-calatagan-seashore-resort-journey-information-with-itinerary-funds/ HTTP/1.1" 200 65248 "-" "Mozilla/5.0 (compatible; SemrushBot/7~bl; +http://www.semrush.com/bot.html)"
87.250.224.27 - - [18/Mar/2026:10:49:58 -0400] "GET /robots.txt HTTP/1.1" 200 175 "-" "Mozilla/5.0 (compatible; YandexBot/3.0; +http://yandex.com/bots)"
50.6.201.88 - - [18/Mar/2026:10:49:59 -0400] "POST /wp-cron.php?doing_wp_cron=1773845399.6761369705200195312500 HTTP/1.1" 200 - "-" "WordPress/6.9.4; https://planetnewspro.com"
213.180.203.77 - - [18/Mar/2026:10:49:59 -0400] "GET /sausage-stuffed-mushroom-dip-straightforward-creamy-and-scrumptious/ HTTP/1.1" 200 56338 "-" "Mozilla/5.0 (compatible; YandexBot/3.0; +http://yandex.com/bots)"
50.6.201.88 - - [18/Mar/2026:10:49:59 -0400] "POST /wp-admin/admin-ajax.php?action=async_litespeed&nonce=6a32a20319&litespeed_type=imgoptm HTTP/1.1" 200 21 "-" "WordPress/6.9.4; https://planetnewspro.com"
185.191.171.10 - - [18/Mar/2026:10:50:05 -0400] "GET /chinas-inventory-increase-falters-as-beijing-refuses-to-launch-new-stimulus-measures/ HTTP/1.1" 200 53876 "-" "Mozilla/5.0 (compatible; SemrushBot/7~bl; +http://www.semrush.com/bot.html)"
50.6.201.88 - - [18/Mar/2026:10:50:08 -0400] "POST /wp-cron.php?doing_wp_cron=1773845408.6327869892120361328125 HTTP/1.1" 200 - "-" "WordPress/6.9.4; https://planetnewspro.com"
185.191.171.14 - - [18/Mar/2026:10:50:08 -0400] "GET /robotic-movies-pollen-robotics-darpa-and-extra/ HTTP/1.1" 200 57149 "-" "Mozilla/5.0 (compatible; SemrushBot/7~bl; +http://www.semrush.com/bot.html)"
183.171.242.191 - - [18/Mar/2026:10:50:09 -0400] "GET /15-democrats-arrested-for-election-fraud-plead-not-responsible/ HTTP/1.1" 200 53783 "https://planetnewspro.com/" "Mozilla/5.0 (Macintosh; Intel Mac OS X 10_15_7) AppleWebKit/537.36 (KHTML, like Gecko) Chrome/134.0.0.0 Safari/537.36"
50.6.201.88 - - [18/Mar/2026:10:50:28 -0400] "POST /wp-cron.php?doing_wp_cron=1773845428.6497919559478759765625 HTTP/1.1" 200 - "-" "WordPress/6.9.4; https://planetnewspro.com"
89.110.64.239 - - [18/Mar/2026:10:50:27 -0400] "GET /why-your-metabolism-isnt-slowing-after-30-whats-actually-going-on/ HTTP/1.0" 200 318761 "https://planetnewspro.com/why-your-metabolism-isnt-slowing-after-30-whats-actually-going-on/" "Mozilla/5.0 (Windows NT 10.0; Win64; x64) AppleWebKit/537.36 (KHTML, like Gecko) Chrome/129.0.0.0 Safari/537.36"
185.191.171.11 - - [18/Mar/2026:10:50:29 -0400] "GET /tom-cruise-enjoys-a-time-out-along-with-his-billionaire-buddies-as-they-contact-down-at-battersea-in-his-chopper/ HTTP/1.1" 200 54436 "-" "Mozilla/5.0 (compatible; SemrushBot/7~bl; +http://www.semrush.com/bot.html)"
85.208.96.193 - - [18/Mar/2026:10:50:36 -0400] "GET /netflixs-2-most-watched-collection-the-insanity-is-certainly-one-of-my-favourite-thrillers-listed-here-are-3-extra-which-might-be-simply-nearly-as-good-with-over-85-on-rotten-tomatoes/ HTTP/1.1" 200 55809 "-" "Mozilla/5.0 (compatible; SemrushBot/7~bl; +http://www.semrush.com/bot.html)"
50.6.201.88 - - [18/Mar/2026:10:50:50 -0400] "POST /wp-cron.php?doing_wp_cron=1773845450.5044710636138916015625 HTTP/1.1" 200 - "-" "WordPress/6.9.4; https://planetnewspro.com"
185.191.171.10 - - [18/Mar/2026:10:50:50 -0400] "GET /rishabh-pant-co-marching-in-direction-of-ipl-2025-playoffs-berth/ HTTP/1.1" 200 53542 "-" "Mozilla/5.0 (compatible; SemrushBot/7~bl; +http://www.semrush.com/bot.html)"
85.208.96.207 - - [18/Mar/2026:10:50:55 -0400] "GET /what-if-the-president-tries-to-annex-greenland-and-canada/ HTTP/1.1" 200 61033 "-" "Mozilla/5.0 (compatible; SemrushBot/7~bl; +http://www.semrush.com/bot.html)"
50.6.201.88 - - [18/Mar/2026:10:51:09 -0400] "POST /wp-cron.php?doing_wp_cron=1773845469.7401499748229980468750 HTTP/1.1" 200 - "-" "WordPress/6.9.4; https://planetnewspro.com"
85.208.96.194 - - [18/Mar/2026:10:51:09 -0400] "GET /madison-college-taking-pictures-reside-updates-three-useless-after-juvenile-opens-hearth-at-ample-life-christian-faculty/ HTTP/1.1" 200 56948 "-" "Mozilla/5.0 (compatible; SemrushBot/7~bl; +http://www.semrush.com/bot.html)"
50.6.201.88 - - [18/Mar/2026:10:51:09 -0400] "POST /wp-admin/admin-ajax.php?action=async_litespeed&nonce=6a32a20319&litespeed_type=imgoptm HTTP/1.1" 200 21 "-" "WordPress/6.9.4; https://planetnewspro.com"
185.191.171.6 - - [18/Mar/2026:10:51:18 -0400] "GET /fall-asleep-quick-with-this-5-minute-bedtime-stretch-routine/ HTTP/1.1" 200 55074 "-" "Mozilla/5.0 (compatible; SemrushBot/7~bl; +http://www.semrush.com/bot.html)"
50.6.201.88 - - [18/Mar/2026:10:51:23 -0400] "POST /wp-cron.php?doing_wp_cron=1773845483.5655670166015625000000 HTTP/1.1" 200 - "-" "WordPress/6.9.4; https://planetnewspro.com"
85.208.96.196 - - [18/Mar/2026:10:51:23 -0400] "GET /mark-zuckerberg-gave-his-ex-engineer-startup-at-recommendation-2am-over-chess/ HTTP/1.1" 200 53194 "-" "Mozilla/5.0 (compatible; SemrushBot/7~bl; +http://www.semrush.com/bot.html)"
185.191.171.11 - - [18/Mar/2026:10:51:26 -0400] "GET /author/admin-pnp-171/page/44/ HTTP/1.1" 200 43646 "-" "Mozilla/5.0 (compatible; SemrushBot/7~bl; +http://www.semrush.com/bot.html)"
43.173.179.102 - - [18/Mar/2026:10:51:45 -0400] "GET /digiplus-makes-it-to-psei-regardless-of-july-debacle/feed/ HTTP/1.1" 200 857 "-" "Mozilla/5.0 (Windows NT 10.0; Win64; x64) AppleWebKit/537.36 (KHTML, like Gecko) Chrome/117.0.0.0 Safari/537.36"
185.191.171.4 - - [18/Mar/2026:10:51:56 -0400] "GET /chinese-language-fisheries-analysis-ship-seen-in-philippine-archipelagic-waters/ HTTP/1.1" 200 54271 "-" "Mozilla/5.0 (compatible; SemrushBot/7~bl; +http://www.semrush.com/bot.html)"
50.6.201.88 - - [18/Mar/2026:10:52:00 -0400] "POST /wp-cron.php?doing_wp_cron=1773845520.8203260898590087890625 HTTP/1.1" 200 - "-" "WordPress/6.9.4; https://planetnewspro.com"
185.191.171.6 - - [18/Mar/2026:10:52:00 -0400] "GET /the-obtain-understanding-ai-and-what-to-anticipate-from-the-uns-local-weather-convention/ HTTP/1.1" 200 55589 "-" "Mozilla/5.0 (compatible; SemrushBot/7~bl; +http://www.semrush.com/bot.html)"
50.6.201.88 - - [18/Mar/2026:10:52:00 -0400] "POST /wp-admin/admin-ajax.php?action=async_litespeed&nonce=6a32a20319&litespeed_type=imgoptm HTTP/1.1" 200 21 "-" "WordPress/6.9.4; https://planetnewspro.com"
50.6.201.88 - - [18/Mar/2026:10:52:04 -0400] "POST /wp-cron.php?doing_wp_cron=1773845524.8252229690551757812500 HTTP/1.1" 200 - "-" "WordPress/6.9.4; https://planetnewspro.com"
85.208.96.204 - - [18/Mar/2026:10:52:03 -0400] "GET /chilling-encounters-haunted-homes-in-new-orleans/ HTTP/1.1" 200 58615 "-" "Mozilla/5.0 (compatible; SemrushBot/7~bl; +http://www.semrush.com/bot.html)"
50.6.201.88 - - [18/Mar/2026:10:52:09 -0400] "POST /wp-cron.php?doing_wp_cron=1773845529.2974910736083984375000 HTTP/1.1" 200 - "-" "WordPress/6.9.4; https://planetnewspro.com"
85.208.96.212 - - [18/Mar/2026:10:52:08 -0400] "GET /7-finest-locations-to-see-wildlife-in-latin-america-based-on-a-journey-professional/ HTTP/1.1" 200 53876 "-" "Mozilla/5.0 (compatible; SemrushBot/7~bl; +http://www.semrush.com/bot.html)"
185.191.171.10 - - [18/Mar/2026:10:52:15 -0400] "GET /the-home-the-place-winnie-the-pooh-was-born-goes-up-on-the-market-quirky-grade-ii-listed-terrace-residence-the-place-illustrator-first-sketched-the-well-known-bear-may-very-well-be-yours-for-675000/ HTTP/1.1" 200 54077 "-" "Mozilla/5.0 (compatible; SemrushBot/7~bl; +http://www.semrush.com/bot.html)"
50.6.201.88 - - [18/Mar/2026:10:53:09 -0400] "POST /wp-cron.php?doing_wp_cron=1773845589.1570661067962646484375 HTTP/1.1" 200 - "-" "WordPress/6.9.4; https://planetnewspro.com"
185.191.171.15 - - [18/Mar/2026:10:53:07 -0400] "GET /marcos-appoints-new-envoys-govt-officers/ HTTP/1.1" 200 53286 "-" "Mozilla/5.0 (compatible; SemrushBot/7~bl; +http://www.semrush.com/bot.html)"
50.6.201.88 - - [18/Mar/2026:10:53:09 -0400] "POST /wp-admin/admin-ajax.php?action=async_litespeed&nonce=6a32a20319&litespeed_type=imgoptm HTTP/1.1" 200 21 "-" "WordPress/6.9.4; https://planetnewspro.com"
14.189.178.133 - - [18/Mar/2026:10:53:11 -0400] "GET /10-italian-recipes-that-channel-piedmont/ HTTP/1.1" 200 53842 "-" "Mozilla/5.0 (Windows; U; Windows NT 5.2; en-US) AppleWebKit/532.1 (KHTML, like Gecko) Chrome/4.0.219.5 Safari/532.1"
57.141.6.38 - - [18/Mar/2026:10:53:16 -0400] "GET /the-7-greatest-grocery-retailer-rotisserie-chickens-in-keeping-with-a-rotisserie-rooster-reviewer/ HTTP/1.1" 200 334580 "-" "meta-externalagent/1.1 (+https://developers.facebook.com/docs/sharing/webmasters/crawler)"
50.6.201.88 - - [18/Mar/2026:10:53:47 -0400] "POST /wp-cron.php?doing_wp_cron=1773845627.0996220111846923828125 HTTP/1.1" 200 - "-" "WordPress/6.9.4; https://planetnewspro.com"
34.233.114.237 - - [18/Mar/2026:10:53:46 -0400] "GET /to-cease-the-subsequent-ticketmaster-style-meltdown-congress-should-move-the-ticket-act-earlier-than-the-buzzer-sports-activities-followers-coalition/ HTTP/1.1" 200 53321 "-" "Mozilla/5.0 AppleWebKit/537.36 (KHTML, like Gecko; compatible; Amazonbot/0.1; +https://developer.amazon.com/support/amazonbot) Chrome/119.0.6045.214 Safari/537.36"
100.28.118.16 - - [18/Mar/2026:10:53:50 -0400] "GET /lululemon-inventory-soars-on-vibrant-vacation-outlook/ HTTP/1.1" 200 53368 "-" "Mozilla/5.0 AppleWebKit/537.36 (KHTML, like Gecko; compatible; Amazonbot/0.1; +https://developer.amazon.com/support/amazonbot) Chrome/119.0.6045.214 Safari/537.36"
52.2.191.202 - - [18/Mar/2026:10:53:54 -0400] "GET /no-22-st-johns-meets-new-mexico-in-battle-of-the-pitinos/ HTTP/1.1" 200 52440 "-" "Mozilla/5.0 AppleWebKit/537.36 (KHTML, like Gecko; compatible; Amazonbot/0.1; +https://developer.amazon.com/support/amazonbot) Chrome/119.0.6045.214 Safari/537.36"
34.195.60.66 - - [18/Mar/2026:10:53:58 -0400] "GET /dishonorable-choose-boasberg-and-dc-judges-are-crying-in-regards-to-the-due-strategy-of-unlawful-immigrants-and-alleged-tren-de-aragua-gang-members-but-why-didnt-they-care-about-the-due-process-rig/ HTTP/1.1" 200 55399 "-" "Mozilla/5.0 AppleWebKit/537.36 (KHTML, like Gecko; compatible; Amazonbot/0.1; +https://developer.amazon.com/support/amazonbot) Chrome/119.0.6045.214 Safari/537.36"
50.6.201.88 - - [18/Mar/2026:10:54:02 -0400] "POST /wp-cron.php?doing_wp_cron=1773845642.9274940490722656250000 HTTP/1.1" 200 - "-" "WordPress/6.9.4; https://planetnewspro.com"
34.202.88.37 - - [18/Mar/2026:10:54:02 -0400] "GET /father-of-us-based-pro-democracy-activist-reportedly-arrested-by-hong-kong-police/ HTTP/1.1" 200 53831 "-" "Mozilla/5.0 AppleWebKit/537.36 (KHTML, like Gecko; compatible; Amazonbot/0.1; +https://developer.amazon.com/support/amazonbot) Chrome/119.0.6045.214 Safari/537.36"
50.6.201.88 - - [18/Mar/2026:10:54:03 -0400] "POST /wp-admin/admin-ajax.php?action=async_litespeed&nonce=6a32a20319&litespeed_type=imgoptm HTTP/1.1" 200 21 "-" "WordPress/6.9.4; https://planetnewspro.com"
3.226.106.93 - - [18/Mar/2026:10:54:06 -0400] "GET /finest-early-rei-black-friday-offers-on-out-of-doors-gear-2024/ HTTP/1.1" 200 66654 "-" "Mozilla/5.0 AppleWebKit/537.36 (KHTML, like Gecko; compatible; Amazonbot/0.1; +https://developer.amazon.com/support/amazonbot) Chrome/119.0.6045.214 Safari/537.36"
50.6.201.88 - - [18/Mar/2026:10:54:08 -0400] "POST /wp-cron.php?doing_wp_cron=1773845648.1107389926910400390625 HTTP/1.1" 200 - "-" "WordPress/6.9.4; https://planetnewspro.com"
85.208.96.209 - - [18/Mar/2026:10:54:07 -0400] "GET /comedy-gold-democrat-epically-fails-whereas-making-an-attempt-to-sound-robust-towards-trump-by-chance-invitations-him-to-fornicate/ HTTP/1.1" 200 53564 "-" "Mozilla/5.0 (compatible; SemrushBot/7~bl; +http://www.semrush.com/bot.html)"
3.224.205.25 - - [18/Mar/2026:10:54:10 -0400] "GET /mulled-wine-recipe-love-and-lemons/ HTTP/1.1" 200 55290 "-" "Mozilla/5.0 AppleWebKit/537.36 (KHTML, like Gecko; compatible; Amazonbot/0.1; +https://developer.amazon.com/support/amazonbot) Chrome/119.0.6045.214 Safari/537.36"
34.195.60.66 - - [18/Mar/2026:10:54:14 -0400] "GET /educating-a-new-technology-of-employees-oreilly/ HTTP/1.1" 200 61675 "-" "Mozilla/5.0 AppleWebKit/537.36 (KHTML, like Gecko; compatible; Amazonbot/0.1; +https://developer.amazon.com/support/amazonbot) Chrome/119.0.6045.214 Safari/537.36"
85.208.96.209 - - [18/Mar/2026:10:54:15 -0400] "GET /david-coote-is-sacked-after-premier-league-referee-was-filmed-snorting-white-powder-and-calling-jurgen-klopp-a-german-in-leaked-movies/ HTTP/1.1" 200 55798 "-" "Mozilla/5.0 (compatible; SemrushBot/7~bl; +http://www.semrush.com/bot.html)"
34.227.156.153 - - [18/Mar/2026:10:54:18 -0400] "GET /david-coote-is-sacked-after-premier-league-referee-was-filmed-snorting-white-powder-and-calling-jurgen-klopp-a-german-in-leaked-movies/ HTTP/1.1" 200 55797 "-" "Mozilla/5.0 AppleWebKit/537.36 (KHTML, like Gecko; compatible; Amazonbot/0.1; +https://developer.amazon.com/support/amazonbot) Chrome/119.0.6045.214 Safari/537.36"
50.6.201.88 - - [18/Mar/2026:10:54:23 -0400] "POST /wp-cron.php?doing_wp_cron=1773845663.1980810165405273437500 HTTP/1.1" 200 - "-" "WordPress/6.9.4; https://planetnewspro.com"
52.203.152.231 - - [18/Mar/2026:10:54:22 -0400] "GET /main-uk-airport-unveils-improve-set-to-remodel-queue-instances-for-brits/ HTTP/1.1" 200 54164 "-" "Mozilla/5.0 AppleWebKit/537.36 (KHTML, like Gecko; compatible; Amazonbot/0.1; +https://developer.amazon.com/support/amazonbot) Chrome/119.0.6045.214 Safari/537.36"
44.213.202.136 - - [18/Mar/2026:10:54:26 -0400] "GET /intel-to-announce-plans-this-week-to-chop-over-20-of-workers/ HTTP/1.1" 200 53421 "-" "Mozilla/5.0 AppleWebKit/537.36 (KHTML, like Gecko; compatible; Amazonbot/0.1; +https://developer.amazon.com/support/amazonbot) Chrome/119.0.6045.214 Safari/537.36"
85.208.96.193 - - [18/Mar/2026:10:54:27 -0400] "GET /homegrown-tech-supplier-tracks-constructing-resilience/ HTTP/1.1" 200 56576 "-" "Mozilla/5.0 (compatible; SemrushBot/7~bl; +http://www.semrush.com/bot.html)"
50.6.201.88 - - [18/Mar/2026:10:54:31 -0400] "POST /wp-cron.php?doing_wp_cron=1773845671.2734129428863525390625 HTTP/1.1" 200 - "-" "WordPress/6.9.4; https://planetnewspro.com"
54.91.122.193 - - [18/Mar/2026:10:54:30 -0400] "GET /usda-paid-to-examine-queer-farmers-latinx-masculinity-and-worse-on-taxpayer-dime/ HTTP/1.1" 200 54121 "-" "Mozilla/5.0 AppleWebKit/537.36 (KHTML, like Gecko; compatible; Amazonbot/0.1; +https://developer.amazon.com/support/amazonbot) Chrome/119.0.6045.214 Safari/537.36"
50.6.201.88 - - [18/Mar/2026:10:54:31 -0400] "POST /wp-cron.php?doing_wp_cron=1773845671.6652939319610595703125 HTTP/1.1" 200 - "-" "WordPress/6.9.4; https://planetnewspro.com"
85.208.96.194 - - [18/Mar/2026:10:54:30 -0400] "GET /jay-zs-lawyer-denies-rappers-shut-affiliation-with-diddy-as-he-shuts-down-demonstrably-false-rape-declare/ HTTP/1.1" 200 55057 "-" "Mozilla/5.0 (compatible; SemrushBot/7~bl; +http://www.semrush.com/bot.html)"
52.204.253.129 - - [18/Mar/2026:10:54:34 -0400] "GET /here-is-what-you-must-know-as-you-fill-out-the-new-fafsa/ HTTP/1.1" 200 53645 "-" "Mozilla/5.0 AppleWebKit/537.36 (KHTML, like Gecko; compatible; Amazonbot/0.1; +https://developer.amazon.com/support/amazonbot) Chrome/119.0.6045.214 Safari/537.36"
54.147.238.89 - - [18/Mar/2026:10:54:38 -0400] "GET /wind-and-reality-the-stormlight-archives-collection-guide-5-has-arrived/ HTTP/1.1" 200 53279 "-" "Mozilla/5.0 AppleWebKit/537.36 (KHTML, like Gecko; compatible; Amazonbot/0.1; +https://developer.amazon.com/support/amazonbot) Chrome/119.0.6045.214 Safari/537.36"
35.173.18.61 - - [18/Mar/2026:10:54:42 -0400] "GET /the-concept-of-my-new-guide-the-digital-fourth-modification-and-why-it-issues/ HTTP/1.1" 200 53170 "-" "Mozilla/5.0 AppleWebKit/537.36 (KHTML, like Gecko; compatible; Amazonbot/0.1; +https://developer.amazon.com/support/amazonbot) Chrome/119.0.6045.214 Safari/537.36"
43.173.175.217 - - [18/Mar/2026:10:54:45 -0400] "GET /protest-for-the-kidnapping-and-alleged-execution-of-a-german-iranian-citizen/feed/ HTTP/1.1" 200 929 "-" "Mozilla/5.0 (Windows NT 10.0; Win64; x64) AppleWebKit/537.36 (KHTML, like Gecko) Chrome/112.0.0.0 Safari/537.36"
185.191.171.14 - - [18/Mar/2026:10:55:12 -0400] "GET /motorola-is-making-a-super-thin-telephone-and-i-truly-assume-thats-an-enormous-deal/ HTTP/1.1" 200 53715 "-" "Mozilla/5.0 (compatible; SemrushBot/7~bl; +http://www.semrush.com/bot.html)"
185.244.152.109 - - [18/Mar/2026:10:55:12 -0400] "GET /the-platform-2-is-netflixs-1-most-watched-film-nevertheless-its-scarily-unhealthy-listed-below-are-4-higher-horrors-with-over-85-on-rotten-tomatoes/ HTTP/1.1" 200 56706 "https://planetnewspro.com/" "Mozilla/5.0 (Macintosh; Intel Mac OS X 10_15_7) AppleWebKit/537.36 (KHTML, like Gecko) Chrome/134.0.0.0 Safari/537.36"
50.6.201.88 - - [18/Mar/2026:10:55:33 -0400] "POST /wp-cron.php?doing_wp_cron=1773845733.5702099800109863281250 HTTP/1.1" 200 - "-" "WordPress/6.9.4; https://planetnewspro.com"
185.191.171.16 - - [18/Mar/2026:10:55:33 -0400] "GET /not-possible-star-jeremy-renner-revealed-how-he-stayed-grounded-amid-oscar-buzz/ HTTP/1.1" 200 52831 "-" "Mozilla/5.0 (compatible; SemrushBot/7~bl; +http://www.semrush.com/bot.html)"
50.6.201.88 - - [18/Mar/2026:10:55:33 -0400] "POST /wp-admin/admin-ajax.php?action=async_litespeed&nonce=6a32a20319&litespeed_type=imgoptm HTTP/1.1" 200 21 "-" "WordPress/6.9.4; https://planetnewspro.com"
185.191.171.14 - - [18/Mar/2026:10:55:36 -0400] "GET /parmesan-risotto-spend-with-pennies/ HTTP/1.1" 200 58068 "-" "Mozilla/5.0 (compatible; SemrushBot/7~bl; +http://www.semrush.com/bot.html)"
85.208.96.210 - - [18/Mar/2026:10:55:41 -0400] "GET /from-zach-bryan-to-twisters-tradition-went-maga-earlier-than-the-election/ HTTP/1.1" 200 60072 "-" "Mozilla/5.0 (compatible; SemrushBot/7~bl; +http://www.semrush.com/bot.html)"
180.142.249.18 - - [18/Mar/2026:10:55:42 -0400] "POST /wp-comments-post.php HTTP/1.1" 403 2554 "-" "Mozilla/5.0 (Windows NT 10.0; Win64; x64) AppleWebKit/537.36 (KHTML, like Gecko) Chrome/108.0.0.0 Safari/537.36 Edg/108.0.1462.46"
17.22.253.44 - - [18/Mar/2026:10:55:45 -0400] "GET /boiled-cabbage-spend-with-pennies/ HTTP/1.1" 200 57116 "-" "Mozilla/5.0 (Macintosh; Intel Mac OS X 10_15_7) AppleWebKit/605.1.15 (KHTML, like Gecko) Version/17.4 Safari/605.1.15 (Applebot/0.1; +http://www.apple.com/go/applebot)"
43.173.175.119 - - [18/Mar/2026:10:55:47 -0400] "GET /how-the-mannequins-model-modified-with-ye-by-means-of-the-years/feed/ HTTP/1.1" 200 897 "-" "Mozilla/5.0 (Windows NT 10.0; Win64; x64) AppleWebKit/537.36 (KHTML, like Gecko) Chrome/105.0.0.0 Safari/537.3"
43.173.169.153 - - [18/Mar/2026:10:55:47 -0400] "GET /whats-prince-williams-new-documentary-on-lifes-assessments-all-about-is-it-on-netflix/feed/ HTTP/1.1" 200 967 "-" "Mozilla/5.0 (Windows NT 10.0; Win64; x64) AppleWebKit/537.36 (KHTML, like Gecko) Chrome/116.0.0.0 Safari/537.36"
43.173.177.63 - - [18/Mar/2026:10:55:47 -0400] "GET /doge-claims-first-scalp-in-efforts-to-minimize-authorities-and-paperwork/feed/ HTTP/1.1" 200 917 "-" "Mozilla/5.0 (Windows NT 10.0; Win64; x64) AppleWebKit/537.36 (KHTML, like Gecko) Chrome/131.0.0.0 Safari/537.36"
40.77.167.149 - - [18/Mar/2026:10:55:50 -0400] "GET /the-opposite-nations-set-to-observe-spain-and-declare-warfare-on-brits-vacation-properties-france-greece-and-portugal-among-the-many-eu-nations-seeking-to-take-motion-as-warfare-on-vacationers-and/ HTTP/1.1" 200 59437 "-" "Mozilla/5.0 AppleWebKit/537.36 (KHTML, like Gecko; compatible; bingbot/2.0; +http://www.bing.com/bingbot.htm) Chrome/116.0.1938.76 Safari/537.36"
85.208.96.201 - - [18/Mar/2026:10:55:58 -0400] "GET /get-our-journey-journal-to-report-your-travels/ HTTP/1.1" 200 53203 "-" "Mozilla/5.0 (compatible; SemrushBot/7~bl; +http://www.semrush.com/bot.html)"
50.6.201.88 - - [18/Mar/2026:10:56:14 -0400] "POST /wp-cron.php?doing_wp_cron=1773845774.0144500732421875000000 HTTP/1.1" 200 - "-" "WordPress/6.9.4; https://planetnewspro.com"
