185.191.171.9 - - [18/Mar/2026:13:28:20 -0400] "GET /youre-actual-and-also-youre-right-here-taylor-swift-wins-justin-vernons-admiration-for-authenticity-in-bon-ivers-search-of-reality/ HTTP/1.1" 200 52790 "-" "Mozilla/5.0 (compatible; SemrushBot/7~bl; +http://www.semrush.com/bot.html)"
50.6.201.88 - - [18/Mar/2026:13:29:11 -0400] "POST /wp-cron.php?doing_wp_cron=1773854951.4707949161529541015625 HTTP/1.1" 200 - "-" "WordPress/6.9.4; https://planetnewspro.com"
216.73.216.103 - - [18/Mar/2026:13:29:09 -0400] "GET /?p=39351 HTTP/1.1" 301 - "-" "Mozilla/5.0 AppleWebKit/537.36 (KHTML, like Gecko; compatible; ClaudeBot/1.0; +claudebot@anthropic.com)"
50.6.201.88 - - [18/Mar/2026:13:29:11 -0400] "POST /wp-admin/admin-ajax.php?action=async_litespeed&nonce=6a32a20319&litespeed_type=imgoptm HTTP/1.1" 200 21 "-" "WordPress/6.9.4; https://planetnewspro.com"
216.73.216.103 - - [18/Mar/2026:13:29:11 -0400] "GET /empty-seats-boycott-calls-and-a-snubbed-handshake-india-vs-pakistan-match-overshadowed-by-off-field-drama/ HTTP/1.1" 200 54415 "https://planetnewspro.com/?p=39351" "Mozilla/5.0 AppleWebKit/537.36 (KHTML, like Gecko; compatible; ClaudeBot/1.0; +claudebot@anthropic.com)"
50.6.201.88 - - [18/Mar/2026:13:29:39 -0400] "POST /wp-cron.php?doing_wp_cron=1773854979.8339018821716308593750 HTTP/1.1" 200 - "-" "WordPress/6.9.4; https://planetnewspro.com"
216.73.216.103 - - [18/Mar/2026:13:29:39 -0400] "GET /gossiping-reporters-have-overtly-loathed-biden-for-years-former-speechwriter-says/feed HTTP/1.1" 301 - "-" "Mozilla/5.0 AppleWebKit/537.36 (KHTML, like Gecko; compatible; ClaudeBot/1.0; +claudebot@anthropic.com)"
216.73.216.103 - - [18/Mar/2026:13:29:39 -0400] "GET /gossiping-reporters-have-overtly-loathed-biden-for-years-former-speechwriter-says/feed/ HTTP/1.1" 200 945 "https://planetnewspro.com/gossiping-reporters-have-overtly-loathed-biden-for-years-former-speechwriter-says/feed" "Mozilla/5.0 AppleWebKit/537.36 (KHTML, like Gecko; compatible; ClaudeBot/1.0; +claudebot@anthropic.com)"
50.6.201.88 - - [18/Mar/2026:13:29:40 -0400] "POST /wp-cron.php?doing_wp_cron=1773854980.1899359226226806640625 HTTP/1.1" 200 - "-" "WordPress/6.9.4; https://planetnewspro.com"
185.191.171.7 - - [18/Mar/2026:13:29:39 -0400] "GET /telegram-founders-arrest-sparks-debate-whether-or-not-x-proprietor-elon-musk-could-also-be-subsequent/ HTTP/1.1" 200 55354 "-" "Mozilla/5.0 (compatible; SemrushBot/7~bl; +http://www.semrush.com/bot.html)"
85.208.96.208 - - [18/Mar/2026:13:30:20 -0400] "GET /nice-wolf-lodge-scottsdale-evaluation/ HTTP/1.1" 200 55842 "-" "Mozilla/5.0 (compatible; SemrushBot/7~bl; +http://www.semrush.com/bot.html)"
185.191.171.5 - - [18/Mar/2026:13:30:23 -0400] "GET /does-taylor-swift-personal-an-island-has-she-actually-gifted-her-mom-one/ HTTP/1.1" 200 52828 "-" "Mozilla/5.0 (compatible; SemrushBot/7~bl; +http://www.semrush.com/bot.html)"
185.191.171.13 - - [18/Mar/2026:13:30:26 -0400] "GET /large-big-monster-cookies-sallys-baking-habit/ HTTP/1.1" 200 58321 "-" "Mozilla/5.0 (compatible; SemrushBot/7~bl; +http://www.semrush.com/bot.html)"
85.208.96.199 - - [18/Mar/2026:13:30:28 -0400] "GET /outrage-as-hunter-biden-reportedly-sitting-in-on-white-home-conferences/ HTTP/1.1" 200 53236 "-" "Mozilla/5.0 (compatible; SemrushBot/7~bl; +http://www.semrush.com/bot.html)"
185.191.171.7 - - [18/Mar/2026:13:30:30 -0400] "GET /how-do-i-do-know-if-i-would-like-youngsters-i-cant-resolve-if-i-wish-to-be-a-mother-or-father/ HTTP/1.1" 200 58021 "-" "Mozilla/5.0 (compatible; SemrushBot/7~bl; +http://www.semrush.com/bot.html)"
216.73.216.103 - - [18/Mar/2026:13:30:32 -0400] "GET /inside-their-candy-non-public-friendship-moments HTTP/1.1" 301 - "-" "Mozilla/5.0 AppleWebKit/537.36 (KHTML, like Gecko; compatible; ClaudeBot/1.0; +claudebot@anthropic.com)"
216.73.216.103 - - [18/Mar/2026:13:30:32 -0400] "GET /?p=36898 HTTP/1.1" 301 - "-" "Mozilla/5.0 AppleWebKit/537.36 (KHTML, like Gecko; compatible; ClaudeBot/1.0; +claudebot@anthropic.com)"
216.73.216.103 - - [18/Mar/2026:13:30:32 -0400] "GET /inside-their-candy-non-public-friendship-moments/ HTTP/1.1" 200 53675 "https://planetnewspro.com/inside-their-candy-non-public-friendship-moments" "Mozilla/5.0 AppleWebKit/537.36 (KHTML, like Gecko; compatible; ClaudeBot/1.0; +claudebot@anthropic.com)"
216.73.216.103 - - [18/Mar/2026:13:30:32 -0400] "GET /new-york-vs-texas-the-political-insider/ HTTP/1.1" 200 53972 "https://planetnewspro.com/?p=36898" "Mozilla/5.0 AppleWebKit/537.36 (KHTML, like Gecko; compatible; ClaudeBot/1.0; +claudebot@anthropic.com)"
185.191.171.13 - - [18/Mar/2026:13:30:35 -0400] "GET /nycs-finest-breakfast-burrito-is-served-in-a-quaint-brooklyn-bakery/ HTTP/1.1" 200 56271 "-" "Mozilla/5.0 (compatible; SemrushBot/7~bl; +http://www.semrush.com/bot.html)"
50.6.201.88 - - [18/Mar/2026:13:30:40 -0400] "POST /wp-cron.php?doing_wp_cron=1773855040.5172529220581054687500 HTTP/1.1" 200 - "-" "WordPress/6.9.4; https://planetnewspro.com"
185.191.171.13 - - [18/Mar/2026:13:30:40 -0400] "GET /8-sommelier-authorised-wines-for-the-vacation-season-from-13/ HTTP/1.1" 200 54041 "-" "Mozilla/5.0 (compatible; SemrushBot/7~bl; +http://www.semrush.com/bot.html)"
50.6.201.88 - - [18/Mar/2026:13:30:40 -0400] "POST /wp-admin/admin-ajax.php?action=async_litespeed&nonce=6a32a20319&litespeed_type=imgoptm HTTP/1.1" 200 21 "-" "WordPress/6.9.4; https://planetnewspro.com"
85.208.96.195 - - [18/Mar/2026:13:30:47 -0400] "GET /10-very-greatest-locations-in-greenland-to-go-to-hand-baggage-solely/ HTTP/1.1" 200 68076 "-" "Mozilla/5.0 (compatible; SemrushBot/7~bl; +http://www.semrush.com/bot.html)"
85.208.96.199 - - [18/Mar/2026:13:30:52 -0400] "GET /former-obama-adviser-early-voting-numbers-are-scary-for-kamala/ HTTP/1.1" 200 53031 "-" "Mozilla/5.0 (compatible; SemrushBot/7~bl; +http://www.semrush.com/bot.html)"
50.6.201.88 - - [18/Mar/2026:13:30:53 -0400] "POST /wp-cron.php?doing_wp_cron=1773855053.6938869953155517578125 HTTP/1.1" 200 - "-" "WordPress/6.9.4; https://planetnewspro.com"
50.6.201.88 - - [18/Mar/2026:13:30:59 -0400] "POST /wp-cron.php?doing_wp_cron=1773855059.6558079719543457031250 HTTP/1.1" 200 - "-" "WordPress/6.9.4; https://planetnewspro.com"
185.191.171.16 - - [18/Mar/2026:13:30:58 -0400] "GET /experiencing-luxurious-amidst-the-wilderness-at-waghoba-eco-lodge/ HTTP/1.1" 200 58944 "-" "Mozilla/5.0 (compatible; SemrushBot/7~bl; +http://www.semrush.com/bot.html)"
50.6.201.88 - - [18/Mar/2026:13:30:59 -0400] "POST /wp-admin/admin-ajax.php?action=async_litespeed&nonce=6a32a20319&litespeed_type=imgoptm HTTP/1.1" 200 21 "-" "WordPress/6.9.4; https://planetnewspro.com"
216.73.216.103 - - [18/Mar/2026:13:31:00 -0400] "GET /libels-rattling-libels-and-statistics-pediatric-surgeons-lawsuit-towards-cnn-can-go-ahead HTTP/1.1" 301 - "-" "Mozilla/5.0 AppleWebKit/537.36 (KHTML, like Gecko; compatible; ClaudeBot/1.0; +claudebot@anthropic.com)"
216.73.216.103 - - [18/Mar/2026:13:31:00 -0400] "GET /libels-rattling-libels-and-statistics-pediatric-surgeons-lawsuit-towards-cnn-can-go-ahead/ HTTP/1.1" 200 54786 "https://planetnewspro.com/libels-rattling-libels-and-statistics-pediatric-surgeons-lawsuit-towards-cnn-can-go-ahead" "Mozilla/5.0 AppleWebKit/537.36 (KHTML, like Gecko; compatible; ClaudeBot/1.0; +claudebot@anthropic.com)"
85.208.96.212 - - [18/Mar/2026:13:31:00 -0400] "GET /author/admin-pnp-171/page/97/ HTTP/1.1" 200 43956 "-" "Mozilla/5.0 (compatible; SemrushBot/7~bl; +http://www.semrush.com/bot.html)"
50.6.201.88 - - [18/Mar/2026:13:31:08 -0400] "POST /wp-cron.php?doing_wp_cron=1773855068.1900711059570312500000 HTTP/1.1" 200 - "-" "WordPress/6.9.4; https://planetnewspro.com"
216.73.216.103 - - [18/Mar/2026:13:31:08 -0400] "GET /toddler-bites-cobra-to-demise-after-it-coiled-round-his-palms HTTP/1.1" 301 - "-" "Mozilla/5.0 AppleWebKit/537.36 (KHTML, like Gecko; compatible; ClaudeBot/1.0; +claudebot@anthropic.com)"
216.73.216.103 - - [18/Mar/2026:13:31:08 -0400] "GET /toddler-bites-cobra-to-demise-after-it-coiled-round-his-palms/ HTTP/1.1" 200 53348 "https://planetnewspro.com/toddler-bites-cobra-to-demise-after-it-coiled-round-his-palms" "Mozilla/5.0 AppleWebKit/537.36 (KHTML, like Gecko; compatible; ClaudeBot/1.0; +claudebot@anthropic.com)"
85.208.96.199 - - [18/Mar/2026:13:31:12 -0400] "GET /straightforward-meatball-recipe-spend-with-pennies/ HTTP/1.1" 200 58240 "-" "Mozilla/5.0 (compatible; SemrushBot/7~bl; +http://www.semrush.com/bot.html)"
85.208.96.212 - - [18/Mar/2026:13:31:19 -0400] "GET /american-mines-would-be-cleaner-safer-and-extra-moral/ HTTP/1.1" 200 53187 "-" "Mozilla/5.0 (compatible; SemrushBot/7~bl; +http://www.semrush.com/bot.html)"
50.6.201.88 - - [18/Mar/2026:13:31:32 -0400] "POST /wp-cron.php?doing_wp_cron=1773855092.7222330570220947265625 HTTP/1.1" 200 - "-" "WordPress/6.9.4; https://planetnewspro.com"
148.135.200.35 - - [18/Mar/2026:13:31:32 -0400] "POST /wp-login.php HTTP/1.1" 200 6333 "-" "Mozilla/5.0"
85.208.96.206 - - [18/Mar/2026:13:31:47 -0400] "GET /a-pastry-knowledgeables-information-to-constructing-the-excellent-vacation-cookie-field/ HTTP/1.1" 200 54287 "-" "Mozilla/5.0 (compatible; SemrushBot/7~bl; +http://www.semrush.com/bot.html)"
50.6.201.88 - - [18/Mar/2026:13:32:08 -0400] "POST /wp-cron.php?doing_wp_cron=1773855128.0138731002807617187500 HTTP/1.1" 200 - "-" "WordPress/6.9.4; https://planetnewspro.com"
185.191.171.9 - - [18/Mar/2026:13:32:07 -0400] "GET /new-p2e-meme-token-ico-raises-almost-6-million-may-play-lead-the-meme-coin-rally/ HTTP/1.1" 200 53695 "-" "Mozilla/5.0 (compatible; SemrushBot/7~bl; +http://www.semrush.com/bot.html)"
50.6.201.88 - - [18/Mar/2026:13:32:08 -0400] "POST /wp-admin/admin-ajax.php?action=async_litespeed&nonce=6a32a20319&litespeed_type=imgoptm HTTP/1.1" 200 21 "-" "WordPress/6.9.4; https://planetnewspro.com"
85.208.96.210 - - [18/Mar/2026:13:32:10 -0400] "GET /the-52-greatest-reveals-on-disney-proper-now-august-2024/ HTTP/1.1" 200 71055 "-" "Mozilla/5.0 (compatible; SemrushBot/7~bl; +http://www.semrush.com/bot.html)"
154.38.190.94 - - [18/Mar/2026:13:32:14 -0400] "GET / HTTP/1.1" 200 492303 "-" "Mozilla/5.0 (Macintosh; Intel Mac OS X 10_15_7) AppleWebKit/537.36 (KHTML, like Gecko) Chrome/93.0.4577.0 Safari/537.36"
50.6.201.88 - - [18/Mar/2026:13:32:15 -0400] "POST /wp-cron.php?doing_wp_cron=1773855135.8789029121398925781250 HTTP/1.1" 200 - "-" "WordPress/6.9.4; https://planetnewspro.com"
85.208.98.22 - - [18/Mar/2026:13:32:14 -0400] "GET /begin-overlanding-what-to-know-and-plan/ HTTP/1.1" 200 58291 "-" "Mozilla/5.0 (compatible; SemrushBot-BA; +http://www.semrush.com/bot.html)"
50.6.201.88 - - [18/Mar/2026:13:32:29 -0400] "POST /wp-cron.php?doing_wp_cron=1773855149.8323769569396972656250 HTTP/1.1" 200 - "-" "WordPress/6.9.4; https://planetnewspro.com"
185.191.171.7 - - [18/Mar/2026:13:32:29 -0400] "GET /uncover-3d-printed-robots-and-extra-on-video-friday/ HTTP/1.1" 200 57333 "-" "Mozilla/5.0 (compatible; SemrushBot/7~bl; +http://www.semrush.com/bot.html)"
50.6.201.88 - - [18/Mar/2026:13:33:06 -0400] "POST /wp-cron.php?doing_wp_cron=1773855186.5357680320739746093750 HTTP/1.1" 200 - "-" "WordPress/6.9.4; https://planetnewspro.com"
17.22.245.243 - - [18/Mar/2026:13:33:06 -0400] "GET /delighted-kremlin-says-it-completely-agrees-with-donald-trump-as-panic-grips-europe-over-presidents-assault-on-zelensky-and-plans-to-desert-nato/ HTTP/1.1" 200 54857 "-" "Mozilla/5.0 (Macintosh; Intel Mac OS X 10_15_7) AppleWebKit/605.1.15 (KHTML, like Gecko) Version/17.4 Safari/605.1.15 (Applebot/0.1; +http://www.apple.com/go/applebot)"
50.6.201.88 - - [18/Mar/2026:13:33:06 -0400] "POST /wp-admin/admin-ajax.php?action=async_litespeed&nonce=6a32a20319&litespeed_type=imgoptm HTTP/1.1" 200 21 "-" "WordPress/6.9.4; https://planetnewspro.com"
50.6.201.88 - - [18/Mar/2026:13:33:36 -0400] "POST /wp-cron.php?doing_wp_cron=1773855216.6360340118408203125000 HTTP/1.1" 200 - "-" "WordPress/6.9.4; https://planetnewspro.com"
149.88.103.54 - - [18/Mar/2026:13:33:35 -0400] "GET /wp-json/wp/v2/posts?slug=/defending-socs-beneath-siege-battling-adversarial-ai-assaults/ HTTP/1.1" 200 37845 "-" "-"
149.88.103.54 - - [18/Mar/2026:13:33:37 -0400] "POST /wp-comments-post.php HTTP/1.1" 403 2554 "-" "-"
185.191.171.17 - - [18/Mar/2026:13:33:41 -0400] "GET /harry-types-appears-fully-completely-different-as-cabbie-reveals-she-did-not-recognise-him/ HTTP/1.1" 200 54949 "-" "Mozilla/5.0 (compatible; SemrushBot/7~bl; +http://www.semrush.com/bot.html)"
50.6.201.88 - - [18/Mar/2026:13:34:13 -0400] "POST /wp-cron.php?doing_wp_cron=1773855253.8298580646514892578125 HTTP/1.1" 200 - "-" "WordPress/6.9.4; https://planetnewspro.com"
185.191.171.18 - - [18/Mar/2026:13:34:13 -0400] "GET /how-to-date-as-an-empath-11-relationship-guidelines/ HTTP/1.1" 200 55070 "-" "Mozilla/5.0 (compatible; SemrushBot/7~bl; +http://www.semrush.com/bot.html)"
50.6.201.88 - - [18/Mar/2026:13:34:13 -0400] "POST /wp-admin/admin-ajax.php?action=async_litespeed&nonce=6a32a20319&litespeed_type=imgoptm HTTP/1.1" 200 21 "-" "WordPress/6.9.4; https://planetnewspro.com"
50.6.201.88 - - [18/Mar/2026:13:34:21 -0400] "POST /wp-cron.php?doing_wp_cron=1773855261.4557809829711914062500 HTTP/1.1" 200 - "-" "WordPress/6.9.4; https://planetnewspro.com"
85.208.96.208 - - [18/Mar/2026:13:34:21 -0400] "GET /how-you-can-watch-stream-nfl-thursday-evening-soccer-week-5-video-games-dwell-on-line-free-with-out-cable-nbc-amazon/ HTTP/1.1" 200 52994 "-" "Mozilla/5.0 (compatible; SemrushBot/7~bl; +http://www.semrush.com/bot.html)"
85.208.96.197 - - [18/Mar/2026:13:34:23 -0400] "GET /the-greatest-esims-for-vacationers/ HTTP/1.1" 200 55568 "-" "Mozilla/5.0 (compatible; SemrushBot/7~bl; +http://www.semrush.com/bot.html)"
185.191.171.16 - - [18/Mar/2026:13:34:27 -0400] "GET /finest-protein-powder-for-males-increase-muscle-progress-at-this-time/ HTTP/1.1" 200 59465 "-" "Mozilla/5.0 (compatible; SemrushBot/7~bl; +http://www.semrush.com/bot.html)"
85.208.96.203 - - [18/Mar/2026:13:34:31 -0400] "GET /ev-charging-is-just-too-sophisticated-right-heres-methods-to-repair-that/ HTTP/1.1" 200 60509 "-" "Mozilla/5.0 (compatible; SemrushBot/7~bl; +http://www.semrush.com/bot.html)"
50.6.201.88 - - [18/Mar/2026:13:34:34 -0400] "POST /wp-cron.php?doing_wp_cron=1773855274.9342589378356933593750 HTTP/1.1" 200 - "-" "WordPress/6.9.4; https://planetnewspro.com"
85.208.96.208 - - [18/Mar/2026:13:34:34 -0400] "GET /the-place-to-discover-viennas-greatest-picture-spots/ HTTP/1.1" 200 57158 "-" "Mozilla/5.0 (compatible; SemrushBot/7~bl; +http://www.semrush.com/bot.html)"
85.208.96.199 - - [18/Mar/2026:13:34:37 -0400] "GET /well-being-is-on-the-coronary-heart-of-deshaun-watson-debate-in-2024/ HTTP/1.1" 200 52498 "-" "Mozilla/5.0 (compatible; SemrushBot/7~bl; +http://www.semrush.com/bot.html)"
85.208.96.200 - - [18/Mar/2026:13:34:46 -0400] "GET /a-full-information-on-mountain-climbing-the-inca-path-in-2025/ HTTP/1.1" 200 57790 "-" "Mozilla/5.0 (compatible; SemrushBot/7~bl; +http://www.semrush.com/bot.html)"
85.208.96.207 - - [18/Mar/2026:13:34:50 -0400] "GET /photographs-fired-between-india-and-pakistan-border-guards-for-second-day-operating-as-tensions-soar/ HTTP/1.1" 200 54875 "-" "Mozilla/5.0 (compatible; SemrushBot/7~bl; +http://www.semrush.com/bot.html)"
185.191.171.1 - - [18/Mar/2026:13:34:53 -0400] "GET /why-the-media-coated-for-biden/ HTTP/1.1" 200 52990 "-" "Mozilla/5.0 (compatible; SemrushBot/7~bl; +http://www.semrush.com/bot.html)"
185.191.171.7 - - [18/Mar/2026:13:34:55 -0400] "GET /following-his-social-clearance-on-the-heels-of-bully-spirit-yes-newest-style-assertion-has-followers-hailing-the-trendsetter/ HTTP/1.1" 200 52765 "-" "Mozilla/5.0 (compatible; SemrushBot/7~bl; +http://www.semrush.com/bot.html)"
50.6.201.88 - - [18/Mar/2026:13:35:19 -0400] "POST /wp-cron.php?doing_wp_cron=1773855319.7700359821319580078125 HTTP/1.1" 200 - "-" "WordPress/6.9.4; https://planetnewspro.com"
85.208.96.206 - - [18/Mar/2026:13:35:19 -0400] "GET /boy-14-combating-for-all-times-after-horror-faculty-electrocution-with-mother-and-father-continuously-by-his-aspect/ HTTP/1.1" 200 54650 "-" "Mozilla/5.0 (compatible; SemrushBot/7~bl; +http://www.semrush.com/bot.html)"
50.6.201.88 - - [18/Mar/2026:13:35:19 -0400] "POST /wp-admin/admin-ajax.php?action=async_litespeed&nonce=6a32a20319&litespeed_type=imgoptm HTTP/1.1" 200 21 "-" "WordPress/6.9.4; https://planetnewspro.com"
50.6.201.88 - - [18/Mar/2026:13:35:31 -0400] "POST /wp-cron.php?doing_wp_cron=1773855331.9064950942993164062500 HTTP/1.1" 200 - "-" "WordPress/6.9.4; https://planetnewspro.com"
3.208.146.193 - - [18/Mar/2026:13:35:31 -0400] "GET /wp-json/oembed/1.0/embed?url=https://planetnewspro.com/how-microsofts-next-gen-bitnet-structure-is-turbocharging-llm-effectivity/ HTTP/1.1" 200 1526 "-" "Mozilla/5.0 AppleWebKit/537.36 (KHTML, like Gecko; compatible; Amazonbot/0.1; +https://developer.amazon.com/support/amazonbot) Chrome/119.0.6045.214 Safari/537.36"
3.230.224.6 - - [18/Mar/2026:13:35:40 -0400] "GET /sub-6-ph-development-seen-amid-tariff-woes/ HTTP/1.1" 200 53555 "-" "Mozilla/5.0 AppleWebKit/537.36 (KHTML, like Gecko; compatible; Amazonbot/0.1; +https://developer.amazon.com/support/amazonbot) Chrome/119.0.6045.214 Safari/537.36"
54.209.100.30 - - [18/Mar/2026:13:35:42 -0400] "GET /good-information-for-the-crown-followers-because-the-princess-diana-tales-and-all-issues-royal-discover-streaming-area-however-not-on-netflix/ HTTP/1.1" 200 53183 "-" "Mozilla/5.0 AppleWebKit/537.36 (KHTML, like Gecko; compatible; Amazonbot/0.1; +https://developer.amazon.com/support/amazonbot) Chrome/119.0.6045.214 Safari/537.36"
85.208.96.194 - - [18/Mar/2026:13:35:45 -0400] "GET /road-artist-ernest-zacharevic-calls-out-airasia-over-after-his-work-finally-ends-up-on-plane-with-out-permission-we-have-to-speak/ HTTP/1.1" 200 53522 "-" "Mozilla/5.0 (compatible; SemrushBot/7~bl; +http://www.semrush.com/bot.html)"
44.193.102.198 - - [18/Mar/2026:13:35:46 -0400] "GET /wp-json/wp/v2/posts/25158 HTTP/1.1" 200 5654 "-" "Mozilla/5.0 AppleWebKit/537.36 (KHTML, like Gecko; compatible; Amazonbot/0.1; +https://developer.amazon.com/support/amazonbot) Chrome/119.0.6045.214 Safari/537.36"
50.6.201.88 - - [18/Mar/2026:13:35:51 -0400] "POST /wp-cron.php?doing_wp_cron=1773855351.1815140247344970703125 HTTP/1.1" 200 - "-" "WordPress/6.9.4; https://planetnewspro.com"
34.203.111.15 - - [18/Mar/2026:13:35:51 -0400] "GET /wp-json/oembed/1.0/embed?url=https://planetnewspro.com/video-friday-magicbots-pigeonbot-ii-lunabotics-and-extra/ HTTP/1.1" 200 1578 "-" "Mozilla/5.0 AppleWebKit/537.36 (KHTML, like Gecko; compatible; Amazonbot/0.1; +https://developer.amazon.com/support/amazonbot) Chrome/119.0.6045.214 Safari/537.36"
50.6.201.88 - - [18/Mar/2026:13:35:55 -0400] "POST /wp-cron.php?doing_wp_cron=1773855355.0285089015960693359375 HTTP/1.1" 200 - "-" "WordPress/6.9.4; https://planetnewspro.com"
34.238.45.183 - - [18/Mar/2026:13:35:54 -0400] "GET /wp-json/oembed/1.0/embed?url=https://planetnewspro.com/trump-says-china-completely-violated-tariff-settlement/ HTTP/1.1" 200 1497 "-" "Mozilla/5.0 AppleWebKit/537.36 (KHTML, like Gecko; compatible; Amazonbot/0.1; +https://developer.amazon.com/support/amazonbot) Chrome/119.0.6045.214 Safari/537.36"
50.6.201.88 - - [18/Mar/2026:13:35:59 -0400] "POST /wp-cron.php?doing_wp_cron=1773855359.0040578842163085937500 HTTP/1.1" 200 - "-" "WordPress/6.9.4; https://planetnewspro.com"
50.19.79.213 - - [18/Mar/2026:13:35:58 -0400] "GET /wp-json/oembed/1.0/embed?url=https://planetnewspro.com/tremendous-straightforward-taco-rice-recipe/ HTTP/1.1" 200 1465 "-" "Mozilla/5.0 AppleWebKit/537.36 (KHTML, like Gecko; compatible; Amazonbot/0.1; +https://developer.amazon.com/support/amazonbot) Chrome/119.0.6045.214 Safari/537.36"
50.6.201.88 - - [18/Mar/2026:13:35:59 -0400] "POST /wp-admin/admin-ajax.php?action=async_litespeed&nonce=6a32a20319&litespeed_type=imgoptm HTTP/1.1" 200 21 "-" "WordPress/6.9.4; https://planetnewspro.com"
52.200.58.199 - - [18/Mar/2026:13:36:02 -0400] "GET /wp-json/oembed/1.0/embed?format=xml&url=https://planetnewspro.com/is-taylor-swifts-rep-television-lastly-coming-this-12-months-right-here-are-all-of-the-strong-cues-we-have-so-far/ HTTP/1.1" 200 1605 "-" "Mozilla/5.0 AppleWebKit/537.36 (KHTML, like Gecko; compatible; Amazonbot/0.1; +https://developer.amazon.com/support/amazonbot) Chrome/119.0.6045.214 Safari/537.36"
50.6.201.88 - - [18/Mar/2026:13:36:07 -0400] "POST /wp-cron.php?doing_wp_cron=1773855367.9106938838958740234375 HTTP/1.1" 200 - "-" "WordPress/6.9.4; https://planetnewspro.com"
18.204.152.114 - - [18/Mar/2026:13:36:07 -0400] "GET /justin-bieber-and-spouse-hailey-welcome-their-first-little-one-collectively-and-so-they-reveal-their-child-boys-identify/ HTTP/1.1" 200 57235 "-" "Mozilla/5.0 AppleWebKit/537.36 (KHTML, like Gecko; compatible; Amazonbot/0.1; +https://developer.amazon.com/support/amazonbot) Chrome/119.0.6045.214 Safari/537.36"
50.6.201.88 - - [18/Mar/2026:13:36:08 -0400] "POST /wp-cron.php?doing_wp_cron=1773855368.2726299762725830078125 HTTP/1.1" 200 - "-" "WordPress/6.9.4; https://planetnewspro.com"
85.208.96.196 - - [18/Mar/2026:13:36:07 -0400] "GET /how-simu-lius-feedback-a-couple-of-boba-tea-firm-launched-a-dialogue-on-cultural-appropriation/ HTTP/1.1" 200 57281 "-" "Mozilla/5.0 (compatible; SemrushBot/7~bl; +http://www.semrush.com/bot.html)"
184.73.68.20 - - [18/Mar/2026:13:36:08 -0400] "GET /wp-json/oembed/1.0/embed?url=https://planetnewspro.com/cebu-metropolis-staff-to-obtain-p35k-constitution-day-bonus-however/ HTTP/1.1" 200 1488 "-" "Mozilla/5.0 AppleWebKit/537.36 (KHTML, like Gecko; compatible; Amazonbot/0.1; +https://developer.amazon.com/support/amazonbot) Chrome/119.0.6045.214 Safari/537.36"
184.73.167.217 - - [18/Mar/2026:13:36:10 -0400] "GET /wp-json/oembed/1.0/embed?format=xml&url=https://planetnewspro.com/all-the-pieces-authors-must-find-out-about-editorial-evaluations/ HTTP/1.1" 200 1542 "-" "Mozilla/5.0 AppleWebKit/537.36 (KHTML, like Gecko; compatible; Amazonbot/0.1; +https://developer.amazon.com/support/amazonbot) Chrome/119.0.6045.214 Safari/537.36"
85.208.96.203 - - [18/Mar/2026:13:36:14 -0400] "GET /folie-a-deux-calls-it-a-contemporary-epoch/ HTTP/1.1" 200 52568 "-" "Mozilla/5.0 (compatible; SemrushBot/7~bl; +http://www.semrush.com/bot.html)"
54.147.80.137 - - [18/Mar/2026:13:36:15 -0400] "GET /wp-json/oembed/1.0/embed?format=xml&url=https://planetnewspro.com/what-occurs-after-sober-october-why-moderation-may-be-more-durable-than-you-suppose/ HTTP/1.1" 200 1607 "-" "Mozilla/5.0 AppleWebKit/537.36 (KHTML, like Gecko; compatible; Amazonbot/0.1; +https://developer.amazon.com/support/amazonbot) Chrome/119.0.6045.214 Safari/537.36"
35.211.166.124 - - [18/Mar/2026:13:36:27 -0400] "GET /ads.txt HTTP/1.1" 200 78 "-" "bidswitchbot/1.0"
185.191.171.10 - - [18/Mar/2026:13:36:39 -0400] "GET /i-am-the-worst-gossip-within-the-workplace-and-i-do-not-remorse-a-factor-you-would-be-a-far-worse-sort-of-office-snake/ HTTP/1.1" 200 55436 "-" "Mozilla/5.0 (compatible; SemrushBot/7~bl; +http://www.semrush.com/bot.html)"
85.208.96.201 - - [18/Mar/2026:13:36:53 -0400] "GET /india-to-ship-all-party-delegations-overseas-to-push-zero-tolerance-on-terrorism-after-pakistan-tensions/ HTTP/1.1" 200 55630 "-" "Mozilla/5.0 (compatible; SemrushBot/7~bl; +http://www.semrush.com/bot.html)"
50.6.201.88 - - [18/Mar/2026:13:37:19 -0400] "POST /wp-cron.php?doing_wp_cron=1773855439.0637381076812744140625 HTTP/1.1" 200 - "-" "WordPress/6.9.4; https://planetnewspro.com"
85.208.96.197 - - [18/Mar/2026:13:37:18 -0400] "GET /ukraine-struggle-why-china-is-conducting-navy-workout-routines-in-belarus/ HTTP/1.1" 200 53858 "-" "Mozilla/5.0 (compatible; SemrushBot/7~bl; +http://www.semrush.com/bot.html)"
50.6.201.88 - - [18/Mar/2026:13:37:19 -0400] "POST /wp-admin/admin-ajax.php?action=async_litespeed&nonce=6a32a20319&litespeed_type=imgoptm HTTP/1.1" 200 21 "-" "WordPress/6.9.4; https://planetnewspro.com"
50.6.201.88 - - [18/Mar/2026:13:37:56 -0400] "POST /wp-cron.php?doing_wp_cron=1773855476.8877480030059814453125 HTTP/1.1" 200 - "-" "WordPress/6.9.4; https://planetnewspro.com"
85.208.96.201 - - [18/Mar/2026:13:37:55 -0400] "GET /10-questions-with-wine-professional-karen-macneil/ HTTP/1.1" 200 53365 "-" "Mozilla/5.0 (compatible; SemrushBot/7~bl; +http://www.semrush.com/bot.html)"
50.6.201.88 - - [18/Mar/2026:13:38:20 -0400] "POST /wp-cron.php?doing_wp_cron=1773855500.9110410213470458984375 HTTP/1.1" 200 - "-" "WordPress/6.9.4; https://planetnewspro.com"
85.208.96.195 - - [18/Mar/2026:13:38:20 -0400] "GET /ieees-catastrophe-reduction-program-provides-to-its-cell-response-fleet/ HTTP/1.1" 200 53039 "-" "Mozilla/5.0 (compatible; SemrushBot/7~bl; +http://www.semrush.com/bot.html)"
50.6.201.88 - - [18/Mar/2026:13:38:21 -0400] "POST /wp-admin/admin-ajax.php?action=async_litespeed&nonce=6a32a20319&litespeed_type=imgoptm HTTP/1.1" 200 21 "-" "WordPress/6.9.4; https://planetnewspro.com"
185.191.171.7 - - [18/Mar/2026:13:38:32 -0400] "GET /folie-a-deux-is-a-depressing-musical-slog/ HTTP/1.1" 200 53239 "-" "Mozilla/5.0 (compatible; SemrushBot/7~bl; +http://www.semrush.com/bot.html)"
185.191.171.10 - - [18/Mar/2026:13:38:37 -0400] "GET /democrats-block-frequent-sense-over-150-democrats-vote-in-opposition-to-deporting-legal-unlawful-immigrants-convicted-of-sexual-offenses-the-gateway-pundit/ HTTP/1.1" 200 53574 "-" "Mozilla/5.0 (compatible; SemrushBot/7~bl; +http://www.semrush.com/bot.html)"
85.208.96.197 - - [18/Mar/2026:13:38:39 -0400] "GET /what-does-it-imply-to-retire-these-days-it-is-not-what-you-could-suppose/ HTTP/1.1" 200 56946 "-" "Mozilla/5.0 (compatible; SemrushBot/7~bl; +http://www.semrush.com/bot.html)"
185.191.171.11 - - [18/Mar/2026:13:38:49 -0400] "GET /eventually-arcane-season-2-has-an-official-netflix-launch-date-and-it-will-debut-virtually-precisely-after-i-thought-it-might/ HTTP/1.1" 200 53575 "-" "Mozilla/5.0 (compatible; SemrushBot/7~bl; +http://www.semrush.com/bot.html)"
85.208.96.194 - - [18/Mar/2026:13:38:51 -0400] "GET /india-holds-highest-level-talks-with-taliban-over-safety-issues-commerce-and-assist/ HTTP/1.1" 200 53979 "-" "Mozilla/5.0 (compatible; SemrushBot/7~bl; +http://www.semrush.com/bot.html)"
185.191.171.5 - - [18/Mar/2026:13:38:54 -0400] "GET /100-finest-amazon-new-yrs-day-journey-offers-2025/ HTTP/1.1" 200 62772 "-" "Mozilla/5.0 (compatible; SemrushBot/7~bl; +http://www.semrush.com/bot.html)"
85.208.96.197 - - [18/Mar/2026:13:38:56 -0400] "GET /how-philadelphia-eagles-can-upset-kansas-metropolis-chiefs-in-tremendous-bowl-lix/ HTTP/1.1" 200 52444 "-" "Mozilla/5.0 (compatible; SemrushBot/7~bl; +http://www.semrush.com/bot.html)"
50.6.201.88 - - [18/Mar/2026:13:38:59 -0400] "POST /wp-cron.php?doing_wp_cron=1773855539.0203070640563964843750 HTTP/1.1" 200 - "-" "WordPress/6.9.4; https://planetnewspro.com"
85.208.96.207 - - [18/Mar/2026:13:38:58 -0400] "GET /the-40-finest-exhibits-on-netflix-proper-now-might-2025/ HTTP/1.1" 200 70136 "-" "Mozilla/5.0 (compatible; SemrushBot/7~bl; +http://www.semrush.com/bot.html)"
50.6.201.88 - - [18/Mar/2026:13:38:59 -0400] "POST /wp-admin/admin-ajax.php?action=async_litespeed&nonce=6a32a20319&litespeed_type=imgoptm HTTP/1.1" 200 21 "-" "WordPress/6.9.4; https://planetnewspro.com"
85.208.96.193 - - [18/Mar/2026:13:39:01 -0400] "GET /the-restaurant-trick-for-cooking-salmon-and-different-fish-fillets-completely-each-single-time/ HTTP/1.1" 200 53096 "-" "Mozilla/5.0 (compatible; SemrushBot/7~bl; +http://www.semrush.com/bot.html)"
216.73.216.103 - - [18/Mar/2026:13:39:05 -0400] "GET /?p=34331 HTTP/1.1" 301 - "-" "Mozilla/5.0 AppleWebKit/537.36 (KHTML, like Gecko; compatible; ClaudeBot/1.0; +claudebot@anthropic.com)"
216.73.216.103 - - [18/Mar/2026:13:39:06 -0400] "GET /page/2356 HTTP/1.1" 301 - "-" "Mozilla/5.0 AppleWebKit/537.36 (KHTML, like Gecko; compatible; ClaudeBot/1.0; +claudebot@anthropic.com)"
216.73.216.103 - - [18/Mar/2026:13:39:06 -0400] "GET /man-utd-switch-information-three-transfers-to-be-accomplished-as-summer-season-window-will-get-shifting/ HTTP/1.1" 200 54947 "https://planetnewspro.com/?p=34331" "Mozilla/5.0 AppleWebKit/537.36 (KHTML, like Gecko; compatible; ClaudeBot/1.0; +claudebot@anthropic.com)"
50.6.201.88 - - [18/Mar/2026:13:39:07 -0400] "POST /wp-cron.php?doing_wp_cron=1773855547.3423509597778320312500 HTTP/1.1" 200 - "-" "WordPress/6.9.4; https://planetnewspro.com"
216.73.216.103 - - [18/Mar/2026:13:39:06 -0400] "GET /page/2356/ HTTP/1.1" 200 65220 "https://planetnewspro.com/page/2356" "Mozilla/5.0 AppleWebKit/537.36 (KHTML, like Gecko; compatible; ClaudeBot/1.0; +claudebot@anthropic.com)"
50.6.201.88 - - [18/Mar/2026:13:39:07 -0400] "POST /wp-cron.php?doing_wp_cron=1773855547.5431358814239501953125 HTTP/1.1" 200 - "-" "WordPress/6.9.4; https://planetnewspro.com"
216.73.216.103 - - [18/Mar/2026:13:39:07 -0400] "GET /sitemap_index.xml HTTP/1.1" 200 545 "-" "Mozilla/5.0 AppleWebKit/537.36 (KHTML, like Gecko; compatible; ClaudeBot/1.0; +claudebot@anthropic.com)"
85.208.96.197 - - [18/Mar/2026:13:39:11 -0400] "GET /the-simply-forgotten-step-that-can-make-or-break-your-cookies/ HTTP/1.1" 200 53272 "-" "Mozilla/5.0 (compatible; SemrushBot/7~bl; +http://www.semrush.com/bot.html)"
216.73.216.103 - - [18/Mar/2026:13:39:12 -0400] "GET /?p=34633 HTTP/1.1" 301 - "-" "Mozilla/5.0 AppleWebKit/537.36 (KHTML, like Gecko; compatible; ClaudeBot/1.0; +claudebot@anthropic.com)"
216.73.216.103 - - [18/Mar/2026:13:39:12 -0400] "GET /?p=35152 HTTP/1.1" 301 - "-" "Mozilla/5.0 AppleWebKit/537.36 (KHTML, like Gecko; compatible; ClaudeBot/1.0; +claudebot@anthropic.com)"
216.73.216.103 - - [18/Mar/2026:13:39:12 -0400] "GET /nair-deserves-gill-therapy-sarfaraz-khans-kohli-like-eating-regimen-take-a-look-at-debut-for-kamboj/ HTTP/1.1" 200 54633 "https://planetnewspro.com/?p=34633" "Mozilla/5.0 AppleWebKit/537.36 (KHTML, like Gecko; compatible; ClaudeBot/1.0; +claudebot@anthropic.com)"
216.73.216.103 - - [18/Mar/2026:13:39:12 -0400] "GET /zayn-malik-bestows-final-seal-of-approval-for-blackpink-with-a-particular-associate-at-their-live-performance/ HTTP/1.1" 200 52837 "https://planetnewspro.com/?p=35152" "Mozilla/5.0 AppleWebKit/537.36 (KHTML, like Gecko; compatible; ClaudeBot/1.0; +claudebot@anthropic.com)"
216.73.216.103 - - [18/Mar/2026:13:39:13 -0400] "GET /?p=36342 HTTP/1.1" 301 - "-" "Mozilla/5.0 AppleWebKit/537.36 (KHTML, like Gecko; compatible; ClaudeBot/1.0; +claudebot@anthropic.com)"
216.73.216.103 - - [18/Mar/2026:13:39:13 -0400] "GET /ai-faith-can-chatgpt-write-a-superb-bible/ HTTP/1.1" 200 57294 "https://planetnewspro.com/?p=36342" "Mozilla/5.0 AppleWebKit/537.36 (KHTML, like Gecko; compatible; ClaudeBot/1.0; +claudebot@anthropic.com)"
85.208.96.206 - - [18/Mar/2026:13:39:12 -0400] "GET /frankfurt-strolling-tour-should-see-sights-in-two-hours/ HTTP/1.1" 200 60859 "-" "Mozilla/5.0 (compatible; SemrushBot/7~bl; +http://www.semrush.com/bot.html)"
85.208.96.195 - - [18/Mar/2026:13:39:51 -0400] "GET /why-parasites-may-very-well-be-a-lacking-piece-in-your-well-being-journey/ HTTP/1.1" 200 54569 "-" "Mozilla/5.0 (compatible; SemrushBot/7~bl; +http://www.semrush.com/bot.html)"
185.191.171.1 - - [18/Mar/2026:13:40:02 -0400] "GET /audis-subsequent-ev-is-the-a6-e-tron-sportback-however-no-station-wagon-for-the-us/ HTTP/1.1" 200 55008 "-" "Mozilla/5.0 (compatible; SemrushBot/7~bl; +http://www.semrush.com/bot.html)"
216.73.216.103 - - [18/Mar/2026:13:40:18 -0400] "GET /?p=41675 HTTP/1.1" 301 - "-" "Mozilla/5.0 AppleWebKit/537.36 (KHTML, like Gecko; compatible; ClaudeBot/1.0; +claudebot@anthropic.com)"
216.73.216.103 - - [18/Mar/2026:13:40:18 -0400] "GET /?p=30538 HTTP/1.1" 301 - "-" "Mozilla/5.0 AppleWebKit/537.36 (KHTML, like Gecko; compatible; ClaudeBot/1.0; +claudebot@anthropic.com)"
216.73.216.103 - - [18/Mar/2026:13:40:18 -0400] "GET /nevada-court-docket-grants-aristocrat-discovery-entry-in-mild-marvel-lawsuit/ HTTP/1.1" 200 52801 "https://planetnewspro.com/?p=41675" "Mozilla/5.0 AppleWebKit/537.36 (KHTML, like Gecko; compatible; ClaudeBot/1.0; +claudebot@anthropic.com)"
216.73.216.103 - - [18/Mar/2026:13:40:18 -0400] "GET /disney-cruise-ideas-and-tips/ HTTP/1.1" 200 55204 "https://planetnewspro.com/?p=30538" "Mozilla/5.0 AppleWebKit/537.36 (KHTML, like Gecko; compatible; ClaudeBot/1.0; +claudebot@anthropic.com)"
85.208.96.200 - - [18/Mar/2026:13:40:20 -0400] "GET /kamala-harris-and-democrats-stand-with-hamas-give-benjamin-netanyahu-the-shaft-prime-democrats-boycott-israeli-leaders-speech-to-congress-the-gateway-pundit/ HTTP/1.1" 200 52744 "-" "Mozilla/5.0 (compatible; SemrushBot/7~bl; +http://www.semrush.com/bot.html)"
216.73.216.103 - - [18/Mar/2026:13:40:39 -0400] "GET /?p=34544 HTTP/1.1" 301 - "-" "Mozilla/5.0 AppleWebKit/537.36 (KHTML, like Gecko; compatible; ClaudeBot/1.0; +claudebot@anthropic.com)"
216.73.216.103 - - [18/Mar/2026:13:40:39 -0400] "GET /?p=34684 HTTP/1.1" 301 - "-" "Mozilla/5.0 AppleWebKit/537.36 (KHTML, like Gecko; compatible; ClaudeBot/1.0; +claudebot@anthropic.com)"
85.208.96.195 - - [18/Mar/2026:13:40:38 -0400] "GET /haitian-migrants-are-reportedly-fleeing-springfield-ohio-in-droves-over-mass-deportation-fears-the-gateway-pundit/ HTTP/1.1" 200 52778 "-" "Mozilla/5.0 (compatible; SemrushBot/7~bl; +http://www.semrush.com/bot.html)"
216.73.216.103 - - [18/Mar/2026:13:40:39 -0400] "GET /hunter-biden-goes-off-and-slams-jake-tapper/ HTTP/1.1" 200 54640 "https://planetnewspro.com/?p=34544" "Mozilla/5.0 AppleWebKit/537.36 (KHTML, like Gecko; compatible; ClaudeBot/1.0; +claudebot@anthropic.com)"
216.73.216.103 - - [18/Mar/2026:13:40:40 -0400] "GET /?p=35560 HTTP/1.1" 301 - "-" "Mozilla/5.0 AppleWebKit/537.36 (KHTML, like Gecko; compatible; ClaudeBot/1.0; +claudebot@anthropic.com)"
216.73.216.103 - - [18/Mar/2026:13:40:39 -0400] "GET /defined-taiwans-unprecedented-recall-vote-and-the-way-it-might-shift-energy/ HTTP/1.1" 200 54614 "https://planetnewspro.com/?p=34684" "Mozilla/5.0 AppleWebKit/537.36 (KHTML, like Gecko; compatible; ClaudeBot/1.0; +claudebot@anthropic.com)"
216.73.216.103 - - [18/Mar/2026:13:40:40 -0400] "GET /shrimp-salad-recipe-spend-with-pennies/ HTTP/1.1" 200 57472 "https://planetnewspro.com/?p=35560" "Mozilla/5.0 AppleWebKit/537.36 (KHTML, like Gecko; compatible; ClaudeBot/1.0; +claudebot@anthropic.com)"
216.73.216.103 - - [18/Mar/2026:13:40:42 -0400] "GET /?p=34954 HTTP/1.1" 301 - "-" "Mozilla/5.0 AppleWebKit/537.36 (KHTML, like Gecko; compatible; ClaudeBot/1.0; +claudebot@anthropic.com)"
216.73.216.103 - - [18/Mar/2026:13:40:42 -0400] "GET /?p=34711 HTTP/1.1" 301 - "-" "Mozilla/5.0 AppleWebKit/537.36 (KHTML, like Gecko; compatible; ClaudeBot/1.0; +claudebot@anthropic.com)"
216.73.216.103 - - [18/Mar/2026:13:40:42 -0400] "GET /scott-adams-says-these-two-anti-trump-hoaxes-pushed-by-democrats-ruined-his-life-video-the-gateway-pundit/ HTTP/1.1" 200 52721 "https://planetnewspro.com/?p=34954" "Mozilla/5.0 AppleWebKit/537.36 (KHTML, like Gecko; compatible; ClaudeBot/1.0; +claudebot@anthropic.com)"
216.73.216.103 - - [18/Mar/2026:13:40:43 -0400] "GET /trumps-ai-plan-prioritizes-deregulation-to-spice-up-us-dominance/ HTTP/1.1" 200 54541 "https://planetnewspro.com/?p=34711" "Mozilla/5.0 AppleWebKit/537.36 (KHTML, like Gecko; compatible; ClaudeBot/1.0; +claudebot@anthropic.com)"
85.208.96.199 - - [18/Mar/2026:13:40:56 -0400] "GET /that-is-unjust-organic-male-boxer-viciously-beats-feminine-opponent-and-forces-her-to-stop-in-tears-inside-seconds-at-woke-olympics-video-the-gateway-pundit/ HTTP/1.1" 200 53682 "-" "Mozilla/5.0 (compatible; SemrushBot/7~bl; +http://www.semrush.com/bot.html)"
216.73.216.103 - - [18/Mar/2026:13:40:59 -0400] "GET /?p=36681 HTTP/1.1" 301 - "-" "Mozilla/5.0 AppleWebKit/537.36 (KHTML, like Gecko; compatible; ClaudeBot/1.0; +claudebot@anthropic.com)"
216.73.216.103 - - [18/Mar/2026:13:40:59 -0400] "GET /how-your-photo-voltaic-rooftop-grew-to-become-a-nationwide-safety-situation/ HTTP/1.1" 200 55828 "https://planetnewspro.com/?p=36681" "Mozilla/5.0 AppleWebKit/537.36 (KHTML, like Gecko; compatible; ClaudeBot/1.0; +claudebot@anthropic.com)"
216.73.216.103 - - [18/Mar/2026:13:40:59 -0400] "GET /?p=34520 HTTP/1.1" 301 - "-" "Mozilla/5.0 AppleWebKit/537.36 (KHTML, like Gecko; compatible; ClaudeBot/1.0; +claudebot@anthropic.com)"
216.73.216.103 - - [18/Mar/2026:13:40:59 -0400] "GET /donald-trumps-radio-blunder-president-seems-to-confess-his-title-is-in-epstein-information/ HTTP/1.1" 200 54069 "https://planetnewspro.com/?p=34520" "Mozilla/5.0 AppleWebKit/537.36 (KHTML, like Gecko; compatible; ClaudeBot/1.0; +claudebot@anthropic.com)"
50.6.201.88 - - [18/Mar/2026:13:41:56 -0400] "POST /wp-cron.php?doing_wp_cron=1773855716.6241619586944580078125 HTTP/1.1" 200 - "-" "WordPress/6.9.4; https://planetnewspro.com"
216.73.216.103 - - [18/Mar/2026:13:41:55 -0400] "GET /thick-chewy-sweet-bar-blondies HTTP/1.1" 301 - "-" "Mozilla/5.0 AppleWebKit/537.36 (KHTML, like Gecko; compatible; ClaudeBot/1.0; +claudebot@anthropic.com)"
50.6.201.88 - - [18/Mar/2026:13:41:56 -0400] "POST /wp-cron.php?doing_wp_cron=1773855716.6756730079650878906250 HTTP/1.1" 200 - "-" "WordPress/6.9.4; https://planetnewspro.com"
216.73.216.103 - - [18/Mar/2026:13:41:56 -0400] "GET /pumpkin-chocolate-chip-muffins-recipe HTTP/1.1" 301 - "-" "Mozilla/5.0 AppleWebKit/537.36 (KHTML, like Gecko; compatible; ClaudeBot/1.0; +claudebot@anthropic.com)"
50.6.201.88 - - [18/Mar/2026:13:41:57 -0400] "POST /wp-cron.php?doing_wp_cron=1773855717.4867599010467529296875 HTTP/1.1" 200 - "-" "WordPress/6.9.4; https://planetnewspro.com"
185.191.171.17 - - [18/Mar/2026:13:41:55 -0400] "GET /make-america-clear-once-more-initiative-unites-patriots-to-assist-border-patrol-nationwide-guard-and-legislation-enforcement-in-hidalgo-county-texas-the-gateway-pundit/ HTTP/1.1" 200 52786 "-" "Mozilla/5.0 (compatible; SemrushBot/7~bl; +http://www.semrush.com/bot.html)"
50.6.201.88 - - [18/Mar/2026:13:41:57 -0400] "POST /wp-admin/admin-ajax.php?action=async_litespeed&nonce=6a32a20319&litespeed_type=imgoptm HTTP/1.1" 200 21 "-" "WordPress/6.9.4; https://planetnewspro.com"
216.73.216.103 - - [18/Mar/2026:13:41:56 -0400] "GET /pumpkin-chocolate-chip-muffins-recipe/ HTTP/1.1" 200 54740 "https://planetnewspro.com/pumpkin-chocolate-chip-muffins-recipe" "Mozilla/5.0 AppleWebKit/537.36 (KHTML, like Gecko; compatible; ClaudeBot/1.0; +claudebot@anthropic.com)"
216.73.216.103 - - [18/Mar/2026:13:41:56 -0400] "GET /thick-chewy-sweet-bar-blondies/ HTTP/1.1" 200 58823 "https://planetnewspro.com/thick-chewy-sweet-bar-blondies" "Mozilla/5.0 AppleWebKit/537.36 (KHTML, like Gecko; compatible; ClaudeBot/1.0; +claudebot@anthropic.com)"
50.6.201.88 - - [18/Mar/2026:13:42:00 -0400] "POST /wp-cron.php?doing_wp_cron=1773855720.3178219795227050781250 HTTP/1.1" 200 - "-" "WordPress/6.9.4; https://planetnewspro.com"
85.208.96.202 - - [18/Mar/2026:13:41:59 -0400] "GET /rival-palestinian-factions-hamas-and-fatah-signal-beijing-declaration-of-unity-after-china-talks/ HTTP/1.1" 200 53958 "-" "Mozilla/5.0 (compatible; SemrushBot/7~bl; +http://www.semrush.com/bot.html)"
50.6.201.88 - - [18/Mar/2026:13:42:00 -0400] "POST /wp-admin/admin-ajax.php?action=async_litespeed&nonce=6a32a20319&litespeed_type=imgoptm HTTP/1.1" 200 21 "-" "WordPress/6.9.4; https://planetnewspro.com"
216.73.216.103 - - [18/Mar/2026:13:42:03 -0400] "GET /shengjia-zhao-named-meta-superintelligence-chief-scientist HTTP/1.1" 301 - "-" "Mozilla/5.0 AppleWebKit/537.36 (KHTML, like Gecko; compatible; ClaudeBot/1.0; +claudebot@anthropic.com)"
50.6.201.88 - - [18/Mar/2026:13:42:04 -0400] "POST /wp-cron.php?doing_wp_cron=1773855724.6338770389556884765625 HTTP/1.1" 200 - "-" "WordPress/6.9.4; https://planetnewspro.com"
216.73.216.103 - - [18/Mar/2026:13:42:04 -0400] "GET /uks-dcms-opens-session-on-gaming-machine-and-bingo-licensing-reforms HTTP/1.1" 301 - "-" "Mozilla/5.0 AppleWebKit/537.36 (KHTML, like Gecko; compatible; ClaudeBot/1.0; +claudebot@anthropic.com)"
216.73.216.103 - - [18/Mar/2026:13:42:04 -0400] "GET /uks-dcms-opens-session-on-gaming-machine-and-bingo-licensing-reforms/ HTTP/1.1" 200 52964 "https://planetnewspro.com/uks-dcms-opens-session-on-gaming-machine-and-bingo-licensing-reforms" "Mozilla/5.0 AppleWebKit/537.36 (KHTML, like Gecko; compatible; ClaudeBot/1.0; +claudebot@anthropic.com)"
50.6.201.88 - - [18/Mar/2026:13:42:06 -0400] "POST /wp-cron.php?doing_wp_cron=1773855726.1577761173248291015625 HTTP/1.1" 200 - "-" "WordPress/6.9.4; https://planetnewspro.com"
216.73.216.103 - - [18/Mar/2026:13:42:04 -0400] "GET /shengjia-zhao-named-meta-superintelligence-chief-scientist/ HTTP/1.1" 200 54430 "https://planetnewspro.com/shengjia-zhao-named-meta-superintelligence-chief-scientist" "Mozilla/5.0 AppleWebKit/537.36 (KHTML, like Gecko; compatible; ClaudeBot/1.0; +claudebot@anthropic.com)"
34.135.206.20 - - [18/Mar/2026:13:42:07 -0400] "GET / HTTP/1.1" 301 - "-" "Mozilla/5.0 (Windows NT 6.1) AppleWebKit/537.36 (KHTML, like Gecko) Chrome/41.0.2228.0 Safari/537.36"
185.191.171.7 - - [18/Mar/2026:13:42:07 -0400] "GET /these-locations-have-the-highest-ranges-of-journey-fraud-in-response-to-mastercard/ HTTP/1.1" 200 53426 "-" "Mozilla/5.0 (compatible; SemrushBot/7~bl; +http://www.semrush.com/bot.html)"
34.135.206.20 - - [18/Mar/2026:13:42:07 -0400] "GET / HTTP/1.1" 200 64370 "-" "Mozilla/5.0 (Windows NT 6.1) AppleWebKit/537.36 (KHTML, like Gecko) Chrome/41.0.2228.0 Safari/537.36"
216.73.216.103 - - [18/Mar/2026:13:42:09 -0400] "GET /kim-kardashian-feels-dangerous-for-ex-husband-kanye-wests-new-companions-here-is-why HTTP/1.1" 301 - "-" "Mozilla/5.0 AppleWebKit/537.36 (KHTML, like Gecko; compatible; ClaudeBot/1.0; +claudebot@anthropic.com)"
216.73.216.103 - - [18/Mar/2026:13:42:09 -0400] "GET /kim-kardashian-feels-dangerous-for-ex-husband-kanye-wests-new-companions-here-is-why/ HTTP/1.1" 200 52715 "https://planetnewspro.com/kim-kardashian-feels-dangerous-for-ex-husband-kanye-wests-new-companions-here-is-why" "Mozilla/5.0 AppleWebKit/537.36 (KHTML, like Gecko; compatible; ClaudeBot/1.0; +claudebot@anthropic.com)"
216.73.216.103 - - [18/Mar/2026:13:42:10 -0400] "GET /high-indycar-drivers-are-now-coaching-like-hybrid-athletes-to-thrive-within-the-summer-time-warmth HTTP/1.1" 301 - "-" "Mozilla/5.0 AppleWebKit/537.36 (KHTML, like Gecko; compatible; ClaudeBot/1.0; +claudebot@anthropic.com)"
216.73.216.103 - - [18/Mar/2026:13:42:10 -0400] "GET /high-indycar-drivers-are-now-coaching-like-hybrid-athletes-to-thrive-within-the-summer-time-warmth/ HTTP/1.1" 200 56388 "https://planetnewspro.com/high-indycar-drivers-are-now-coaching-like-hybrid-athletes-to-thrive-within-the-summer-time-warmth" "Mozilla/5.0 AppleWebKit/537.36 (KHTML, like Gecko; compatible; ClaudeBot/1.0; +claudebot@anthropic.com)"
85.208.96.212 - - [18/Mar/2026:13:42:19 -0400] "GET /author/admin-pnp-171/page/309/ HTTP/1.1" 200 43888 "-" "Mozilla/5.0 (compatible; SemrushBot/7~bl; +http://www.semrush.com/bot.html)"
85.208.96.198 - - [18/Mar/2026:13:42:21 -0400] "GET /loopy-catalan-traditions-a-enjoyable-peek-into-the-uncommon-and-distinctive-customs-of-barcelona/ HTTP/1.1" 200 56551 "-" "Mozilla/5.0 (compatible; SemrushBot/7~bl; +http://www.semrush.com/bot.html)"
216.73.216.103 - - [18/Mar/2026:13:42:25 -0400] "GET /what-signing-former-wnba-finals-mvp-emma-meesseman-means-for-new-york-liberty HTTP/1.1" 301 - "-" "Mozilla/5.0 AppleWebKit/537.36 (KHTML, like Gecko; compatible; ClaudeBot/1.0; +claudebot@anthropic.com)"
216.73.216.103 - - [18/Mar/2026:13:42:25 -0400] "GET /video-exhibits-police-in-riot-gear-rearresting-d-c-subway-sandwich-thrower HTTP/1.1" 301 - "-" "Mozilla/5.0 AppleWebKit/537.36 (KHTML, like Gecko; compatible; ClaudeBot/1.0; +claudebot@anthropic.com)"
216.73.216.103 - - [18/Mar/2026:13:42:25 -0400] "GET /what-signing-former-wnba-finals-mvp-emma-meesseman-means-for-new-york-liberty/ HTTP/1.1" 200 53243 "https://planetnewspro.com/what-signing-former-wnba-finals-mvp-emma-meesseman-means-for-new-york-liberty" "Mozilla/5.0 AppleWebKit/537.36 (KHTML, like Gecko; compatible; ClaudeBot/1.0; +claudebot@anthropic.com)"
216.73.216.103 - - [18/Mar/2026:13:42:26 -0400] "GET /video-exhibits-police-in-riot-gear-rearresting-d-c-subway-sandwich-thrower/ HTTP/1.1" 200 53219 "https://planetnewspro.com/video-exhibits-police-in-riot-gear-rearresting-d-c-subway-sandwich-thrower" "Mozilla/5.0 AppleWebKit/537.36 (KHTML, like Gecko; compatible; ClaudeBot/1.0; +claudebot@anthropic.com)"
185.191.171.19 - - [18/Mar/2026:13:42:35 -0400] "GET /angelina-jolie-and-brad-pitts-son-pax-jolie-pitt-rushed-to-hospital-with-head-harm-after-terrifying-crash/ HTTP/1.1" 200 54889 "-" "Mozilla/5.0 (compatible; SemrushBot/7~bl; +http://www.semrush.com/bot.html)"
216.75.132.27 - - [18/Mar/2026:13:42:42 -0400] "GET /meghan-markles-with-love-meghan-2-blooper-reel-stuffed-with-giggles-amid-the-presents-tanking-viewership/feed/ HTTP/1.1" 200 1034 "-" "Mozilla/5.0 (Macintosh; Intel Mac OS X 10_15_7) AppleWebKit/537.36 (KHTML, like Gecko) Chrome/135.0.0.0 Safari/537.36"
85.208.96.198 - - [18/Mar/2026:13:42:46 -0400] "GET /pink-lobsters-35-year-old-ceo-wakes-up-at-4-a-m/ HTTP/1.1" 200 54413 "-" "Mozilla/5.0 (compatible; SemrushBot/7~bl; +http://www.semrush.com/bot.html)"
85.208.96.207 - - [18/Mar/2026:13:42:53 -0400] "GET /blake-full-of-life-kicks-off-october-with-a-number-of-psas-for-voting-home-violence-and-extra/ HTTP/1.1" 200 52763 "-" "Mozilla/5.0 (compatible; SemrushBot/7~bl; +http://www.semrush.com/bot.html)"
85.208.96.198 - - [18/Mar/2026:13:43:01 -0400] "GET /robots.txt HTTP/1.1" 200 128 "-" "Mozilla/5.0 (compatible; SemrushBot/7~bl; +http://www.semrush.com/bot.html)"
85.208.96.212 - - [18/Mar/2026:13:43:01 -0400] "GET /the-18-healthiest-fruits-that-you-can-eat/ HTTP/1.1" 200 56832 "-" "Mozilla/5.0 (compatible; SemrushBot/7~bl; +http://www.semrush.com/bot.html)"
50.6.201.88 - - [18/Mar/2026:13:43:24 -0400] "POST /wp-cron.php?doing_wp_cron=1773855804.6805560588836669921875 HTTP/1.1" 200 - "-" "WordPress/6.9.4; https://planetnewspro.com"
207.180.11.69 - - [18/Mar/2026:13:43:24 -0400] "GET /wp-json/oembed/1.0/embed?url=https%3A%2F%2Fplanetnewspro.com%2Fthats-the-arduous-factor-reese-witherspoon-opens-up-concerning-the-struggles-of-casting-younger-elle-in-legally-blonde-collection%2F HTTP/1.1" 200 1604 "-" "Mozilla/5.0 (Macintosh; Intel Mac OS X 10_15_7) AppleWebKit/537.36 (KHTML, like Gecko) Chrome/135.0.0.0 Safari/537.36"
50.6.201.88 - - [18/Mar/2026:13:43:24 -0400] "POST /wp-admin/admin-ajax.php?action=async_litespeed&nonce=6a32a20319&litespeed_type=imgoptm HTTP/1.1" 200 21 "-" "WordPress/6.9.4; https://planetnewspro.com"
216.73.216.103 - - [18/Mar/2026:13:43:26 -0400] "GET /why-are-you-nonetheless-gaining-weight-whereas-working-out-understanding-the-thriller-behind-exercise-and-weight-acquire HTTP/1.1" 301 - "-" "Mozilla/5.0 AppleWebKit/537.36 (KHTML, like Gecko; compatible; ClaudeBot/1.0; +claudebot@anthropic.com)"
216.73.216.103 - - [18/Mar/2026:13:43:26 -0400] "GET /were-not-quick-on-energy-were-simply-too-sanctimonious-to-generate-it HTTP/1.1" 301 - "-" "Mozilla/5.0 AppleWebKit/537.36 (KHTML, like Gecko; compatible; ClaudeBot/1.0; +claudebot@anthropic.com)"
216.73.216.103 - - [18/Mar/2026:13:43:27 -0400] "GET /why-are-you-nonetheless-gaining-weight-whereas-working-out-understanding-the-thriller-behind-exercise-and-weight-acquire/ HTTP/1.1" 200 57635 "https://planetnewspro.com/why-are-you-nonetheless-gaining-weight-whereas-working-out-understanding-the-thriller-behind-exercise-and-weight-acquire" "Mozilla/5.0 AppleWebKit/537.36 (KHTML, like Gecko; compatible; ClaudeBot/1.0; +claudebot@anthropic.com)"
216.73.216.103 - - [18/Mar/2026:13:43:27 -0400] "GET /were-not-quick-on-energy-were-simply-too-sanctimonious-to-generate-it/ HTTP/1.1" 200 54921 "https://planetnewspro.com/were-not-quick-on-energy-were-simply-too-sanctimonious-to-generate-it" "Mozilla/5.0 AppleWebKit/537.36 (KHTML, like Gecko; compatible; ClaudeBot/1.0; +claudebot@anthropic.com)"
185.191.171.15 - - [18/Mar/2026:13:43:32 -0400] "GET /10-finest-coworking-areas-in-hanoi/ HTTP/1.1" 200 64486 "-" "Mozilla/5.0 (compatible; SemrushBot/7~bl; +http://www.semrush.com/bot.html)"
85.208.96.203 - - [18/Mar/2026:13:43:35 -0400] "GET /this-spin-on-mississippi-pot-roast-is-critically-scrumptious-and-does-not-require-a-sluggish-cooker/ HTTP/1.1" 200 57070 "-" "Mozilla/5.0 (compatible; SemrushBot/7~bl; +http://www.semrush.com/bot.html)"
185.191.171.17 - - [18/Mar/2026:13:43:37 -0400] "GET /harmanpreet-kaur-goes-berserk-vs-sri-lanka-sends-warning-to-australia-forward-of-t20-wc-encounter/ HTTP/1.1" 200 52941 "-" "Mozilla/5.0 (compatible; SemrushBot/7~bl; +http://www.semrush.com/bot.html)"
216.73.216.103 - - [18/Mar/2026:13:43:38 -0400] "GET /trump-to-warn-mother-and-father-on-a-regular-basis-drug-might-set-off-autism-as-officers-hail-breakthrough-reversal-therapy HTTP/1.1" 301 - "-" "Mozilla/5.0 AppleWebKit/537.36 (KHTML, like Gecko; compatible; ClaudeBot/1.0; +claudebot@anthropic.com)"
216.73.216.103 - - [18/Mar/2026:13:43:38 -0400] "GET /i-purchased-airpods-max-knockoffs-for-simply-2-of-the-value-and-it-jogged-my-memory-how-good-we-have-now-it HTTP/1.1" 301 - "-" "Mozilla/5.0 AppleWebKit/537.36 (KHTML, like Gecko; compatible; ClaudeBot/1.0; +claudebot@anthropic.com)"
216.73.216.103 - - [18/Mar/2026:13:43:38 -0400] "GET /trump-to-warn-mother-and-father-on-a-regular-basis-drug-might-set-off-autism-as-officers-hail-breakthrough-reversal-therapy/ HTTP/1.1" 200 54486 "https://planetnewspro.com/trump-to-warn-mother-and-father-on-a-regular-basis-drug-might-set-off-autism-as-officers-hail-breakthrough-reversal-therapy" "Mozilla/5.0 AppleWebKit/537.36 (KHTML, like Gecko; compatible; ClaudeBot/1.0; +claudebot@anthropic.com)"
216.73.216.103 - - [18/Mar/2026:13:43:38 -0400] "GET /i-purchased-airpods-max-knockoffs-for-simply-2-of-the-value-and-it-jogged-my-memory-how-good-we-have-now-it/ HTTP/1.1" 200 56705 "https://planetnewspro.com/i-purchased-airpods-max-knockoffs-for-simply-2-of-the-value-and-it-jogged-my-memory-how-good-we-have-now-it" "Mozilla/5.0 AppleWebKit/537.36 (KHTML, like Gecko; compatible; ClaudeBot/1.0; +claudebot@anthropic.com)"
