216.73.216.103 - - [18/Mar/2026:14:22:38 -0400] "GET /the-50-finest-prime-member-only-offers-at-amazon-this-might/ HTTP/1.1" 200 56261 "https://planetnewspro.com/the-50-finest-prime-member-only-offers-at-amazon-this-might" "Mozilla/5.0 AppleWebKit/537.36 (KHTML, like Gecko; compatible; ClaudeBot/1.0; +claudebot@anthropic.com)"
216.73.216.103 - - [18/Mar/2026:14:22:38 -0400] "GET /virginia-mcdonalds-bars-beneath-21-12-months-olds-from-consuming-inside-is-that-authorized/ HTTP/1.1" 200 53093 "https://planetnewspro.com/virginia-mcdonalds-bars-beneath-21-12-months-olds-from-consuming-inside-is-that-authorized" "Mozilla/5.0 AppleWebKit/537.36 (KHTML, like Gecko; compatible; ClaudeBot/1.0; +claudebot@anthropic.com)"
216.73.216.103 - - [18/Mar/2026:14:22:39 -0400] "GET /rivian-earnings-ev-maker-cuts-supply-steerage-due-to-trumps-tariffs-and-commerce-wars HTTP/1.1" 301 - "-" "Mozilla/5.0 AppleWebKit/537.36 (KHTML, like Gecko; compatible; ClaudeBot/1.0; +claudebot@anthropic.com)"
216.73.216.103 - - [18/Mar/2026:14:22:39 -0400] "GET /rivian-earnings-ev-maker-cuts-supply-steerage-due-to-trumps-tariffs-and-commerce-wars/ HTTP/1.1" 200 52747 "https://planetnewspro.com/rivian-earnings-ev-maker-cuts-supply-steerage-due-to-trumps-tariffs-and-commerce-wars" "Mozilla/5.0 AppleWebKit/537.36 (KHTML, like Gecko; compatible; ClaudeBot/1.0; +claudebot@anthropic.com)"
216.73.216.103 - - [18/Mar/2026:14:22:40 -0400] "GET /watch-these-alphabet-ranges-as-inventory-tumbles-on-issues-about-google-search-enterprise HTTP/1.1" 301 - "-" "Mozilla/5.0 AppleWebKit/537.36 (KHTML, like Gecko; compatible; ClaudeBot/1.0; +claudebot@anthropic.com)"
216.73.216.103 - - [18/Mar/2026:14:22:40 -0400] "GET /watch-these-alphabet-ranges-as-inventory-tumbles-on-issues-about-google-search-enterprise/ HTTP/1.1" 200 53574 "https://planetnewspro.com/watch-these-alphabet-ranges-as-inventory-tumbles-on-issues-about-google-search-enterprise" "Mozilla/5.0 AppleWebKit/537.36 (KHTML, like Gecko; compatible; ClaudeBot/1.0; +claudebot@anthropic.com)"
216.73.216.103 - - [18/Mar/2026:14:22:40 -0400] "GET /real-id-a-9-11-legislation-thats-nonetheless-not-in-impact HTTP/1.1" 301 - "-" "Mozilla/5.0 AppleWebKit/537.36 (KHTML, like Gecko; compatible; ClaudeBot/1.0; +claudebot@anthropic.com)"
216.73.216.103 - - [18/Mar/2026:14:22:40 -0400] "GET /real-id-a-9-11-legislation-thats-nonetheless-not-in-impact/ HTTP/1.1" 200 54147 "https://planetnewspro.com/real-id-a-9-11-legislation-thats-nonetheless-not-in-impact" "Mozilla/5.0 AppleWebKit/537.36 (KHTML, like Gecko; compatible; ClaudeBot/1.0; +claudebot@anthropic.com)"
216.73.216.103 - - [18/Mar/2026:14:22:43 -0400] "GET /elon-musk-says-doge-ought-to-positively-take-an-in-depth-take-a-look-at-the-fed HTTP/1.1" 301 - "-" "Mozilla/5.0 AppleWebKit/537.36 (KHTML, like Gecko; compatible; ClaudeBot/1.0; +claudebot@anthropic.com)"
216.73.216.103 - - [18/Mar/2026:14:22:44 -0400] "GET /bernie-sanders-strikes-to-tip-florida-home-particular-election-by-endorsing-josh-weil HTTP/1.1" 301 - "-" "Mozilla/5.0 AppleWebKit/537.36 (KHTML, like Gecko; compatible; ClaudeBot/1.0; +claudebot@anthropic.com)"
216.73.216.103 - - [18/Mar/2026:14:22:44 -0400] "GET /elon-musk-says-doge-ought-to-positively-take-an-in-depth-take-a-look-at-the-fed/ HTTP/1.1" 200 52632 "https://planetnewspro.com/elon-musk-says-doge-ought-to-positively-take-an-in-depth-take-a-look-at-the-fed" "Mozilla/5.0 AppleWebKit/537.36 (KHTML, like Gecko; compatible; ClaudeBot/1.0; +claudebot@anthropic.com)"
216.73.216.103 - - [18/Mar/2026:14:22:44 -0400] "GET /bernie-sanders-strikes-to-tip-florida-home-particular-election-by-endorsing-josh-weil/ HTTP/1.1" 200 53351 "https://planetnewspro.com/bernie-sanders-strikes-to-tip-florida-home-particular-election-by-endorsing-josh-weil" "Mozilla/5.0 AppleWebKit/537.36 (KHTML, like Gecko; compatible; ClaudeBot/1.0; +claudebot@anthropic.com)"
216.73.216.103 - - [18/Mar/2026:14:22:45 -0400] "GET /esg-buyers-are-focusing-on-junk-meals-soda-and-alcohol HTTP/1.1" 301 - "-" "Mozilla/5.0 AppleWebKit/537.36 (KHTML, like Gecko; compatible; ClaudeBot/1.0; +claudebot@anthropic.com)"
216.73.216.103 - - [18/Mar/2026:14:22:45 -0400] "GET /esg-buyers-are-focusing-on-junk-meals-soda-and-alcohol/ HTTP/1.1" 200 53187 "https://planetnewspro.com/esg-buyers-are-focusing-on-junk-meals-soda-and-alcohol" "Mozilla/5.0 AppleWebKit/537.36 (KHTML, like Gecko; compatible; ClaudeBot/1.0; +claudebot@anthropic.com)"
216.73.216.103 - - [18/Mar/2026:14:22:45 -0400] "GET /uncover-lombok-indonesia-greatest-ferry-routes-and-ideas HTTP/1.1" 301 - "-" "Mozilla/5.0 AppleWebKit/537.36 (KHTML, like Gecko; compatible; ClaudeBot/1.0; +claudebot@anthropic.com)"
50.6.201.88 - - [18/Mar/2026:14:22:46 -0400] "POST /wp-cron.php?doing_wp_cron=1773858166.5497620105743408203125 HTTP/1.1" 200 - "-" "WordPress/6.9.4; https://planetnewspro.com"
216.73.216.103 - - [18/Mar/2026:14:22:46 -0400] "GET /uncover-lombok-indonesia-greatest-ferry-routes-and-ideas/ HTTP/1.1" 200 59790 "https://planetnewspro.com/uncover-lombok-indonesia-greatest-ferry-routes-and-ideas" "Mozilla/5.0 AppleWebKit/537.36 (KHTML, like Gecko; compatible; ClaudeBot/1.0; +claudebot@anthropic.com)"
216.73.216.103 - - [18/Mar/2026:14:22:46 -0400] "GET /right-heres-whos-taking-part-in-your-favourite-darcy-elizabeth-and-extra HTTP/1.1" 301 - "-" "Mozilla/5.0 AppleWebKit/537.36 (KHTML, like Gecko; compatible; ClaudeBot/1.0; +claudebot@anthropic.com)"
50.6.201.88 - - [18/Mar/2026:14:22:46 -0400] "POST /wp-cron.php?doing_wp_cron=1773858166.8340160846710205078125 HTTP/1.1" 200 - "-" "WordPress/6.9.4; https://planetnewspro.com"
85.208.96.197 - - [18/Mar/2026:14:22:46 -0400] "GET /what-is-a-pluot/ HTTP/1.1" 200 56871 "-" "Mozilla/5.0 (compatible; SemrushBot/7~bl; +http://www.semrush.com/bot.html)"
216.73.216.103 - - [18/Mar/2026:14:22:46 -0400] "GET /right-heres-whos-taking-part-in-your-favourite-darcy-elizabeth-and-extra/ HTTP/1.1" 200 52672 "https://planetnewspro.com/right-heres-whos-taking-part-in-your-favourite-darcy-elizabeth-and-extra" "Mozilla/5.0 AppleWebKit/537.36 (KHTML, like Gecko; compatible; ClaudeBot/1.0; +claudebot@anthropic.com)"
185.191.171.16 - - [18/Mar/2026:14:23:00 -0400] "GET /the-place-to-keep-in-cape-town-metropolis-middle-vs-va-waterfront-vs-stellenbosch/ HTTP/1.1" 200 62763 "-" "Mozilla/5.0 (compatible; SemrushBot/7~bl; +http://www.semrush.com/bot.html)"
216.73.216.103 - - [18/Mar/2026:14:23:03 -0400] "GET /muslim-owned-companies-attacked-in-indian-resort-city-after-schoolgirl-allegedly-raped HTTP/1.1" 301 - "-" "Mozilla/5.0 AppleWebKit/537.36 (KHTML, like Gecko; compatible; ClaudeBot/1.0; +claudebot@anthropic.com)"
216.73.216.103 - - [18/Mar/2026:14:23:03 -0400] "GET /now-it-can-be-told-extra-than-60-american-service-members-had-been-injured-on-joe-bidens-disastrous-gaza-pier-the-gateway-pundit HTTP/1.1" 301 - "-" "Mozilla/5.0 AppleWebKit/537.36 (KHTML, like Gecko; compatible; ClaudeBot/1.0; +claudebot@anthropic.com)"
216.73.216.103 - - [18/Mar/2026:14:23:03 -0400] "GET /muslim-owned-companies-attacked-in-indian-resort-city-after-schoolgirl-allegedly-raped/ HTTP/1.1" 200 53879 "https://planetnewspro.com/muslim-owned-companies-attacked-in-indian-resort-city-after-schoolgirl-allegedly-raped" "Mozilla/5.0 AppleWebKit/537.36 (KHTML, like Gecko; compatible; ClaudeBot/1.0; +claudebot@anthropic.com)"
85.208.96.202 - - [18/Mar/2026:14:23:03 -0400] "GET /31-genius-ideas-for-studying-a-new-language-whereas-touring-full-time/ HTTP/1.1" 200 54698 "-" "Mozilla/5.0 (compatible; SemrushBot/7~bl; +http://www.semrush.com/bot.html)"
216.73.216.103 - - [18/Mar/2026:14:23:04 -0400] "GET /now-it-can-be-told-extra-than-60-american-service-members-had-been-injured-on-joe-bidens-disastrous-gaza-pier-the-gateway-pundit/ HTTP/1.1" 200 52877 "https://planetnewspro.com/now-it-can-be-told-extra-than-60-american-service-members-had-been-injured-on-joe-bidens-disastrous-gaza-pier-the-gateway-pundit" "Mozilla/5.0 AppleWebKit/537.36 (KHTML, like Gecko; compatible; ClaudeBot/1.0; +claudebot@anthropic.com)"
216.73.216.103 - - [18/Mar/2026:14:23:04 -0400] "GET /ought-to-bcci-relaxation-jasprit-bumrah-from-ipl-earlier-than-5-match-take-a-look-at-collection-indias-ex-bowling-coach-has-this-to-say HTTP/1.1" 301 - "-" "Mozilla/5.0 AppleWebKit/537.36 (KHTML, like Gecko; compatible; ClaudeBot/1.0; +claudebot@anthropic.com)"
216.73.216.103 - - [18/Mar/2026:14:23:04 -0400] "GET /washington-dcs-high-new-restaurant-butterworths-is-americas-hottest-conservative-hangout-and-even-democrats-cant-get-sufficient-the-gateway-pundit HTTP/1.1" 301 - "-" "Mozilla/5.0 AppleWebKit/537.36 (KHTML, like Gecko; compatible; ClaudeBot/1.0; +claudebot@anthropic.com)"
216.73.216.103 - - [18/Mar/2026:14:23:04 -0400] "GET /ought-to-bcci-relaxation-jasprit-bumrah-from-ipl-earlier-than-5-match-take-a-look-at-collection-indias-ex-bowling-coach-has-this-to-say/ HTTP/1.1" 200 53711 "https://planetnewspro.com/ought-to-bcci-relaxation-jasprit-bumrah-from-ipl-earlier-than-5-match-take-a-look-at-collection-indias-ex-bowling-coach-has-this-to-say" "Mozilla/5.0 AppleWebKit/537.36 (KHTML, like Gecko; compatible; ClaudeBot/1.0; +claudebot@anthropic.com)"
216.73.216.103 - - [18/Mar/2026:14:23:04 -0400] "GET /washington-dcs-high-new-restaurant-butterworths-is-americas-hottest-conservative-hangout-and-even-democrats-cant-get-sufficient-the-gateway-pundit/ HTTP/1.1" 200 55675 "https://planetnewspro.com/washington-dcs-high-new-restaurant-butterworths-is-americas-hottest-conservative-hangout-and-even-democrats-cant-get-sufficient-the-gateway-pundit" "Mozilla/5.0 AppleWebKit/537.36 (KHTML, like Gecko; compatible; ClaudeBot/1.0; +claudebot@anthropic.com)"
216.73.216.103 - - [18/Mar/2026:14:23:05 -0400] "GET /chinas-xi-to-pay-official-go-to-to-russia-on-7-10-could-forward-of-victory-day-parade HTTP/1.1" 301 - "-" "Mozilla/5.0 AppleWebKit/537.36 (KHTML, like Gecko; compatible; ClaudeBot/1.0; +claudebot@anthropic.com)"
216.73.216.103 - - [18/Mar/2026:14:23:05 -0400] "GET /chinas-xi-to-pay-official-go-to-to-russia-on-7-10-could-forward-of-victory-day-parade/ HTTP/1.1" 200 53147 "https://planetnewspro.com/chinas-xi-to-pay-official-go-to-to-russia-on-7-10-could-forward-of-victory-day-parade" "Mozilla/5.0 AppleWebKit/537.36 (KHTML, like Gecko; compatible; ClaudeBot/1.0; +claudebot@anthropic.com)"
17.22.253.174 - - [18/Mar/2026:14:23:07 -0400] "GET /wp-includes/js/jquery/jquery-migrate.min.js?ver=3.4.1 HTTP/1.1" 200 13577 "https://planetnewspro.com/checklist-of-kindles-that-assist-drm-removing-for-kindle-ebooks/" "Mozilla/5.0 (Macintosh; Intel Mac OS X 10_15_7) AppleWebKit/605.1.15 (KHTML, like Gecko) Version/17.4 Safari/605.1.15 (Applebot/0.1; +http://www.apple.com/go/applebot)"
17.22.253.201 - - [18/Mar/2026:14:23:08 -0400] "GET /wp-content/plugins/td-composer/legacy/Newspaper/js/tagdiv_theme.min.js?ver=12.6.6 HTTP/1.1" 200 160112 "https://planetnewspro.com/checklist-of-kindles-that-assist-drm-removing-for-kindle-ebooks/" "Mozilla/5.0 (Macintosh; Intel Mac OS X 10_15_7) AppleWebKit/605.1.15 (KHTML, like Gecko) Version/17.4 Safari/605.1.15 (Applebot/0.1; +http://www.apple.com/go/applebot)"
17.22.237.55 - - [18/Mar/2026:14:23:09 -0400] "GET /wp-content/plugins/td-composer/legacy/Newspaper/js/tdPostImages.js?ver=12.6.6 HTTP/1.1" 200 2449 "https://planetnewspro.com/checklist-of-kindles-that-assist-drm-removing-for-kindle-ebooks/" "Mozilla/5.0 (Macintosh; Intel Mac OS X 10_15_7) AppleWebKit/605.1.15 (KHTML, like Gecko) Version/17.4 Safari/605.1.15 (Applebot/0.1; +http://www.apple.com/go/applebot)"
17.22.253.174 - - [18/Mar/2026:14:23:10 -0400] "GET /wp-content/plugins/td-cloud-library/assets/js/js_files_for_front.min.js?ver=b379c96c54343541fd8742379a419361 HTTP/1.1" 200 29608 "https://planetnewspro.com/checklist-of-kindles-that-assist-drm-removing-for-kindle-ebooks/" "Mozilla/5.0 (Macintosh; Intel Mac OS X 10_15_7) AppleWebKit/605.1.15 (KHTML, like Gecko) Version/17.4 Safari/605.1.15 (Applebot/0.1; +http://www.apple.com/go/applebot)"
17.22.253.201 - - [18/Mar/2026:14:23:11 -0400] "GET /wp-content/plugins/td-composer/legacy/Newspaper/js/tdToTop.js?ver=12.6.6 HTTP/1.1" 200 1426 "https://planetnewspro.com/checklist-of-kindles-that-assist-drm-removing-for-kindle-ebooks/" "Mozilla/5.0 (Macintosh; Intel Mac OS X 10_15_7) AppleWebKit/605.1.15 (KHTML, like Gecko) Version/17.4 Safari/605.1.15 (Applebot/0.1; +http://www.apple.com/go/applebot)"
17.22.237.55 - - [18/Mar/2026:14:23:12 -0400] "GET /wp-content/plugins/td-composer/legacy/Newspaper/js/tdAjaxSearch.js?ver=12.6.6 HTTP/1.1" 200 6145 "https://planetnewspro.com/checklist-of-kindles-that-assist-drm-removing-for-kindle-ebooks/" "Mozilla/5.0 (Macintosh; Intel Mac OS X 10_15_7) AppleWebKit/605.1.15 (KHTML, like Gecko) Version/17.4 Safari/605.1.15 (Applebot/0.1; +http://www.apple.com/go/applebot)"
17.22.237.214 - - [18/Mar/2026:14:23:13 -0400] "GET /wp-content/plugins/td-composer/legacy/Newspaper/js/tdDatei18n.js?ver=12.6.6 HTTP/1.1" 200 2431 "https://planetnewspro.com/checklist-of-kindles-that-assist-drm-removing-for-kindle-ebooks/" "Mozilla/5.0 (Macintosh; Intel Mac OS X 10_15_7) AppleWebKit/605.1.15 (KHTML, like Gecko) Version/17.4 Safari/605.1.15 (Applebot/0.1; +http://www.apple.com/go/applebot)"
17.22.253.201 - - [18/Mar/2026:14:23:14 -0400] "GET /wp-content/plugins/td-composer/legacy/Newspaper/js/tdAnimationSprite.js?ver=12.6.6 HTTP/1.1" 200 3989 "https://planetnewspro.com/checklist-of-kindles-that-assist-drm-removing-for-kindle-ebooks/" "Mozilla/5.0 (Macintosh; Intel Mac OS X 10_15_7) AppleWebKit/605.1.15 (KHTML, like Gecko) Version/17.4 Safari/605.1.15 (Applebot/0.1; +http://www.apple.com/go/applebot)"
17.22.237.183 - - [18/Mar/2026:14:23:18 -0400] "GET /wp-content/plugins/td-composer/legacy/Newspaper/js/tdWeather.js?ver=12.6.6 HTTP/1.1" 200 9932 "https://planetnewspro.com/checklist-of-kindles-that-assist-drm-removing-for-kindle-ebooks/" "Mozilla/5.0 (Macintosh; Intel Mac OS X 10_15_7) AppleWebKit/605.1.15 (KHTML, like Gecko) Version/17.4 Safari/605.1.15 (Applebot/0.1; +http://www.apple.com/go/applebot)"
17.22.237.183 - - [18/Mar/2026:14:23:20 -0400] "GET /wp-content/plugins/td-composer/legacy/Newspaper/js/tdMenu.js?ver=12.6.6 HTTP/1.1" 200 4530 "https://planetnewspro.com/checklist-of-kindles-that-assist-drm-removing-for-kindle-ebooks/" "Mozilla/5.0 (Macintosh; Intel Mac OS X 10_15_7) AppleWebKit/605.1.15 (KHTML, like Gecko) Version/17.4 Safari/605.1.15 (Applebot/0.1; +http://www.apple.com/go/applebot)"
17.22.245.137 - - [18/Mar/2026:14:23:20 -0400] "GET /wp-includes/js/jquery/jquery.min.js?ver=3.7.1 HTTP/1.1" 200 87553 "https://planetnewspro.com/checklist-of-kindles-that-assist-drm-removing-for-kindle-ebooks/" "Mozilla/5.0 (Macintosh; Intel Mac OS X 10_15_7) AppleWebKit/605.1.15 (KHTML, like Gecko) Version/17.4 Safari/605.1.15 (Applebot/0.1; +http://www.apple.com/go/applebot)"
17.22.245.156 - - [18/Mar/2026:14:23:21 -0400] "GET /wp-content/plugins/td-composer/legacy/Newspaper/js/tdSocialSharing.js?ver=12.6.6 HTTP/1.1" 200 2632 "https://planetnewspro.com/checklist-of-kindles-that-assist-drm-removing-for-kindle-ebooks/" "Mozilla/5.0 (Macintosh; Intel Mac OS X 10_15_7) AppleWebKit/605.1.15 (KHTML, like Gecko) Version/17.4 Safari/605.1.15 (Applebot/0.1; +http://www.apple.com/go/applebot)"
17.22.237.183 - - [18/Mar/2026:14:23:22 -0400] "GET /wp-content/plugins/td-composer/legacy/Newspaper/js/tdLoadingBox.js?ver=12.6.6 HTTP/1.1" 200 2670 "https://planetnewspro.com/checklist-of-kindles-that-assist-drm-removing-for-kindle-ebooks/" "Mozilla/5.0 (Macintosh; Intel Mac OS X 10_15_7) AppleWebKit/605.1.15 (KHTML, like Gecko) Version/17.4 Safari/605.1.15 (Applebot/0.1; +http://www.apple.com/go/applebot)"
17.22.237.120 - - [18/Mar/2026:14:23:22 -0400] "GET /wp-content/plugins/td-composer/legacy/Newspaper/js/tdModalPostImages.js?ver=12.6.6 HTTP/1.1" 200 8892 "https://planetnewspro.com/checklist-of-kindles-that-assist-drm-removing-for-kindle-ebooks/" "Mozilla/5.0 (Macintosh; Intel Mac OS X 10_15_7) AppleWebKit/605.1.15 (KHTML, like Gecko) Version/17.4 Safari/605.1.15 (Applebot/0.1; +http://www.apple.com/go/applebot)"
17.22.253.104 - - [18/Mar/2026:14:23:22 -0400] "GET /wp-content/plugins/td-cloud-library/assets/js/tdbSearch.js?ver=b379c96c54343541fd8742379a419361 HTTP/1.1" 200 5945 "https://planetnewspro.com/checklist-of-kindles-that-assist-drm-removing-for-kindle-ebooks/" "Mozilla/5.0 (Macintosh; Intel Mac OS X 10_15_7) AppleWebKit/605.1.15 (KHTML, like Gecko) Version/17.4 Safari/605.1.15 (Applebot/0.1; +http://www.apple.com/go/applebot)"
17.22.237.83 - - [18/Mar/2026:14:23:23 -0400] "GET /wp-content/plugins/td-composer/legacy/Newspaper/js/tdLogin.js?ver=12.6.6 HTTP/1.1" 200 13630 "https://planetnewspro.com/checklist-of-kindles-that-assist-drm-removing-for-kindle-ebooks/" "Mozilla/5.0 (Macintosh; Intel Mac OS X 10_15_7) AppleWebKit/605.1.15 (KHTML, like Gecko) Version/17.4 Safari/605.1.15 (Applebot/0.1; +http://www.apple.com/go/applebot)"
17.22.245.186 - - [18/Mar/2026:14:23:24 -0400] "GET /wp-content/plugins/td-cloud-library/assets/js/tdbMenu.js?ver=b379c96c54343541fd8742379a419361 HTTP/1.1" 200 10781 "https://planetnewspro.com/checklist-of-kindles-that-assist-drm-removing-for-kindle-ebooks/" "Mozilla/5.0 (Macintosh; Intel Mac OS X 10_15_7) AppleWebKit/605.1.15 (KHTML, like Gecko) Version/17.4 Safari/605.1.15 (Applebot/0.1; +http://www.apple.com/go/applebot)"
17.22.245.45 - - [18/Mar/2026:14:23:24 -0400] "GET /wp-content/plugins/td-composer/legacy/Newspaper/js/tdSmartSidebar.js?ver=12.6.6 HTTP/1.1" 200 9915 "https://planetnewspro.com/checklist-of-kindles-that-assist-drm-removing-for-kindle-ebooks/" "Mozilla/5.0 (Macintosh; Intel Mac OS X 10_15_7) AppleWebKit/605.1.15 (KHTML, like Gecko) Version/17.4 Safari/605.1.15 (Applebot/0.1; +http://www.apple.com/go/applebot)"
216.73.216.103 - - [18/Mar/2026:14:23:27 -0400] "GET /youngest-son-of-disgraced-billionaire-harrods-proprietor-mohamed-al-fayed-reveals-he-ran-away-to-sea-to-flee-his-father-and-claims-we-deal-with-the-earth-like-he-handled-ladies HTTP/1.1" 301 - "-" "Mozilla/5.0 AppleWebKit/537.36 (KHTML, like Gecko; compatible; ClaudeBot/1.0; +claudebot@anthropic.com)"
216.73.216.103 - - [18/Mar/2026:14:23:28 -0400] "GET /the-most-effective-queen-we-by-no-means-had-on-eve-of-her-seventy-fifth-birthday-secrets-and-techniques-of-princess-annes-life-from-why-she-by-no-means-sunbathes-to-who-actually-does-her-hair-re HTTP/1.1" 301 - "-" "Mozilla/5.0 AppleWebKit/537.36 (KHTML, like Gecko; compatible; ClaudeBot/1.0; +claudebot@anthropic.com)"
17.22.245.65 - - [18/Mar/2026:14:23:28 -0400] "GET /wp-includes/js/comment-reply.min.js?ver=6.9.4 HTTP/1.1" 200 3026 "https://planetnewspro.com/checklist-of-kindles-that-assist-drm-removing-for-kindle-ebooks/" "Mozilla/5.0 (Macintosh; Intel Mac OS X 10_15_7) AppleWebKit/605.1.15 (KHTML, like Gecko) Version/17.4 Safari/605.1.15 (Applebot/0.1; +http://www.apple.com/go/applebot)"
216.73.216.103 - - [18/Mar/2026:14:23:28 -0400] "GET /youngest-son-of-disgraced-billionaire-harrods-proprietor-mohamed-al-fayed-reveals-he-ran-away-to-sea-to-flee-his-father-and-claims-we-deal-with-the-earth-like-he-handled-ladies/ HTTP/1.1" 200 54099 "https://planetnewspro.com/youngest-son-of-disgraced-billionaire-harrods-proprietor-mohamed-al-fayed-reveals-he-ran-away-to-sea-to-flee-his-father-and-claims-we-deal-with-the-earth-like-he-handled-ladies" "Mozilla/5.0 AppleWebKit/537.36 (KHTML, like Gecko; compatible; ClaudeBot/1.0; +claudebot@anthropic.com)"
216.73.216.103 - - [18/Mar/2026:14:23:28 -0400] "GET /the-most-effective-queen-we-by-no-means-had-on-eve-of-her-seventy-fifth-birthday-secrets-and-techniques-of-princess-annes-life-from-why-she-by-no-means-sunbathes-to-who-actually-does-her-hair-re/ HTTP/1.1" 200 56855 "https://planetnewspro.com/the-most-effective-queen-we-by-no-means-had-on-eve-of-her-seventy-fifth-birthday-secrets-and-techniques-of-princess-annes-life-from-why-she-by-no-means-sunbathes-to-who-actually-does-her-hair-re" "Mozilla/5.0 AppleWebKit/537.36 (KHTML, like Gecko; compatible; ClaudeBot/1.0; +claudebot@anthropic.com)"
216.73.216.103 - - [18/Mar/2026:14:23:29 -0400] "GET /medication-have-been-being-offered-like-meals-at-a-market-at-infamous-music-competition-the-place-college-pupil-died-after-taking-mdma-coroner-says HTTP/1.1" 301 - "-" "Mozilla/5.0 AppleWebKit/537.36 (KHTML, like Gecko; compatible; ClaudeBot/1.0; +claudebot@anthropic.com)"
216.73.216.103 - - [18/Mar/2026:14:23:29 -0400] "GET /medication-have-been-being-offered-like-meals-at-a-market-at-infamous-music-competition-the-place-college-pupil-died-after-taking-mdma-coroner-says/ HTTP/1.1" 200 54475 "https://planetnewspro.com/medication-have-been-being-offered-like-meals-at-a-market-at-infamous-music-competition-the-place-college-pupil-died-after-taking-mdma-coroner-says" "Mozilla/5.0 AppleWebKit/537.36 (KHTML, like Gecko; compatible; ClaudeBot/1.0; +claudebot@anthropic.com)"
216.73.216.103 - - [18/Mar/2026:14:23:29 -0400] "GET /report-trump-to-welcome-first-batch-of-white-south-african-refugees-fleeing-authorities-sponsored-racial-persecution-to-u-s-inside-days-the-gateway-pundit HTTP/1.1" 301 - "-" "Mozilla/5.0 AppleWebKit/537.36 (KHTML, like Gecko; compatible; ClaudeBot/1.0; +claudebot@anthropic.com)"
216.73.216.103 - - [18/Mar/2026:14:23:29 -0400] "GET /new-dc-court-docket-smacks-down-federal-decide-after-he-ordered-trump-admin-to-rehire-liberal-voice-of-america-staffers-authorized-professional-reveals-why-ruling-will-have-widespread-impacts-on-d HTTP/1.1" 301 - "-" "Mozilla/5.0 AppleWebKit/537.36 (KHTML, like Gecko; compatible; ClaudeBot/1.0; +claudebot@anthropic.com)"
216.73.216.103 - - [18/Mar/2026:14:23:29 -0400] "GET /report-trump-to-welcome-first-batch-of-white-south-african-refugees-fleeing-authorities-sponsored-racial-persecution-to-u-s-inside-days-the-gateway-pundit/ HTTP/1.1" 200 53328 "https://planetnewspro.com/report-trump-to-welcome-first-batch-of-white-south-african-refugees-fleeing-authorities-sponsored-racial-persecution-to-u-s-inside-days-the-gateway-pundit" "Mozilla/5.0 AppleWebKit/537.36 (KHTML, like Gecko; compatible; ClaudeBot/1.0; +claudebot@anthropic.com)"
17.22.237.142 - - [18/Mar/2026:14:23:30 -0400] "GET /wp-includes/js/wp-emoji-release.min.js?ver=6.9.4 HTTP/1.1" 200 22762 "https://planetnewspro.com/checklist-of-kindles-that-assist-drm-removing-for-kindle-ebooks/" "Mozilla/5.0 (Macintosh; Intel Mac OS X 10_15_7) AppleWebKit/605.1.15 (KHTML, like Gecko) Version/17.4 Safari/605.1.15 (Applebot/0.1; +http://www.apple.com/go/applebot)"
216.73.216.103 - - [18/Mar/2026:14:23:30 -0400] "GET /new-dc-court-docket-smacks-down-federal-decide-after-he-ordered-trump-admin-to-rehire-liberal-voice-of-america-staffers-authorized-professional-reveals-why-ruling-will-have-widespread-impacts-on-d/ HTTP/1.1" 200 53498 "https://planetnewspro.com/new-dc-court-docket-smacks-down-federal-decide-after-he-ordered-trump-admin-to-rehire-liberal-voice-of-america-staffers-authorized-professional-reveals-why-ruling-will-have-widespread-impacts-on-d" "Mozilla/5.0 AppleWebKit/537.36 (KHTML, like Gecko; compatible; ClaudeBot/1.0; +claudebot@anthropic.com)"
85.208.96.197 - - [18/Mar/2026:14:23:30 -0400] "GET /roman-kemp-singled-out-by-justin-bieber-as-he-shares-particulars-of-awkward-assembly/ HTTP/1.1" 200 54727 "-" "Mozilla/5.0 (compatible; SemrushBot/7~bl; +http://www.semrush.com/bot.html)"
85.208.96.197 - - [18/Mar/2026:14:23:35 -0400] "GET /what-are-kamala-harris-commerce-insurance-policies/ HTTP/1.1" 200 53780 "-" "Mozilla/5.0 (compatible; SemrushBot/7~bl; +http://www.semrush.com/bot.html)"
50.6.201.88 - - [18/Mar/2026:14:24:11 -0400] "POST /wp-cron.php?doing_wp_cron=1773858251.5344710350036621093750 HTTP/1.1" 200 - "-" "WordPress/6.9.4; https://planetnewspro.com"
216.73.216.103 - - [18/Mar/2026:14:24:09 -0400] "GET /?p=29797 HTTP/1.1" 301 - "-" "Mozilla/5.0 AppleWebKit/537.36 (KHTML, like Gecko; compatible; ClaudeBot/1.0; +claudebot@anthropic.com)"
216.73.216.103 - - [18/Mar/2026:14:24:11 -0400] "GET /?p=29563 HTTP/1.1" 301 - "-" "Mozilla/5.0 AppleWebKit/537.36 (KHTML, like Gecko; compatible; ClaudeBot/1.0; +claudebot@anthropic.com)"
50.6.201.88 - - [18/Mar/2026:14:24:11 -0400] "POST /wp-admin/admin-ajax.php?action=async_litespeed&nonce=6a32a20319&litespeed_type=imgoptm HTTP/1.1" 200 21 "-" "WordPress/6.9.4; https://planetnewspro.com"
216.73.216.103 - - [18/Mar/2026:14:24:11 -0400] "GET /man-utds-two-week-window-to-signal-ex-premier-league-flop-on-striker-shortlist/ HTTP/1.1" 200 54352 "https://planetnewspro.com/?p=29563" "Mozilla/5.0 AppleWebKit/537.36 (KHTML, like Gecko; compatible; ClaudeBot/1.0; +claudebot@anthropic.com)"
216.73.216.103 - - [18/Mar/2026:14:24:11 -0400] "GET /bafta-tv-awards-2025-find-out-how-to-watch-ceremony-whos-nominated-and-whos-presenting/ HTTP/1.1" 200 56330 "https://planetnewspro.com/?p=29797" "Mozilla/5.0 AppleWebKit/537.36 (KHTML, like Gecko; compatible; ClaudeBot/1.0; +claudebot@anthropic.com)"
216.73.216.103 - - [18/Mar/2026:14:24:12 -0400] "GET /?p=36345 HTTP/1.1" 301 - "-" "Mozilla/5.0 AppleWebKit/537.36 (KHTML, like Gecko; compatible; ClaudeBot/1.0; +claudebot@anthropic.com)"
216.73.216.103 - - [18/Mar/2026:14:24:13 -0400] "GET /?p=36916 HTTP/1.1" 301 - "-" "Mozilla/5.0 AppleWebKit/537.36 (KHTML, like Gecko; compatible; ClaudeBot/1.0; +claudebot@anthropic.com)"
216.73.216.103 - - [18/Mar/2026:14:24:12 -0400] "GET /trump-extends-china-tariff-truce-by-one-other-90-days-pushing-new-deadline-to-november/ HTTP/1.1" 200 52600 "https://planetnewspro.com/?p=36345" "Mozilla/5.0 AppleWebKit/537.36 (KHTML, like Gecko; compatible; ClaudeBot/1.0; +claudebot@anthropic.com)"
216.73.216.103 - - [18/Mar/2026:14:24:13 -0400] "GET /nationwide-guard-personnel-will-probably-be-deployed-from-three-pink-states-to-d-c/ HTTP/1.1" 200 55159 "https://planetnewspro.com/?p=36916" "Mozilla/5.0 AppleWebKit/537.36 (KHTML, like Gecko; compatible; ClaudeBot/1.0; +claudebot@anthropic.com)"
216.73.216.103 - - [18/Mar/2026:14:24:13 -0400] "GET /?p=29341 HTTP/1.1" 301 - "-" "Mozilla/5.0 AppleWebKit/537.36 (KHTML, like Gecko; compatible; ClaudeBot/1.0; +claudebot@anthropic.com)"
216.73.216.103 - - [18/Mar/2026:14:24:14 -0400] "GET /?p=28726 HTTP/1.1" 301 - "-" "Mozilla/5.0 AppleWebKit/537.36 (KHTML, like Gecko; compatible; ClaudeBot/1.0; +claudebot@anthropic.com)"
216.73.216.103 - - [18/Mar/2026:14:24:13 -0400] "GET /25-romblon-tourist-spots-to-go-to-issues-to-do/ HTTP/1.1" 200 69205 "https://planetnewspro.com/?p=29341" "Mozilla/5.0 AppleWebKit/537.36 (KHTML, like Gecko; compatible; ClaudeBot/1.0; +claudebot@anthropic.com)"
50.6.201.88 - - [18/Mar/2026:14:24:15 -0400] "POST /wp-cron.php?doing_wp_cron=1773858255.3174250125885009765625 HTTP/1.1" 200 - "-" "WordPress/6.9.4; https://planetnewspro.com"
216.73.216.103 - - [18/Mar/2026:14:24:14 -0400] "GET /trump-order-strips-funding-from-sanctuary-cities-engaged-in-rebel/ HTTP/1.1" 200 53674 "https://planetnewspro.com/?p=28726" "Mozilla/5.0 AppleWebKit/537.36 (KHTML, like Gecko; compatible; ClaudeBot/1.0; +claudebot@anthropic.com)"
50.6.201.88 - - [18/Mar/2026:14:24:24 -0400] "POST /wp-cron.php?doing_wp_cron=1773858264.6090710163116455078125 HTTP/1.1" 200 - "-" "WordPress/6.9.4; https://planetnewspro.com"
216.73.216.103 - - [18/Mar/2026:14:24:24 -0400] "GET /?p=28921 HTTP/1.1" 301 - "-" "Mozilla/5.0 AppleWebKit/537.36 (KHTML, like Gecko; compatible; ClaudeBot/1.0; +claudebot@anthropic.com)"
216.73.216.103 - - [18/Mar/2026:14:24:24 -0400] "GET /senior-state-division-official-sought-inside-communications-with-journalists-european-officers-and-trump-critics/ HTTP/1.1" 200 52827 "https://planetnewspro.com/?p=28921" "Mozilla/5.0 AppleWebKit/537.36 (KHTML, like Gecko; compatible; ClaudeBot/1.0; +claudebot@anthropic.com)"
50.6.201.88 - - [18/Mar/2026:14:24:25 -0400] "POST /wp-cron.php?doing_wp_cron=1773858265.1896929740905761718750 HTTP/1.1" 200 - "-" "WordPress/6.9.4; https://planetnewspro.com"
216.73.216.103 - - [18/Mar/2026:14:24:25 -0400] "GET /?p=29551 HTTP/1.1" 301 - "-" "Mozilla/5.0 AppleWebKit/537.36 (KHTML, like Gecko; compatible; ClaudeBot/1.0; +claudebot@anthropic.com)"
216.73.216.103 - - [18/Mar/2026:14:24:25 -0400] "GET /?p=29791 HTTP/1.1" 301 - "-" "Mozilla/5.0 AppleWebKit/537.36 (KHTML, like Gecko; compatible; ClaudeBot/1.0; +claudebot@anthropic.com)"
216.73.216.103 - - [18/Mar/2026:14:24:25 -0400] "GET /tls-resort-assessment-of-the-rosewood-amsterdam/ HTTP/1.1" 200 57412 "https://planetnewspro.com/?p=29551" "Mozilla/5.0 AppleWebKit/537.36 (KHTML, like Gecko; compatible; ClaudeBot/1.0; +claudebot@anthropic.com)"
50.6.201.88 - - [18/Mar/2026:14:24:26 -0400] "POST /wp-cron.php?doing_wp_cron=1773858266.4383239746093750000000 HTTP/1.1" 200 - "-" "WordPress/6.9.4; https://planetnewspro.com"
216.73.216.103 - - [18/Mar/2026:14:24:25 -0400] "GET /i-requested-a-bunch-of-mothers-what-they-really-need-for-moms-day-right-heres-what-they-stated/ HTTP/1.1" 200 57599 "https://planetnewspro.com/?p=29791" "Mozilla/5.0 AppleWebKit/537.36 (KHTML, like Gecko; compatible; ClaudeBot/1.0; +claudebot@anthropic.com)"
216.73.216.103 - - [18/Mar/2026:14:24:26 -0400] "GET /?p=29479 HTTP/1.1" 301 - "-" "Mozilla/5.0 AppleWebKit/537.36 (KHTML, like Gecko; compatible; ClaudeBot/1.0; +claudebot@anthropic.com)"
216.73.216.103 - - [18/Mar/2026:14:24:26 -0400] "GET /?p=29719 HTTP/1.1" 301 - "-" "Mozilla/5.0 AppleWebKit/537.36 (KHTML, like Gecko; compatible; ClaudeBot/1.0; +claudebot@anthropic.com)"
216.73.216.103 - - [18/Mar/2026:14:24:26 -0400] "GET /5-greatest-barbell-bent-over-row-alternate-options-for-greater-again-growth/ HTTP/1.1" 200 54266 "https://planetnewspro.com/?p=29479" "Mozilla/5.0 AppleWebKit/537.36 (KHTML, like Gecko; compatible; ClaudeBot/1.0; +claudebot@anthropic.com)"
50.6.201.88 - - [18/Mar/2026:14:24:27 -0400] "POST /wp-cron.php?doing_wp_cron=1773858267.1903300285339355468750 HTTP/1.1" 200 - "-" "WordPress/6.9.4; https://planetnewspro.com"
85.208.96.207 - - [18/Mar/2026:14:24:24 -0400] "GET /ai-is-about-to-remodel-training-what-enterprise-leaders-can-be-taught-from-this-improvement/ HTTP/1.1" 200 56208 "-" "Mozilla/5.0 (compatible; SemrushBot/7~bl; +http://www.semrush.com/bot.html)"
216.73.216.103 - - [18/Mar/2026:14:24:26 -0400] "GET /india-pakistan-newest-minister-says-explosions-heard-over-srinagar-in-kashmir-simply-hours-after-ceasefire-deal/ HTTP/1.1" 200 55527 "https://planetnewspro.com/?p=29719" "Mozilla/5.0 AppleWebKit/537.36 (KHTML, like Gecko; compatible; ClaudeBot/1.0; +claudebot@anthropic.com)"
216.73.216.103 - - [18/Mar/2026:14:24:30 -0400] "GET /category/netflix/page/144 HTTP/1.1" 301 - "-" "Mozilla/5.0 AppleWebKit/537.36 (KHTML, like Gecko; compatible; ClaudeBot/1.0; +claudebot@anthropic.com)"
216.73.216.103 - - [18/Mar/2026:14:24:30 -0400] "GET /category/netflix/page/144/ HTTP/1.1" 200 44615 "https://planetnewspro.com/category/netflix/page/144" "Mozilla/5.0 AppleWebKit/537.36 (KHTML, like Gecko; compatible; ClaudeBot/1.0; +claudebot@anthropic.com)"
216.73.216.103 - - [18/Mar/2026:14:24:30 -0400] "GET /it-is-win-win-for-bcci-india HTTP/1.1" 301 - "-" "Mozilla/5.0 AppleWebKit/537.36 (KHTML, like Gecko; compatible; ClaudeBot/1.0; +claudebot@anthropic.com)"
216.73.216.103 - - [18/Mar/2026:14:24:31 -0400] "GET /category/netflix/page/71 HTTP/1.1" 301 - "-" "Mozilla/5.0 AppleWebKit/537.36 (KHTML, like Gecko; compatible; ClaudeBot/1.0; +claudebot@anthropic.com)"
216.73.216.103 - - [18/Mar/2026:14:24:31 -0400] "GET /it-is-win-win-for-bcci-india/ HTTP/1.1" 200 53163 "https://planetnewspro.com/it-is-win-win-for-bcci-india" "Mozilla/5.0 AppleWebKit/537.36 (KHTML, like Gecko; compatible; ClaudeBot/1.0; +claudebot@anthropic.com)"
216.73.216.103 - - [18/Mar/2026:14:24:31 -0400] "GET /category/netflix/page/71/ HTTP/1.1" 200 44740 "https://planetnewspro.com/category/netflix/page/71" "Mozilla/5.0 AppleWebKit/537.36 (KHTML, like Gecko; compatible; ClaudeBot/1.0; +claudebot@anthropic.com)"
216.73.216.103 - - [18/Mar/2026:14:24:32 -0400] "GET /?p=34421 HTTP/1.1" 301 - "-" "Mozilla/5.0 AppleWebKit/537.36 (KHTML, like Gecko; compatible; ClaudeBot/1.0; +claudebot@anthropic.com)"
216.73.216.103 - - [18/Mar/2026:14:24:32 -0400] "GET /gamers-followers-put-cba-heart-stage-throughout-wnba-all-star-weekend/ HTTP/1.1" 200 54848 "https://planetnewspro.com/?p=34421" "Mozilla/5.0 AppleWebKit/537.36 (KHTML, like Gecko; compatible; ClaudeBot/1.0; +claudebot@anthropic.com)"
216.73.216.103 - - [18/Mar/2026:14:24:32 -0400] "GET /?p=36913 HTTP/1.1" 301 - "-" "Mozilla/5.0 AppleWebKit/537.36 (KHTML, like Gecko; compatible; ClaudeBot/1.0; +claudebot@anthropic.com)"
216.73.216.103 - - [18/Mar/2026:14:24:32 -0400] "GET /ought-to-bcci-relaxation-jasprit-bumrah-from-ipl-earlier-than-5-match-take-a-look-at-collection-indias-ex-bowling-coach-has-this-to-say/ HTTP/1.1" 200 53711 "https://planetnewspro.com/?p=36913" "Mozilla/5.0 AppleWebKit/537.36 (KHTML, like Gecko; compatible; ClaudeBot/1.0; +claudebot@anthropic.com)"
185.191.171.8 - - [18/Mar/2026:14:24:38 -0400] "GET /jam-drops-thumbprint-cookies-recipetin-eats/ HTTP/1.1" 200 63098 "-" "Mozilla/5.0 (compatible; SemrushBot/7~bl; +http://www.semrush.com/bot.html)"
185.191.171.19 - - [18/Mar/2026:14:24:41 -0400] "GET /techradars-12-months-in-assessment-2024-from-tri-fold-telephones-and-super-smart-rings-to-ai-all-over-the-place/ HTTP/1.1" 200 75854 "-" "Mozilla/5.0 (compatible; SemrushBot/7~bl; +http://www.semrush.com/bot.html)"
185.191.171.8 - - [18/Mar/2026:14:24:43 -0400] "GET /what-triggered-the-earthquake-in-myanmar-and-thailand-and-why-was-it-so-damaging/ HTTP/1.1" 200 54643 "-" "Mozilla/5.0 (compatible; SemrushBot/7~bl; +http://www.semrush.com/bot.html)"
216.73.216.103 - - [18/Mar/2026:14:24:48 -0400] "GET /florida-reportedly-eyeing-one-other-alligator-alcatraz-at-former-wwii-pow-camp-as-deportations-mount-the-gateway-pundit HTTP/1.1" 301 - "-" "Mozilla/5.0 AppleWebKit/537.36 (KHTML, like Gecko; compatible; ClaudeBot/1.0; +claudebot@anthropic.com)"
216.73.216.103 - - [18/Mar/2026:14:24:48 -0400] "GET /republicans-mull-federal-cuts-to-fbi-irs-abortion-companies-and-extra HTTP/1.1" 301 - "-" "Mozilla/5.0 AppleWebKit/537.36 (KHTML, like Gecko; compatible; ClaudeBot/1.0; +claudebot@anthropic.com)"
216.73.216.103 - - [18/Mar/2026:14:24:49 -0400] "GET /florida-reportedly-eyeing-one-other-alligator-alcatraz-at-former-wwii-pow-camp-as-deportations-mount-the-gateway-pundit/ HTTP/1.1" 200 53031 "https://planetnewspro.com/florida-reportedly-eyeing-one-other-alligator-alcatraz-at-former-wwii-pow-camp-as-deportations-mount-the-gateway-pundit" "Mozilla/5.0 AppleWebKit/537.36 (KHTML, like Gecko; compatible; ClaudeBot/1.0; +claudebot@anthropic.com)"
216.73.216.103 - - [18/Mar/2026:14:24:49 -0400] "GET /ipl-2025-to-restart-new-india-take-a-look-at-captain-replace-bcci-requests-kohli-to-not-retire HTTP/1.1" 301 - "-" "Mozilla/5.0 AppleWebKit/537.36 (KHTML, like Gecko; compatible; ClaudeBot/1.0; +claudebot@anthropic.com)"
216.73.216.103 - - [18/Mar/2026:14:24:49 -0400] "GET /republicans-mull-federal-cuts-to-fbi-irs-abortion-companies-and-extra/ HTTP/1.1" 200 52783 "https://planetnewspro.com/republicans-mull-federal-cuts-to-fbi-irs-abortion-companies-and-extra" "Mozilla/5.0 AppleWebKit/537.36 (KHTML, like Gecko; compatible; ClaudeBot/1.0; +claudebot@anthropic.com)"
216.73.216.103 - - [18/Mar/2026:14:24:49 -0400] "GET /ipl-2025-to-restart-new-india-take-a-look-at-captain-replace-bcci-requests-kohli-to-not-retire/ HTTP/1.1" 200 54116 "https://planetnewspro.com/ipl-2025-to-restart-new-india-take-a-look-at-captain-replace-bcci-requests-kohli-to-not-retire" "Mozilla/5.0 AppleWebKit/537.36 (KHTML, like Gecko; compatible; ClaudeBot/1.0; +claudebot@anthropic.com)"
216.73.216.103 - - [18/Mar/2026:14:24:50 -0400] "GET /gaming-in-india-the-rise-of-a-billion-dollar-financial-powerhouse HTTP/1.1" 301 - "-" "Mozilla/5.0 AppleWebKit/537.36 (KHTML, like Gecko; compatible; ClaudeBot/1.0; +claudebot@anthropic.com)"
216.73.216.103 - - [18/Mar/2026:14:24:50 -0400] "GET /gaming-in-india-the-rise-of-a-billion-dollar-financial-powerhouse/ HTTP/1.1" 200 54060 "https://planetnewspro.com/gaming-in-india-the-rise-of-a-billion-dollar-financial-powerhouse" "Mozilla/5.0 AppleWebKit/537.36 (KHTML, like Gecko; compatible; ClaudeBot/1.0; +claudebot@anthropic.com)"
216.73.216.103 - - [18/Mar/2026:14:24:51 -0400] "GET /5-straightforward-swaps-that-can-assist-you-reduce-on-extremely-processed-meals-linked-to-early-loss-of-life HTTP/1.1" 301 - "-" "Mozilla/5.0 AppleWebKit/537.36 (KHTML, like Gecko; compatible; ClaudeBot/1.0; +claudebot@anthropic.com)"
216.73.216.103 - - [18/Mar/2026:14:24:51 -0400] "GET /5-straightforward-swaps-that-can-assist-you-reduce-on-extremely-processed-meals-linked-to-early-loss-of-life/ HTTP/1.1" 200 54287 "https://planetnewspro.com/5-straightforward-swaps-that-can-assist-you-reduce-on-extremely-processed-meals-linked-to-early-loss-of-life" "Mozilla/5.0 AppleWebKit/537.36 (KHTML, like Gecko; compatible; ClaudeBot/1.0; +claudebot@anthropic.com)"
185.191.171.1 - - [18/Mar/2026:14:25:12 -0400] "GET /ind-vs-nz-why-gambhir-rohit-sharma-ought-to-drop-jadeja-or-axar-patel-carry-washington-sundar-in/ HTTP/1.1" 200 53093 "-" "Mozilla/5.0 (compatible; SemrushBot/7~bl; +http://www.semrush.com/bot.html)"
50.6.201.88 - - [18/Mar/2026:14:25:35 -0400] "POST /wp-cron.php?doing_wp_cron=1773858335.1565361022949218750000 HTTP/1.1" 200 - "-" "WordPress/6.9.4; https://planetnewspro.com"
216.73.216.103 - - [18/Mar/2026:14:25:35 -0400] "GET /?p=29506 HTTP/1.1" 301 - "-" "Mozilla/5.0 AppleWebKit/537.36 (KHTML, like Gecko; compatible; ClaudeBot/1.0; +claudebot@anthropic.com)"
216.73.216.103 - - [18/Mar/2026:14:25:35 -0400] "GET /?p=28750 HTTP/1.1" 301 - "-" "Mozilla/5.0 AppleWebKit/537.36 (KHTML, like Gecko; compatible; ClaudeBot/1.0; +claudebot@anthropic.com)"
50.6.201.88 - - [18/Mar/2026:14:25:35 -0400] "POST /wp-admin/admin-ajax.php?action=async_litespeed&nonce=6a32a20319&litespeed_type=imgoptm HTTP/1.1" 200 21 "-" "WordPress/6.9.4; https://planetnewspro.com"
216.73.216.103 - - [18/Mar/2026:14:25:35 -0400] "GET /exploring-icelandic-glaciers-your-information-to-the-kjolur-route-within-the-southeast-highlands/ HTTP/1.1" 200 57491 "https://planetnewspro.com/?p=29506" "Mozilla/5.0 AppleWebKit/537.36 (KHTML, like Gecko; compatible; ClaudeBot/1.0; +claudebot@anthropic.com)"
50.6.201.88 - - [18/Mar/2026:14:25:36 -0400] "POST /wp-cron.php?doing_wp_cron=1773858336.3295309543609619140625 HTTP/1.1" 200 - "-" "WordPress/6.9.4; https://planetnewspro.com"
216.73.216.103 - - [18/Mar/2026:14:25:36 -0400] "GET /?p=29755 HTTP/1.1" 301 - "-" "Mozilla/5.0 AppleWebKit/537.36 (KHTML, like Gecko; compatible; ClaudeBot/1.0; +claudebot@anthropic.com)"
216.73.216.103 - - [18/Mar/2026:14:25:36 -0400] "GET /bikini-clad-jordon-hudson-provides-boyfriend-invoice-belichick-a-wink-as-he-watches-her-compete-in-miss-maine-pageant/ HTTP/1.1" 200 55333 "https://planetnewspro.com/?p=29755" "Mozilla/5.0 AppleWebKit/537.36 (KHTML, like Gecko; compatible; ClaudeBot/1.0; +claudebot@anthropic.com)"
216.73.216.103 - - [18/Mar/2026:14:25:37 -0400] "GET /?p=29272 HTTP/1.1" 301 - "-" "Mozilla/5.0 AppleWebKit/537.36 (KHTML, like Gecko; compatible; ClaudeBot/1.0; +claudebot@anthropic.com)"
216.73.216.103 - - [18/Mar/2026:14:25:37 -0400] "GET /the-postpartum-bounce-again-lie-why-you-dont-owe-anybody-your-pre-child-physique/ HTTP/1.1" 200 57361 "https://planetnewspro.com/?p=29272" "Mozilla/5.0 AppleWebKit/537.36 (KHTML, like Gecko; compatible; ClaudeBot/1.0; +claudebot@anthropic.com)"
50.6.201.88 - - [18/Mar/2026:14:25:38 -0400] "POST /wp-cron.php?doing_wp_cron=1773858338.0575909614562988281250 HTTP/1.1" 200 - "-" "WordPress/6.9.4; https://planetnewspro.com"
216.73.216.103 - - [18/Mar/2026:14:25:36 -0400] "GET /no-extra-window-switching-mastercards-agent-pay-transforms-how-enterprises-use-ai-search/ HTTP/1.1" 200 53872 "https://planetnewspro.com/?p=28750" "Mozilla/5.0 AppleWebKit/537.36 (KHTML, like Gecko; compatible; ClaudeBot/1.0; +claudebot@anthropic.com)"
216.73.216.103 - - [18/Mar/2026:14:25:38 -0400] "GET /?p=29749 HTTP/1.1" 301 - "-" "Mozilla/5.0 AppleWebKit/537.36 (KHTML, like Gecko; compatible; ClaudeBot/1.0; +claudebot@anthropic.com)"
216.73.216.103 - - [18/Mar/2026:14:25:38 -0400] "GET /10-very-finest-issues-to-do-in-tainan-taiwan-hand-baggage-solely/ HTTP/1.1" 200 62794 "https://planetnewspro.com/?p=29749" "Mozilla/5.0 AppleWebKit/537.36 (KHTML, like Gecko; compatible; ClaudeBot/1.0; +claudebot@anthropic.com)"
185.191.171.10 - - [18/Mar/2026:14:25:40 -0400] "GET /india-and-pakistan-spar-at-un-after-shehbaz-sharif-likens-individuals-of-kashmir-to-palestinians/ HTTP/1.1" 200 53667 "-" "Mozilla/5.0 (compatible; SemrushBot/7~bl; +http://www.semrush.com/bot.html)"
216.73.216.103 - - [18/Mar/2026:14:25:42 -0400] "GET /canadas-stanley-cup-drought-might-finish-in-2025 HTTP/1.1" 301 - "-" "Mozilla/5.0 AppleWebKit/537.36 (KHTML, like Gecko; compatible; ClaudeBot/1.0; +claudebot@anthropic.com)"
216.73.216.103 - - [18/Mar/2026:14:25:42 -0400] "GET /fuming-neighbours-pressured-into-disgusting-poo-row-over-deserted-dwelling HTTP/1.1" 301 - "-" "Mozilla/5.0 AppleWebKit/537.36 (KHTML, like Gecko; compatible; ClaudeBot/1.0; +claudebot@anthropic.com)"
216.73.216.103 - - [18/Mar/2026:14:25:42 -0400] "GET /canadas-stanley-cup-drought-might-finish-in-2025/ HTTP/1.1" 200 54373 "https://planetnewspro.com/canadas-stanley-cup-drought-might-finish-in-2025" "Mozilla/5.0 AppleWebKit/537.36 (KHTML, like Gecko; compatible; ClaudeBot/1.0; +claudebot@anthropic.com)"
216.73.216.103 - - [18/Mar/2026:14:25:43 -0400] "GET /fuming-neighbours-pressured-into-disgusting-poo-row-over-deserted-dwelling/ HTTP/1.1" 200 54148 "https://planetnewspro.com/fuming-neighbours-pressured-into-disgusting-poo-row-over-deserted-dwelling" "Mozilla/5.0 AppleWebKit/537.36 (KHTML, like Gecko; compatible; ClaudeBot/1.0; +claudebot@anthropic.com)"
216.73.216.103 - - [18/Mar/2026:14:25:44 -0400] "GET /home-made-waffle-recipe-spend-with-pennies HTTP/1.1" 301 - "-" "Mozilla/5.0 AppleWebKit/537.36 (KHTML, like Gecko; compatible; ClaudeBot/1.0; +claudebot@anthropic.com)"
216.73.216.103 - - [18/Mar/2026:14:25:44 -0400] "GET /home-made-waffle-recipe-spend-with-pennies/ HTTP/1.1" 200 57577 "https://planetnewspro.com/home-made-waffle-recipe-spend-with-pennies" "Mozilla/5.0 AppleWebKit/537.36 (KHTML, like Gecko; compatible; ClaudeBot/1.0; +claudebot@anthropic.com)"
216.73.216.103 - - [18/Mar/2026:14:25:44 -0400] "GET /why-lsg-should-not-have-bid-rs-27-crore-for-rishabh-pant HTTP/1.1" 301 - "-" "Mozilla/5.0 AppleWebKit/537.36 (KHTML, like Gecko; compatible; ClaudeBot/1.0; +claudebot@anthropic.com)"
216.73.216.103 - - [18/Mar/2026:14:25:44 -0400] "GET /youngster-warriors-being-ready-to-combat-natures-wrath HTTP/1.1" 301 - "-" "Mozilla/5.0 AppleWebKit/537.36 (KHTML, like Gecko; compatible; ClaudeBot/1.0; +claudebot@anthropic.com)"
216.73.216.103 - - [18/Mar/2026:14:25:44 -0400] "GET /why-lsg-should-not-have-bid-rs-27-crore-for-rishabh-pant/ HTTP/1.1" 200 53311 "https://planetnewspro.com/why-lsg-should-not-have-bid-rs-27-crore-for-rishabh-pant" "Mozilla/5.0 AppleWebKit/537.36 (KHTML, like Gecko; compatible; ClaudeBot/1.0; +claudebot@anthropic.com)"
216.73.216.103 - - [18/Mar/2026:14:25:45 -0400] "GET /youngster-warriors-being-ready-to-combat-natures-wrath/ HTTP/1.1" 200 53968 "https://planetnewspro.com/youngster-warriors-being-ready-to-combat-natures-wrath" "Mozilla/5.0 AppleWebKit/537.36 (KHTML, like Gecko; compatible; ClaudeBot/1.0; +claudebot@anthropic.com)"
51.38.115.13 - - [18/Mar/2026:14:25:50 -0400] "GET /due-to-chatgpt-google-ai-mode-will-change-search-as-you-already-know-it/ HTTP/1.1" 200 55807 "-" "Mozilla/5.0 (Windows NT 10.0; Win64; x64) AppleWebKit/537.36 (KHTML, like Gecko) Chrome/139.0.0.0 Safari/537.36"
57.129.81.225 - - [18/Mar/2026:14:25:50 -0400] "GET /we-hand-picked-the-61-greatest-offers-from-the-2025-rei-anniversary-sale/ HTTP/1.1" 200 74781 "-" "Mozilla/5.0 (Windows NT 10.0; Win64; x64) AppleWebKit/537.36 (KHTML, like Gecko) Chrome/139.0.0.0 Safari/537.36"
141.94.78.40 - - [18/Mar/2026:14:25:52 -0400] "GET /category/netflix/page/47/ HTTP/1.1" 200 44692 "-" "Mozilla/5.0 (Windows NT 10.0; Win64; x64) AppleWebKit/537.36 (KHTML, like Gecko) Chrome/139.0.0.0 Safari/537.36"
151.80.133.171 - - [18/Mar/2026:14:25:53 -0400] "GET /the-movie-star-battle-for-the-white-home-how-americas-wealthy-and-well-known-are-waging-political-warfare-on-social-media-as-hollywoods-largest-stars-reveal-who-theyre-endorsing/ HTTP/1.1" 200 83404 "-" "Mozilla/5.0 (Windows NT 10.0; Win64; x64) AppleWebKit/537.36 (KHTML, like Gecko) Chrome/139.0.0.0 Safari/537.36"
57.129.81.227 - - [18/Mar/2026:14:25:54 -0400] "GET /why-an-nfl-draft-lottery-would-be-a-catastrophe-for-soccer-followers/ HTTP/1.1" 200 52249 "-" "Mozilla/5.0 (Windows NT 10.0; Win64; x64) AppleWebKit/537.36 (KHTML, like Gecko) Chrome/139.0.0.0 Safari/537.36"
147.135.209.14 - - [18/Mar/2026:14:25:54 -0400] "GET /indy-500-qualifying-pato-oward-elated-after-greatest-indy-500-qualifying-run-ive-ever-had/ HTTP/1.1" 200 52803 "-" "Mozilla/5.0 (Windows NT 10.0; Win64; x64) AppleWebKit/537.36 (KHTML, like Gecko) Chrome/139.0.0.0 Safari/537.36"
51.75.23.120 - - [18/Mar/2026:14:25:54 -0400] "GET /category/sports/page/128/ HTTP/1.1" 200 44879 "-" "Mozilla/5.0 (Windows NT 10.0; Win64; x64) AppleWebKit/537.36 (KHTML, like Gecko) Chrome/139.0.0.0 Safari/537.36"
57.129.69.77 - - [18/Mar/2026:14:25:54 -0400] "GET /bluesky-gears-up-for-election-day-as-x-goes-pro-trump/ HTTP/1.1" 200 53240 "-" "Mozilla/5.0 (Windows NT 10.0; Win64; x64) AppleWebKit/537.36 (KHTML, like Gecko) Chrome/139.0.0.0 Safari/537.36"
146.59.127.80 - - [18/Mar/2026:14:25:55 -0400] "GET /category/politics/page/206/ HTTP/1.1" 200 44829 "-" "Mozilla/5.0 (Windows NT 10.0; Win64; x64) AppleWebKit/537.36 (KHTML, like Gecko) Chrome/139.0.0.0 Safari/537.36"
57.129.81.226 - - [18/Mar/2026:14:25:56 -0400] "GET /author/admin-pnp-171/page/1743/ HTTP/1.1" 200 43854 "-" "Mozilla/5.0 (Windows NT 10.0; Win64; x64) AppleWebKit/537.36 (KHTML, like Gecko) Chrome/139.0.0.0 Safari/537.36"
51.91.255.135 - - [18/Mar/2026:14:25:54 -0400] "GET /how-connectys-ai-context-mapping-may-finish-enterprise-information-pipeline-chaos/ HTTP/1.1" 200 54491 "-" "Mozilla/5.0 (Windows NT 10.0; Win64; x64) AppleWebKit/537.36 (KHTML, like Gecko) Chrome/139.0.0.0 Safari/537.36"
149.202.51.38 - - [18/Mar/2026:14:25:56 -0400] "GET /trump-deletes-bidens-federal-police-misconduct-database/ HTTP/1.1" 200 52160 "-" "Mozilla/5.0 (Windows NT 10.0; Win64; x64) AppleWebKit/537.36 (KHTML, like Gecko) Chrome/139.0.0.0 Safari/537.36"
141.94.78.40 - - [18/Mar/2026:14:25:56 -0400] "GET /watch-british-irish-lions-vs-argentina-free-on-line/ HTTP/1.1" 200 54846 "-" "Mozilla/5.0 (Windows NT 10.0; Win64; x64) AppleWebKit/537.36 (KHTML, like Gecko) Chrome/139.0.0.0 Safari/537.36"
57.129.69.65 - - [18/Mar/2026:14:25:56 -0400] "GET /meta-says-app-shops-ought-to-police-australia-under-16-social-ban/ HTTP/1.1" 200 52259 "-" "Mozilla/5.0 (Windows NT 10.0; Win64; x64) AppleWebKit/537.36 (KHTML, like Gecko) Chrome/139.0.0.0 Safari/537.36"
57.129.69.7 - - [18/Mar/2026:14:25:56 -0400] "GET /category/travel/page/85/ HTTP/1.1" 200 44459 "-" "Mozilla/5.0 (Windows NT 10.0; Win64; x64) AppleWebKit/537.36 (KHTML, like Gecko) Chrome/139.0.0.0 Safari/537.36"
216.73.216.103 - - [18/Mar/2026:14:25:58 -0400] "GET /6-high-nutritionist-advisable-dietary-supplements-get-shredded HTTP/1.1" 301 - "-" "Mozilla/5.0 AppleWebKit/537.36 (KHTML, like Gecko; compatible; ClaudeBot/1.0; +claudebot@anthropic.com)"
216.73.216.103 - - [18/Mar/2026:14:25:58 -0400] "GET /openai-microsoft-inform-senate-nobody-nation-can-win-ai HTTP/1.1" 301 - "-" "Mozilla/5.0 AppleWebKit/537.36 (KHTML, like Gecko; compatible; ClaudeBot/1.0; +claudebot@anthropic.com)"
216.73.216.103 - - [18/Mar/2026:14:25:58 -0400] "GET /6-high-nutritionist-advisable-dietary-supplements-get-shredded/ HTTP/1.1" 200 54755 "https://planetnewspro.com/6-high-nutritionist-advisable-dietary-supplements-get-shredded" "Mozilla/5.0 AppleWebKit/537.36 (KHTML, like Gecko; compatible; ClaudeBot/1.0; +claudebot@anthropic.com)"
216.73.216.103 - - [18/Mar/2026:14:25:58 -0400] "GET /openai-microsoft-inform-senate-nobody-nation-can-win-ai/ HTTP/1.1" 200 55827 "https://planetnewspro.com/openai-microsoft-inform-senate-nobody-nation-can-win-ai" "Mozilla/5.0 AppleWebKit/537.36 (KHTML, like Gecko; compatible; ClaudeBot/1.0; +claudebot@anthropic.com)"
216.73.216.103 - - [18/Mar/2026:14:25:59 -0400] "GET /france-seeks-small-parcel-charges-as-flows-from-china-surge HTTP/1.1" 301 - "-" "Mozilla/5.0 AppleWebKit/537.36 (KHTML, like Gecko; compatible; ClaudeBot/1.0; +claudebot@anthropic.com)"
216.73.216.103 - - [18/Mar/2026:14:25:59 -0400] "GET /court-docket-holds-anti-dei-govt-orders-do-not-facially-violate-first-modification HTTP/1.1" 301 - "-" "Mozilla/5.0 AppleWebKit/537.36 (KHTML, like Gecko; compatible; ClaudeBot/1.0; +claudebot@anthropic.com)"
216.73.216.103 - - [18/Mar/2026:14:25:59 -0400] "GET /france-seeks-small-parcel-charges-as-flows-from-china-surge/ HTTP/1.1" 200 52140 "https://planetnewspro.com/france-seeks-small-parcel-charges-as-flows-from-china-surge" "Mozilla/5.0 AppleWebKit/537.36 (KHTML, like Gecko; compatible; ClaudeBot/1.0; +claudebot@anthropic.com)"
216.73.216.103 - - [18/Mar/2026:14:25:59 -0400] "GET /court-docket-holds-anti-dei-govt-orders-do-not-facially-violate-first-modification/ HTTP/1.1" 200 59465 "https://planetnewspro.com/court-docket-holds-anti-dei-govt-orders-do-not-facially-violate-first-modification" "Mozilla/5.0 AppleWebKit/537.36 (KHTML, like Gecko; compatible; ClaudeBot/1.0; +claudebot@anthropic.com)"
216.73.216.103 - - [18/Mar/2026:14:26:00 -0400] "GET /why-kettlebells-are-one-of-many-most-efficient-coaching-instruments HTTP/1.1" 301 - "-" "Mozilla/5.0 AppleWebKit/537.36 (KHTML, like Gecko; compatible; ClaudeBot/1.0; +claudebot@anthropic.com)"
