52.23.112.144 - - [18/Mar/2026:13:49:57 -0400] "GET /wp-json/wp/v2/posts/2035 HTTP/1.1" 200 7856 "-" "Mozilla/5.0 AppleWebKit/537.36 (KHTML, like Gecko; compatible; Amazonbot/0.1; +https://developer.amazon.com/support/amazonbot) Chrome/119.0.6045.214 Safari/537.36"
50.6.201.88 - - [18/Mar/2026:13:50:01 -0400] "POST /wp-cron.php?doing_wp_cron=1773856201.1573998928070068359375 HTTP/1.1" 200 - "-" "WordPress/6.9.4; https://planetnewspro.com"
23.20.178.124 - - [18/Mar/2026:13:50:00 -0400] "GET /wp-json/oembed/1.0/embed?format=xml&url=https://planetnewspro.com/trump-brags-to-the-easter-bunny-about-reducing-the-flags-for-pope-francis/ HTTP/1.1" 200 1660 "-" "Mozilla/5.0 AppleWebKit/537.36 (KHTML, like Gecko; compatible; Amazonbot/0.1; +https://developer.amazon.com/support/amazonbot) Chrome/119.0.6045.214 Safari/537.36"
50.6.201.88 - - [18/Mar/2026:13:50:01 -0400] "POST /wp-admin/admin-ajax.php?action=async_litespeed&nonce=6a32a20319&litespeed_type=imgoptm HTTP/1.1" 200 21 "-" "WordPress/6.9.4; https://planetnewspro.com"
44.221.105.234 - - [18/Mar/2026:13:50:04 -0400] "GET /wp-json/oembed/1.0/embed?url=https://planetnewspro.com/the-epa-publicizes-a-idiots-errand-reconsidering-the-endangerment-discovering/ HTTP/1.1" 200 1549 "-" "Mozilla/5.0 AppleWebKit/537.36 (KHTML, like Gecko; compatible; Amazonbot/0.1; +https://developer.amazon.com/support/amazonbot) Chrome/119.0.6045.214 Safari/537.36"
50.6.201.88 - - [18/Mar/2026:13:50:09 -0400] "POST /wp-cron.php?doing_wp_cron=1773856209.7998030185699462890625 HTTP/1.1" 200 - "-" "WordPress/6.9.4; https://planetnewspro.com"
54.197.102.71 - - [18/Mar/2026:13:50:09 -0400] "GET /wp-json/oembed/1.0/embed?url=https://planetnewspro.com/trumps-leaked-peace-plan-reportedly-inflicting-panic-in-ukraine-europe/ HTTP/1.1" 200 1535 "-" "Mozilla/5.0 AppleWebKit/537.36 (KHTML, like Gecko; compatible; Amazonbot/0.1; +https://developer.amazon.com/support/amazonbot) Chrome/119.0.6045.214 Safari/537.36"
18.215.49.176 - - [18/Mar/2026:13:50:11 -0400] "GET /monsters-the-lyle-and-erik-menendez-story-is-netflixs-1-present-however-its-not-as-widespread-as-dahmer-listed-below-are-3-higher-crime-dramas-with-over-85-on-rotten-tomatoes/ HTTP/1.1" 200 57014 "-" "Mozilla/5.0 AppleWebKit/537.36 (KHTML, like Gecko; compatible; Amazonbot/0.1; +https://developer.amazon.com/support/amazonbot) Chrome/119.0.6045.214 Safari/537.36"
23.23.104.107 - - [18/Mar/2026:13:50:17 -0400] "GET /wp-json/oembed/1.0/embed?url=https://planetnewspro.com/lawsuit-in-opposition-to-kathy-griffin-alleging-she-tweeted-to-get-man-fired-can-go-ahead/ HTTP/1.1" 200 1556 "-" "Mozilla/5.0 AppleWebKit/537.36 (KHTML, like Gecko; compatible; Amazonbot/0.1; +https://developer.amazon.com/support/amazonbot) Chrome/119.0.6045.214 Safari/537.36"
185.191.171.16 - - [18/Mar/2026:13:50:17 -0400] "GET /face-recognition-younger-most-cancers-victims-openai-future-goods-high-10/ HTTP/1.1" 200 57354 "-" "Mozilla/5.0 (compatible; SemrushBot/7~bl; +http://www.semrush.com/bot.html)"
50.6.201.88 - - [18/Mar/2026:13:50:20 -0400] "POST /wp-cron.php?doing_wp_cron=1773856220.3036689758300781250000 HTTP/1.1" 200 - "-" "WordPress/6.9.4; https://planetnewspro.com"
18.215.49.176 - - [18/Mar/2026:13:50:19 -0400] "GET /wp-json/oembed/1.0/embed?format=xml&url=https://planetnewspro.com/chicago-academics-union-members-approve-deal-to-push-common-wage-over-114000/ HTTP/1.1" 200 1564 "-" "Mozilla/5.0 AppleWebKit/537.36 (KHTML, like Gecko; compatible; Amazonbot/0.1; +https://developer.amazon.com/support/amazonbot) Chrome/119.0.6045.214 Safari/537.36"
85.208.96.200 - - [18/Mar/2026:13:50:23 -0400] "GET /biden-and-trump-try-to-courtroom-working-class-voters/ HTTP/1.1" 200 54533 "-" "Mozilla/5.0 (compatible; SemrushBot/7~bl; +http://www.semrush.com/bot.html)"
18.207.89.138 - - [18/Mar/2026:13:50:24 -0400] "GET /wp-json/oembed/1.0/embed?format=xml&url=https://planetnewspro.com/retirees-are-selecting-these-texas-counties-for-small-city-allure-inexpensive-coastal-dwelling-accessible-well-being-care-and-extra/ HTTP/1.1" 200 1709 "-" "Mozilla/5.0 AppleWebKit/537.36 (KHTML, like Gecko; compatible; Amazonbot/0.1; +https://developer.amazon.com/support/amazonbot) Chrome/119.0.6045.214 Safari/537.36"
185.191.171.8 - - [18/Mar/2026:13:50:29 -0400] "GET /individuals-need-extra-u-s-manufacturing-facility-jobs-so-long-as-they-dont-need-to-work-them/ HTTP/1.1" 200 54842 "-" "Mozilla/5.0 (compatible; SemrushBot/7~bl; +http://www.semrush.com/bot.html)"
54.197.114.76 - - [18/Mar/2026:13:50:33 -0400] "GET /wp-json/oembed/1.0/embed?url=https://planetnewspro.com/faculty-soccer-playoff-launched-first-top-25-rankings-of-season-with-loads-of-surprises/ HTTP/1.1" 200 1557 "-" "Mozilla/5.0 AppleWebKit/537.36 (KHTML, like Gecko; compatible; Amazonbot/0.1; +https://developer.amazon.com/support/amazonbot) Chrome/119.0.6045.214 Safari/537.36"
85.208.96.199 - - [18/Mar/2026:13:50:38 -0400] "GET /pacers-scent-blood-after-stunner-in-recreation-1-knicks-on-the-brink-already/ HTTP/1.1" 200 52467 "-" "Mozilla/5.0 (compatible; SemrushBot/7~bl; +http://www.semrush.com/bot.html)"
85.208.96.205 - - [18/Mar/2026:13:50:41 -0400] "GET /5-should-watch-reveals-and-motion-pictures-that-have-jason-batemans-spouse-amanda-anka-imprint-all-over-them/ HTTP/1.1" 200 54443 "-" "Mozilla/5.0 (compatible; SemrushBot/7~bl; +http://www.semrush.com/bot.html)"
50.6.201.88 - - [18/Mar/2026:13:50:54 -0400] "POST /wp-cron.php?doing_wp_cron=1773856254.2253739833831787109375 HTTP/1.1" 200 - "-" "WordPress/6.9.4; https://planetnewspro.com"
185.191.171.16 - - [18/Mar/2026:13:50:53 -0400] "GET /brown-butter-blueberry-peach-crisp/ HTTP/1.1" 200 59191 "-" "Mozilla/5.0 (compatible; SemrushBot/7~bl; +http://www.semrush.com/bot.html)"
50.6.201.88 - - [18/Mar/2026:13:51:00 -0400] "POST /wp-cron.php?doing_wp_cron=1773856260.1342730522155761718750 HTTP/1.1" 200 - "-" "WordPress/6.9.4; https://planetnewspro.com"
185.191.171.8 - - [18/Mar/2026:13:50:59 -0400] "GET /why-are-1000s-of-scholars-protesting-in-opposition-to-the-federal-government-in-bangladesh/ HTTP/1.1" 200 55629 "-" "Mozilla/5.0 (compatible; SemrushBot/7~bl; +http://www.semrush.com/bot.html)"
50.6.201.88 - - [18/Mar/2026:13:51:00 -0400] "POST /wp-admin/admin-ajax.php?action=async_litespeed&nonce=6a32a20319&litespeed_type=imgoptm HTTP/1.1" 200 21 "-" "WordPress/6.9.4; https://planetnewspro.com"
50.6.201.88 - - [18/Mar/2026:13:51:09 -0400] "POST /wp-cron.php?doing_wp_cron=1773856269.1953659057617187500000 HTTP/1.1" 200 - "-" "WordPress/6.9.4; https://planetnewspro.com"
40.77.167.10 - - [18/Mar/2026:13:51:08 -0400] "GET /watermelon-salad-with-feta-recipe/ HTTP/1.1" 200 54333 "-" "Mozilla/5.0 AppleWebKit/537.36 (KHTML, like Gecko; compatible; bingbot/2.0; +http://www.bing.com/bingbot.htm) Chrome/116.0.1938.76 Safari/537.36"
50.6.201.88 - - [18/Mar/2026:13:51:16 -0400] "POST /wp-cron.php?doing_wp_cron=1773856276.3992810249328613281250 HTTP/1.1" 200 - "-" "WordPress/6.9.4; https://planetnewspro.com"
185.191.171.15 - - [18/Mar/2026:13:51:14 -0400] "GET /meta-leads-open-source-ai-growth-llama-downloads-surge-10x-year-over-year/ HTTP/1.1" 200 55125 "-" "Mozilla/5.0 (compatible; SemrushBot/7~bl; +http://www.semrush.com/bot.html)"
85.208.96.208 - - [18/Mar/2026:13:51:19 -0400] "GET /clop-ransomware-gang-names-dozens-of-victims-hit-by-cleo-mass-hack-however-a-number-of-corporations-dispute-breaches/ HTTP/1.1" 200 52878 "-" "Mozilla/5.0 (compatible; SemrushBot/7~bl; +http://www.semrush.com/bot.html)"
50.6.201.88 - - [18/Mar/2026:13:51:26 -0400] "POST /wp-cron.php?doing_wp_cron=1773856286.7061870098114013671875 HTTP/1.1" 200 - "-" "WordPress/6.9.4; https://planetnewspro.com"
207.180.11.245 - - [18/Mar/2026:13:51:26 -0400] "GET /the-shocking-trick-to-attaining-bakery-high-quality-apple-fritters-at-dwelling/feed/ HTTP/1.1" 200 935 "-" "Mozilla/5.0 (Macintosh; Intel Mac OS X 10_15_7) AppleWebKit/537.36 (KHTML, like Gecko) Chrome/135.0.0.0 Safari/537.36"
85.208.96.199 - - [18/Mar/2026:13:51:50 -0400] "GET /bashar-al-assad-launches-lethal-counter-offensive-as-putin-air-strikes-kill-civilians-after-syrian-rebels-seize-aleppo/ HTTP/1.1" 200 54542 "-" "Mozilla/5.0 (compatible; SemrushBot/7~bl; +http://www.semrush.com/bot.html)"
50.6.201.88 - - [18/Mar/2026:13:52:02 -0400] "POST /wp-cron.php?doing_wp_cron=1773856322.0918309688568115234375 HTTP/1.1" 200 - "-" "WordPress/6.9.4; https://planetnewspro.com"
185.191.171.12 - - [18/Mar/2026:13:52:01 -0400] "GET /spicy-margarita-recipe-love-and-lemons/ HTTP/1.1" 200 54463 "-" "Mozilla/5.0 (compatible; SemrushBot/7~bl; +http://www.semrush.com/bot.html)"
50.6.201.88 - - [18/Mar/2026:13:52:02 -0400] "POST /wp-admin/admin-ajax.php?action=async_litespeed&nonce=6a32a20319&litespeed_type=imgoptm HTTP/1.1" 200 21 "-" "WordPress/6.9.4; https://planetnewspro.com"
50.6.201.88 - - [18/Mar/2026:13:52:14 -0400] "POST /wp-cron.php?doing_wp_cron=1773856334.5689640045166015625000 HTTP/1.1" 200 - "-" "WordPress/6.9.4; https://planetnewspro.com"
85.208.96.210 - - [18/Mar/2026:13:52:13 -0400] "GET /hidden-hongkong-high-10-off-the-crushed-path-sights-to-keep-away-from-the-crowd/ HTTP/1.1" 200 67382 "-" "Mozilla/5.0 (compatible; SemrushBot/7~bl; +http://www.semrush.com/bot.html)"
185.191.171.19 - - [18/Mar/2026:13:52:17 -0400] "GET /monsters-the-lyle-and-erik-menendez-story-is-netflixs-1-present-however-its-not-as-widespread-as-dahmer-listed-below-are-3-higher-crime-dramas-with-over-85-on-rotten-tomatoes/ HTTP/1.1" 200 57013 "-" "Mozilla/5.0 (compatible; SemrushBot/7~bl; +http://www.semrush.com/bot.html)"
50.6.201.88 - - [18/Mar/2026:13:52:20 -0400] "POST /wp-cron.php?doing_wp_cron=1773856340.0353879928588867187500 HTTP/1.1" 200 - "-" "WordPress/6.9.4; https://planetnewspro.com"
185.191.171.19 - - [18/Mar/2026:13:52:19 -0400] "GET /paramedic-was-in-a-gathering-when-she-might-have-handled-dying-motorcyclist-father-of-five-who-handed-away-after-54-minute-await-therapy-inquest-hears/ HTTP/1.1" 200 53545 "-" "Mozilla/5.0 (compatible; SemrushBot/7~bl; +http://www.semrush.com/bot.html)"
185.191.171.2 - - [18/Mar/2026:13:52:48 -0400] "GET /how-do-i-take-care-of-my-trump-voting-household-at-christmas/ HTTP/1.1" 200 57351 "-" "Mozilla/5.0 (compatible; SemrushBot/7~bl; +http://www.semrush.com/bot.html)"
50.6.201.88 - - [18/Mar/2026:13:52:54 -0400] "POST /wp-cron.php?doing_wp_cron=1773856374.1615309715270996093750 HTTP/1.1" 200 - "-" "WordPress/6.9.4; https://planetnewspro.com"
85.208.96.205 - - [18/Mar/2026:13:52:53 -0400] "GET /ideas-for-touring-in-japan-with-children/ HTTP/1.1" 200 58161 "-" "Mozilla/5.0 (compatible; SemrushBot/7~bl; +http://www.semrush.com/bot.html)"
85.208.96.201 - - [18/Mar/2026:13:52:58 -0400] "GET /al-mvp-race-bobby-witt-jr-is-placing-collectively-an-mvp-caliber-season-on-the-flawed-time/ HTTP/1.1" 200 57651 "-" "Mozilla/5.0 (compatible; SemrushBot/7~bl; +http://www.semrush.com/bot.html)"
50.6.201.88 - - [18/Mar/2026:13:54:14 -0400] "POST /wp-cron.php?doing_wp_cron=1773856454.7156488895416259765625 HTTP/1.1" 200 - "-" "WordPress/6.9.4; https://planetnewspro.com"
185.191.171.17 - - [18/Mar/2026:13:54:12 -0400] "GET /terrifying-second-schoolgirl-17-is-dragged-alongside-a-avenue-after-leg-is-trapped-in-closing-bus-door/ HTTP/1.1" 200 53896 "-" "Mozilla/5.0 (compatible; SemrushBot/7~bl; +http://www.semrush.com/bot.html)"
50.6.201.88 - - [18/Mar/2026:13:54:14 -0400] "POST /wp-admin/admin-ajax.php?action=async_litespeed&nonce=6a32a20319&litespeed_type=imgoptm HTTP/1.1" 200 21 "-" "WordPress/6.9.4; https://planetnewspro.com"
50.6.201.88 - - [18/Mar/2026:13:54:21 -0400] "POST /wp-cron.php?doing_wp_cron=1773856460.9949569702148437500000 HTTP/1.1" 200 - "-" "WordPress/6.9.4; https://planetnewspro.com"
85.208.96.207 - - [18/Mar/2026:13:54:20 -0400] "GET /was-the-final-girl-hanged-in-britain-the-sufferer-of-a-horrible-miscarriage-of-justice-a-brand-new-marketing-campaign-is-looking-for-her-to-be-pardoned-after-extraordinary-proof-got-here-to-gent/ HTTP/1.1" 200 58368 "-" "Mozilla/5.0 (compatible; SemrushBot/7~bl; +http://www.semrush.com/bot.html)"
185.191.171.2 - - [18/Mar/2026:13:54:23 -0400] "GET /grilled-tri-tip-recipe-the-recipe-critic/ HTTP/1.1" 200 56932 "-" "Mozilla/5.0 (compatible; SemrushBot/7~bl; +http://www.semrush.com/bot.html)"
85.208.96.206 - - [18/Mar/2026:13:54:32 -0400] "GET /malayan-tiger-on-brink-of-extinction-as-spate-of-deaths-sparks-alarm/ HTTP/1.1" 200 52895 "-" "Mozilla/5.0 (compatible; SemrushBot/7~bl; +http://www.semrush.com/bot.html)"
50.6.201.88 - - [18/Mar/2026:13:54:59 -0400] "POST /wp-cron.php?doing_wp_cron=1773856499.8375558853149414062500 HTTP/1.1" 200 - "-" "WordPress/6.9.4; https://planetnewspro.com"
85.208.96.210 - - [18/Mar/2026:13:54:59 -0400] "GET /youngsters-amongst-dozens-useless-in-drone-assault-in-myanmar-witnesses-say/ HTTP/1.1" 200 53158 "-" "Mozilla/5.0 (compatible; SemrushBot/7~bl; +http://www.semrush.com/bot.html)"
50.6.201.88 - - [18/Mar/2026:13:54:59 -0400] "POST /wp-admin/admin-ajax.php?action=async_litespeed&nonce=6a32a20319&litespeed_type=imgoptm HTTP/1.1" 200 21 "-" "WordPress/6.9.4; https://planetnewspro.com"
50.6.201.88 - - [18/Mar/2026:13:55:08 -0400] "POST /wp-cron.php?doing_wp_cron=1773856508.1209619045257568359375 HTTP/1.1" 200 - "-" "WordPress/6.9.4; https://planetnewspro.com"
85.208.96.210 - - [18/Mar/2026:13:55:07 -0400] "GET /temba-bavuma-ends-generational-heartbreak-turns-into-1st-proteas-captain-to-elevate-icc-trophy-in-twenty-first-century/ HTTP/1.1" 200 53946 "-" "Mozilla/5.0 (compatible; SemrushBot/7~bl; +http://www.semrush.com/bot.html)"
185.191.171.15 - - [18/Mar/2026:13:55:09 -0400] "GET /asian-shares-positive-factors-greenback-dips-as-us-knowledge-builds-on-charge-hope/ HTTP/1.1" 200 54762 "-" "Mozilla/5.0 (compatible; SemrushBot/7~bl; +http://www.semrush.com/bot.html)"
17.22.253.225 - - [18/Mar/2026:13:55:14 -0400] "GET /the-tiktok-food-plan-examine-finds-practically-half-the-uk-inhabitants-base-their-meals-on-what-influencers-eat/ HTTP/1.1" 200 54908 "-" "Mozilla/5.0 (Macintosh; Intel Mac OS X 10_15_7) AppleWebKit/605.1.15 (KHTML, like Gecko) Version/17.4 Safari/605.1.15 (Applebot/0.1; +http://www.apple.com/go/applebot)"
50.6.201.88 - - [18/Mar/2026:13:55:22 -0400] "POST /wp-cron.php?doing_wp_cron=1773856522.2654349803924560546875 HTTP/1.1" 200 - "-" "WordPress/6.9.4; https://planetnewspro.com"
43.173.178.99 - - [18/Mar/2026:13:55:22 -0400] "GET /carrie-johnson-shares-cute-household-picture-of-latest-child-poppy-along-with-her-older-siblings-simply-days-after-she-and-former-pm-boris-welcomed-their-fourth-youngster-collectively/feed/ HTTP/1.1" 200 1258 "-" "Mozilla/5.0 (Windows NT 10.0; Win64; x64) AppleWebKit/537.36 (KHTML, like Gecko) Chrome/110.0.0.0 Safari/537.36"
43.173.169.153 - - [18/Mar/2026:13:55:22 -0400] "GET /kamala-harris-and-democrats-stand-with-hamas-give-benjamin-netanyahu-the-shaft-prime-democrats-boycott-israeli-leaders-speech-to-congress-the-gateway-pundit/feed/ HTTP/1.1" 200 1191 "-" "Mozilla/5.0 (Windows NT 10.0; Win64; x64) AppleWebKit/537.36 (KHTML, like Gecko) Chrome/120.0.0.0 Safari/537.36"
85.208.96.203 - - [18/Mar/2026:13:55:42 -0400] "GET /michigan-republicans-select-new-chair-put-together-for-a-important-2026-election-cycle-the-gateway-pundit/ HTTP/1.1" 200 56753 "-" "Mozilla/5.0 (compatible; SemrushBot/7~bl; +http://www.semrush.com/bot.html)"
85.208.96.204 - - [18/Mar/2026:13:55:51 -0400] "GET /investing-in-ai-to-construct-next-generation-infrastructure/ HTTP/1.1" 200 52250 "-" "Mozilla/5.0 (compatible; SemrushBot/7~bl; +http://www.semrush.com/bot.html)"
95.217.109.26 - - [18/Mar/2026:13:55:52 -0400] "GET /robots.txt HTTP/1.1" 200 175 "-" "Mozilla/5.0 (compatible; MJ12bot/v1.4.8; http://mj12bot.com/)"
185.191.171.17 - - [18/Mar/2026:13:55:54 -0400] "GET /gradual-cooker-pulled-pork-sandwiches/ HTTP/1.1" 200 59852 "-" "Mozilla/5.0 (compatible; SemrushBot/7~bl; +http://www.semrush.com/bot.html)"
95.217.109.26 - - [18/Mar/2026:13:55:54 -0400] "GET /beef-bourguignon-recipe-spend-with-pennies/ HTTP/1.1" 200 59859 "-" "Mozilla/5.0 (compatible; MJ12bot/v1.4.8; http://mj12bot.com/)"
85.208.96.207 - - [18/Mar/2026:13:55:57 -0400] "GET /kim-kardashian-breaks-silence-on-terrifying-paris-theft-after-responsible-verdict/ HTTP/1.1" 200 54758 "-" "Mozilla/5.0 (compatible; SemrushBot/7~bl; +http://www.semrush.com/bot.html)"
95.217.109.26 - - [18/Mar/2026:13:55:57 -0400] "GET /grenade-explodes-in-bustling-market-in-indian-controlled-kashmir-wounds-9/ HTTP/1.1" 200 52553 "-" "Mozilla/5.0 (compatible; MJ12bot/v1.4.8; http://mj12bot.com/)"
50.6.201.88 - - [18/Mar/2026:13:56:00 -0400] "POST /wp-cron.php?doing_wp_cron=1773856559.9948790073394775390625 HTTP/1.1" 200 - "-" "WordPress/6.9.4; https://planetnewspro.com"
185.191.171.7 - - [18/Mar/2026:13:55:59 -0400] "GET /hen-and-dumpling-casserole-recipe-straightforward-consolation-meals/ HTTP/1.1" 200 56504 "-" "Mozilla/5.0 (compatible; SemrushBot/7~bl; +http://www.semrush.com/bot.html)"
50.6.201.88 - - [18/Mar/2026:13:56:00 -0400] "POST /wp-admin/admin-ajax.php?action=async_litespeed&nonce=6a32a20319&litespeed_type=imgoptm HTTP/1.1" 200 21 "-" "WordPress/6.9.4; https://planetnewspro.com"
95.217.109.26 - - [18/Mar/2026:13:56:00 -0400] "GET /sydney-sweeney-maga-controversy-what-how-and-when-did-it-all-occur-defined/ HTTP/1.1" 200 53090 "-" "Mozilla/5.0 (compatible; MJ12bot/v1.4.8; http://mj12bot.com/)"
95.217.109.26 - - [18/Mar/2026:13:56:02 -0400] "GET /two-brits-are-shot-useless-in-rented-automotive-and-set-on-hearth-in-double-homicide-after-hiring-a-car-in-denmark-and-driving-to-sweden/ HTTP/1.1" 200 54513 "-" "Mozilla/5.0 (compatible; MJ12bot/v1.4.8; http://mj12bot.com/)"
50.6.201.88 - - [18/Mar/2026:13:56:12 -0400] "POST /wp-cron.php?doing_wp_cron=1773856572.1278829574584960937500 HTTP/1.1" 200 - "-" "WordPress/6.9.4; https://planetnewspro.com"
89.110.75.188 - - [18/Mar/2026:13:56:11 -0400] "GET /caramel-coconut-macaroon-thumbprints-sallys-baking-habit/ HTTP/1.0" 200 357702 "https://planetnewspro.com/caramel-coconut-macaroon-thumbprints-sallys-baking-habit/#comment-15938" "Mozilla/5.0 (Windows NT 6.1; WOW64) AppleWebKit/537.36 (KHTML, like Gecko) Chrome/103.0.0.0 Safari/537.36"
50.6.201.88 - - [18/Mar/2026:13:56:25 -0400] "POST /wp-cron.php?doing_wp_cron=1773856585.9700219631195068359375 HTTP/1.1" 200 - "-" "WordPress/6.9.4; https://planetnewspro.com"
43.173.169.178 - - [18/Mar/2026:13:56:25 -0400] "GET /10-taylor-swift-travis-kelce-moments-that-took-over-the-web/feed/ HTTP/1.1" 200 885 "-" "Mozilla/5.0 (Windows NT 10.0; Win64; x64) AppleWebKit/537.36 (KHTML, like Gecko) Chrome/133.0.0.0 Safari/537.36"
85.208.96.201 - - [18/Mar/2026:13:56:27 -0400] "GET /right-here-are-the-inventory-market-winners-and-losers-from-the-deepseek-ai-upheaval/ HTTP/1.1" 200 54148 "-" "Mozilla/5.0 (compatible; SemrushBot/7~bl; +http://www.semrush.com/bot.html)"
185.191.171.15 - - [18/Mar/2026:13:56:29 -0400] "GET /weekly-meal-plan-29-the-recipe-critic/ HTTP/1.1" 200 54460 "-" "Mozilla/5.0 (compatible; SemrushBot/7~bl; +http://www.semrush.com/bot.html)"
85.208.96.210 - - [18/Mar/2026:13:56:34 -0400] "GET /the-best-way-to-the-do-russian-twist-train-for-stronger-abs/ HTTP/1.1" 200 54132 "-" "Mozilla/5.0 (compatible; SemrushBot/7~bl; +http://www.semrush.com/bot.html)"
185.191.171.17 - - [18/Mar/2026:13:56:48 -0400] "GET /3-physique-drawback-season-2-every-thing-we-all-know-to-date-in-regards-to-the-hit-netflix-presents-return/ HTTP/1.1" 200 57429 "-" "Mozilla/5.0 (compatible; SemrushBot/7~bl; +http://www.semrush.com/bot.html)"
50.6.201.88 - - [18/Mar/2026:13:57:16 -0400] "POST /wp-cron.php?doing_wp_cron=1773856636.7738730907440185546875 HTTP/1.1" 200 - "-" "WordPress/6.9.4; https://planetnewspro.com"
207.180.11.209 - - [18/Mar/2026:13:57:16 -0400] "GET /wp-json/oembed/1.0/embed?url=https%3A%2F%2Fplanetnewspro.com%2Fcreamy-rooster-noodle-soup-with-mini-croutons%2F&format=xml HTTP/1.1" 200 1517 "-" "Mozilla/5.0 (Macintosh; Intel Mac OS X 10_15_7) AppleWebKit/537.36 (KHTML, like Gecko) Chrome/135.0.0.0 Safari/537.36"
50.6.201.88 - - [18/Mar/2026:13:57:16 -0400] "POST /wp-admin/admin-ajax.php?action=async_litespeed&nonce=6a32a20319&litespeed_type=imgoptm HTTP/1.1" 200 21 "-" "WordPress/6.9.4; https://planetnewspro.com"
50.6.201.88 - - [18/Mar/2026:13:57:38 -0400] "POST /wp-cron.php?doing_wp_cron=1773856658.1542909145355224609375 HTTP/1.1" 200 - "-" "WordPress/6.9.4; https://planetnewspro.com"
185.191.171.9 - - [18/Mar/2026:13:57:37 -0400] "GET /new-leaked-memo-confirms-democrats-alarming-turnout-disaster-in-key-battleground-states-the-gateway-pundit/ HTTP/1.1" 200 53175 "-" "Mozilla/5.0 (compatible; SemrushBot/7~bl; +http://www.semrush.com/bot.html)"
216.73.216.103 - - [18/Mar/2026:13:57:45 -0400] "GET /?p=34837 HTTP/1.1" 301 - "-" "Mozilla/5.0 AppleWebKit/537.36 (KHTML, like Gecko; compatible; ClaudeBot/1.0; +claudebot@anthropic.com)"
216.73.216.103 - - [18/Mar/2026:13:57:45 -0400] "GET /?p=36201 HTTP/1.1" 301 - "-" "Mozilla/5.0 AppleWebKit/537.36 (KHTML, like Gecko; compatible; ClaudeBot/1.0; +claudebot@anthropic.com)"
216.73.216.103 - - [18/Mar/2026:13:57:45 -0400] "GET /hulk-hogans-worrying-well-being-situation-in-remaining-weeks-as-wwe-star-dies-all-of-the-sudden/ HTTP/1.1" 200 54236 "https://planetnewspro.com/?p=34837" "Mozilla/5.0 AppleWebKit/537.36 (KHTML, like Gecko; compatible; ClaudeBot/1.0; +claudebot@anthropic.com)"
216.73.216.103 - - [18/Mar/2026:13:57:46 -0400] "GET /im-so-sick-mgk-opens-up-about-selecting-solely-trusted-mates-for-the-making-of-misplaced-americana/ HTTP/1.1" 200 52644 "https://planetnewspro.com/?p=36201" "Mozilla/5.0 AppleWebKit/537.36 (KHTML, like Gecko; compatible; ClaudeBot/1.0; +claudebot@anthropic.com)"
216.73.216.103 - - [18/Mar/2026:13:57:46 -0400] "GET /?p=34801 HTTP/1.1" 301 - "-" "Mozilla/5.0 AppleWebKit/537.36 (KHTML, like Gecko; compatible; ClaudeBot/1.0; +claudebot@anthropic.com)"
216.73.216.103 - - [18/Mar/2026:13:57:46 -0400] "GET /whats-wins-above-bubble-explaining-new-metric-for-ncaa-ladiess-basketball-event-choice/ HTTP/1.1" 200 52843 "https://planetnewspro.com/?p=34801" "Mozilla/5.0 AppleWebKit/537.36 (KHTML, like Gecko; compatible; ClaudeBot/1.0; +claudebot@anthropic.com)"
50.6.201.88 - - [18/Mar/2026:13:58:07 -0400] "POST /wp-cron.php?doing_wp_cron=1773856687.1567759513854980468750 HTTP/1.1" 200 - "-" "WordPress/6.9.4; https://planetnewspro.com"
185.191.171.12 - - [18/Mar/2026:13:58:06 -0400] "GET /straightforward-hobo-stew-recipe-hearty-price-range-pleasant/ HTTP/1.1" 200 55591 "-" "Mozilla/5.0 (compatible; SemrushBot/7~bl; +http://www.semrush.com/bot.html)"
50.6.201.88 - - [18/Mar/2026:13:58:07 -0400] "POST /wp-admin/admin-ajax.php?action=async_litespeed&nonce=6a32a20319&litespeed_type=imgoptm HTTP/1.1" 200 21 "-" "WordPress/6.9.4; https://planetnewspro.com"
85.208.96.212 - - [18/Mar/2026:13:58:12 -0400] "GET /5-netflix-reveals-to-binge-with-mother-a-bowl-of-popcorn/ HTTP/1.1" 200 53174 "-" "Mozilla/5.0 (compatible; SemrushBot/7~bl; +http://www.semrush.com/bot.html)"
216.73.216.103 - - [18/Mar/2026:13:58:14 -0400] "GET /?p=35494 HTTP/1.1" 301 - "-" "Mozilla/5.0 AppleWebKit/537.36 (KHTML, like Gecko; compatible; ClaudeBot/1.0; +claudebot@anthropic.com)"
216.73.216.103 - - [18/Mar/2026:13:58:14 -0400] "GET /?p=30541 HTTP/1.1" 301 - "-" "Mozilla/5.0 AppleWebKit/537.36 (KHTML, like Gecko; compatible; ClaudeBot/1.0; +claudebot@anthropic.com)"
216.73.216.103 - - [18/Mar/2026:13:58:14 -0400] "GET /sp-loses-floor-for-third-straight-day-as-shares-fail-to-maintain-early-positive-factors-amid-flurry-of-massive-tech-earnings/ HTTP/1.1" 200 66994 "https://planetnewspro.com/?p=35494" "Mozilla/5.0 AppleWebKit/537.36 (KHTML, like Gecko; compatible; ClaudeBot/1.0; +claudebot@anthropic.com)"
216.73.216.103 - - [18/Mar/2026:13:58:15 -0400] "GET /?p=29044 HTTP/1.1" 301 - "-" "Mozilla/5.0 AppleWebKit/537.36 (KHTML, like Gecko; compatible; ClaudeBot/1.0; +claudebot@anthropic.com)"
216.73.216.103 - - [18/Mar/2026:13:58:15 -0400] "GET /instances-when-bangladesh-misplaced-to-affiliate-nations-in-t20is/ HTTP/1.1" 200 53323 "https://planetnewspro.com/?p=30541" "Mozilla/5.0 AppleWebKit/537.36 (KHTML, like Gecko; compatible; ClaudeBot/1.0; +claudebot@anthropic.com)"
216.73.216.103 - - [18/Mar/2026:13:58:15 -0400] "GET /high-15-typical-vacationer-mistakes-in-japan/ HTTP/1.1" 200 67899 "https://planetnewspro.com/?p=29044" "Mozilla/5.0 AppleWebKit/537.36 (KHTML, like Gecko; compatible; ClaudeBot/1.0; +claudebot@anthropic.com)"
50.6.201.88 - - [18/Mar/2026:13:58:20 -0400] "POST /wp-cron.php?doing_wp_cron=1773856700.6886000633239746093750 HTTP/1.1" 200 - "-" "WordPress/6.9.4; https://planetnewspro.com"
185.191.171.16 - - [18/Mar/2026:13:58:20 -0400] "GET /climbing-for-the-american-dream-january-6-patriot-jeramiah-caplinger-tells-his-story-the-gateway-pundit/ HTTP/1.1" 200 59709 "-" "Mozilla/5.0 (compatible; SemrushBot/7~bl; +http://www.semrush.com/bot.html)"
43.173.178.109 - - [18/Mar/2026:13:58:27 -0400] "GET /did-jennifer-aniston-undertake-a-youngster-whats-the-fact-behind-the-pattern/feed/ HTTP/1.1" 200 934 "-" "Mozilla/5.0 (Windows NT 10.0; Win64; x64) AppleWebKit/537.36 (KHTML, like Gecko) Chrome/117.0.0.0 Safari/537.36"
43.173.177.203 - - [18/Mar/2026:13:58:27 -0400] "GET /faculty-soccer-scorching-seat-auburn-florida-state-already-scorching/feed/ HTTP/1.1" 200 907 "-" "Mozilla/5.0 (Windows NT 10.0; Win64; x64) AppleWebKit/537.36 (KHTML, like Gecko) Chrome/116.0.0.0 Safari/537.36"
85.208.96.208 - - [18/Mar/2026:13:58:32 -0400] "GET /crock-pot-crack-potato-soup/ HTTP/1.1" 200 55814 "-" "Mozilla/5.0 (compatible; SemrushBot/7~bl; +http://www.semrush.com/bot.html)"
185.191.171.19 - - [18/Mar/2026:13:58:45 -0400] "GET /japanese-grand-prix-max-verstappens-win-has-everybody-searching-for-the-precise-superlatives/ HTTP/1.1" 200 53897 "-" "Mozilla/5.0 (compatible; SemrushBot/7~bl; +http://www.semrush.com/bot.html)"
50.6.201.88 - - [18/Mar/2026:13:58:59 -0400] "POST /wp-cron.php?doing_wp_cron=1773856739.0280010700225830078125 HTTP/1.1" 200 - "-" "WordPress/6.9.4; https://planetnewspro.com"
85.208.96.202 - - [18/Mar/2026:13:58:58 -0400] "GET /arnold-palmer-invitational-to-air-fewer-tv-advertisements-extra-player-caddy-chats/ HTTP/1.1" 200 52428 "-" "Mozilla/5.0 (compatible; SemrushBot/7~bl; +http://www.semrush.com/bot.html)"
50.6.201.88 - - [18/Mar/2026:13:58:59 -0400] "POST /wp-admin/admin-ajax.php?action=async_litespeed&nonce=6a32a20319&litespeed_type=imgoptm HTTP/1.1" 200 21 "-" "WordPress/6.9.4; https://planetnewspro.com"
50.6.201.88 - - [18/Mar/2026:13:59:11 -0400] "POST /wp-cron.php?doing_wp_cron=1773856751.6206550598144531250000 HTTP/1.1" 200 - "-" "WordPress/6.9.4; https://planetnewspro.com"
185.191.171.15 - - [18/Mar/2026:13:59:11 -0400] "GET /no-massive-fats-indian-marriage-ceremony-billionaires-youngest-son-will-get-married-in-low-key-ceremony/ HTTP/1.1" 200 53367 "-" "Mozilla/5.0 (compatible; SemrushBot/7~bl; +http://www.semrush.com/bot.html)"
85.208.96.202 - - [18/Mar/2026:13:59:16 -0400] "GET /queen-camilla-reveals-her-grandchildren-are-common-guests-at-swindons-ae-as-she-returns-to-the-hospital-the-place-she-gave-start-to-her-daughter-after-47-years/ HTTP/1.1" 200 57576 "-" "Mozilla/5.0 (compatible; SemrushBot/7~bl; +http://www.semrush.com/bot.html)"
185.191.171.9 - - [18/Mar/2026:13:59:18 -0400] "GET /straightforward-home-made-beef-broth-recipe-deep-savory-taste/ HTTP/1.1" 200 57117 "-" "Mozilla/5.0 (compatible; SemrushBot/7~bl; +http://www.semrush.com/bot.html)"
50.6.201.88 - - [18/Mar/2026:13:59:26 -0400] "POST /wp-cron.php?doing_wp_cron=1773856766.4318830966949462890625 HTTP/1.1" 200 - "-" "WordPress/6.9.4; https://planetnewspro.com"
216.73.216.103 - - [18/Mar/2026:13:59:26 -0400] "GET /?p=28519 HTTP/1.1" 301 - "-" "Mozilla/5.0 AppleWebKit/537.36 (KHTML, like Gecko; compatible; ClaudeBot/1.0; +claudebot@anthropic.com)"
216.73.216.103 - - [18/Mar/2026:13:59:26 -0400] "GET /?p=29233 HTTP/1.1" 301 - "-" "Mozilla/5.0 AppleWebKit/537.36 (KHTML, like Gecko; compatible; ClaudeBot/1.0; +claudebot@anthropic.com)"
216.73.216.103 - - [18/Mar/2026:13:59:26 -0400] "GET /im-not-trying-people-near-retirement-are-afraid-to-verify-their-account-balances/ HTTP/1.1" 200 54541 "https://planetnewspro.com/?p=28519" "Mozilla/5.0 AppleWebKit/537.36 (KHTML, like Gecko; compatible; ClaudeBot/1.0; +claudebot@anthropic.com)"
216.73.216.103 - - [18/Mar/2026:13:59:27 -0400] "GET /?p=35667 HTTP/1.1" 301 - "-" "Mozilla/5.0 AppleWebKit/537.36 (KHTML, like Gecko; compatible; ClaudeBot/1.0; +claudebot@anthropic.com)"
43.173.182.236 - - [18/Mar/2026:13:59:27 -0400] "GET /i-am-so-excited-for-beyonces-dwell-nfl-present-on-netflix-regardless-of-the-tyson-vs-paul-streaming-catastrophe/feed/ HTTP/1.1" 200 1043 "-" "Mozilla/5.0 (Windows NT 10.0; Win64; x64) AppleWebKit/537.36 (KHTML, like Gecko) Chrome/111.0.0.0 Safari/537.36"
216.73.216.103 - - [18/Mar/2026:13:59:27 -0400] "GET /10-straightforward-methods-to-enhance-your-protein-consumption-with-each-meal-and-snack/ HTTP/1.1" 200 55998 "https://planetnewspro.com/?p=29233" "Mozilla/5.0 AppleWebKit/537.36 (KHTML, like Gecko; compatible; ClaudeBot/1.0; +claudebot@anthropic.com)"
216.73.216.103 - - [18/Mar/2026:13:59:27 -0400] "GET /openmind-needs-to-be-the-android-working-system-of-humanoid-robots/ HTTP/1.1" 200 52406 "https://planetnewspro.com/?p=35667" "Mozilla/5.0 AppleWebKit/537.36 (KHTML, like Gecko; compatible; ClaudeBot/1.0; +claudebot@anthropic.com)"
148.135.200.35 - - [18/Mar/2026:13:59:31 -0400] "POST /wp-login.php HTTP/1.1" 200 6333 "-" "Mozilla/5.0"
216.73.216.103 - - [18/Mar/2026:13:59:32 -0400] "GET /?p=37507 HTTP/1.1" 301 - "-" "Mozilla/5.0 AppleWebKit/537.36 (KHTML, like Gecko; compatible; ClaudeBot/1.0; +claudebot@anthropic.com)"
216.73.216.103 - - [18/Mar/2026:13:59:32 -0400] "GET /?p=29167 HTTP/1.1" 301 - "-" "Mozilla/5.0 AppleWebKit/537.36 (KHTML, like Gecko; compatible; ClaudeBot/1.0; +claudebot@anthropic.com)"
216.73.216.103 - - [18/Mar/2026:13:59:32 -0400] "GET /the-brand-new-energy-transfer-why-sensible-ladies-are-demanding-prenups/ HTTP/1.1" 200 54420 "https://planetnewspro.com/?p=37507" "Mozilla/5.0 AppleWebKit/537.36 (KHTML, like Gecko; compatible; ClaudeBot/1.0; +claudebot@anthropic.com)"
216.73.216.103 - - [18/Mar/2026:13:59:32 -0400] "GET /out-of-form-rishabh-pant-blames-bowling-fielding-lapse-in-punjab-humiliation-as-playoff-hopes-nosedive/ HTTP/1.1" 200 52809 "https://planetnewspro.com/?p=29167" "Mozilla/5.0 AppleWebKit/537.36 (KHTML, like Gecko; compatible; ClaudeBot/1.0; +claudebot@anthropic.com)"
185.191.171.13 - - [18/Mar/2026:13:59:33 -0400] "GET /travis-hunters-emphatic-heisman-trophy-closing-argument/ HTTP/1.1" 200 52531 "-" "Mozilla/5.0 (compatible; SemrushBot/7~bl; +http://www.semrush.com/bot.html)"
216.73.216.103 - - [18/Mar/2026:13:59:33 -0400] "GET /?p=35224 HTTP/1.1" 301 - "-" "Mozilla/5.0 AppleWebKit/537.36 (KHTML, like Gecko; compatible; ClaudeBot/1.0; +claudebot@anthropic.com)"
216.73.216.103 - - [18/Mar/2026:13:59:33 -0400] "GET /what-builders-must-know-oreilly/ HTTP/1.1" 200 52960 "https://planetnewspro.com/?p=35224" "Mozilla/5.0 AppleWebKit/537.36 (KHTML, like Gecko; compatible; ClaudeBot/1.0; +claudebot@anthropic.com)"
17.246.15.173 - - [18/Mar/2026:13:59:42 -0400] "GET /reverse-weight-reduction-plan-what-is-it-ought-to-you-do-it/ HTTP/1.1" 200 54094 "-" "Mozilla/5.0 (Macintosh; Intel Mac OS X 10_15_7) AppleWebKit/605.1.15 (KHTML, like Gecko) Version/17.4 Safari/605.1.15 (Applebot/0.1; +http://www.apple.com/go/applebot)"
216.73.216.103 - - [18/Mar/2026:13:59:47 -0400] "GET /?p=34882 HTTP/1.1" 301 - "-" "Mozilla/5.0 AppleWebKit/537.36 (KHTML, like Gecko; compatible; ClaudeBot/1.0; +claudebot@anthropic.com)"
216.73.216.103 - - [18/Mar/2026:13:59:47 -0400] "GET /?p=29218 HTTP/1.1" 301 - "-" "Mozilla/5.0 AppleWebKit/537.36 (KHTML, like Gecko; compatible; ClaudeBot/1.0; +claudebot@anthropic.com)"
216.73.216.103 - - [18/Mar/2026:13:59:47 -0400] "GET /ben-stokes-returns-to-crease-after-retiring-damage-as-siraj-removes-woakes/ HTTP/1.1" 200 53180 "https://planetnewspro.com/?p=34882" "Mozilla/5.0 AppleWebKit/537.36 (KHTML, like Gecko; compatible; ClaudeBot/1.0; +claudebot@anthropic.com)"
216.73.216.103 - - [18/Mar/2026:13:59:48 -0400] "GET /fbi-warns-of-swatting-amidst-a-wave-of-politically-motivated-assaults/ HTTP/1.1" 200 55080 "https://planetnewspro.com/?p=29218" "Mozilla/5.0 AppleWebKit/537.36 (KHTML, like Gecko; compatible; ClaudeBot/1.0; +claudebot@anthropic.com)"
216.73.216.103 - - [18/Mar/2026:13:59:48 -0400] "GET /?p=35712 HTTP/1.1" 301 - "-" "Mozilla/5.0 AppleWebKit/537.36 (KHTML, like Gecko; compatible; ClaudeBot/1.0; +claudebot@anthropic.com)"
216.73.216.103 - - [18/Mar/2026:13:59:48 -0400] "GET /after-figmas-purple-scorching-ipo-buyers-say-these-corporations-could-also-be-subsequent-to-ipo/ HTTP/1.1" 200 54781 "https://planetnewspro.com/?p=35712" "Mozilla/5.0 AppleWebKit/537.36 (KHTML, like Gecko; compatible; ClaudeBot/1.0; +claudebot@anthropic.com)"
50.6.201.88 - - [18/Mar/2026:14:00:07 -0400] "POST /wp-cron.php?doing_wp_cron=1773856807.0163409709930419921875 HTTP/1.1" 200 - "-" "WordPress/6.9.4; https://planetnewspro.com"
85.208.96.203 - - [18/Mar/2026:14:00:06 -0400] "GET /scales-to-measure-worker-wellbeing/ HTTP/1.1" 200 54471 "-" "Mozilla/5.0 (compatible; SemrushBot/7~bl; +http://www.semrush.com/bot.html)"
50.6.201.88 - - [18/Mar/2026:14:00:07 -0400] "POST /wp-admin/admin-ajax.php?action=async_litespeed&nonce=6a32a20319&litespeed_type=imgoptm HTTP/1.1" 200 21 "-" "WordPress/6.9.4; https://planetnewspro.com"
34.34.225.56 - - [18/Mar/2026:14:00:07 -0400] "GET /ads.txt HTTP/1.1" 200 78 "-" "bidswitchbot/1.0"
85.208.96.208 - - [18/Mar/2026:14:00:10 -0400] "GET /the-dystopian-megacity-that-makes-half-the-worlds-laptops-chinese-language-metropolis-of-30million-the-place-staff-do-not-see-the-daylight-and-large-brother-is-at-all-times-watching-however-whi/ HTTP/1.1" 200 55617 "-" "Mozilla/5.0 (compatible; SemrushBot/7~bl; +http://www.semrush.com/bot.html)"
185.191.171.10 - - [18/Mar/2026:14:00:13 -0400] "GET /at-presents-nyt-connections-sports-activities-version-hints-solutions-for-oct-18-25/ HTTP/1.1" 200 53483 "-" "Mozilla/5.0 (compatible; SemrushBot/7~bl; +http://www.semrush.com/bot.html)"
216.73.216.103 - - [18/Mar/2026:14:00:19 -0400] "GET /?p=28897 HTTP/1.1" 301 - "-" "Mozilla/5.0 AppleWebKit/537.36 (KHTML, like Gecko; compatible; ClaudeBot/1.0; +claudebot@anthropic.com)"
50.6.201.88 - - [18/Mar/2026:14:00:20 -0400] "POST /wp-cron.php?doing_wp_cron=1773856820.0834760665893554687500 HTTP/1.1" 200 - "-" "WordPress/6.9.4; https://planetnewspro.com"
216.73.216.103 - - [18/Mar/2026:14:00:20 -0400] "GET /?p=35188 HTTP/1.1" 301 - "-" "Mozilla/5.0 AppleWebKit/537.36 (KHTML, like Gecko; compatible; ClaudeBot/1.0; +claudebot@anthropic.com)"
216.73.216.103 - - [18/Mar/2026:14:00:20 -0400] "GET /judges-who-break-federal-legislation-can-and-ought-to-be-prosecuted/ HTTP/1.1" 200 55159 "https://planetnewspro.com/?p=28897" "Mozilla/5.0 AppleWebKit/537.36 (KHTML, like Gecko; compatible; ClaudeBot/1.0; +claudebot@anthropic.com)"
50.6.201.88 - - [18/Mar/2026:14:00:21 -0400] "POST /wp-cron.php?doing_wp_cron=1773856821.5247399806976318359375 HTTP/1.1" 200 - "-" "WordPress/6.9.4; https://planetnewspro.com"
216.73.216.103 - - [18/Mar/2026:14:00:21 -0400] "GET /do-it-yourself-salsa-recipe-love-and-lemons/ HTTP/1.1" 200 55627 "https://planetnewspro.com/?p=35188" "Mozilla/5.0 AppleWebKit/537.36 (KHTML, like Gecko; compatible; ClaudeBot/1.0; +claudebot@anthropic.com)"
216.73.216.103 - - [18/Mar/2026:14:00:21 -0400] "GET /?p=35371 HTTP/1.1" 301 - "-" "Mozilla/5.0 AppleWebKit/537.36 (KHTML, like Gecko; compatible; ClaudeBot/1.0; +claudebot@anthropic.com)"
216.73.216.103 - - [18/Mar/2026:14:00:21 -0400] "GET /owc-atlas-extremely-cfexpress-sort-b-1tb-evaluate/ HTTP/1.1" 200 56968 "https://planetnewspro.com/?p=35371" "Mozilla/5.0 AppleWebKit/537.36 (KHTML, like Gecko; compatible; ClaudeBot/1.0; +claudebot@anthropic.com)"
43.173.175.42 - - [18/Mar/2026:14:00:30 -0400] "GET /chris-hoys-spouse-sarra-was-identified-with-aggressive-ms-inside-weeks-of-the-olympians-terminal-most-cancers-blow-as-workforce-gb-legend-matthew-pinsent-joins-avalanche-of-assist-for-the-househ/feed/ HTTP/1.1" 200 1322 "-" "Mozilla/5.0 (Windows NT 10.0; Win64; x64) AppleWebKit/537.36 (KHTML, like Gecko) Chrome/112.0.0.0 Safari/537.36"
85.208.98.22 - - [18/Mar/2026:14:00:46 -0400] "GET /tierra-atacama-chile-lodge-evaluation/ HTTP/1.1" 200 58994 "-" "Mozilla/5.0 (compatible; SemrushBot-BA; +http://www.semrush.com/bot.html)"
185.191.171.12 - - [18/Mar/2026:14:00:51 -0400] "GET /what-to-prepare-dinner-this-march/ HTTP/1.1" 200 55180 "-" "Mozilla/5.0 (compatible; SemrushBot/7~bl; +http://www.semrush.com/bot.html)"
85.208.96.207 - - [18/Mar/2026:14:00:55 -0400] "GET /the-4-key-parts-of-a-excessive-conversion-ebook-touchdown-web-page/ HTTP/1.1" 200 58989 "-" "Mozilla/5.0 (compatible; SemrushBot/7~bl; +http://www.semrush.com/bot.html)"
85.208.96.205 - - [18/Mar/2026:14:00:57 -0400] "GET /the-final-information-to-19-finest-day-excursions-in-seoul-for-each-sort-of-traveler/ HTTP/1.1" 200 61639 "-" "Mozilla/5.0 (compatible; SemrushBot/7~bl; +http://www.semrush.com/bot.html)"
216.73.216.103 - - [18/Mar/2026:14:00:58 -0400] "GET /how-trumps-ai-motion-plan-will-speed-up-and-throttle-innovation HTTP/1.1" 301 - "-" "Mozilla/5.0 AppleWebKit/537.36 (KHTML, like Gecko; compatible; ClaudeBot/1.0; +claudebot@anthropic.com)"
216.73.216.103 - - [18/Mar/2026:14:00:58 -0400] "GET /ftse-100-bosses-rake-in-a-document-550m-haul HTTP/1.1" 301 - "-" "Mozilla/5.0 AppleWebKit/537.36 (KHTML, like Gecko; compatible; ClaudeBot/1.0; +claudebot@anthropic.com)"
50.6.201.88 - - [18/Mar/2026:14:00:59 -0400] "POST /wp-cron.php?doing_wp_cron=1773856859.0722389221191406250000 HTTP/1.1" 200 - "-" "WordPress/6.9.4; https://planetnewspro.com"
216.73.216.103 - - [18/Mar/2026:14:00:58 -0400] "GET /how-trumps-ai-motion-plan-will-speed-up-and-throttle-innovation/ HTTP/1.1" 200 53741 "https://planetnewspro.com/how-trumps-ai-motion-plan-will-speed-up-and-throttle-innovation" "Mozilla/5.0 AppleWebKit/537.36 (KHTML, like Gecko; compatible; ClaudeBot/1.0; +claudebot@anthropic.com)"
50.6.201.88 - - [18/Mar/2026:14:00:59 -0400] "POST /wp-admin/admin-ajax.php?action=async_litespeed&nonce=6a32a20319&litespeed_type=imgoptm HTTP/1.1" 200 21 "-" "WordPress/6.9.4; https://planetnewspro.com"
216.73.216.103 - - [18/Mar/2026:14:00:59 -0400] "GET /do-it-yourself-salsa-recipe-love-and-lemons HTTP/1.1" 301 - "-" "Mozilla/5.0 AppleWebKit/537.36 (KHTML, like Gecko; compatible; ClaudeBot/1.0; +claudebot@anthropic.com)"
216.73.216.103 - - [18/Mar/2026:14:00:59 -0400] "GET /ftse-100-bosses-rake-in-a-document-550m-haul/ HTTP/1.1" 200 55630 "https://planetnewspro.com/ftse-100-bosses-rake-in-a-document-550m-haul" "Mozilla/5.0 AppleWebKit/537.36 (KHTML, like Gecko; compatible; ClaudeBot/1.0; +claudebot@anthropic.com)"
216.73.216.103 - - [18/Mar/2026:14:00:59 -0400] "GET /do-it-yourself-salsa-recipe-love-and-lemons/ HTTP/1.1" 200 55627 "https://planetnewspro.com/do-it-yourself-salsa-recipe-love-and-lemons" "Mozilla/5.0 AppleWebKit/537.36 (KHTML, like Gecko; compatible; ClaudeBot/1.0; +claudebot@anthropic.com)"
85.208.96.195 - - [18/Mar/2026:14:01:01 -0400] "GET /one-pot-rotini-pasta/ HTTP/1.1" 200 57219 "-" "Mozilla/5.0 (compatible; SemrushBot/7~bl; +http://www.semrush.com/bot.html)"
50.6.201.88 - - [18/Mar/2026:14:01:03 -0400] "POST /wp-cron.php?doing_wp_cron=1773856863.2451109886169433593750 HTTP/1.1" 200 - "-" "WordPress/6.9.4; https://planetnewspro.com"
17.246.19.129 - - [18/Mar/2026:14:01:02 -0400] "GET /the-first-kamala-harris-marketing-campaign-advert-matches-this-second-completely/ HTTP/1.1" 200 53801 "-" "Mozilla/5.0 (Macintosh; Intel Mac OS X 10_15_7) AppleWebKit/605.1.15 (KHTML, like Gecko) Version/17.4 Safari/605.1.15 (Applebot/0.1; +http://www.apple.com/go/applebot)"
50.6.201.88 - - [18/Mar/2026:14:01:11 -0400] "POST /wp-cron.php?doing_wp_cron=1773856870.9928090572357177734375 HTTP/1.1" 200 - "-" "WordPress/6.9.4; https://planetnewspro.com"
216.73.216.103 - - [18/Mar/2026:14:01:10 -0400] "GET /joanna-gaines-launched-a-new-fall-assortment-at-goal HTTP/1.1" 301 - "-" "Mozilla/5.0 AppleWebKit/537.36 (KHTML, like Gecko; compatible; ClaudeBot/1.0; +claudebot@anthropic.com)"
216.73.216.103 - - [18/Mar/2026:14:01:11 -0400] "GET /feminine-founded-semiconductor-ai-startup-sixsense-raises-8-5m HTTP/1.1" 301 - "-" "Mozilla/5.0 AppleWebKit/537.36 (KHTML, like Gecko; compatible; ClaudeBot/1.0; +claudebot@anthropic.com)"
216.73.216.103 - - [18/Mar/2026:14:01:11 -0400] "GET /joanna-gaines-launched-a-new-fall-assortment-at-goal/ HTTP/1.1" 200 55024 "https://planetnewspro.com/joanna-gaines-launched-a-new-fall-assortment-at-goal" "Mozilla/5.0 AppleWebKit/537.36 (KHTML, like Gecko; compatible; ClaudeBot/1.0; +claudebot@anthropic.com)"
216.73.216.103 - - [18/Mar/2026:14:01:11 -0400] "GET /why-no-workforce-within-the-west-can-cease-the-thunders-run-to-the-nba-finals HTTP/1.1" 301 - "-" "Mozilla/5.0 AppleWebKit/537.36 (KHTML, like Gecko; compatible; ClaudeBot/1.0; +claudebot@anthropic.com)"
216.73.216.103 - - [18/Mar/2026:14:01:11 -0400] "GET /feminine-founded-semiconductor-ai-startup-sixsense-raises-8-5m/ HTTP/1.1" 200 53381 "https://planetnewspro.com/feminine-founded-semiconductor-ai-startup-sixsense-raises-8-5m" "Mozilla/5.0 AppleWebKit/537.36 (KHTML, like Gecko; compatible; ClaudeBot/1.0; +claudebot@anthropic.com)"
216.73.216.103 - - [18/Mar/2026:14:01:11 -0400] "GET /why-no-workforce-within-the-west-can-cease-the-thunders-run-to-the-nba-finals/ HTTP/1.1" 200 52884 "https://planetnewspro.com/why-no-workforce-within-the-west-can-cease-the-thunders-run-to-the-nba-finals" "Mozilla/5.0 AppleWebKit/537.36 (KHTML, like Gecko; compatible; ClaudeBot/1.0; +claudebot@anthropic.com)"
14.170.142.67 - - [18/Mar/2026:14:01:13 -0400] "GET /tesla-inventory-leads-the-index-increased-as-earnings-impress/ HTTP/1.1" 200 53107 "-" "Mozilla/5.0 (Windows x86; rv:19.0) Gecko/20100101 Firefox/19.0"
216.73.216.103 - - [18/Mar/2026:14:01:15 -0400] "GET /how-a-court-dockets-ruling-ripped-open-indias-decades-old-debate-over-stray-canines HTTP/1.1" 301 - "-" "Mozilla/5.0 AppleWebKit/537.36 (KHTML, like Gecko; compatible; ClaudeBot/1.0; +claudebot@anthropic.com)"
216.73.216.103 - - [18/Mar/2026:14:01:15 -0400] "GET /how-a-court-dockets-ruling-ripped-open-indias-decades-old-debate-over-stray-canines/ HTTP/1.1" 200 54677 "https://planetnewspro.com/how-a-court-dockets-ruling-ripped-open-indias-decades-old-debate-over-stray-canines" "Mozilla/5.0 AppleWebKit/537.36 (KHTML, like Gecko; compatible; ClaudeBot/1.0; +claudebot@anthropic.com)"
216.73.216.103 - - [18/Mar/2026:14:01:15 -0400] "GET /why-the-cleveland-cavaliers-arent-constructed-to-beat-boston-celtics-but HTTP/1.1" 301 - "-" "Mozilla/5.0 AppleWebKit/537.36 (KHTML, like Gecko; compatible; ClaudeBot/1.0; +claudebot@anthropic.com)"
216.73.216.103 - - [18/Mar/2026:14:01:15 -0400] "GET /zaporizhzhias-future-nuclear-peril-or-promise HTTP/1.1" 301 - "-" "Mozilla/5.0 AppleWebKit/537.36 (KHTML, like Gecko; compatible; ClaudeBot/1.0; +claudebot@anthropic.com)"
216.73.216.103 - - [18/Mar/2026:14:01:15 -0400] "GET /why-the-cleveland-cavaliers-arent-constructed-to-beat-boston-celtics-but/ HTTP/1.1" 200 53250 "https://planetnewspro.com/why-the-cleveland-cavaliers-arent-constructed-to-beat-boston-celtics-but" "Mozilla/5.0 AppleWebKit/537.36 (KHTML, like Gecko; compatible; ClaudeBot/1.0; +claudebot@anthropic.com)"
216.73.216.103 - - [18/Mar/2026:14:01:16 -0400] "GET /zaporizhzhias-future-nuclear-peril-or-promise/ HTTP/1.1" 200 57331 "https://planetnewspro.com/zaporizhzhias-future-nuclear-peril-or-promise" "Mozilla/5.0 AppleWebKit/537.36 (KHTML, like Gecko; compatible; ClaudeBot/1.0; +claudebot@anthropic.com)"
50.6.201.88 - - [18/Mar/2026:14:01:20 -0400] "POST /wp-cron.php?doing_wp_cron=1773856880.0600481033325195312500 HTTP/1.1" 200 - "-" "WordPress/6.9.4; https://planetnewspro.com"
185.191.171.4 - - [18/Mar/2026:14:01:19 -0400] "GET /thriller-deepens-as-portuguese-girl-26-who-disappeared-throughout-notting-hill-carnival-is-present-in-hospital-5-days-later/ HTTP/1.1" 200 54214 "-" "Mozilla/5.0 (compatible; SemrushBot/7~bl; +http://www.semrush.com/bot.html)"
43.173.173.110 - - [18/Mar/2026:14:01:32 -0400] "GET /haitian-migrants-are-reportedly-fleeing-springfield-ohio-in-droves-over-mass-deportation-fears-the-gateway-pundit/feed/ HTTP/1.1" 200 1063 "-" "Mozilla/5.0 (Windows NT 10.0; Win64; x64) AppleWebKit/537.36 (KHTML, like Gecko) Chrome/116.0.0.0 Safari/537.36"
34.34.225.238 - - [18/Mar/2026:14:01:41 -0400] "GET /ads.txt HTTP/1.1" 200 78 "-" "bidswitchbot/1.0"
85.208.96.202 - - [18/Mar/2026:14:02:06 -0400] "GET /trailborn-grand-canyon-now-open/ HTTP/1.1" 200 52793 "-" "Mozilla/5.0 (compatible; SemrushBot/7~bl; +http://www.semrush.com/bot.html)"
216.73.216.103 - - [18/Mar/2026:14:02:11 -0400] "GET /robots.txt HTTP/1.1" 200 128 "-" "Mozilla/5.0 AppleWebKit/537.36 (KHTML, like Gecko; compatible; ClaudeBot/1.0; +claudebot@anthropic.com)"
216.73.216.103 - - [18/Mar/2026:14:02:11 -0400] "GET /ai-may-make-employees-sooner-however-not-essentially-extra-productive-they-do-it-sooner-then-go-for-espresso-breaks HTTP/1.1" 301 - "-" "Mozilla/5.0 AppleWebKit/537.36 (KHTML, like Gecko; compatible; ClaudeBot/1.0; +claudebot@anthropic.com)"
216.73.216.103 - - [18/Mar/2026:14:02:11 -0400] "GET /ai-may-make-employees-sooner-however-not-essentially-extra-productive-they-do-it-sooner-then-go-for-espresso-breaks/ HTTP/1.1" 200 52991 "https://planetnewspro.com/ai-may-make-employees-sooner-however-not-essentially-extra-productive-they-do-it-sooner-then-go-for-espresso-breaks" "Mozilla/5.0 AppleWebKit/537.36 (KHTML, like Gecko; compatible; ClaudeBot/1.0; +claudebot@anthropic.com)"
216.73.216.103 - - [18/Mar/2026:14:02:12 -0400] "GET /judges-who-break-federal-legislation-can-and-ought-to-be-prosecuted HTTP/1.1" 301 - "-" "Mozilla/5.0 AppleWebKit/537.36 (KHTML, like Gecko; compatible; ClaudeBot/1.0; +claudebot@anthropic.com)"
216.73.216.103 - - [18/Mar/2026:14:02:12 -0400] "GET /judges-who-break-federal-legislation-can-and-ought-to-be-prosecuted/ HTTP/1.1" 200 55159 "https://planetnewspro.com/judges-who-break-federal-legislation-can-and-ought-to-be-prosecuted" "Mozilla/5.0 AppleWebKit/537.36 (KHTML, like Gecko; compatible; ClaudeBot/1.0; +claudebot@anthropic.com)"
17.246.19.16 - - [18/Mar/2026:14:02:14 -0400] "GET /wp-includes/js/jquery/jquery-migrate.min.js?ver=3.4.1 HTTP/1.1" 200 13577 "https://planetnewspro.com/reverse-weight-reduction-plan-what-is-it-ought-to-you-do-it/" "Mozilla/5.0 (Macintosh; Intel Mac OS X 10_15_7) AppleWebKit/605.1.15 (KHTML, like Gecko) Version/17.4 Safari/605.1.15 (Applebot/0.1; +http://www.apple.com/go/applebot)"
17.246.19.10 - - [18/Mar/2026:14:02:16 -0400] "GET /wp-content/plugins/td-composer/legacy/Newspaper/js/tagdiv_theme.min.js?ver=12.6.6 HTTP/1.1" 200 160112 "https://planetnewspro.com/reverse-weight-reduction-plan-what-is-it-ought-to-you-do-it/" "Mozilla/5.0 (Macintosh; Intel Mac OS X 10_15_7) AppleWebKit/605.1.15 (KHTML, like Gecko) Version/17.4 Safari/605.1.15 (Applebot/0.1; +http://www.apple.com/go/applebot)"
17.246.15.116 - - [18/Mar/2026:14:02:17 -0400] "GET /wp-content/plugins/td-composer/legacy/Newspaper/js/tdPostImages.js?ver=12.6.6 HTTP/1.1" 200 2449 "https://planetnewspro.com/reverse-weight-reduction-plan-what-is-it-ought-to-you-do-it/" "Mozilla/5.0 (Macintosh; Intel Mac OS X 10_15_7) AppleWebKit/605.1.15 (KHTML, like Gecko) Version/17.4 Safari/605.1.15 (Applebot/0.1; +http://www.apple.com/go/applebot)"
17.246.15.16 - - [18/Mar/2026:14:02:19 -0400] "GET /wp-content/plugins/td-composer/legacy/Newspaper/js/tdSocialSharing.js?ver=12.6.6 HTTP/1.1" 200 2632 "https://planetnewspro.com/reverse-weight-reduction-plan-what-is-it-ought-to-you-do-it/" "Mozilla/5.0 (Macintosh; Intel Mac OS X 10_15_7) AppleWebKit/605.1.15 (KHTML, like Gecko) Version/17.4 Safari/605.1.15 (Applebot/0.1; +http://www.apple.com/go/applebot)"
17.246.23.205 - - [18/Mar/2026:14:02:21 -0400] "GET /wp-content/plugins/td-composer/legacy/Newspaper/js/tdModalPostImages.js?ver=12.6.6 HTTP/1.1" 200 8892 "https://planetnewspro.com/reverse-weight-reduction-plan-what-is-it-ought-to-you-do-it/" "Mozilla/5.0 (Macintosh; Intel Mac OS X 10_15_7) AppleWebKit/605.1.15 (KHTML, like Gecko) Version/17.4 Safari/605.1.15 (Applebot/0.1; +http://www.apple.com/go/applebot)"
17.246.15.87 - - [18/Mar/2026:14:02:22 -0400] "GET /wp-content/plugins/td-cloud-library/assets/js/js_files_for_front.min.js?ver=b379c96c54343541fd8742379a419361 HTTP/1.1" 200 29608 "https://planetnewspro.com/reverse-weight-reduction-plan-what-is-it-ought-to-you-do-it/" "Mozilla/5.0 (Macintosh; Intel Mac OS X 10_15_7) AppleWebKit/605.1.15 (KHTML, like Gecko) Version/17.4 Safari/605.1.15 (Applebot/0.1; +http://www.apple.com/go/applebot)"
17.246.19.234 - - [18/Mar/2026:14:02:24 -0400] "GET /wp-content/plugins/td-composer/legacy/Newspaper/js/tdToTop.js?ver=12.6.6 HTTP/1.1" 200 1426 "https://planetnewspro.com/reverse-weight-reduction-plan-what-is-it-ought-to-you-do-it/" "Mozilla/5.0 (Macintosh; Intel Mac OS X 10_15_7) AppleWebKit/605.1.15 (KHTML, like Gecko) Version/17.4 Safari/605.1.15 (Applebot/0.1; +http://www.apple.com/go/applebot)"
17.246.15.30 - - [18/Mar/2026:14:02:25 -0400] "GET /wp-content/plugins/td-composer/legacy/Newspaper/js/tdAjaxSearch.js?ver=12.6.6 HTTP/1.1" 200 6145 "https://planetnewspro.com/reverse-weight-reduction-plan-what-is-it-ought-to-you-do-it/" "Mozilla/5.0 (Macintosh; Intel Mac OS X 10_15_7) AppleWebKit/605.1.15 (KHTML, like Gecko) Version/17.4 Safari/605.1.15 (Applebot/0.1; +http://www.apple.com/go/applebot)"
17.246.23.132 - - [18/Mar/2026:14:02:28 -0400] "GET /wp-content/plugins/td-composer/legacy/Newspaper/js/tdDatei18n.js?ver=12.6.6 HTTP/1.1" 200 2431 "https://planetnewspro.com/reverse-weight-reduction-plan-what-is-it-ought-to-you-do-it/" "Mozilla/5.0 (Macintosh; Intel Mac OS X 10_15_7) AppleWebKit/605.1.15 (KHTML, like Gecko) Version/17.4 Safari/605.1.15 (Applebot/0.1; +http://www.apple.com/go/applebot)"
