216.73.216.103 - - [18/Mar/2026:15:23:12 -0400] "GET /afd-lynching-by-a-stasi-state-the-gateway-pundit HTTP/1.1" 301 - "-" "Mozilla/5.0 AppleWebKit/537.36 (KHTML, like Gecko; compatible; ClaudeBot/1.0; +claudebot@anthropic.com)"
216.73.216.103 - - [18/Mar/2026:15:23:12 -0400] "GET /afd-lynching-by-a-stasi-state-the-gateway-pundit/ HTTP/1.1" 200 54019 "https://planetnewspro.com/afd-lynching-by-a-stasi-state-the-gateway-pundit" "Mozilla/5.0 AppleWebKit/537.36 (KHTML, like Gecko; compatible; ClaudeBot/1.0; +claudebot@anthropic.com)"
50.6.201.88 - - [18/Mar/2026:15:23:18 -0400] "POST /wp-cron.php?doing_wp_cron=1773861798.1564829349517822265625 HTTP/1.1" 200 - "-" "WordPress/6.9.4; https://planetnewspro.com"
185.191.171.11 - - [18/Mar/2026:15:23:15 -0400] "GET /the-cruxes-of-ai-and-guide-piracy-a-new-period/ HTTP/1.1" 200 53896 "-" "Mozilla/5.0 (compatible; SemrushBot/7~bl; +http://www.semrush.com/bot.html)"
50.6.201.88 - - [18/Mar/2026:15:23:37 -0400] "POST /wp-cron.php?doing_wp_cron=1773861817.6679599285125732421875 HTTP/1.1" 200 - "-" "WordPress/6.9.4; https://planetnewspro.com"
185.191.171.11 - - [18/Mar/2026:15:23:37 -0400] "GET /no-2-ohio-state-appears-to-keep-away-from-getting-tripped-up-by-purdue/ HTTP/1.1" 200 52741 "-" "Mozilla/5.0 (compatible; SemrushBot/7~bl; +http://www.semrush.com/bot.html)"
50.6.201.88 - - [18/Mar/2026:15:23:44 -0400] "POST /wp-cron.php?doing_wp_cron=1773861824.8519148826599121093750 HTTP/1.1" 200 - "-" "WordPress/6.9.4; https://planetnewspro.com"
85.208.96.197 - - [18/Mar/2026:15:23:44 -0400] "GET /trudeaus-authorities-earned-trumps-tariffs-by-way-of-poor-financial-insurance-policies/ HTTP/1.1" 200 54365 "-" "Mozilla/5.0 (compatible; SemrushBot/7~bl; +http://www.semrush.com/bot.html)"
50.6.201.88 - - [18/Mar/2026:15:24:09 -0400] "POST /wp-cron.php?doing_wp_cron=1773861849.9798860549926757812500 HTTP/1.1" 200 - "-" "WordPress/6.9.4; https://planetnewspro.com"
85.208.96.199 - - [18/Mar/2026:15:24:09 -0400] "GET /discover-the-good-glasses-for-your-face-form-and-pores-and-skin-tone/ HTTP/1.1" 200 57214 "-" "Mozilla/5.0 (compatible; SemrushBot/7~bl; +http://www.semrush.com/bot.html)"
50.6.201.88 - - [18/Mar/2026:15:24:10 -0400] "POST /wp-admin/admin-ajax.php?action=async_litespeed&nonce=6a32a20319&litespeed_type=imgoptm HTTP/1.1" 200 21 "-" "WordPress/6.9.4; https://planetnewspro.com"
185.191.171.13 - - [18/Mar/2026:15:24:11 -0400] "GET /is-the-upcoming-ryan-gosling-film-based-mostly-on-actual-life-know-it-all-right-here/ HTTP/1.1" 200 52535 "-" "Mozilla/5.0 (compatible; SemrushBot/7~bl; +http://www.semrush.com/bot.html)"
85.208.96.199 - - [18/Mar/2026:15:24:15 -0400] "GET /taiwan-president-says-unattainable-for-mainland-china-to-be-the-motherland/ HTTP/1.1" 200 53089 "-" "Mozilla/5.0 (compatible; SemrushBot/7~bl; +http://www.semrush.com/bot.html)"
185.191.171.18 - - [18/Mar/2026:15:24:16 -0400] "GET /robots.txt HTTP/1.1" 200 128 "-" "Mozilla/5.0 (compatible; SemrushBot/7~bl; +http://www.semrush.com/bot.html)"
85.208.96.209 - - [18/Mar/2026:15:24:17 -0400] "GET /candy-potato-casserole-recipe-love-and-lemons/ HTTP/1.1" 200 57248 "-" "Mozilla/5.0 (compatible; SemrushBot/7~bl; +http://www.semrush.com/bot.html)"
50.6.201.88 - - [18/Mar/2026:15:24:25 -0400] "POST /wp-cron.php?doing_wp_cron=1773861865.4581329822540283203125 HTTP/1.1" 200 - "-" "WordPress/6.9.4; https://planetnewspro.com"
185.191.171.10 - - [18/Mar/2026:15:24:25 -0400] "GET /10-taylor-swift-travis-kelce-moments-that-took-over-the-web/ HTTP/1.1" 200 54834 "-" "Mozilla/5.0 (compatible; SemrushBot/7~bl; +http://www.semrush.com/bot.html)"
185.191.171.13 - - [18/Mar/2026:15:24:29 -0400] "GET /the-person-who-reinvented-the-hammer/ HTTP/1.1" 200 57556 "-" "Mozilla/5.0 (compatible; SemrushBot/7~bl; +http://www.semrush.com/bot.html)"
85.208.96.194 - - [18/Mar/2026:15:24:43 -0400] "GET /layered-dorito-casserole/ HTTP/1.1" 200 57974 "-" "Mozilla/5.0 (compatible; SemrushBot/7~bl; +http://www.semrush.com/bot.html)"
50.6.201.88 - - [18/Mar/2026:15:25:07 -0400] "POST /wp-cron.php?doing_wp_cron=1773861907.5919098854064941406250 HTTP/1.1" 200 - "-" "WordPress/6.9.4; https://planetnewspro.com"
85.208.96.202 - - [18/Mar/2026:15:25:07 -0400] "GET /a-information-to-latest-hollywood-occasions-referred-to-as-off-postponed-due-to-the-la-wildfire/ HTTP/1.1" 200 52516 "-" "Mozilla/5.0 (compatible; SemrushBot/7~bl; +http://www.semrush.com/bot.html)"
50.6.201.88 - - [18/Mar/2026:15:25:07 -0400] "POST /wp-admin/admin-ajax.php?action=async_litespeed&nonce=6a32a20319&litespeed_type=imgoptm HTTP/1.1" 200 21 "-" "WordPress/6.9.4; https://planetnewspro.com"
85.208.96.207 - - [18/Mar/2026:15:25:17 -0400] "GET /amazon-retains-discovering-new-methods-to-anger-kindle-clients/ HTTP/1.1" 200 53065 "-" "Mozilla/5.0 (compatible; SemrushBot/7~bl; +http://www.semrush.com/bot.html)"
50.6.201.88 - - [18/Mar/2026:15:25:23 -0400] "POST /wp-cron.php?doing_wp_cron=1773861923.6678409576416015625000 HTTP/1.1" 200 - "-" "WordPress/6.9.4; https://planetnewspro.com"
85.208.96.196 - - [18/Mar/2026:15:25:23 -0400] "GET /british-style-home-burberry-set-for-takeover-by-milan-skiwear-large/ HTTP/1.1" 200 53680 "-" "Mozilla/5.0 (compatible; SemrushBot/7~bl; +http://www.semrush.com/bot.html)"
85.208.96.202 - - [18/Mar/2026:15:25:24 -0400] "GET /uk-climate-met-workplace-points-financial-institution-vacation-washout-verdict-as-storm-mapped/ HTTP/1.1" 200 54094 "-" "Mozilla/5.0 (compatible; SemrushBot/7~bl; +http://www.semrush.com/bot.html)"
85.208.98.24 - - [18/Mar/2026:15:25:29 -0400] "GET /get-to-know-the-ieee-board-of-administrators-3/ HTTP/1.1" 200 56059 "-" "Mozilla/5.0 (compatible; SemrushBot-BA; +http://www.semrush.com/bot.html)"
216.73.216.103 - - [18/Mar/2026:15:25:31 -0400] "GET /?p=35491 HTTP/1.1" 301 - "-" "Mozilla/5.0 AppleWebKit/537.36 (KHTML, like Gecko; compatible; ClaudeBot/1.0; +claudebot@anthropic.com)"
216.73.216.103 - - [18/Mar/2026:15:25:31 -0400] "GET /feminine-founded-semiconductor-ai-startup-sixsense-raises-8-5m/ HTTP/1.1" 200 53381 "https://planetnewspro.com/?p=35491" "Mozilla/5.0 AppleWebKit/537.36 (KHTML, like Gecko; compatible; ClaudeBot/1.0; +claudebot@anthropic.com)"
85.208.96.202 - - [18/Mar/2026:15:25:43 -0400] "GET /the-film-goes-to-shock-folks-netflixs-dont-transfer-administrators-reveal-why-the-thriller-is-a-novel-and-intense-emotional-experience/ HTTP/1.1" 200 58210 "-" "Mozilla/5.0 (compatible; SemrushBot/7~bl; +http://www.semrush.com/bot.html)"
216.73.216.103 - - [18/Mar/2026:15:26:23 -0400] "GET /?p=34804 HTTP/1.1" 301 - "-" "Mozilla/5.0 AppleWebKit/537.36 (KHTML, like Gecko; compatible; ClaudeBot/1.0; +claudebot@anthropic.com)"
50.6.201.88 - - [18/Mar/2026:15:26:24 -0400] "POST /wp-cron.php?doing_wp_cron=1773861984.8418428897857666015625 HTTP/1.1" 200 - "-" "WordPress/6.9.4; https://planetnewspro.com"
216.73.216.103 - - [18/Mar/2026:15:26:23 -0400] "GET /?p=35601 HTTP/1.1" 301 - "-" "Mozilla/5.0 AppleWebKit/537.36 (KHTML, like Gecko; compatible; ClaudeBot/1.0; +claudebot@anthropic.com)"
50.6.201.88 - - [18/Mar/2026:15:26:25 -0400] "POST /wp-admin/admin-ajax.php?action=async_litespeed&nonce=6a32a20319&litespeed_type=imgoptm HTTP/1.1" 200 21 "-" "WordPress/6.9.4; https://planetnewspro.com"
216.73.216.103 - - [18/Mar/2026:15:26:24 -0400] "GET /how-trumps-ai-motion-plan-will-speed-up-and-throttle-innovation/ HTTP/1.1" 200 53742 "https://planetnewspro.com/?p=34804" "Mozilla/5.0 AppleWebKit/537.36 (KHTML, like Gecko; compatible; ClaudeBot/1.0; +claudebot@anthropic.com)"
216.73.216.103 - - [18/Mar/2026:15:26:24 -0400] "GET /donald-trump-says-us-nuclear-assault-submarines-at-the-moment-are-nearer-to-russia-after-he-re-deployed-them-over-kremlins-silly-and-inflammatory-taunts/ HTTP/1.1" 200 55915 "https://planetnewspro.com/?p=35601" "Mozilla/5.0 AppleWebKit/537.36 (KHTML, like Gecko; compatible; ClaudeBot/1.0; +claudebot@anthropic.com)"
216.73.216.103 - - [18/Mar/2026:15:26:25 -0400] "GET /?p=34834 HTTP/1.1" 301 - "-" "Mozilla/5.0 AppleWebKit/537.36 (KHTML, like Gecko; compatible; ClaudeBot/1.0; +claudebot@anthropic.com)"
216.73.216.103 - - [18/Mar/2026:15:26:26 -0400] "GET /amazon-lastly-launches-the-kindle-colorsoft-in-australia-i-am-simply-not-satisfied-it-is-price-its-asking-value/ HTTP/1.1" 200 54239 "https://planetnewspro.com/?p=34834" "Mozilla/5.0 AppleWebKit/537.36 (KHTML, like Gecko; compatible; ClaudeBot/1.0; +claudebot@anthropic.com)"
50.6.201.88 - - [18/Mar/2026:15:26:56 -0400] "POST /wp-cron.php?doing_wp_cron=1773862016.7287878990173339843750 HTTP/1.1" 200 - "-" "WordPress/6.9.4; https://planetnewspro.com"
185.191.171.16 - - [18/Mar/2026:15:26:55 -0400] "GET /biden-desperately-tries-to-clear-up-after-ruining-kamalas-large-evening-with-rubbish-insult/ HTTP/1.1" 200 53667 "-" "Mozilla/5.0 (compatible; SemrushBot/7~bl; +http://www.semrush.com/bot.html)"
216.73.216.103 - - [18/Mar/2026:15:26:58 -0400] "GET /?p=28513 HTTP/1.1" 301 - "-" "Mozilla/5.0 AppleWebKit/537.36 (KHTML, like Gecko; compatible; ClaudeBot/1.0; +claudebot@anthropic.com)"
216.73.216.103 - - [18/Mar/2026:15:26:58 -0400] "GET /?p=37153 HTTP/1.1" 301 - "-" "Mozilla/5.0 AppleWebKit/537.36 (KHTML, like Gecko; compatible; ClaudeBot/1.0; +claudebot@anthropic.com)"
50.6.201.88 - - [18/Mar/2026:15:26:59 -0400] "POST /wp-cron.php?doing_wp_cron=1773862019.1014010906219482421875 HTTP/1.1" 200 - "-" "WordPress/6.9.4; https://planetnewspro.com"
216.73.216.103 - - [18/Mar/2026:15:26:58 -0400] "GET /nfl-draft-outcomes-2025-monitoring-the-udfa-signings/ HTTP/1.1" 200 53970 "https://planetnewspro.com/?p=28513" "Mozilla/5.0 AppleWebKit/537.36 (KHTML, like Gecko; compatible; ClaudeBot/1.0; +claudebot@anthropic.com)"
50.6.201.88 - - [18/Mar/2026:15:26:59 -0400] "POST /wp-admin/admin-ajax.php?action=async_litespeed&nonce=6a32a20319&litespeed_type=imgoptm HTTP/1.1" 200 21 "-" "WordPress/6.9.4; https://planetnewspro.com"
216.73.216.103 - - [18/Mar/2026:15:26:59 -0400] "GET /?p=36396 HTTP/1.1" 301 - "-" "Mozilla/5.0 AppleWebKit/537.36 (KHTML, like Gecko; compatible; ClaudeBot/1.0; +claudebot@anthropic.com)"
216.73.216.103 - - [18/Mar/2026:15:26:59 -0400] "GET /i-check-kitchen-tech-for-a-residing-and-these-are-my-high-3-ninja-air-fryers-for-fast-and-attractive-meals/ HTTP/1.1" 200 59598 "https://planetnewspro.com/?p=37153" "Mozilla/5.0 AppleWebKit/537.36 (KHTML, like Gecko; compatible; ClaudeBot/1.0; +claudebot@anthropic.com)"
216.73.216.103 - - [18/Mar/2026:15:26:59 -0400] "GET /how-a-court-dockets-ruling-ripped-open-indias-decades-old-debate-over-stray-canines/ HTTP/1.1" 200 54678 "https://planetnewspro.com/?p=36396" "Mozilla/5.0 AppleWebKit/537.36 (KHTML, like Gecko; compatible; ClaudeBot/1.0; +claudebot@anthropic.com)"
85.208.96.198 - - [18/Mar/2026:15:27:09 -0400] "GET /love-lemons-cooking-membership-june/ HTTP/1.1" 200 52920 "-" "Mozilla/5.0 (compatible; SemrushBot/7~bl; +http://www.semrush.com/bot.html)"
162.62.132.25 - - [18/Mar/2026:15:27:12 -0400] "GET /category/travel/ HTTP/1.1" 200 44511 "-" "Mozilla/5.0 (iPhone; CPU iPhone OS 13_2_3 like Mac OS X) AppleWebKit/605.1.15 (KHTML, like Gecko) Version/13.0.3 Mobile/15E148 Safari/604.1"
216.73.216.103 - - [18/Mar/2026:15:27:14 -0400] "GET /?p=28726 HTTP/1.1" 301 - "-" "Mozilla/5.0 AppleWebKit/537.36 (KHTML, like Gecko; compatible; ClaudeBot/1.0; +claudebot@anthropic.com)"
216.73.216.103 - - [18/Mar/2026:15:27:14 -0400] "GET /?p=29062 HTTP/1.1" 301 - "-" "Mozilla/5.0 AppleWebKit/537.36 (KHTML, like Gecko; compatible; ClaudeBot/1.0; +claudebot@anthropic.com)"
216.73.216.103 - - [18/Mar/2026:15:27:15 -0400] "GET /trump-order-strips-funding-from-sanctuary-cities-engaged-in-rebel/ HTTP/1.1" 200 53674 "https://planetnewspro.com/?p=28726" "Mozilla/5.0 AppleWebKit/537.36 (KHTML, like Gecko; compatible; ClaudeBot/1.0; +claudebot@anthropic.com)"
216.73.216.103 - - [18/Mar/2026:15:27:15 -0400] "GET /the-ai-police-cyborg-1-0-a-surveillance-robotic-that-guarantees-safety-in-thailand-however-seems-to-be-like-masked-orwellian-management/ HTTP/1.1" 200 54345 "https://planetnewspro.com/?p=29062" "Mozilla/5.0 AppleWebKit/537.36 (KHTML, like Gecko; compatible; ClaudeBot/1.0; +claudebot@anthropic.com)"
85.208.96.200 - - [18/Mar/2026:15:27:22 -0400] "GET /super-bowl-2025-live-philadelphia-eagles-vs-kansas-metropolis-chiefs-stay-updates-halftime-present-and-celeb-arrivals/ HTTP/1.1" 200 60318 "-" "Mozilla/5.0 (compatible; SemrushBot/7~bl; +http://www.semrush.com/bot.html)"
216.73.216.103 - - [18/Mar/2026:15:27:39 -0400] "GET /?p=35185 HTTP/1.1" 301 - "-" "Mozilla/5.0 AppleWebKit/537.36 (KHTML, like Gecko; compatible; ClaudeBot/1.0; +claudebot@anthropic.com)"
216.73.216.103 - - [18/Mar/2026:15:27:40 -0400] "GET /?p=35368 HTTP/1.1" 301 - "-" "Mozilla/5.0 AppleWebKit/537.36 (KHTML, like Gecko; compatible; ClaudeBot/1.0; +claudebot@anthropic.com)"
185.191.171.6 - - [18/Mar/2026:15:27:39 -0400] "GET /kindles-10-2-scribe-drops-to-295-on-sale-i-received-one/ HTTP/1.1" 200 53376 "-" "Mozilla/5.0 (compatible; SemrushBot/7~bl; +http://www.semrush.com/bot.html)"
216.73.216.103 - - [18/Mar/2026:15:27:40 -0400] "GET /is-silicon-valley-dropping-its-affect-on-dc/ HTTP/1.1" 200 52382 "https://planetnewspro.com/?p=35185" "Mozilla/5.0 AppleWebKit/537.36 (KHTML, like Gecko; compatible; ClaudeBot/1.0; +claudebot@anthropic.com)"
216.73.216.103 - - [18/Mar/2026:15:27:40 -0400] "GET /pasta-puttanesca-recipe-love-and-lemons/ HTTP/1.1" 200 55465 "https://planetnewspro.com/?p=35368" "Mozilla/5.0 AppleWebKit/537.36 (KHTML, like Gecko; compatible; ClaudeBot/1.0; +claudebot@anthropic.com)"
167.114.139.240 - - [18/Mar/2026:15:28:06 -0400] "GET /mini-meatloaf-spend-with-pennies/ HTTP/1.1" 200 57830 "-" "Mozilla/5.0 (compatible; AhrefsBot/7.0; +http://ahrefs.com/robot/)"
50.6.201.88 - - [18/Mar/2026:15:28:08 -0400] "POST /wp-cron.php?doing_wp_cron=1773862088.1554119586944580078125 HTTP/1.1" 200 - "-" "WordPress/6.9.4; https://planetnewspro.com"
85.208.96.211 - - [18/Mar/2026:15:28:07 -0400] "GET /71-greatest-amazon-cyber-monday-offers-on-out-of-doors-gear/ HTTP/1.1" 200 60394 "-" "Mozilla/5.0 (compatible; SemrushBot/7~bl; +http://www.semrush.com/bot.html)"
50.6.201.88 - - [18/Mar/2026:15:28:08 -0400] "POST /wp-admin/admin-ajax.php?action=async_litespeed&nonce=6a32a20319&litespeed_type=imgoptm HTTP/1.1" 200 21 "-" "WordPress/6.9.4; https://planetnewspro.com"
185.191.171.10 - - [18/Mar/2026:15:28:10 -0400] "GET /steven-crowder-slams-fascist-censorship-in-germany-time-to-break-ties-the-gateway-pundit/ HTTP/1.1" 200 55975 "-" "Mozilla/5.0 (compatible; SemrushBot/7~bl; +http://www.semrush.com/bot.html)"
185.191.171.5 - - [18/Mar/2026:15:28:14 -0400] "GET /tiktok-and-authorities-conflict-in-final-spherical-of-supreme-courtroom-briefs/ HTTP/1.1" 200 53158 "-" "Mozilla/5.0 (compatible; SemrushBot/7~bl; +http://www.semrush.com/bot.html)"
50.6.201.88 - - [18/Mar/2026:15:28:25 -0400] "POST /wp-cron.php?doing_wp_cron=1773862105.9638218879699707031250 HTTP/1.1" 200 - "-" "WordPress/6.9.4; https://planetnewspro.com"
216.73.216.103 - - [18/Mar/2026:15:28:25 -0400] "GET /?p=35305 HTTP/1.1" 301 - "-" "Mozilla/5.0 AppleWebKit/537.36 (KHTML, like Gecko; compatible; ClaudeBot/1.0; +claudebot@anthropic.com)"
216.73.216.103 - - [18/Mar/2026:15:28:26 -0400] "GET /?p=28894 HTTP/1.1" 301 - "-" "Mozilla/5.0 AppleWebKit/537.36 (KHTML, like Gecko; compatible; ClaudeBot/1.0; +claudebot@anthropic.com)"
216.73.216.103 - - [18/Mar/2026:15:28:26 -0400] "GET /unique-a-record-breaking-child-has-been-born-from-an-embryo-thats-over-30-years-outdated/ HTTP/1.1" 200 52673 "https://planetnewspro.com/?p=35305" "Mozilla/5.0 AppleWebKit/537.36 (KHTML, like Gecko; compatible; ClaudeBot/1.0; +claudebot@anthropic.com)"
216.73.216.103 - - [18/Mar/2026:15:28:26 -0400] "GET /why-no-workforce-within-the-west-can-cease-the-thunders-run-to-the-nba-finals/ HTTP/1.1" 200 52884 "https://planetnewspro.com/?p=28894" "Mozilla/5.0 AppleWebKit/537.36 (KHTML, like Gecko; compatible; ClaudeBot/1.0; +claudebot@anthropic.com)"
85.208.96.209 - - [18/Mar/2026:15:28:28 -0400] "GET /india-urgently-inspecting-all-boeing-787s-after-lethal-air-india-crash-kills-a-minimum-of-270-individuals/ HTTP/1.1" 200 55218 "-" "Mozilla/5.0 (compatible; SemrushBot/7~bl; +http://www.semrush.com/bot.html)"
216.73.216.103 - - [18/Mar/2026:15:28:42 -0400] "GET /?p=34885 HTTP/1.1" 301 - "-" "Mozilla/5.0 AppleWebKit/537.36 (KHTML, like Gecko; compatible; ClaudeBot/1.0; +claudebot@anthropic.com)"
216.73.216.103 - - [18/Mar/2026:15:28:42 -0400] "GET /?p=36204 HTTP/1.1" 301 - "-" "Mozilla/5.0 AppleWebKit/537.36 (KHTML, like Gecko; compatible; ClaudeBot/1.0; +claudebot@anthropic.com)"
216.73.216.103 - - [18/Mar/2026:15:28:42 -0400] "GET /one-arrested-one-sought-after-feds-cost-medical-staff-who-blocked-ice-brokers-attempting-to-arrest-unlawful-alien-who-fled-inside-california-surgical-middle-the-gateway-pundit/ HTTP/1.1" 200 53156 "https://planetnewspro.com/?p=34885" "Mozilla/5.0 AppleWebKit/537.36 (KHTML, like Gecko; compatible; ClaudeBot/1.0; +claudebot@anthropic.com)"
216.73.216.103 - - [18/Mar/2026:15:28:42 -0400] "GET /ftse-100-bosses-rake-in-a-document-550m-haul/ HTTP/1.1" 200 55630 "https://planetnewspro.com/?p=36204" "Mozilla/5.0 AppleWebKit/537.36 (KHTML, like Gecko; compatible; ClaudeBot/1.0; +claudebot@anthropic.com)"
185.191.171.9 - - [18/Mar/2026:15:28:45 -0400] "GET /5-causes-you-have-to-watch-pantheon-on-netflix/ HTTP/1.1" 200 53323 "-" "Mozilla/5.0 (compatible; SemrushBot/7~bl; +http://www.semrush.com/bot.html)"
50.6.201.88 - - [18/Mar/2026:15:28:59 -0400] "POST /wp-cron.php?doing_wp_cron=1773862139.5433919429779052734375 HTTP/1.1" 200 - "-" "WordPress/6.9.4; https://planetnewspro.com"
85.208.96.202 - - [18/Mar/2026:15:28:59 -0400] "GET /six-killed-as-protests-over-jobs-quota-flip-violent-in-bangladesh/ HTTP/1.1" 200 53924 "-" "Mozilla/5.0 (compatible; SemrushBot/7~bl; +http://www.semrush.com/bot.html)"
50.6.201.88 - - [18/Mar/2026:15:28:59 -0400] "POST /wp-admin/admin-ajax.php?action=async_litespeed&nonce=6a32a20319&litespeed_type=imgoptm HTTP/1.1" 200 21 "-" "WordPress/6.9.4; https://planetnewspro.com"
85.208.96.204 - - [18/Mar/2026:15:29:02 -0400] "GET /6-issues-narcissists-do-throughout-the-holidays-how-to-deal-with-it/ HTTP/1.1" 200 56918 "-" "Mozilla/5.0 (compatible; SemrushBot/7~bl; +http://www.semrush.com/bot.html)"
50.6.201.88 - - [18/Mar/2026:15:29:07 -0400] "POST /wp-cron.php?doing_wp_cron=1773862147.3081901073455810546875 HTTP/1.1" 200 - "-" "WordPress/6.9.4; https://planetnewspro.com"
216.73.216.103 - - [18/Mar/2026:15:29:07 -0400] "GET /?p=29506 HTTP/1.1" 301 - "-" "Mozilla/5.0 AppleWebKit/537.36 (KHTML, like Gecko; compatible; ClaudeBot/1.0; +claudebot@anthropic.com)"
216.73.216.103 - - [18/Mar/2026:15:29:07 -0400] "GET /?p=29146 HTTP/1.1" 301 - "-" "Mozilla/5.0 AppleWebKit/537.36 (KHTML, like Gecko; compatible; ClaudeBot/1.0; +claudebot@anthropic.com)"
50.6.201.88 - - [18/Mar/2026:15:29:08 -0400] "POST /wp-cron.php?doing_wp_cron=1773862148.1957299709320068359375 HTTP/1.1" 200 - "-" "WordPress/6.9.4; https://planetnewspro.com"
216.73.216.103 - - [18/Mar/2026:15:29:07 -0400] "GET /exploring-icelandic-glaciers-your-information-to-the-kjolur-route-within-the-southeast-highlands/ HTTP/1.1" 200 57490 "https://planetnewspro.com/?p=29506" "Mozilla/5.0 AppleWebKit/537.36 (KHTML, like Gecko; compatible; ClaudeBot/1.0; +claudebot@anthropic.com)"
216.73.216.103 - - [18/Mar/2026:15:29:08 -0400] "GET /what-if-the-president-tries-to-annex-greenland-and-canada/ HTTP/1.1" 200 61079 "https://planetnewspro.com/?p=29146" "Mozilla/5.0 AppleWebKit/537.36 (KHTML, like Gecko; compatible; ClaudeBot/1.0; +claudebot@anthropic.com)"
216.73.216.103 - - [18/Mar/2026:15:29:12 -0400] "GET /?p=29215 HTTP/1.1" 301 - "-" "Mozilla/5.0 AppleWebKit/537.36 (KHTML, like Gecko; compatible; ClaudeBot/1.0; +claudebot@anthropic.com)"
216.73.216.103 - - [18/Mar/2026:15:29:12 -0400] "GET /why-the-cleveland-cavaliers-arent-constructed-to-beat-boston-celtics-but/ HTTP/1.1" 200 53250 "https://planetnewspro.com/?p=29215" "Mozilla/5.0 AppleWebKit/537.36 (KHTML, like Gecko; compatible; ClaudeBot/1.0; +claudebot@anthropic.com)"
216.73.216.103 - - [18/Mar/2026:15:29:13 -0400] "GET /?p=29710 HTTP/1.1" 301 - "-" "Mozilla/5.0 AppleWebKit/537.36 (KHTML, like Gecko; compatible; ClaudeBot/1.0; +claudebot@anthropic.com)"
216.73.216.103 - - [18/Mar/2026:15:29:13 -0400] "GET /higher-than-a-excessive-yield-financial-savings-account/ HTTP/1.1" 200 55939 "https://planetnewspro.com/?p=29710" "Mozilla/5.0 AppleWebKit/537.36 (KHTML, like Gecko; compatible; ClaudeBot/1.0; +claudebot@anthropic.com)"
50.6.201.88 - - [18/Mar/2026:15:29:20 -0400] "POST /wp-cron.php?doing_wp_cron=1773862160.9387331008911132812500 HTTP/1.1" 200 - "-" "WordPress/6.9.4; https://planetnewspro.com"
185.191.171.15 - - [18/Mar/2026:15:29:18 -0400] "GET /amazon-fireplace-hd-10-children-professional-now-on-sale-for-26-much-less/ HTTP/1.1" 200 54058 "-" "Mozilla/5.0 (compatible; SemrushBot/7~bl; +http://www.semrush.com/bot.html)"
85.208.96.207 - - [18/Mar/2026:15:29:27 -0400] "GET /enhance-your-overhead-energy-with-the-scrape-the-rack-press/ HTTP/1.1" 200 53336 "-" "Mozilla/5.0 (compatible; SemrushBot/7~bl; +http://www.semrush.com/bot.html)"
85.208.96.202 - - [18/Mar/2026:15:29:30 -0400] "GET /florida-choose-seeks-to-enjoin-events-not-earlier-than-her-courtroom/ HTTP/1.1" 200 53554 "-" "Mozilla/5.0 (compatible; SemrushBot/7~bl; +http://www.semrush.com/bot.html)"
185.191.171.10 - - [18/Mar/2026:15:29:34 -0400] "GET /hmpv-newest-china-well-being-officers-give-replace-on-virus-an-infection-fee/ HTTP/1.1" 200 54229 "-" "Mozilla/5.0 (compatible; SemrushBot/7~bl; +http://www.semrush.com/bot.html)"
85.208.96.207 - - [18/Mar/2026:15:29:39 -0400] "GET /treasury-head-scott-bessent-says-jamie-dimon-ought-to-chill-out-concerning-the-bond-markets-for-his-complete-profession-hes-made-predictionsnone-of-them-have-come-true/ HTTP/1.1" 200 53676 "-" "Mozilla/5.0 (compatible; SemrushBot/7~bl; +http://www.semrush.com/bot.html)"
216.73.216.103 - - [18/Mar/2026:15:29:50 -0400] "GET /baked-cod-with-tomatoes-spend-with-pennies HTTP/1.1" 301 - "-" "Mozilla/5.0 AppleWebKit/537.36 (KHTML, like Gecko; compatible; ClaudeBot/1.0; +claudebot@anthropic.com)"
216.73.216.103 - - [18/Mar/2026:15:29:50 -0400] "GET /corn-salsa-recipe-love-and-lemons HTTP/1.1" 301 - "-" "Mozilla/5.0 AppleWebKit/537.36 (KHTML, like Gecko; compatible; ClaudeBot/1.0; +claudebot@anthropic.com)"
216.73.216.103 - - [18/Mar/2026:15:29:50 -0400] "GET /baked-cod-with-tomatoes-spend-with-pennies/ HTTP/1.1" 200 58399 "https://planetnewspro.com/baked-cod-with-tomatoes-spend-with-pennies" "Mozilla/5.0 AppleWebKit/537.36 (KHTML, like Gecko; compatible; ClaudeBot/1.0; +claudebot@anthropic.com)"
216.73.216.103 - - [18/Mar/2026:15:29:51 -0400] "GET /corn-salsa-recipe-love-and-lemons/ HTTP/1.1" 200 54848 "https://planetnewspro.com/corn-salsa-recipe-love-and-lemons" "Mozilla/5.0 AppleWebKit/537.36 (KHTML, like Gecko; compatible; ClaudeBot/1.0; +claudebot@anthropic.com)"
50.6.201.88 - - [18/Mar/2026:15:30:08 -0400] "POST /wp-cron.php?doing_wp_cron=1773862208.8635780811309814453125 HTTP/1.1" 200 - "-" "WordPress/6.9.4; https://planetnewspro.com"
148.135.200.35 - - [18/Mar/2026:15:30:08 -0400] "POST /wp-login.php HTTP/1.1" 200 6333 "-" "Mozilla/5.0"
50.6.201.88 - - [18/Mar/2026:15:30:08 -0400] "POST /wp-admin/admin-ajax.php?action=async_litespeed&nonce=6a32a20319&litespeed_type=imgoptm HTTP/1.1" 200 21 "-" "WordPress/6.9.4; https://planetnewspro.com"
216.73.216.103 - - [18/Mar/2026:15:30:15 -0400] "GET /what-are-the-high-3-marathon-locations-within-the-u-s HTTP/1.1" 301 - "-" "Mozilla/5.0 AppleWebKit/537.36 (KHTML, like Gecko; compatible; ClaudeBot/1.0; +claudebot@anthropic.com)"
216.73.216.103 - - [18/Mar/2026:15:30:15 -0400] "GET /dill-pickle-nachos-spend-with-pennies HTTP/1.1" 301 - "-" "Mozilla/5.0 AppleWebKit/537.36 (KHTML, like Gecko; compatible; ClaudeBot/1.0; +claudebot@anthropic.com)"
216.73.216.103 - - [18/Mar/2026:15:30:15 -0400] "GET /what-are-the-high-3-marathon-locations-within-the-u-s/ HTTP/1.1" 200 52515 "https://planetnewspro.com/what-are-the-high-3-marathon-locations-within-the-u-s" "Mozilla/5.0 AppleWebKit/537.36 (KHTML, like Gecko; compatible; ClaudeBot/1.0; +claudebot@anthropic.com)"
50.6.201.88 - - [18/Mar/2026:15:30:16 -0400] "POST /wp-cron.php?doing_wp_cron=1773862216.7828791141510009765625 HTTP/1.1" 200 - "-" "WordPress/6.9.4; https://planetnewspro.com"
216.73.216.103 - - [18/Mar/2026:15:30:16 -0400] "GET /dill-pickle-nachos-spend-with-pennies/ HTTP/1.1" 200 57787 "https://planetnewspro.com/dill-pickle-nachos-spend-with-pennies" "Mozilla/5.0 AppleWebKit/537.36 (KHTML, like Gecko; compatible; ClaudeBot/1.0; +claudebot@anthropic.com)"
185.191.171.3 - - [18/Mar/2026:15:30:18 -0400] "GET /indian-reserve-tigress-kills-forest-ranger-in-second-assault-on-people-in-as-many-months/ HTTP/1.1" 200 53585 "-" "Mozilla/5.0 (compatible; SemrushBot/7~bl; +http://www.semrush.com/bot.html)"
50.6.201.88 - - [18/Mar/2026:15:30:45 -0400] "POST /wp-cron.php?doing_wp_cron=1773862245.8858571052551269531250 HTTP/1.1" 200 - "-" "WordPress/6.9.4; https://planetnewspro.com"
216.73.216.103 - - [18/Mar/2026:15:30:45 -0400] "GET /why-arent-trump-and-rfk-jr-serving-to-milwaukee-with-its-lead-poisoning-disaster HTTP/1.1" 301 - "-" "Mozilla/5.0 AppleWebKit/537.36 (KHTML, like Gecko; compatible; ClaudeBot/1.0; +claudebot@anthropic.com)"
216.73.216.103 - - [18/Mar/2026:15:30:45 -0400] "GET /how-riot-video-games-is-combating-the-struggle-in-opposition-to-online-game-hackers HTTP/1.1" 301 - "-" "Mozilla/5.0 AppleWebKit/537.36 (KHTML, like Gecko; compatible; ClaudeBot/1.0; +claudebot@anthropic.com)"
216.73.216.103 - - [18/Mar/2026:15:30:46 -0400] "GET /why-arent-trump-and-rfk-jr-serving-to-milwaukee-with-its-lead-poisoning-disaster/ HTTP/1.1" 200 55790 "https://planetnewspro.com/why-arent-trump-and-rfk-jr-serving-to-milwaukee-with-its-lead-poisoning-disaster" "Mozilla/5.0 AppleWebKit/537.36 (KHTML, like Gecko; compatible; ClaudeBot/1.0; +claudebot@anthropic.com)"
216.73.216.103 - - [18/Mar/2026:15:30:46 -0400] "GET /how-riot-video-games-is-combating-the-struggle-in-opposition-to-online-game-hackers/ HTTP/1.1" 200 57957 "https://planetnewspro.com/how-riot-video-games-is-combating-the-struggle-in-opposition-to-online-game-hackers" "Mozilla/5.0 AppleWebKit/537.36 (KHTML, like Gecko; compatible; ClaudeBot/1.0; +claudebot@anthropic.com)"
216.73.216.103 - - [18/Mar/2026:15:30:51 -0400] "GET /rohingya-muslims-in-myanmars-restive-rakhine-state-susceptible-to-genocidal-violence/feed HTTP/1.1" 301 - "-" "Mozilla/5.0 AppleWebKit/537.36 (KHTML, like Gecko; compatible; ClaudeBot/1.0; +claudebot@anthropic.com)"
216.73.216.103 - - [18/Mar/2026:15:30:51 -0400] "GET /reporting-scams-to-the-ftc-and-fbi-helps-gas-fraud-combating-efforts HTTP/1.1" 301 - "-" "Mozilla/5.0 AppleWebKit/537.36 (KHTML, like Gecko; compatible; ClaudeBot/1.0; +claudebot@anthropic.com)"
216.73.216.103 - - [18/Mar/2026:15:30:51 -0400] "GET /rohingya-muslims-in-myanmars-restive-rakhine-state-susceptible-to-genocidal-violence/feed/ HTTP/1.1" 200 962 "https://planetnewspro.com/rohingya-muslims-in-myanmars-restive-rakhine-state-susceptible-to-genocidal-violence/feed" "Mozilla/5.0 AppleWebKit/537.36 (KHTML, like Gecko; compatible; ClaudeBot/1.0; +claudebot@anthropic.com)"
216.73.216.103 - - [18/Mar/2026:15:30:51 -0400] "GET /reporting-scams-to-the-ftc-and-fbi-helps-gas-fraud-combating-efforts/ HTTP/1.1" 200 54682 "https://planetnewspro.com/reporting-scams-to-the-ftc-and-fbi-helps-gas-fraud-combating-efforts" "Mozilla/5.0 AppleWebKit/537.36 (KHTML, like Gecko; compatible; ClaudeBot/1.0; +claudebot@anthropic.com)"
185.191.171.18 - - [18/Mar/2026:15:30:56 -0400] "GET /what-it-actually-prices-to-pack-up-and-transfer-to-portugal-your-pension-and-financial-savings-will-go-a-lot-additional-whilst-youll-pay-a-fraction-of-the-tax-learn-our-detailed-information/ HTTP/1.1" 200 57623 "-" "Mozilla/5.0 (compatible; SemrushBot/7~bl; +http://www.semrush.com/bot.html)"
50.6.201.88 - - [18/Mar/2026:15:31:17 -0400] "POST /wp-cron.php?doing_wp_cron=1773862276.9763400554656982421875 HTTP/1.1" 200 - "-" "WordPress/6.9.4; https://planetnewspro.com"
216.73.216.103 - - [18/Mar/2026:15:31:16 -0400] "GET /vladimir-putin-reveals-off-horror-new-thriller-cruise-missile-at-weapons-check-website HTTP/1.1" 301 - "-" "Mozilla/5.0 AppleWebKit/537.36 (KHTML, like Gecko; compatible; ClaudeBot/1.0; +claudebot@anthropic.com)"
216.73.216.103 - - [18/Mar/2026:15:31:17 -0400] "GET /i-biked-160-miles-between-20000-islands-and-discovered-europes-most-peaceable-summer-season-journey HTTP/1.1" 301 - "-" "Mozilla/5.0 AppleWebKit/537.36 (KHTML, like Gecko; compatible; ClaudeBot/1.0; +claudebot@anthropic.com)"
50.6.201.88 - - [18/Mar/2026:15:31:17 -0400] "POST /wp-admin/admin-ajax.php?action=async_litespeed&nonce=6a32a20319&litespeed_type=imgoptm HTTP/1.1" 200 21 "-" "WordPress/6.9.4; https://planetnewspro.com"
50.6.201.88 - - [18/Mar/2026:15:31:17 -0400] "POST /wp-cron.php?doing_wp_cron=1773862277.6209399700164794921875 HTTP/1.1" 200 - "-" "WordPress/6.9.4; https://planetnewspro.com"
146.174.190.127 - - [18/Mar/2026:15:31:16 -0400] "GET /author/admin-pnp-171/page/1775/ HTTP/1.1" 200 43822 "-" "Mozilla/5.0 (Windows NT 5.1; rv:21.0) Gecko/20130401 Firefox/21.0"
216.73.216.103 - - [18/Mar/2026:15:31:17 -0400] "GET /vladimir-putin-reveals-off-horror-new-thriller-cruise-missile-at-weapons-check-website/ HTTP/1.1" 200 54177 "https://planetnewspro.com/vladimir-putin-reveals-off-horror-new-thriller-cruise-missile-at-weapons-check-website" "Mozilla/5.0 AppleWebKit/537.36 (KHTML, like Gecko; compatible; ClaudeBot/1.0; +claudebot@anthropic.com)"
216.73.216.103 - - [18/Mar/2026:15:31:17 -0400] "GET /i-biked-160-miles-between-20000-islands-and-discovered-europes-most-peaceable-summer-season-journey/ HTTP/1.1" 200 56311 "https://planetnewspro.com/i-biked-160-miles-between-20000-islands-and-discovered-europes-most-peaceable-summer-season-journey" "Mozilla/5.0 AppleWebKit/537.36 (KHTML, like Gecko; compatible; ClaudeBot/1.0; +claudebot@anthropic.com)"
85.208.96.196 - - [18/Mar/2026:15:31:27 -0400] "GET /crunch-time-last-minute-thanksgiving-recipe-concepts/ HTTP/1.1" 200 53551 "-" "Mozilla/5.0 (compatible; SemrushBot/7~bl; +http://www.semrush.com/bot.html)"
43.173.174.46 - - [18/Mar/2026:15:31:46 -0400] "GET /40-thanksgiving-aspect-dishes-sallys-baking-habit/ HTTP/1.1" 200 68274 "-" "Mozilla/5.0 (Windows NT 10.0; Win64; x64) AppleWebKit/537.36 (KHTML, like Gecko) Chrome/117.0.0.0 Safari/537.36"
216.73.216.103 - - [18/Mar/2026:15:31:54 -0400] "GET /federal-decide-orders-trump-admin-to-halt-immigration-operations-with-out-possible-trigger-in-california HTTP/1.1" 301 - "-" "Mozilla/5.0 AppleWebKit/537.36 (KHTML, like Gecko; compatible; ClaudeBot/1.0; +claudebot@anthropic.com)"
216.73.216.103 - - [18/Mar/2026:15:31:54 -0400] "GET /finest-sneakers-for-2025-hyrox-athletes-prime-picks-for-working-energy-efficiency HTTP/1.1" 301 - "-" "Mozilla/5.0 AppleWebKit/537.36 (KHTML, like Gecko; compatible; ClaudeBot/1.0; +claudebot@anthropic.com)"
216.73.216.103 - - [18/Mar/2026:15:31:55 -0400] "GET /federal-decide-orders-trump-admin-to-halt-immigration-operations-with-out-possible-trigger-in-california/ HTTP/1.1" 200 53969 "https://planetnewspro.com/federal-decide-orders-trump-admin-to-halt-immigration-operations-with-out-possible-trigger-in-california" "Mozilla/5.0 AppleWebKit/537.36 (KHTML, like Gecko; compatible; ClaudeBot/1.0; +claudebot@anthropic.com)"
216.73.216.103 - - [18/Mar/2026:15:31:55 -0400] "GET /finest-sneakers-for-2025-hyrox-athletes-prime-picks-for-working-energy-efficiency/ HTTP/1.1" 200 61023 "https://planetnewspro.com/finest-sneakers-for-2025-hyrox-athletes-prime-picks-for-working-energy-efficiency" "Mozilla/5.0 AppleWebKit/537.36 (KHTML, like Gecko; compatible; ClaudeBot/1.0; +claudebot@anthropic.com)"
85.208.96.212 - - [18/Mar/2026:15:31:58 -0400] "GET /texas-rangers-eyeing-world-collection-repeat-run/ HTTP/1.1" 200 52618 "-" "Mozilla/5.0 (compatible; SemrushBot/7~bl; +http://www.semrush.com/bot.html)"
31.220.97.154 - - [18/Mar/2026:15:32:05 -0400] "GET / HTTP/1.1" 200 492389 "-" "Mozilla/5.0 (Macintosh; Intel Mac OS X 10_15_7) AppleWebKit/537.36 (KHTML, like Gecko) Chrome/93.0.4577.0 Safari/537.36"
185.191.171.8 - - [18/Mar/2026:15:32:08 -0400] "GET /how-the-mannequins-model-modified-with-ye-by-means-of-the-years/ HTTP/1.1" 200 52570 "-" "Mozilla/5.0 (compatible; SemrushBot/7~bl; +http://www.semrush.com/bot.html)"
185.191.171.8 - - [18/Mar/2026:15:32:12 -0400] "GET /social-safety-cola-improve-for-2025-the-newest-professional-predictions-are-in/ HTTP/1.1" 200 54695 "-" "Mozilla/5.0 (compatible; SemrushBot/7~bl; +http://www.semrush.com/bot.html)"
216.73.216.103 - - [18/Mar/2026:15:32:13 -0400] "GET /the-40-greatest-films-on-hulu-this-week-august-2025 HTTP/1.1" 301 - "-" "Mozilla/5.0 AppleWebKit/537.36 (KHTML, like Gecko; compatible; ClaudeBot/1.0; +claudebot@anthropic.com)"
216.73.216.103 - - [18/Mar/2026:15:32:13 -0400] "GET /what-black-fascist-lawrence-dennis-can-train-us-about-liberalism-right-this-moment HTTP/1.1" 301 - "-" "Mozilla/5.0 AppleWebKit/537.36 (KHTML, like Gecko; compatible; ClaudeBot/1.0; +claudebot@anthropic.com)"
216.73.216.103 - - [18/Mar/2026:15:32:13 -0400] "GET /the-40-greatest-films-on-hulu-this-week-august-2025/ HTTP/1.1" 200 66017 "https://planetnewspro.com/the-40-greatest-films-on-hulu-this-week-august-2025" "Mozilla/5.0 AppleWebKit/537.36 (KHTML, like Gecko; compatible; ClaudeBot/1.0; +claudebot@anthropic.com)"
216.73.216.103 - - [18/Mar/2026:15:32:14 -0400] "GET /what-black-fascist-lawrence-dennis-can-train-us-about-liberalism-right-this-moment/ HTTP/1.1" 200 58566 "https://planetnewspro.com/what-black-fascist-lawrence-dennis-can-train-us-about-liberalism-right-this-moment" "Mozilla/5.0 AppleWebKit/537.36 (KHTML, like Gecko; compatible; ClaudeBot/1.0; +claudebot@anthropic.com)"
185.191.171.18 - - [18/Mar/2026:15:32:16 -0400] "GET /50-thanksgiving-facet-dishes-recipes-by-love-and-lemons/ HTTP/1.1" 200 61578 "-" "Mozilla/5.0 (compatible; SemrushBot/7~bl; +http://www.semrush.com/bot.html)"
50.6.201.88 - - [18/Mar/2026:15:32:21 -0400] "POST /wp-cron.php?doing_wp_cron=1773862341.7602229118347167968750 HTTP/1.1" 200 - "-" "WordPress/6.9.4; https://planetnewspro.com"
66.249.87.70 - - [18/Mar/2026:15:32:21 -0400] "GET /40-thanksgiving-aspect-dishes-sallys-baking-habit/ HTTP/1.1" 200 68275 "-" "Mediapartners-Google"
50.6.201.88 - - [18/Mar/2026:15:32:22 -0400] "POST /wp-admin/admin-ajax.php?action=async_litespeed&nonce=6a32a20319&litespeed_type=imgoptm HTTP/1.1" 200 21 "-" "WordPress/6.9.4; https://planetnewspro.com"
185.191.171.8 - - [18/Mar/2026:15:32:26 -0400] "GET /steve-moore-says-kamala-triggered-the-crash-after-traders-analyzed-her-harmful-financial-insurance-policies-video-the-gateway-pundit/ HTTP/1.1" 200 53305 "-" "Mozilla/5.0 (compatible; SemrushBot/7~bl; +http://www.semrush.com/bot.html)"
50.6.201.88 - - [18/Mar/2026:15:32:33 -0400] "POST /wp-cron.php?doing_wp_cron=1773862353.7815830707550048828125 HTTP/1.1" 200 - "-" "WordPress/6.9.4; https://planetnewspro.com"
185.191.171.15 - - [18/Mar/2026:15:32:31 -0400] "GET /new-readmoo-mooink-nana-e-reader-with-7-inch-kaleido-3-show-launched/ HTTP/1.1" 200 53089 "-" "Mozilla/5.0 (compatible; SemrushBot/7~bl; +http://www.semrush.com/bot.html)"
216.73.216.103 - - [18/Mar/2026:15:32:34 -0400] "GET /what-does-it-actually-take-to-make-it-to-the-2025-olympia-stage HTTP/1.1" 301 - "-" "Mozilla/5.0 AppleWebKit/537.36 (KHTML, like Gecko; compatible; ClaudeBot/1.0; +claudebot@anthropic.com)"
216.73.216.103 - - [18/Mar/2026:15:32:34 -0400] "GET /when-progress-doesnt-really-feel-like-residence-why-many-are-hesitant-to-hitch-the-ai-migration HTTP/1.1" 301 - "-" "Mozilla/5.0 AppleWebKit/537.36 (KHTML, like Gecko; compatible; ClaudeBot/1.0; +claudebot@anthropic.com)"
216.73.216.103 - - [18/Mar/2026:15:32:34 -0400] "GET /what-does-it-actually-take-to-make-it-to-the-2025-olympia-stage/ HTTP/1.1" 200 53730 "https://planetnewspro.com/what-does-it-actually-take-to-make-it-to-the-2025-olympia-stage" "Mozilla/5.0 AppleWebKit/537.36 (KHTML, like Gecko; compatible; ClaudeBot/1.0; +claudebot@anthropic.com)"
50.6.201.88 - - [18/Mar/2026:15:32:37 -0400] "POST /wp-cron.php?doing_wp_cron=1773862357.4663150310516357421875 HTTP/1.1" 200 - "-" "WordPress/6.9.4; https://planetnewspro.com"
216.73.216.103 - - [18/Mar/2026:15:32:35 -0400] "GET /when-progress-doesnt-really-feel-like-residence-why-many-are-hesitant-to-hitch-the-ai-migration/ HTTP/1.1" 200 59990 "https://planetnewspro.com/when-progress-doesnt-really-feel-like-residence-why-many-are-hesitant-to-hitch-the-ai-migration" "Mozilla/5.0 AppleWebKit/537.36 (KHTML, like Gecko; compatible; ClaudeBot/1.0; +claudebot@anthropic.com)"
85.208.96.196 - - [18/Mar/2026:15:32:39 -0400] "GET /10-free-sights-in-tokyo/ HTTP/1.1" 200 63992 "-" "Mozilla/5.0 (compatible; SemrushBot/7~bl; +http://www.semrush.com/bot.html)"
216.73.216.103 - - [18/Mar/2026:15:32:40 -0400] "GET /now-it-can-be-told-extra-than-60-american-service-members-had-been-injured-on-joe-bidens-disastrous-gaza-pier-the-gateway-pundit HTTP/1.1" 301 - "-" "Mozilla/5.0 AppleWebKit/537.36 (KHTML, like Gecko; compatible; ClaudeBot/1.0; +claudebot@anthropic.com)"
216.73.216.103 - - [18/Mar/2026:15:32:40 -0400] "GET /king-queen-william-and-kate-honour-selfless-devotion-of-britains-wartime-heroes-as-they-lead-nations-ve-day-celebrations-days-after-harrys-bombshell-reconciliation-plea HTTP/1.1" 301 - "-" "Mozilla/5.0 AppleWebKit/537.36 (KHTML, like Gecko; compatible; ClaudeBot/1.0; +claudebot@anthropic.com)"
216.73.216.103 - - [18/Mar/2026:15:32:41 -0400] "GET /now-it-can-be-told-extra-than-60-american-service-members-had-been-injured-on-joe-bidens-disastrous-gaza-pier-the-gateway-pundit/ HTTP/1.1" 200 52876 "https://planetnewspro.com/now-it-can-be-told-extra-than-60-american-service-members-had-been-injured-on-joe-bidens-disastrous-gaza-pier-the-gateway-pundit" "Mozilla/5.0 AppleWebKit/537.36 (KHTML, like Gecko; compatible; ClaudeBot/1.0; +claudebot@anthropic.com)"
216.73.216.103 - - [18/Mar/2026:15:32:41 -0400] "GET /king-queen-william-and-kate-honour-selfless-devotion-of-britains-wartime-heroes-as-they-lead-nations-ve-day-celebrations-days-after-harrys-bombshell-reconciliation-plea/ HTTP/1.1" 200 65748 "https://planetnewspro.com/king-queen-william-and-kate-honour-selfless-devotion-of-britains-wartime-heroes-as-they-lead-nations-ve-day-celebrations-days-after-harrys-bombshell-reconciliation-plea" "Mozilla/5.0 AppleWebKit/537.36 (KHTML, like Gecko; compatible; ClaudeBot/1.0; +claudebot@anthropic.com)"
43.163.23.221 - - [18/Mar/2026:15:32:53 -0400] "GET /ariana-grandes-depraved-guarantees-a-excellent-christmas-plan-weeks-forward-of-the-vacation/ HTTP/1.1" 200 52528 "-" "Mozilla/5.0 (Windows NT 10.0; Win64; x64) AppleWebKit/537.36 (KHTML, like Gecko) Chrome/109.0.0.0 Safari/537.36"
50.6.201.88 - - [18/Mar/2026:15:33:08 -0400] "POST /wp-cron.php?doing_wp_cron=1773862388.4093210697174072265625 HTTP/1.1" 200 - "-" "WordPress/6.9.4; https://planetnewspro.com"
43.173.173.187 - - [18/Mar/2026:15:33:07 -0400] "GET /ariana-grandes-depraved-guarantees-a-excellent-christmas-plan-weeks-forward-of-the-vacation/ HTTP/1.1" 200 52528 "-" "Mozilla/5.0 (Windows NT 10.0; Win64; x64) AppleWebKit/537.36 (KHTML, like Gecko) Chrome/124.0.0.0 Safari/537.36"
50.6.201.88 - - [18/Mar/2026:15:33:08 -0400] "POST /wp-admin/admin-ajax.php?action=async_litespeed&nonce=6a32a20319&litespeed_type=imgoptm HTTP/1.1" 200 21 "-" "WordPress/6.9.4; https://planetnewspro.com"
50.6.201.88 - - [18/Mar/2026:15:33:24 -0400] "POST /wp-cron.php?doing_wp_cron=1773862404.2134931087493896484375 HTTP/1.1" 200 - "-" "WordPress/6.9.4; https://planetnewspro.com"
85.208.96.207 - - [18/Mar/2026:15:33:23 -0400] "GET /kamala-harris-leads-trump-50-43-as-a-wave-might-be-constructing/ HTTP/1.1" 200 53026 "-" "Mozilla/5.0 (compatible; SemrushBot/7~bl; +http://www.semrush.com/bot.html)"
85.208.96.199 - - [18/Mar/2026:15:33:27 -0400] "GET /textualism-and-atfs-redefinition-of-firearm/ HTTP/1.1" 200 56350 "-" "Mozilla/5.0 (compatible; SemrushBot/7~bl; +http://www.semrush.com/bot.html)"
85.208.96.204 - - [18/Mar/2026:15:33:32 -0400] "GET /lifeless-kindle-designs-favourite-fashions-that-are-gone-for-good/ HTTP/1.1" 200 52920 "-" "Mozilla/5.0 (compatible; SemrushBot/7~bl; +http://www.semrush.com/bot.html)"
185.191.171.1 - - [18/Mar/2026:15:33:45 -0400] "GET /the-key-posh-pecking-order-our-excessive-society-snitch-reveals-the-real-rating-and-rivalry-of-blue-bloods-from-the-top-tier-toff-each-husband-desires-to-mattress-to-the-c-list-girl-william-calls-w/ HTTP/1.1" 200 60394 "-" "Mozilla/5.0 (compatible; SemrushBot/7~bl; +http://www.semrush.com/bot.html)"
43.173.178.203 - - [18/Mar/2026:15:33:51 -0400] "GET /?p=13797 HTTP/1.1" 301 - "-" "Mozilla/5.0 (Windows NT 10.0; Win64; x64) AppleWebKit/537.36 (KHTML, like Gecko) Chrome/117.0.0.0 Safari/537.36"
43.173.182.179 - - [18/Mar/2026:15:33:51 -0400] "GET /thrilling-writing-residencies-to-apply-for-in-2025/ HTTP/1.1" 200 60297 "-" "Mozilla/5.0 (Windows NT 10.0; Win64; x64) AppleWebKit/537.36 (KHTML, like Gecko) Chrome/116.0.0.0 Safari/537.36"
43.173.177.225 - - [18/Mar/2026:15:33:52 -0400] "GET /ariana-grandes-depraved-guarantees-a-excellent-christmas-plan-weeks-forward-of-the-vacation/ HTTP/1.1" 200 52528 "-" "Mozilla/5.0 (Windows NT 10.0; Win64; x64) AppleWebKit/537.36 (KHTML, like Gecko) Chrome/117.0.0.0 Safari/537.36"
216.73.216.103 - - [18/Mar/2026:15:33:55 -0400] "GET /?p=34517 HTTP/1.1" 301 - "-" "Mozilla/5.0 AppleWebKit/537.36 (KHTML, like Gecko; compatible; ClaudeBot/1.0; +claudebot@anthropic.com)"
216.73.216.103 - - [18/Mar/2026:15:33:55 -0400] "GET /?p=29170 HTTP/1.1" 301 - "-" "Mozilla/5.0 AppleWebKit/537.36 (KHTML, like Gecko; compatible; ClaudeBot/1.0; +claudebot@anthropic.com)"
216.73.216.103 - - [18/Mar/2026:15:33:55 -0400] "GET /is-mark-wahlberg-the-superstar-mogul-behind-municipal-contained-in-the-athleisure-label-producing-5000000-in-annual-income/ HTTP/1.1" 200 54758 "https://planetnewspro.com/?p=34517" "Mozilla/5.0 AppleWebKit/537.36 (KHTML, like Gecko; compatible; ClaudeBot/1.0; +claudebot@anthropic.com)"
216.73.216.103 - - [18/Mar/2026:15:33:56 -0400] "GET /afd-lynching-by-a-stasi-state-the-gateway-pundit/ HTTP/1.1" 200 54018 "https://planetnewspro.com/?p=29170" "Mozilla/5.0 AppleWebKit/537.36 (KHTML, like Gecko; compatible; ClaudeBot/1.0; +claudebot@anthropic.com)"
216.73.216.103 - - [18/Mar/2026:15:33:58 -0400] "GET /?p=29038 HTTP/1.1" 301 - "-" "Mozilla/5.0 AppleWebKit/537.36 (KHTML, like Gecko; compatible; ClaudeBot/1.0; +claudebot@anthropic.com)"
216.73.216.103 - - [18/Mar/2026:15:33:58 -0400] "GET /?p=29149 HTTP/1.1" 301 - "-" "Mozilla/5.0 AppleWebKit/537.36 (KHTML, like Gecko; compatible; ClaudeBot/1.0; +claudebot@anthropic.com)"
50.6.201.88 - - [18/Mar/2026:15:33:59 -0400] "POST /wp-cron.php?doing_wp_cron=1773862439.4954559803009033203125 HTTP/1.1" 200 - "-" "WordPress/6.9.4; https://planetnewspro.com"
216.73.216.103 - - [18/Mar/2026:15:33:59 -0400] "GET /why-the-main-questions-doctrine-applies-to-the-president-not-simply-government-businesses/ HTTP/1.1" 200 55624 "https://planetnewspro.com/?p=29038" "Mozilla/5.0 AppleWebKit/537.36 (KHTML, like Gecko; compatible; ClaudeBot/1.0; +claudebot@anthropic.com)"
50.6.201.88 - - [18/Mar/2026:15:33:59 -0400] "POST /wp-admin/admin-ajax.php?action=async_litespeed&nonce=6a32a20319&litespeed_type=imgoptm HTTP/1.1" 200 21 "-" "WordPress/6.9.4; https://planetnewspro.com"
216.73.216.103 - - [18/Mar/2026:15:33:59 -0400] "GET /zaporizhzhias-future-nuclear-peril-or-promise/ HTTP/1.1" 200 57331 "https://planetnewspro.com/?p=29149" "Mozilla/5.0 AppleWebKit/537.36 (KHTML, like Gecko; compatible; ClaudeBot/1.0; +claudebot@anthropic.com)"
85.208.96.212 - - [18/Mar/2026:15:34:00 -0400] "GET /how-personal-fairness-chewed-by-americas-emergency-rooms/ HTTP/1.1" 200 67276 "-" "Mozilla/5.0 (compatible; SemrushBot/7~bl; +http://www.semrush.com/bot.html)"
50.6.201.88 - - [18/Mar/2026:15:34:16 -0400] "POST /wp-cron.php?doing_wp_cron=1773862456.4715108871459960937500 HTTP/1.1" 200 - "-" "WordPress/6.9.4; https://planetnewspro.com"
216.73.216.103 - - [18/Mar/2026:15:34:16 -0400] "GET /?p=35146 HTTP/1.1" 301 - "-" "Mozilla/5.0 AppleWebKit/537.36 (KHTML, like Gecko; compatible; ClaudeBot/1.0; +claudebot@anthropic.com)"
216.73.216.103 - - [18/Mar/2026:15:34:16 -0400] "GET /?p=35227 HTTP/1.1" 301 - "-" "Mozilla/5.0 AppleWebKit/537.36 (KHTML, like Gecko; compatible; ClaudeBot/1.0; +claudebot@anthropic.com)"
216.73.216.103 - - [18/Mar/2026:15:34:16 -0400] "GET /ai-may-make-employees-sooner-however-not-essentially-extra-productive-they-do-it-sooner-then-go-for-espresso-breaks/ HTTP/1.1" 200 52992 "https://planetnewspro.com/?p=35146" "Mozilla/5.0 AppleWebKit/537.36 (KHTML, like Gecko; compatible; ClaudeBot/1.0; +claudebot@anthropic.com)"
216.73.216.103 - - [18/Mar/2026:15:34:17 -0400] "GET /aggressive-cricketer-turned-assistant-model-supervisor-is-now-heading-a-368-billion-big-meet-pgs-new-ceo-shailesh-jejurikar/ HTTP/1.1" 200 54778 "https://planetnewspro.com/?p=35227" "Mozilla/5.0 AppleWebKit/537.36 (KHTML, like Gecko; compatible; ClaudeBot/1.0; +claudebot@anthropic.com)"
50.6.201.88 - - [18/Mar/2026:15:34:22 -0400] "POST /wp-cron.php?doing_wp_cron=1773862462.3300929069519042968750 HTTP/1.1" 200 - "-" "WordPress/6.9.4; https://planetnewspro.com"
85.208.96.196 - - [18/Mar/2026:15:34:21 -0400] "GET /watch-these-palantir-worth-ranges-after-inventory-posts-sp-500s-greatest-positive-aspects-in-2024/ HTTP/1.1" 200 53957 "-" "Mozilla/5.0 (compatible; SemrushBot/7~bl; +http://www.semrush.com/bot.html)"
66.249.87.70 - - [18/Mar/2026:15:34:26 -0400] "GET /ariana-grandes-depraved-guarantees-a-excellent-christmas-plan-weeks-forward-of-the-vacation/ HTTP/1.1" 200 52528 "-" "Mediapartners-Google"
85.208.96.202 - - [18/Mar/2026:15:34:26 -0400] "GET /obvious-ai-hallucinations-in-protection-submitting-in-coomer-v-lindell-my-pillow-election-associated-libel-swimsuit/ HTTP/1.1" 200 52887 "-" "Mozilla/5.0 (compatible; SemrushBot/7~bl; +http://www.semrush.com/bot.html)"
216.73.216.103 - - [18/Mar/2026:15:34:27 -0400] "GET /the-dystopian-megacity-that-makes-half-the-worlds-laptops-chinese-language-metropolis-of-30million-the-place-staff-do-not-see-the-daylight-and-large-brother-is-at-all-times-watching-however-whi HTTP/1.1" 301 - "-" "Mozilla/5.0 AppleWebKit/537.36 (KHTML, like Gecko; compatible; ClaudeBot/1.0; +claudebot@anthropic.com)"
216.73.216.103 - - [18/Mar/2026:15:34:27 -0400] "GET /caitlin-clarks-wnba-rookie-card-bought-for-a-record-breaking-660000-at-public-sale-it-is-greater-than-shell-earn-from-the-job-in-4-years HTTP/1.1" 301 - "-" "Mozilla/5.0 AppleWebKit/537.36 (KHTML, like Gecko; compatible; ClaudeBot/1.0; +claudebot@anthropic.com)"
216.73.216.103 - - [18/Mar/2026:15:34:28 -0400] "GET /the-dystopian-megacity-that-makes-half-the-worlds-laptops-chinese-language-metropolis-of-30million-the-place-staff-do-not-see-the-daylight-and-large-brother-is-at-all-times-watching-however-whi/ HTTP/1.1" 200 55618 "https://planetnewspro.com/the-dystopian-megacity-that-makes-half-the-worlds-laptops-chinese-language-metropolis-of-30million-the-place-staff-do-not-see-the-daylight-and-large-brother-is-at-all-times-watching-however-whi" "Mozilla/5.0 AppleWebKit/537.36 (KHTML, like Gecko; compatible; ClaudeBot/1.0; +claudebot@anthropic.com)"
216.73.216.103 - - [18/Mar/2026:15:34:28 -0400] "GET /caitlin-clarks-wnba-rookie-card-bought-for-a-record-breaking-660000-at-public-sale-it-is-greater-than-shell-earn-from-the-job-in-4-years/ HTTP/1.1" 200 54284 "https://planetnewspro.com/caitlin-clarks-wnba-rookie-card-bought-for-a-record-breaking-660000-at-public-sale-it-is-greater-than-shell-earn-from-the-job-in-4-years" "Mozilla/5.0 AppleWebKit/537.36 (KHTML, like Gecko; compatible; ClaudeBot/1.0; +claudebot@anthropic.com)"
43.173.181.134 - - [18/Mar/2026:15:34:47 -0400] "GET /starmer-criticised-for-assembly-chinas-xi-as-hong-kong-freedom-protesters-had-been-being-jailed/ HTTP/1.1" 200 54238 "-" "Mozilla/5.0 (Windows NT 10.0; Win64; x64) AppleWebKit/537.36 (KHTML, like Gecko) Chrome/106.0.5249.119 Safari/537.36"
50.6.201.88 - - [18/Mar/2026:15:35:07 -0400] "POST /wp-cron.php?doing_wp_cron=1773862507.5857260227203369140625 HTTP/1.1" 200 - "-" "WordPress/6.9.4; https://planetnewspro.com"
185.191.171.14 - - [18/Mar/2026:15:35:07 -0400] "GET /who-are-the-company-winners-and-losers-from-actions-by-elon-musks-doge/ HTTP/1.1" 200 54911 "-" "Mozilla/5.0 (compatible; SemrushBot/7~bl; +http://www.semrush.com/bot.html)"
50.6.201.88 - - [18/Mar/2026:15:35:07 -0400] "POST /wp-admin/admin-ajax.php?action=async_litespeed&nonce=6a32a20319&litespeed_type=imgoptm HTTP/1.1" 200 21 "-" "WordPress/6.9.4; https://planetnewspro.com"
85.208.96.207 - - [18/Mar/2026:15:35:10 -0400] "GET /the-wellness-trade-entice-right-heres-what-actual-wellness-might-look-like/ HTTP/1.1" 200 54210 "-" "Mozilla/5.0 (compatible; SemrushBot/7~bl; +http://www.semrush.com/bot.html)"
216.73.216.103 - - [18/Mar/2026:15:35:17 -0400] "GET /elon-musk-says-doge-ought-to-positively-take-an-in-depth-take-a-look-at-the-fed HTTP/1.1" 301 - "-" "Mozilla/5.0 AppleWebKit/537.36 (KHTML, like Gecko; compatible; ClaudeBot/1.0; +claudebot@anthropic.com)"
216.73.216.103 - - [18/Mar/2026:15:35:18 -0400] "GET /?p=29551 HTTP/1.1" 301 - "-" "Mozilla/5.0 AppleWebKit/537.36 (KHTML, like Gecko; compatible; ClaudeBot/1.0; +claudebot@anthropic.com)"
216.73.216.103 - - [18/Mar/2026:15:35:18 -0400] "GET /elon-musk-says-doge-ought-to-positively-take-an-in-depth-take-a-look-at-the-fed/ HTTP/1.1" 200 52631 "https://planetnewspro.com/elon-musk-says-doge-ought-to-positively-take-an-in-depth-take-a-look-at-the-fed" "Mozilla/5.0 AppleWebKit/537.36 (KHTML, like Gecko; compatible; ClaudeBot/1.0; +claudebot@anthropic.com)"
