216.73.216.103 - - [18/Mar/2026:09:53:24 -0400] "GET /watch-these-bitcoin-worth-ranges-as-100000-again-in-sight HTTP/1.1" 301 - "-" "Mozilla/5.0 AppleWebKit/537.36 (KHTML, like Gecko; compatible; ClaudeBot/1.0; +claudebot@anthropic.com)"
216.73.216.103 - - [18/Mar/2026:09:53:24 -0400] "GET /am-i-actually-match-for-this-lewis-pullman-explores-the-sentrys-inside-struggles-in-thunderbolts/ HTTP/1.1" 200 52999 "https://planetnewspro.com/am-i-actually-match-for-this-lewis-pullman-explores-the-sentrys-inside-struggles-in-thunderbolts" "Mozilla/5.0 AppleWebKit/537.36 (KHTML, like Gecko; compatible; ClaudeBot/1.0; +claudebot@anthropic.com)"
216.73.216.103 - - [18/Mar/2026:09:53:25 -0400] "GET /inflation-within-the-philippines-barely-quickened-in-april-says-ballot HTTP/1.1" 301 - "-" "Mozilla/5.0 AppleWebKit/537.36 (KHTML, like Gecko; compatible; ClaudeBot/1.0; +claudebot@anthropic.com)"
216.73.216.103 - - [18/Mar/2026:09:53:25 -0400] "GET /watch-these-bitcoin-worth-ranges-as-100000-again-in-sight/ HTTP/1.1" 200 53731 "https://planetnewspro.com/watch-these-bitcoin-worth-ranges-as-100000-again-in-sight" "Mozilla/5.0 AppleWebKit/537.36 (KHTML, like Gecko; compatible; ClaudeBot/1.0; +claudebot@anthropic.com)"
216.73.216.103 - - [18/Mar/2026:09:53:25 -0400] "GET /china-says-its-evaluating-us-provide-for-talks-on-trump-tariffs HTTP/1.1" 301 - "-" "Mozilla/5.0 AppleWebKit/537.36 (KHTML, like Gecko; compatible; ClaudeBot/1.0; +claudebot@anthropic.com)"
216.73.216.103 - - [18/Mar/2026:09:53:25 -0400] "GET /inflation-within-the-philippines-barely-quickened-in-april-says-ballot/ HTTP/1.1" 200 53571 "https://planetnewspro.com/inflation-within-the-philippines-barely-quickened-in-april-says-ballot" "Mozilla/5.0 AppleWebKit/537.36 (KHTML, like Gecko; compatible; ClaudeBot/1.0; +claudebot@anthropic.com)"
216.73.216.103 - - [18/Mar/2026:09:53:25 -0400] "GET /china-says-its-evaluating-us-provide-for-talks-on-trump-tariffs/ HTTP/1.1" 200 53794 "https://planetnewspro.com/china-says-its-evaluating-us-provide-for-talks-on-trump-tariffs" "Mozilla/5.0 AppleWebKit/537.36 (KHTML, like Gecko; compatible; ClaudeBot/1.0; +claudebot@anthropic.com)"
185.191.171.9 - - [18/Mar/2026:09:53:26 -0400] "GET /photographer-breaks-chinese-language-desk-tennis-stars-paddle-to-spark-main-olympic-upset/ HTTP/1.1" 200 53037 "-" "Mozilla/5.0 (compatible; SemrushBot/7~bl; +http://www.semrush.com/bot.html)"
216.73.216.103 - - [18/Mar/2026:09:53:38 -0400] "GET /trump-sons-crypto-enterprise-planning-to-launch-public-firm-devoted-to-household-token HTTP/1.1" 301 - "-" "Mozilla/5.0 AppleWebKit/537.36 (KHTML, like Gecko; compatible; ClaudeBot/1.0; +claudebot@anthropic.com)"
216.73.216.103 - - [18/Mar/2026:09:53:38 -0400] "GET /10-new-documentaries-streaming-on-netflix-in-2025-that-you-have-to-watch HTTP/1.1" 301 - "-" "Mozilla/5.0 AppleWebKit/537.36 (KHTML, like Gecko; compatible; ClaudeBot/1.0; +claudebot@anthropic.com)"
216.73.216.103 - - [18/Mar/2026:09:53:38 -0400] "GET /trump-sons-crypto-enterprise-planning-to-launch-public-firm-devoted-to-household-token/ HTTP/1.1" 200 52771 "https://planetnewspro.com/trump-sons-crypto-enterprise-planning-to-launch-public-firm-devoted-to-household-token" "Mozilla/5.0 AppleWebKit/537.36 (KHTML, like Gecko; compatible; ClaudeBot/1.0; +claudebot@anthropic.com)"
185.191.171.15 - - [18/Mar/2026:09:53:38 -0400] "GET /the-place-to-keep-in-singapore-finest-areas-locations/ HTTP/1.1" 200 66411 "-" "Mozilla/5.0 (compatible; SemrushBot/7~bl; +http://www.semrush.com/bot.html)"
216.73.216.103 - - [18/Mar/2026:09:53:39 -0400] "GET /wes-streeting-nhs-tech-improve-will-likely-be-a-revolution-for-most-cancers-care HTTP/1.1" 301 - "-" "Mozilla/5.0 AppleWebKit/537.36 (KHTML, like Gecko; compatible; ClaudeBot/1.0; +claudebot@anthropic.com)"
216.73.216.103 - - [18/Mar/2026:09:53:39 -0400] "GET /10-new-documentaries-streaming-on-netflix-in-2025-that-you-have-to-watch/ HTTP/1.1" 200 56100 "https://planetnewspro.com/10-new-documentaries-streaming-on-netflix-in-2025-that-you-have-to-watch" "Mozilla/5.0 AppleWebKit/537.36 (KHTML, like Gecko; compatible; ClaudeBot/1.0; +claudebot@anthropic.com)"
216.73.216.103 - - [18/Mar/2026:09:53:40 -0400] "GET /wes-streeting-nhs-tech-improve-will-likely-be-a-revolution-for-most-cancers-care/ HTTP/1.1" 200 55800 "https://planetnewspro.com/wes-streeting-nhs-tech-improve-will-likely-be-a-revolution-for-most-cancers-care" "Mozilla/5.0 AppleWebKit/537.36 (KHTML, like Gecko; compatible; ClaudeBot/1.0; +claudebot@anthropic.com)"
85.208.98.24 - - [18/Mar/2026:09:53:39 -0400] "GET /the-democratic-platform-fully-ignores-the-second-modification/ HTTP/1.1" 200 57404 "-" "Mozilla/5.0 (compatible; SemrushBot-BA; +http://www.semrush.com/bot.html)"
43.173.173.248 - - [18/Mar/2026:09:53:53 -0400] "GET /drivers-warned-to-park-automotive-in-storage-amid-uk-automotive-cannibalism-epidemic/feed/ HTTP/1.1" 200 967 "-" "Mozilla/5.0 (Windows NT 10.0; Win64; x64) AppleWebKit/537.36 (KHTML, like Gecko) Chrome/107.0.0.0 Safari/537.36"
43.173.173.193 - - [18/Mar/2026:09:53:53 -0400] "GET /a-researcher-figured-out-the-right-way-to-reveal-any-telephone-quantity-linked-to-a-google-account/feed/ HTTP/1.1" 200 995 "-" "Mozilla/5.0 (Windows NT 10.0; Win64; x64) AppleWebKit/537.36 (KHTML, like Gecko) Chrome/133.0.0.0 Safari/537.36"
43.173.175.74 - - [18/Mar/2026:09:53:53 -0400] "GET /good-e-reader-radio-book-readers-take-a-step-again-in-2018/feed/ HTTP/1.1" 200 879 "-" "Mozilla/5.0 (Windows NT 10.0; Win64; x64) AppleWebKit/537.36 (KHTML, like Gecko) Chrome/106.0.5249.119 Safari/537.36"
85.208.96.203 - - [18/Mar/2026:09:53:56 -0400] "GET /singer-brian-burkheiser-is-again-rockin-after-battle-with-eagles-syndrome/ HTTP/1.1" 200 54225 "-" "Mozilla/5.0 (compatible; SemrushBot/7~bl; +http://www.semrush.com/bot.html)"
50.6.201.88 - - [18/Mar/2026:09:54:06 -0400] "POST /wp-cron.php?doing_wp_cron=1773842046.0279309749603271484375 HTTP/1.1" 200 - "-" "WordPress/6.9.4; https://planetnewspro.com"
216.73.216.103 - - [18/Mar/2026:09:54:05 -0400] "GET /what-is-a-50-50-margarita-and-why-ought-to-you-be-making-it-this-summer-time HTTP/1.1" 301 - "-" "Mozilla/5.0 AppleWebKit/537.36 (KHTML, like Gecko; compatible; ClaudeBot/1.0; +claudebot@anthropic.com)"
216.73.216.103 - - [18/Mar/2026:09:54:06 -0400] "GET /disney-ceo-bob-iger-hails-thunderbolts-because-the-good-begin-for-marvels-leap-again-to-cinematic-glory HTTP/1.1" 301 - "-" "Mozilla/5.0 AppleWebKit/537.36 (KHTML, like Gecko; compatible; ClaudeBot/1.0; +claudebot@anthropic.com)"
50.6.201.88 - - [18/Mar/2026:09:54:06 -0400] "POST /wp-admin/admin-ajax.php?action=async_litespeed&nonce=6a32a20319&litespeed_type=imgoptm HTTP/1.1" 200 21 "-" "WordPress/6.9.4; https://planetnewspro.com"
216.73.216.103 - - [18/Mar/2026:09:54:06 -0400] "GET /what-is-a-50-50-margarita-and-why-ought-to-you-be-making-it-this-summer-time/ HTTP/1.1" 200 54706 "https://planetnewspro.com/what-is-a-50-50-margarita-and-why-ought-to-you-be-making-it-this-summer-time" "Mozilla/5.0 AppleWebKit/537.36 (KHTML, like Gecko; compatible; ClaudeBot/1.0; +claudebot@anthropic.com)"
50.6.201.88 - - [18/Mar/2026:09:54:07 -0400] "POST /wp-cron.php?doing_wp_cron=1773842047.2637009620666503906250 HTTP/1.1" 200 - "-" "WordPress/6.9.4; https://planetnewspro.com"
216.73.216.103 - - [18/Mar/2026:09:54:07 -0400] "GET /high-10-gangster-motion-pictures-you-cant-pause-as-soon-as-they-begin HTTP/1.1" 301 - "-" "Mozilla/5.0 AppleWebKit/537.36 (KHTML, like Gecko; compatible; ClaudeBot/1.0; +claudebot@anthropic.com)"
50.6.201.88 - - [18/Mar/2026:09:54:07 -0400] "POST /wp-cron.php?doing_wp_cron=1773842047.4673929214477539062500 HTTP/1.1" 200 - "-" "WordPress/6.9.4; https://planetnewspro.com"
216.73.216.103 - - [18/Mar/2026:09:54:06 -0400] "GET /disney-ceo-bob-iger-hails-thunderbolts-because-the-good-begin-for-marvels-leap-again-to-cinematic-glory/ HTTP/1.1" 200 52694 "https://planetnewspro.com/disney-ceo-bob-iger-hails-thunderbolts-because-the-good-begin-for-marvels-leap-again-to-cinematic-glory" "Mozilla/5.0 AppleWebKit/537.36 (KHTML, like Gecko; compatible; ClaudeBot/1.0; +claudebot@anthropic.com)"
216.73.216.103 - - [18/Mar/2026:09:54:07 -0400] "GET /high-10-gangster-motion-pictures-you-cant-pause-as-soon-as-they-begin/ HTTP/1.1" 200 54400 "https://planetnewspro.com/high-10-gangster-motion-pictures-you-cant-pause-as-soon-as-they-begin" "Mozilla/5.0 AppleWebKit/537.36 (KHTML, like Gecko; compatible; ClaudeBot/1.0; +claudebot@anthropic.com)"
185.191.171.10 - - [18/Mar/2026:09:54:08 -0400] "GET /constructing-provide-chain-resilience-with-ai/ HTTP/1.1" 200 52274 "-" "Mozilla/5.0 (compatible; SemrushBot/7~bl; +http://www.semrush.com/bot.html)"
89.163.146.197 - - [18/Mar/2026:09:54:25 -0400] "GET /txets.php HTTP/1.1" 404 201355 "www.google.com" "Mozlila/5.0 (Linux; Android 7.0; SM-G892A Bulid/NRD90M; wv) AppleWebKit/537.36 (KHTML, like Gecko) Version/4.0 Chrome/60.0.3112.107 Moblie Safari/537.36"
216.73.216.103 - - [18/Mar/2026:09:54:28 -0400] "GET /prince-harry-reveals-he-would-not-know-the-way-lengthy-king-charles-has-left HTTP/1.1" 301 - "-" "Mozilla/5.0 AppleWebKit/537.36 (KHTML, like Gecko; compatible; ClaudeBot/1.0; +claudebot@anthropic.com)"
216.73.216.103 - - [18/Mar/2026:09:54:28 -0400] "GET /federal-circuit-judges-query-trumps-discovery-of-huge-tariff-powers HTTP/1.1" 301 - "-" "Mozilla/5.0 AppleWebKit/537.36 (KHTML, like Gecko; compatible; ClaudeBot/1.0; +claudebot@anthropic.com)"
216.73.216.103 - - [18/Mar/2026:09:54:29 -0400] "GET /prince-harry-reveals-he-would-not-know-the-way-lengthy-king-charles-has-left/ HTTP/1.1" 200 57348 "https://planetnewspro.com/prince-harry-reveals-he-would-not-know-the-way-lengthy-king-charles-has-left" "Mozilla/5.0 AppleWebKit/537.36 (KHTML, like Gecko; compatible; ClaudeBot/1.0; +claudebot@anthropic.com)"
216.73.216.103 - - [18/Mar/2026:09:54:29 -0400] "GET /federal-circuit-judges-query-trumps-discovery-of-huge-tariff-powers/ HTTP/1.1" 200 53384 "https://planetnewspro.com/federal-circuit-judges-query-trumps-discovery-of-huge-tariff-powers" "Mozilla/5.0 AppleWebKit/537.36 (KHTML, like Gecko; compatible; ClaudeBot/1.0; +claudebot@anthropic.com)"
216.73.216.103 - - [18/Mar/2026:09:54:29 -0400] "GET /why-vacationers-are-searching-for-wellness-retreats-overseas HTTP/1.1" 301 - "-" "Mozilla/5.0 AppleWebKit/537.36 (KHTML, like Gecko; compatible; ClaudeBot/1.0; +claudebot@anthropic.com)"
216.73.216.103 - - [18/Mar/2026:09:54:30 -0400] "GET /why-vacationers-are-searching-for-wellness-retreats-overseas/ HTTP/1.1" 200 55129 "https://planetnewspro.com/why-vacationers-are-searching-for-wellness-retreats-overseas" "Mozilla/5.0 AppleWebKit/537.36 (KHTML, like Gecko; compatible; ClaudeBot/1.0; +claudebot@anthropic.com)"
85.208.98.24 - - [18/Mar/2026:09:54:32 -0400] "GET /even-protection-contractors-warming-to-elon-musks-price-reducing-efforts-at-doge/ HTTP/1.1" 200 53931 "-" "Mozilla/5.0 (compatible; SemrushBot-BA; +http://www.semrush.com/bot.html)"
85.208.96.207 - - [18/Mar/2026:09:54:33 -0400] "GET /second-gang-rapist-hummus-hunks-honeymoon-with-glamorous-new-spouse-involves-stunning-finish/ HTTP/1.1" 200 55123 "-" "Mozilla/5.0 (compatible; SemrushBot/7~bl; +http://www.semrush.com/bot.html)"
89.163.146.197 - - [18/Mar/2026:09:54:35 -0400] "GET /wp-content/txets.php HTTP/1.1" 404 201355 "www.google.com" "Mozlila/5.0 (Linux; Android 7.0; SM-G892A Bulid/NRD90M; wv) AppleWebKit/537.36 (KHTML, like Gecko) Version/4.0 Chrome/60.0.3112.107 Moblie Safari/537.36"
185.191.171.8 - - [18/Mar/2026:09:54:39 -0400] "GET /yash-dayal-opens-up-in-regards-to-the-second-rinku-singh-hit-him-5-sixes-in-ipl/ HTTP/1.1" 200 53174 "-" "Mozilla/5.0 (compatible; SemrushBot/7~bl; +http://www.semrush.com/bot.html)"
85.208.96.195 - - [18/Mar/2026:09:54:42 -0400] "GET /biden-opens-the-floodgates-on-weapons-for-the-center-east/ HTTP/1.1" 200 55118 "-" "Mozilla/5.0 (compatible; SemrushBot/7~bl; +http://www.semrush.com/bot.html)"
89.163.146.197 - - [18/Mar/2026:09:54:43 -0400] "GET /wp-content/txets.php HTTP/1.1" 404 201355 "www.google.com" "Mozlila/5.0 (Linux; Android 7.0; SM-G892A Bulid/NRD90M; wv) AppleWebKit/537.36 (KHTML, like Gecko) Version/4.0 Chrome/60.0.3112.107 Moblie Safari/537.36"
89.211.249.122 - - [18/Mar/2026:09:54:46 -0400] "POST /xmlrpc.php HTTP/1.1" 200 403 "-" "Mozilla/5.0 (Windows NT 6.3; x86) AppleWebKit/537.36 (KHTML, like Gecko) Chrome/97.0.0.0 Safari/537.36"
216.73.216.103 - - [18/Mar/2026:09:54:59 -0400] "GET /nfl-draft-2025-will-the-new-york-giants-draft-qb-shedeur-sanders HTTP/1.1" 301 - "-" "Mozilla/5.0 AppleWebKit/537.36 (KHTML, like Gecko; compatible; ClaudeBot/1.0; +claudebot@anthropic.com)"
216.73.216.103 - - [18/Mar/2026:09:54:59 -0400] "GET /why-parasites-may-very-well-be-a-lacking-piece-in-your-well-being-journey HTTP/1.1" 301 - "-" "Mozilla/5.0 AppleWebKit/537.36 (KHTML, like Gecko; compatible; ClaudeBot/1.0; +claudebot@anthropic.com)"
216.73.216.103 - - [18/Mar/2026:09:54:59 -0400] "GET /nfl-draft-2025-will-the-new-york-giants-draft-qb-shedeur-sanders/ HTTP/1.1" 200 60031 "https://planetnewspro.com/nfl-draft-2025-will-the-new-york-giants-draft-qb-shedeur-sanders" "Mozilla/5.0 AppleWebKit/537.36 (KHTML, like Gecko; compatible; ClaudeBot/1.0; +claudebot@anthropic.com)"
216.73.216.103 - - [18/Mar/2026:09:54:59 -0400] "GET /why-parasites-may-very-well-be-a-lacking-piece-in-your-well-being-journey/ HTTP/1.1" 200 54519 "https://planetnewspro.com/why-parasites-may-very-well-be-a-lacking-piece-in-your-well-being-journey" "Mozilla/5.0 AppleWebKit/537.36 (KHTML, like Gecko; compatible; ClaudeBot/1.0; +claudebot@anthropic.com)"
216.73.216.103 - - [18/Mar/2026:09:55:00 -0400] "GET /how-right-nows-jobs-report-may-affect-your-financial-savings-and-cd-technique HTTP/1.1" 301 - "-" "Mozilla/5.0 AppleWebKit/537.36 (KHTML, like Gecko; compatible; ClaudeBot/1.0; +claudebot@anthropic.com)"
216.73.216.103 - - [18/Mar/2026:09:55:00 -0400] "GET /how-right-nows-jobs-report-may-affect-your-financial-savings-and-cd-technique/ HTTP/1.1" 200 54871 "https://planetnewspro.com/how-right-nows-jobs-report-may-affect-your-financial-savings-and-cd-technique" "Mozilla/5.0 AppleWebKit/537.36 (KHTML, like Gecko; compatible; ClaudeBot/1.0; +claudebot@anthropic.com)"
50.6.201.88 - - [18/Mar/2026:09:55:10 -0400] "POST /wp-cron.php?doing_wp_cron=1773842110.0731809139251708984375 HTTP/1.1" 200 - "-" "WordPress/6.9.4; https://planetnewspro.com"
216.73.216.103 - - [18/Mar/2026:09:55:09 -0400] "GET /naomi-campbell-banned-from-met-gala-after-brutal-swipe-at-dame-anna-wintour HTTP/1.1" 301 - "-" "Mozilla/5.0 AppleWebKit/537.36 (KHTML, like Gecko; compatible; ClaudeBot/1.0; +claudebot@anthropic.com)"
216.73.216.103 - - [18/Mar/2026:09:55:10 -0400] "GET /amds-threadripper-professional-9000-smashes-xeon-in-content-material-creation-assessments-as-intels-workstation-lead-begins-to-wobble HTTP/1.1" 301 - "-" "Mozilla/5.0 AppleWebKit/537.36 (KHTML, like Gecko; compatible; ClaudeBot/1.0; +claudebot@anthropic.com)"
50.6.201.88 - - [18/Mar/2026:09:55:10 -0400] "POST /wp-admin/admin-ajax.php?action=async_litespeed&nonce=6a32a20319&litespeed_type=imgoptm HTTP/1.1" 200 21 "-" "WordPress/6.9.4; https://planetnewspro.com"
216.73.216.103 - - [18/Mar/2026:09:55:10 -0400] "GET /naomi-campbell-banned-from-met-gala-after-brutal-swipe-at-dame-anna-wintour/ HTTP/1.1" 200 54898 "https://planetnewspro.com/naomi-campbell-banned-from-met-gala-after-brutal-swipe-at-dame-anna-wintour" "Mozilla/5.0 AppleWebKit/537.36 (KHTML, like Gecko; compatible; ClaudeBot/1.0; +claudebot@anthropic.com)"
216.73.216.103 - - [18/Mar/2026:09:55:11 -0400] "GET /amds-threadripper-professional-9000-smashes-xeon-in-content-material-creation-assessments-as-intels-workstation-lead-begins-to-wobble/ HTTP/1.1" 200 52866 "https://planetnewspro.com/amds-threadripper-professional-9000-smashes-xeon-in-content-material-creation-assessments-as-intels-workstation-lead-begins-to-wobble" "Mozilla/5.0 AppleWebKit/537.36 (KHTML, like Gecko; compatible; ClaudeBot/1.0; +claudebot@anthropic.com)"
216.73.216.103 - - [18/Mar/2026:09:55:12 -0400] "GET /5-netflix-reveals-to-binge-with-mother-a-bowl-of-popcorn HTTP/1.1" 301 - "-" "Mozilla/5.0 AppleWebKit/537.36 (KHTML, like Gecko; compatible; ClaudeBot/1.0; +claudebot@anthropic.com)"
216.73.216.103 - - [18/Mar/2026:09:55:12 -0400] "GET /5-netflix-reveals-to-binge-with-mother-a-bowl-of-popcorn/ HTTP/1.1" 200 53130 "https://planetnewspro.com/5-netflix-reveals-to-binge-with-mother-a-bowl-of-popcorn" "Mozilla/5.0 AppleWebKit/537.36 (KHTML, like Gecko; compatible; ClaudeBot/1.0; +claudebot@anthropic.com)"
85.208.96.202 - - [18/Mar/2026:09:55:15 -0400] "GET /indonesian-shariah-courtroom-sentences-males-to-public-caning-for-homosexual-intercourse/ HTTP/1.1" 200 53338 "-" "Mozilla/5.0 (compatible; SemrushBot/7~bl; +http://www.semrush.com/bot.html)"
14.254.20.6 - - [18/Mar/2026:09:55:18 -0400] "GET /dropping-connie/ HTTP/1.1" 200 57586 "-" "Mozilla/5.0 (Windows NT 5.1) AppleWebKit/537.11 (KHTML, like Gecko) Chrome/23.0.1271.6 Safari/537.11"
50.6.201.88 - - [18/Mar/2026:09:55:20 -0400] "POST /wp-cron.php?doing_wp_cron=1773842120.7815999984741210937500 HTTP/1.1" 200 - "-" "WordPress/6.9.4; https://planetnewspro.com"
85.208.98.29 - - [18/Mar/2026:09:55:20 -0400] "GET /information-reveal-nancy-and-paul-pelosi-cashed-in-on-federal-covid-bailouts-the-gateway-pundit/ HTTP/1.1" 200 56215 "-" "Mozilla/5.0 (compatible; SemrushBot-BA; +http://www.semrush.com/bot.html)"
216.73.216.103 - - [18/Mar/2026:09:55:30 -0400] "GET /meghan-markle-and-prince-harry-renew-netflix-partnership-reveal-thrilling-new-tasks-and-festive-particular-full-scoop HTTP/1.1" 301 - "-" "Mozilla/5.0 AppleWebKit/537.36 (KHTML, like Gecko; compatible; ClaudeBot/1.0; +claudebot@anthropic.com)"
216.73.216.103 - - [18/Mar/2026:09:55:31 -0400] "GET /energy-couples-dominate-the-blue-carpet-from-dua-lipa-and-callum-turner-to-pharrell-williams-and-helen-lasichanh HTTP/1.1" 301 - "-" "Mozilla/5.0 AppleWebKit/537.36 (KHTML, like Gecko; compatible; ClaudeBot/1.0; +claudebot@anthropic.com)"
216.73.216.103 - - [18/Mar/2026:09:55:31 -0400] "GET /meghan-markle-and-prince-harry-renew-netflix-partnership-reveal-thrilling-new-tasks-and-festive-particular-full-scoop/ HTTP/1.1" 200 52934 "https://planetnewspro.com/meghan-markle-and-prince-harry-renew-netflix-partnership-reveal-thrilling-new-tasks-and-festive-particular-full-scoop" "Mozilla/5.0 AppleWebKit/537.36 (KHTML, like Gecko; compatible; ClaudeBot/1.0; +claudebot@anthropic.com)"
216.73.216.103 - - [18/Mar/2026:09:55:32 -0400] "GET /rohit-sharmas-alternative-gill-the-brand-new-kohli-when-will-india-go-away-for-asia-cup HTTP/1.1" 301 - "-" "Mozilla/5.0 AppleWebKit/537.36 (KHTML, like Gecko; compatible; ClaudeBot/1.0; +claudebot@anthropic.com)"
216.73.216.103 - - [18/Mar/2026:09:55:31 -0400] "GET /energy-couples-dominate-the-blue-carpet-from-dua-lipa-and-callum-turner-to-pharrell-williams-and-helen-lasichanh/ HTTP/1.1" 200 52786 "https://planetnewspro.com/energy-couples-dominate-the-blue-carpet-from-dua-lipa-and-callum-turner-to-pharrell-williams-and-helen-lasichanh" "Mozilla/5.0 AppleWebKit/537.36 (KHTML, like Gecko; compatible; ClaudeBot/1.0; +claudebot@anthropic.com)"
216.73.216.103 - - [18/Mar/2026:09:55:32 -0400] "GET /rohit-sharmas-alternative-gill-the-brand-new-kohli-when-will-india-go-away-for-asia-cup/ HTTP/1.1" 200 54358 "https://planetnewspro.com/rohit-sharmas-alternative-gill-the-brand-new-kohli-when-will-india-go-away-for-asia-cup" "Mozilla/5.0 AppleWebKit/537.36 (KHTML, like Gecko; compatible; ClaudeBot/1.0; +claudebot@anthropic.com)"
216.73.216.103 - - [18/Mar/2026:09:55:54 -0400] "GET /passenger-princesses-kate-and-charlotte-beam-as-prince-william-drives-household-to-church-service-in-balmoral-whereas-princes-louis-and-george-look-sensible-in-matching-outfits HTTP/1.1" 301 - "-" "Mozilla/5.0 AppleWebKit/537.36 (KHTML, like Gecko; compatible; ClaudeBot/1.0; +claudebot@anthropic.com)"
216.73.216.103 - - [18/Mar/2026:09:55:54 -0400] "GET /passenger-princesses-kate-and-charlotte-beam-as-prince-william-drives-household-to-church-service-in-balmoral-whereas-princes-louis-and-george-look-sensible-in-matching-outfits/ HTTP/1.1" 200 59067 "https://planetnewspro.com/passenger-princesses-kate-and-charlotte-beam-as-prince-william-drives-household-to-church-service-in-balmoral-whereas-princes-louis-and-george-look-sensible-in-matching-outfits" "Mozilla/5.0 AppleWebKit/537.36 (KHTML, like Gecko; compatible; ClaudeBot/1.0; +claudebot@anthropic.com)"
216.73.216.103 - - [18/Mar/2026:09:55:55 -0400] "GET /kate-middleton-appears-lovingly-at-prince-william-as-royal-couple-spend-their-14th-marriage-ceremony-anniversary-sampling-whiskey-and-cooking-haggis-throughout-particular-go-to-to-the-isle-of-mull HTTP/1.1" 301 - "-" "Mozilla/5.0 AppleWebKit/537.36 (KHTML, like Gecko; compatible; ClaudeBot/1.0; +claudebot@anthropic.com)"
216.73.216.103 - - [18/Mar/2026:09:55:55 -0400] "GET /i-stole-30m-price-of-luxurious-items-as-one-among-britains-most-prolific-shoplifters-however-because-of-this-i-turned-my-life-round HTTP/1.1" 301 - "-" "Mozilla/5.0 AppleWebKit/537.36 (KHTML, like Gecko; compatible; ClaudeBot/1.0; +claudebot@anthropic.com)"
216.73.216.103 - - [18/Mar/2026:09:55:55 -0400] "GET /kate-middleton-appears-lovingly-at-prince-william-as-royal-couple-spend-their-14th-marriage-ceremony-anniversary-sampling-whiskey-and-cooking-haggis-throughout-particular-go-to-to-the-isle-of-mull/ HTTP/1.1" 200 72657 "https://planetnewspro.com/kate-middleton-appears-lovingly-at-prince-william-as-royal-couple-spend-their-14th-marriage-ceremony-anniversary-sampling-whiskey-and-cooking-haggis-throughout-particular-go-to-to-the-isle-of-mull" "Mozilla/5.0 AppleWebKit/537.36 (KHTML, like Gecko; compatible; ClaudeBot/1.0; +claudebot@anthropic.com)"
216.73.216.103 - - [18/Mar/2026:09:55:55 -0400] "GET /i-stole-30m-price-of-luxurious-items-as-one-among-britains-most-prolific-shoplifters-however-because-of-this-i-turned-my-life-round/ HTTP/1.1" 200 54389 "https://planetnewspro.com/i-stole-30m-price-of-luxurious-items-as-one-among-britains-most-prolific-shoplifters-however-because-of-this-i-turned-my-life-round" "Mozilla/5.0 AppleWebKit/537.36 (KHTML, like Gecko; compatible; ClaudeBot/1.0; +claudebot@anthropic.com)"
50.6.201.88 - - [18/Mar/2026:09:56:01 -0400] "POST /wp-cron.php?doing_wp_cron=1773842161.1973590850830078125000 HTTP/1.1" 200 - "-" "WordPress/6.9.4; https://planetnewspro.com"
185.191.171.3 - - [18/Mar/2026:09:56:00 -0400] "GET /inspiring-writing-retreats-to-discover-in-2025/ HTTP/1.1" 200 78367 "-" "Mozilla/5.0 (compatible; SemrushBot/7~bl; +http://www.semrush.com/bot.html)"
50.6.201.88 - - [18/Mar/2026:09:56:01 -0400] "POST /wp-admin/admin-ajax.php?action=async_litespeed&nonce=6a32a20319&litespeed_type=imgoptm HTTP/1.1" 200 21 "-" "WordPress/6.9.4; https://planetnewspro.com"
216.73.216.103 - - [18/Mar/2026:09:56:01 -0400] "GET /?p=28735 HTTP/1.1" 301 - "-" "Mozilla/5.0 AppleWebKit/537.36 (KHTML, like Gecko; compatible; ClaudeBot/1.0; +claudebot@anthropic.com)"
216.73.216.103 - - [18/Mar/2026:09:56:01 -0400] "GET /?p=35293 HTTP/1.1" 301 - "-" "Mozilla/5.0 AppleWebKit/537.36 (KHTML, like Gecko; compatible; ClaudeBot/1.0; +claudebot@anthropic.com)"
89.211.249.122 - - [18/Mar/2026:09:56:02 -0400] "POST /xmlrpc.php HTTP/1.1" 200 403 "-" "Mozilla/5.0 (Windows NT 6.3; x64) AppleWebKit/537.36 (KHTML, like Gecko) Chrome/88.0.0.0 Safari/537.36"
50.6.201.88 - - [18/Mar/2026:09:56:02 -0400] "POST /wp-cron.php?doing_wp_cron=1773842162.7261769771575927734375 HTTP/1.1" 200 - "-" "WordPress/6.9.4; https://planetnewspro.com"
216.73.216.103 - - [18/Mar/2026:09:56:02 -0400] "GET /moms-day-presents-for-mothers-who-simply-need-to-loosen-up/ HTTP/1.1" 200 74000 "https://planetnewspro.com/?p=28735" "Mozilla/5.0 AppleWebKit/537.36 (KHTML, like Gecko; compatible; ClaudeBot/1.0; +claudebot@anthropic.com)"
216.73.216.103 - - [18/Mar/2026:09:56:02 -0400] "GET /with-too-many-idle-servers-china-might-unleash-a-wave-of-low-cost-cpu-energy-prefer-it-did-evs/ HTTP/1.1" 200 53423 "https://planetnewspro.com/?p=35293" "Mozilla/5.0 AppleWebKit/537.36 (KHTML, like Gecko; compatible; ClaudeBot/1.0; +claudebot@anthropic.com)"
216.73.216.103 - - [18/Mar/2026:09:56:03 -0400] "GET /?p=35985 HTTP/1.1" 301 - "-" "Mozilla/5.0 AppleWebKit/537.36 (KHTML, like Gecko; compatible; ClaudeBot/1.0; +claudebot@anthropic.com)"
216.73.216.103 - - [18/Mar/2026:09:56:03 -0400] "GET /are-trumps-tariffs-pushing-rivals-india-and-china-nearer-collectively/ HTTP/1.1" 200 56584 "https://planetnewspro.com/?p=35985" "Mozilla/5.0 AppleWebKit/537.36 (KHTML, like Gecko; compatible; ClaudeBot/1.0; +claudebot@anthropic.com)"
216.73.216.103 - - [18/Mar/2026:09:56:03 -0400] "GET /sitemap_index.xml HTTP/1.1" 200 545 "-" "Mozilla/5.0 AppleWebKit/537.36 (KHTML, like Gecko; compatible; ClaudeBot/1.0; +claudebot@anthropic.com)"
50.6.201.88 - - [18/Mar/2026:09:56:09 -0400] "POST /wp-cron.php?doing_wp_cron=1773842169.7148029804229736328125 HTTP/1.1" 200 - "-" "WordPress/6.9.4; https://planetnewspro.com"
85.208.98.19 - - [18/Mar/2026:09:56:08 -0400] "GET /trump-severe-about-combatting-international-censorship/ HTTP/1.1" 200 55083 "-" "Mozilla/5.0 (compatible; SemrushBot-BA; +http://www.semrush.com/bot.html)"
50.6.201.88 - - [18/Mar/2026:09:56:27 -0400] "POST /wp-cron.php?doing_wp_cron=1773842187.3623030185699462890625 HTTP/1.1" 200 - "-" "WordPress/6.9.4; https://planetnewspro.com"
40.77.167.0 - - [18/Mar/2026:09:56:26 -0400] "GET /turning-the-nook-put-up-on-vacatur/ HTTP/1.1" 200 56690 "-" "Mozilla/5.0 AppleWebKit/537.36 (KHTML, like Gecko; compatible; bingbot/2.0; +http://www.bing.com/bingbot.htm) Chrome/116.0.1938.76 Safari/537.36"
216.73.216.103 - - [18/Mar/2026:09:56:32 -0400] "GET /vacationer-bitten-by-crocodile-at-philippines-zoo-after-mistaking-it-for-statue HTTP/1.1" 301 - "-" "Mozilla/5.0 AppleWebKit/537.36 (KHTML, like Gecko; compatible; ClaudeBot/1.0; +claudebot@anthropic.com)"
216.73.216.103 - - [18/Mar/2026:09:56:32 -0400] "GET /unimaginable-star-shares-candy-i-really-like-you-second-with-fan HTTP/1.1" 301 - "-" "Mozilla/5.0 AppleWebKit/537.36 (KHTML, like Gecko; compatible; ClaudeBot/1.0; +claudebot@anthropic.com)"
216.73.216.103 - - [18/Mar/2026:09:56:32 -0400] "GET /vacationer-bitten-by-crocodile-at-philippines-zoo-after-mistaking-it-for-statue/ HTTP/1.1" 200 53331 "https://planetnewspro.com/vacationer-bitten-by-crocodile-at-philippines-zoo-after-mistaking-it-for-statue" "Mozilla/5.0 AppleWebKit/537.36 (KHTML, like Gecko; compatible; ClaudeBot/1.0; +claudebot@anthropic.com)"
216.73.216.103 - - [18/Mar/2026:09:56:33 -0400] "GET /unimaginable-star-shares-candy-i-really-like-you-second-with-fan/ HTTP/1.1" 200 52883 "https://planetnewspro.com/unimaginable-star-shares-candy-i-really-like-you-second-with-fan" "Mozilla/5.0 AppleWebKit/537.36 (KHTML, like Gecko; compatible; ClaudeBot/1.0; +claudebot@anthropic.com)"
216.73.216.103 - - [18/Mar/2026:09:56:33 -0400] "GET /this-new-manchester-resort-feels-like-a-grown-up-treehouse HTTP/1.1" 301 - "-" "Mozilla/5.0 AppleWebKit/537.36 (KHTML, like Gecko; compatible; ClaudeBot/1.0; +claudebot@anthropic.com)"
50.6.201.88 - - [18/Mar/2026:09:56:34 -0400] "POST /wp-cron.php?doing_wp_cron=1773842194.3572390079498291015625 HTTP/1.1" 200 - "-" "WordPress/6.9.4; https://planetnewspro.com"
216.73.216.103 - - [18/Mar/2026:09:56:33 -0400] "GET /this-new-manchester-resort-feels-like-a-grown-up-treehouse/ HTTP/1.1" 200 56704 "https://planetnewspro.com/this-new-manchester-resort-feels-like-a-grown-up-treehouse" "Mozilla/5.0 AppleWebKit/537.36 (KHTML, like Gecko; compatible; ClaudeBot/1.0; +claudebot@anthropic.com)"
185.191.171.10 - - [18/Mar/2026:09:56:44 -0400] "GET /how-the-samurai-introduced-stability-and-justice-to-japan/ HTTP/1.1" 200 55448 "-" "Mozilla/5.0 (compatible; SemrushBot/7~bl; +http://www.semrush.com/bot.html)"
185.191.171.1 - - [18/Mar/2026:09:56:48 -0400] "GET /ryan-reynolds-and-dwayne-johnson-humbled-4-years-later-as-netflix-charts-boast-a-new-ruler/ HTTP/1.1" 200 52438 "-" "Mozilla/5.0 (compatible; SemrushBot/7~bl; +http://www.semrush.com/bot.html)"
85.208.98.19 - - [18/Mar/2026:09:56:52 -0400] "GET /pete-hegseths-carelessness-and-dishonesty-mirror-hillary-clintons/ HTTP/1.1" 200 56967 "-" "Mozilla/5.0 (compatible; SemrushBot-BA; +http://www.semrush.com/bot.html)"
50.6.201.88 - - [18/Mar/2026:09:57:03 -0400] "POST /wp-cron.php?doing_wp_cron=1773842223.5000870227813720703125 HTTP/1.1" 200 - "-" "WordPress/6.9.4; https://planetnewspro.com"
216.73.216.103 - - [18/Mar/2026:09:57:03 -0400] "GET /british-horseracing-plans-unprecedented-protest-towards-authorities-tax-proposals HTTP/1.1" 301 - "-" "Mozilla/5.0 AppleWebKit/537.36 (KHTML, like Gecko; compatible; ClaudeBot/1.0; +claudebot@anthropic.com)"
50.6.201.88 - - [18/Mar/2026:09:57:03 -0400] "POST /wp-admin/admin-ajax.php?action=async_litespeed&nonce=6a32a20319&litespeed_type=imgoptm HTTP/1.1" 200 21 "-" "WordPress/6.9.4; https://planetnewspro.com"
216.73.216.103 - - [18/Mar/2026:09:57:03 -0400] "GET /this-simple-applesauce-cake-tastes-like-a-leaf-peeping-journey-to-vermont HTTP/1.1" 301 - "-" "Mozilla/5.0 AppleWebKit/537.36 (KHTML, like Gecko; compatible; ClaudeBot/1.0; +claudebot@anthropic.com)"
216.73.216.103 - - [18/Mar/2026:09:57:03 -0400] "GET /british-horseracing-plans-unprecedented-protest-towards-authorities-tax-proposals/ HTTP/1.1" 200 53332 "https://planetnewspro.com/british-horseracing-plans-unprecedented-protest-towards-authorities-tax-proposals" "Mozilla/5.0 AppleWebKit/537.36 (KHTML, like Gecko; compatible; ClaudeBot/1.0; +claudebot@anthropic.com)"
216.73.216.103 - - [18/Mar/2026:09:57:04 -0400] "GET /chapada-dos-veadeiros-brazils-hidden-gem-journey-dudes HTTP/1.1" 301 - "-" "Mozilla/5.0 AppleWebKit/537.36 (KHTML, like Gecko; compatible; ClaudeBot/1.0; +claudebot@anthropic.com)"
216.73.216.103 - - [18/Mar/2026:09:57:04 -0400] "GET /this-simple-applesauce-cake-tastes-like-a-leaf-peeping-journey-to-vermont/ HTTP/1.1" 200 55756 "https://planetnewspro.com/this-simple-applesauce-cake-tastes-like-a-leaf-peeping-journey-to-vermont" "Mozilla/5.0 AppleWebKit/537.36 (KHTML, like Gecko; compatible; ClaudeBot/1.0; +claudebot@anthropic.com)"
50.6.201.88 - - [18/Mar/2026:09:57:05 -0400] "POST /wp-cron.php?doing_wp_cron=1773842225.6300349235534667968750 HTTP/1.1" 200 - "-" "WordPress/6.9.4; https://planetnewspro.com"
216.73.216.103 - - [18/Mar/2026:09:57:04 -0400] "GET /chapada-dos-veadeiros-brazils-hidden-gem-journey-dudes/ HTTP/1.1" 200 66186 "https://planetnewspro.com/chapada-dos-veadeiros-brazils-hidden-gem-journey-dudes" "Mozilla/5.0 AppleWebKit/537.36 (KHTML, like Gecko; compatible; ClaudeBot/1.0; +claudebot@anthropic.com)"
50.6.201.88 - - [18/Mar/2026:09:57:12 -0400] "POST /wp-cron.php?doing_wp_cron=1773842232.0109748840332031250000 HTTP/1.1" 200 - "-" "WordPress/6.9.4; https://planetnewspro.com"
141.95.54.59 - - [18/Mar/2026:09:57:11 -0400] "GET /silicon-valleys-intense-vitality-calls-for-for-ai-are-making-coal-fired-energy-crops-a-hot-ticket-merchandise-once-more/ HTTP/1.1" 200 55229 "-" "Mozilla/5.0 (Windows NT 10.0; Win64; x64) AppleWebKit/537.36 (KHTML, like Gecko) Chrome/139.0.0.0 Safari/537.36"
141.94.78.40 - - [18/Mar/2026:09:57:11 -0400] "GET /grilled-asparagus-recipe-love-and-lemons/ HTTP/1.1" 200 54301 "-" "Mozilla/5.0 (Windows NT 10.0; Win64; x64) AppleWebKit/537.36 (KHTML, like Gecko) Chrome/139.0.0.0 Safari/537.36"
57.129.139.80 - - [18/Mar/2026:09:57:12 -0400] "GET /harvard-ought-to-emulate-hillsdale-faculty-and-lower-ties-with-the-federal-government/ HTTP/1.1" 200 55126 "-" "Mozilla/5.0 (Windows NT 10.0; Win64; x64) AppleWebKit/537.36 (KHTML, like Gecko) Chrome/139.0.0.0 Safari/537.36"
50.6.201.88 - - [18/Mar/2026:09:57:13 -0400] "POST /wp-cron.php?doing_wp_cron=1773842233.2522890567779541015625 HTTP/1.1" 200 - "-" "WordPress/6.9.4; https://planetnewspro.com"
57.129.69.7 - - [18/Mar/2026:09:57:12 -0400] "GET /republicans-mull-federal-cuts-to-fbi-irs-abortion-companies-and-extra/ HTTP/1.1" 200 52741 "-" "Mozilla/5.0 (Windows NT 10.0; Win64; x64) AppleWebKit/537.36 (KHTML, like Gecko) Chrome/139.0.0.0 Safari/537.36"
51.75.24.242 - - [18/Mar/2026:09:57:13 -0400] "GET /the-massive-query-ought-to-you-make-the-determination-to-work-from-residence/ HTTP/1.1" 200 54071 "-" "Mozilla/5.0 (Windows NT 10.0; Win64; x64) AppleWebKit/537.36 (KHTML, like Gecko) Chrome/139.0.0.0 Safari/537.36"
51.38.189.62 - - [18/Mar/2026:09:57:13 -0400] "GET /abbvie-inventory-advances-after-beat-and-elevate-earnings-report/ HTTP/1.1" 200 53192 "-" "Mozilla/5.0 (Windows NT 10.0; Win64; x64) AppleWebKit/537.36 (KHTML, like Gecko) Chrome/139.0.0.0 Safari/537.36"
57.129.81.224 - - [18/Mar/2026:09:57:15 -0400] "GET /sam-thompson-spends-romantic-weekend-with-samie-elishi-after-break-up-from-ex-girlfriend-zara-mcdermott/ HTTP/1.1" 200 53804 "-" "Mozilla/5.0 (Windows NT 10.0; Win64; x64) AppleWebKit/537.36 (KHTML, like Gecko) Chrome/139.0.0.0 Safari/537.36"
51.38.185.131 - - [18/Mar/2026:09:57:15 -0400] "GET /ieee-requirements-legend-koepfinger-passes-at-99/ HTTP/1.1" 200 55768 "-" "Mozilla/5.0 (Windows NT 10.0; Win64; x64) AppleWebKit/537.36 (KHTML, like Gecko) Chrome/139.0.0.0 Safari/537.36"
51.77.210.64 - - [18/Mar/2026:09:57:16 -0400] "GET /mic-drop-jesse-watters-simply-smokes-jessica-tarlov-and-the-whole-democrat-get-together-for-defending-ms-13-terrorist-and-spouse-beater-the-gateway-pundit/ HTTP/1.1" 200 53569 "-" "Mozilla/5.0 (Windows NT 10.0; Win64; x64) AppleWebKit/537.36 (KHTML, like Gecko) Chrome/139.0.0.0 Safari/537.36"
50.6.201.88 - - [18/Mar/2026:09:57:17 -0400] "POST /wp-cron.php?doing_wp_cron=1773842237.1392760276794433593750 HTTP/1.1" 200 - "-" "WordPress/6.9.4; https://planetnewspro.com"
51.91.250.17 - - [18/Mar/2026:09:57:16 -0400] "GET /14-tequila-cocktails-for-cinco-de-mayo-thatll-impress-your-buddies/ HTTP/1.1" 200 58498 "-" "Mozilla/5.0 (Windows NT 10.0; Win64; x64) AppleWebKit/537.36 (KHTML, like Gecko) Chrome/139.0.0.0 Safari/537.36"
141.94.79.3 - - [18/Mar/2026:09:57:17 -0400] "GET /solar-energy-massive-batteries-and-carbon-elimination-excellent-news-on-local-weather/ HTTP/1.1" 200 56839 "-" "Mozilla/5.0 (Windows NT 10.0; Win64; x64) AppleWebKit/537.36 (KHTML, like Gecko) Chrome/139.0.0.0 Safari/537.36"
141.94.78.40 - - [18/Mar/2026:09:57:17 -0400] "GET /fbi-warns-of-swatting-amidst-a-wave-of-politically-motivated-assaults/ HTTP/1.1" 200 55042 "-" "Mozilla/5.0 (Windows NT 10.0; Win64; x64) AppleWebKit/537.36 (KHTML, like Gecko) Chrome/139.0.0.0 Safari/537.36"
57.129.69.65 - - [18/Mar/2026:09:57:17 -0400] "GET /chinas-xi-to-pay-official-go-to-to-russia-on-7-10-could-forward-of-victory-day-parade/ HTTP/1.1" 200 53103 "-" "Mozilla/5.0 (Windows NT 10.0; Win64; x64) AppleWebKit/537.36 (KHTML, like Gecko) Chrome/139.0.0.0 Safari/537.36"
50.6.201.88 - - [18/Mar/2026:09:57:20 -0400] "POST /wp-cron.php?doing_wp_cron=1773842240.5044469833374023437500 HTTP/1.1" 200 - "-" "WordPress/6.9.4; https://planetnewspro.com"
146.59.127.80 - - [18/Mar/2026:09:57:19 -0400] "GET /here-is-why-pure-and-synthetic-flavors-arent-what-they-appear/ HTTP/1.1" 200 53899 "-" "Mozilla/5.0 (Windows NT 10.0; Win64; x64) AppleWebKit/537.36 (KHTML, like Gecko) Chrome/139.0.0.0 Safari/537.36"
51.38.112.81 - - [18/Mar/2026:09:57:19 -0400] "GET /china-orders-airways-to-not-take-deliveries-of-boeing-planes-the-gateway-pundit/ HTTP/1.1" 200 52834 "-" "Mozilla/5.0 (Windows NT 10.0; Win64; x64) AppleWebKit/537.36 (KHTML, like Gecko) Chrome/139.0.0.0 Safari/537.36"
89.211.249.122 - - [18/Mar/2026:09:57:20 -0400] "POST /xmlrpc.php HTTP/1.1" 200 403 "-" "Mozilla/5.0 (Linux; Android 10; x86) AppleWebKit/537.36 (KHTML, like Gecko) Edge/84.0.0.0 Safari/537.36"
85.208.96.201 - - [18/Mar/2026:09:57:24 -0400] "GET /new-york-knicks-fleeced-minnesota-timberwolves-in-karl-anthony-cities-commerce/ HTTP/1.1" 200 52744 "-" "Mozilla/5.0 (compatible; SemrushBot/7~bl; +http://www.semrush.com/bot.html)"
85.208.98.31 - - [18/Mar/2026:09:57:49 -0400] "GET /the-libertarian-case-for-the-late-jimmy-carter/ HTTP/1.1" 200 65626 "-" "Mozilla/5.0 (compatible; SemrushBot-BA; +http://www.semrush.com/bot.html)"
185.191.171.3 - - [18/Mar/2026:09:57:52 -0400] "GET /one-pan-marry-me-tortellini-the-recipe-critic/ HTTP/1.1" 200 56416 "-" "Mozilla/5.0 (compatible; SemrushBot/7~bl; +http://www.semrush.com/bot.html)"
50.6.201.88 - - [18/Mar/2026:09:58:27 -0400] "POST /wp-cron.php?doing_wp_cron=1773842307.3012950420379638671875 HTTP/1.1" 200 - "-" "WordPress/6.9.4; https://planetnewspro.com"
85.208.96.204 - - [18/Mar/2026:09:58:25 -0400] "GET /how-l-theanine-can-enhance-exercise-efficiency-and-sleep-high-quality/ HTTP/1.1" 200 53626 "-" "Mozilla/5.0 (compatible; SemrushBot/7~bl; +http://www.semrush.com/bot.html)"
50.6.201.88 - - [18/Mar/2026:09:58:27 -0400] "POST /wp-admin/admin-ajax.php?action=async_litespeed&nonce=6a32a20319&litespeed_type=imgoptm HTTP/1.1" 200 21 "-" "WordPress/6.9.4; https://planetnewspro.com"
85.208.98.20 - - [18/Mar/2026:09:58:28 -0400] "GET /judicial-nominee-emil-bove-cannot-recall-whether-or-not-he-mentioned-the-doj-may-say-fuck-you-to-courtroom-orders/ HTTP/1.1" 200 56372 "-" "Mozilla/5.0 (compatible; SemrushBot-BA; +http://www.semrush.com/bot.html)"
89.211.249.122 - - [18/Mar/2026:09:58:33 -0400] "POST /xmlrpc.php HTTP/1.1" 200 403 "-" "Mozilla/5.0 (Windows NT 6.3; arm64) AppleWebKit/537.36 (KHTML, like Gecko) Firefox/79.0.0.0 Safari/537.36"
35.211.166.124 - - [18/Mar/2026:09:58:38 -0400] "GET /ads.txt HTTP/1.1" 200 78 "-" "bidswitchbot/1.0"
216.73.216.103 - - [18/Mar/2026:09:58:46 -0400] "GET /?p=38092 HTTP/1.1" 301 - "-" "Mozilla/5.0 AppleWebKit/537.36 (KHTML, like Gecko; compatible; ClaudeBot/1.0; +claudebot@anthropic.com)"
216.73.216.103 - - [18/Mar/2026:09:58:46 -0400] "GET /prince-harry-and-king-charles-may-attain-peaceable-decision-subsequent-week/ HTTP/1.1" 200 54757 "https://planetnewspro.com/?p=38092" "Mozilla/5.0 AppleWebKit/537.36 (KHTML, like Gecko; compatible; ClaudeBot/1.0; +claudebot@anthropic.com)"
185.191.171.13 - - [18/Mar/2026:09:58:53 -0400] "GET /when-will-egg-costs-go-down-whats-the-federal-government-doing-about-hen-flu-your-hen-flu-questions-defined/ HTTP/1.1" 200 62827 "-" "Mozilla/5.0 (compatible; SemrushBot/7~bl; +http://www.semrush.com/bot.html)"
50.6.201.88 - - [18/Mar/2026:09:58:59 -0400] "POST /wp-cron.php?doing_wp_cron=1773842339.6145451068878173828125 HTTP/1.1" 200 - "-" "WordPress/6.9.4; https://planetnewspro.com"
185.191.171.1 - - [18/Mar/2026:09:58:59 -0400] "GET /the-4-greatest-flat-high-grills-and-out-of-doors-griddles-of-2024-examined-reviewed/ HTTP/1.1" 200 60098 "-" "Mozilla/5.0 (compatible; SemrushBot/7~bl; +http://www.semrush.com/bot.html)"
50.6.201.88 - - [18/Mar/2026:09:58:59 -0400] "POST /wp-admin/admin-ajax.php?action=async_litespeed&nonce=6a32a20319&litespeed_type=imgoptm HTTP/1.1" 200 21 "-" "WordPress/6.9.4; https://planetnewspro.com"
216.73.216.103 - - [18/Mar/2026:09:59:01 -0400] "GET /murder-capital-to-paradise-el-salvadors-turnaround-is-americas-border-sport-changer-the-gateway-pundit HTTP/1.1" 301 - "-" "Mozilla/5.0 AppleWebKit/537.36 (KHTML, like Gecko; compatible; ClaudeBot/1.0; +claudebot@anthropic.com)"
216.73.216.103 - - [18/Mar/2026:09:59:01 -0400] "GET /murder-capital-to-paradise-el-salvadors-turnaround-is-americas-border-sport-changer-the-gateway-pundit/ HTTP/1.1" 200 55087 "https://planetnewspro.com/murder-capital-to-paradise-el-salvadors-turnaround-is-americas-border-sport-changer-the-gateway-pundit" "Mozilla/5.0 AppleWebKit/537.36 (KHTML, like Gecko; compatible; ClaudeBot/1.0; +claudebot@anthropic.com)"
50.6.201.88 - - [18/Mar/2026:09:59:17 -0400] "POST /wp-cron.php?doing_wp_cron=1773842357.4243800640106201171875 HTTP/1.1" 200 - "-" "WordPress/6.9.4; https://planetnewspro.com"
85.208.96.197 - - [18/Mar/2026:09:59:16 -0400] "GET /are-these-the-finest-journey-garments-my-overview-of-unbound-merino/ HTTP/1.1" 200 55107 "-" "Mozilla/5.0 (compatible; SemrushBot/7~bl; +http://www.semrush.com/bot.html)"
50.6.201.88 - - [18/Mar/2026:09:59:43 -0400] "POST /wp-cron.php?doing_wp_cron=1773842383.3387548923492431640625 HTTP/1.1" 200 - "-" "WordPress/6.9.4; https://planetnewspro.com"
89.211.249.122 - - [18/Mar/2026:09:59:43 -0400] "POST /xmlrpc.php HTTP/1.1" 200 403 "-" "Mozilla/5.0 (X11; Ubuntu; Linux x86_64; arm64) AppleWebKit/537.36 (KHTML, like Gecko) Chrome/82.0.0.0 Safari/537.36"
185.191.171.13 - - [18/Mar/2026:09:59:51 -0400] "GET /kanye-west-performs-in-china-as-followers-shocked-he-handed-nations-strict-censors/ HTTP/1.1" 200 56161 "-" "Mozilla/5.0 (compatible; SemrushBot/7~bl; +http://www.semrush.com/bot.html)"
85.208.96.211 - - [18/Mar/2026:09:59:56 -0400] "GET /chelsea-transfer-clear-in-race-to-beat-liverpool-to-60m-hugo-ekitike-switch/ HTTP/1.1" 200 55040 "-" "Mozilla/5.0 (compatible; SemrushBot/7~bl; +http://www.semrush.com/bot.html)"
50.6.201.88 - - [18/Mar/2026:10:00:02 -0400] "POST /wp-cron.php?doing_wp_cron=1773842402.4369130134582519531250 HTTP/1.1" 200 - "-" "WordPress/6.9.4; https://planetnewspro.com"
87.250.224.114 - - [18/Mar/2026:10:00:02 -0400] "GET /robots.txt HTTP/1.1" 200 175 "-" "Mozilla/5.0 (compatible; YandexBot/3.0; +http://yandex.com/bots)"
50.6.201.88 - - [18/Mar/2026:10:00:02 -0400] "POST /wp-admin/admin-ajax.php?action=async_litespeed&nonce=6a32a20319&litespeed_type=imgoptm HTTP/1.1" 200 21 "-" "WordPress/6.9.4; https://planetnewspro.com"
95.108.213.204 - - [18/Mar/2026:10:00:03 -0400] "GET /contemporary-off-squid-recreation-2-success-netflix-serves-one-other-korean-shock-for-followers-with-bloodhounds-season-2-updates/ HTTP/1.1" 200 52652 "-" "Mozilla/5.0 (compatible; YandexBot/3.0; +http://yandex.com/bots)"
50.6.201.88 - - [18/Mar/2026:10:00:58 -0400] "POST /wp-cron.php?doing_wp_cron=1773842458.6336669921875000000000 HTTP/1.1" 200 - "-" "WordPress/6.9.4; https://planetnewspro.com"
89.211.249.122 - - [18/Mar/2026:10:00:57 -0400] "POST /xmlrpc.php HTTP/1.1" 200 403 "-" "Mozilla/5.0 (Linux; Android 10; x64) AppleWebKit/537.36 (KHTML, like Gecko) Edge/86.0.0.0 Safari/537.36"
50.6.201.88 - - [18/Mar/2026:10:00:59 -0400] "POST /wp-cron.php?doing_wp_cron=1773842459.5272099971771240234375 HTTP/1.1" 200 - "-" "WordPress/6.9.4; https://planetnewspro.com"
185.191.171.8 - - [18/Mar/2026:10:00:56 -0400] "GET /youtuber-tells-foreigners-to-keep-away-from-long-distance-practice-journey-in-india-borderline-madness/ HTTP/1.1" 200 53861 "-" "Mozilla/5.0 (compatible; SemrushBot/7~bl; +http://www.semrush.com/bot.html)"
50.6.201.88 - - [18/Mar/2026:10:00:59 -0400] "POST /wp-admin/admin-ajax.php?action=async_litespeed&nonce=6a32a20319&litespeed_type=imgoptm HTTP/1.1" 200 21 "-" "WordPress/6.9.4; https://planetnewspro.com"
185.191.171.4 - - [18/Mar/2026:10:01:01 -0400] "GET /south-korea-considers-sending-crew-to-ukraine-to-watch-north-korean-troop-deployment/ HTTP/1.1" 200 53457 "-" "Mozilla/5.0 (compatible; SemrushBot/7~bl; +http://www.semrush.com/bot.html)"
85.208.96.206 - - [18/Mar/2026:10:01:06 -0400] "GET /cariuma-dropped-these-sneakers-in-a-new-print/ HTTP/1.1" 200 53405 "-" "Mozilla/5.0 (compatible; SemrushBot/7~bl; +http://www.semrush.com/bot.html)"
50.6.201.88 - - [18/Mar/2026:10:01:10 -0400] "POST /wp-cron.php?doing_wp_cron=1773842470.4364690780639648437500 HTTP/1.1" 200 - "-" "WordPress/6.9.4; https://planetnewspro.com"
185.191.171.7 - - [18/Mar/2026:10:01:09 -0400] "GET /rooster-francese-spend-with-pennies/ HTTP/1.1" 200 59117 "-" "Mozilla/5.0 (compatible; SemrushBot/7~bl; +http://www.semrush.com/bot.html)"
216.73.216.103 - - [18/Mar/2026:10:01:17 -0400] "GET /how-a-lot-is-dcs-hawkgirl-price-in-2025 HTTP/1.1" 301 - "-" "Mozilla/5.0 AppleWebKit/537.36 (KHTML, like Gecko; compatible; ClaudeBot/1.0; +claudebot@anthropic.com)"
216.73.216.103 - - [18/Mar/2026:10:01:17 -0400] "GET /how-a-lot-is-dcs-hawkgirl-price-in-2025/ HTTP/1.1" 200 53424 "https://planetnewspro.com/how-a-lot-is-dcs-hawkgirl-price-in-2025" "Mozilla/5.0 AppleWebKit/537.36 (KHTML, like Gecko; compatible; ClaudeBot/1.0; +claudebot@anthropic.com)"
50.6.201.88 - - [18/Mar/2026:10:01:28 -0400] "POST /wp-cron.php?doing_wp_cron=1773842488.1831760406494140625000 HTTP/1.1" 200 - "-" "WordPress/6.9.4; https://planetnewspro.com"
85.208.96.195 - - [18/Mar/2026:10:01:27 -0400] "GET /rundown-49ers-host-recharged-rams-in-nfc-west-battle/ HTTP/1.1" 200 52563 "-" "Mozilla/5.0 (compatible; SemrushBot/7~bl; +http://www.semrush.com/bot.html)"
50.6.201.88 - - [18/Mar/2026:10:02:22 -0400] "POST /wp-cron.php?doing_wp_cron=1773842542.3957149982452392578125 HTTP/1.1" 200 - "-" "WordPress/6.9.4; https://planetnewspro.com"
89.211.249.122 - - [18/Mar/2026:10:02:20 -0400] "POST /xmlrpc.php HTTP/1.1" 200 403 "-" "Mozilla/5.0 (Windows NT 10.0; x86) AppleWebKit/537.36 (KHTML, like Gecko) Edge/93.0.0.0 Safari/537.36"
50.6.201.88 - - [18/Mar/2026:10:02:22 -0400] "POST /wp-admin/admin-ajax.php?action=async_litespeed&nonce=6a32a20319&litespeed_type=imgoptm HTTP/1.1" 200 21 "-" "WordPress/6.9.4; https://planetnewspro.com"
50.6.201.88 - - [18/Mar/2026:10:02:59 -0400] "POST /wp-cron.php?doing_wp_cron=1773842579.6462988853454589843750 HTTP/1.1" 200 - "-" "WordPress/6.9.4; https://planetnewspro.com"
185.191.171.9 - - [18/Mar/2026:10:02:57 -0400] "GET /7-new-motion-pictures-and-tv-reveals-to-stream-on-netflix-prime-video-max-and-extra-this-weekend-october-18/ HTTP/1.1" 200 59971 "-" "Mozilla/5.0 (compatible; SemrushBot/7~bl; +http://www.semrush.com/bot.html)"
50.6.201.88 - - [18/Mar/2026:10:02:59 -0400] "POST /wp-admin/admin-ajax.php?action=async_litespeed&nonce=6a32a20319&litespeed_type=imgoptm HTTP/1.1" 200 21 "-" "WordPress/6.9.4; https://planetnewspro.com"
50.6.201.88 - - [18/Mar/2026:10:03:10 -0400] "POST /wp-cron.php?doing_wp_cron=1773842590.5101571083068847656250 HTTP/1.1" 200 - "-" "WordPress/6.9.4; https://planetnewspro.com"
154.250.52.136 - - [18/Mar/2026:10:03:10 -0400] "GET /labour-ridiculed-for-blaming-surge-in-channel-migrants-on-climate-as-knowledge-exhibits-rwanda-deportation-plan-was-a-deterrent/ HTTP/1.1" 200 54471 "-" "Mozilla/5.0 (X11; Linux x86_64) AppleWebKit/535.1 (KHTML, like Gecko) Chrome/13.0.782.215 Safari/535.1"
185.191.171.9 - - [18/Mar/2026:10:03:11 -0400] "GET /microsoft-hack-affected-veterans-affairs-and-state-departments-authorities-says/ HTTP/1.1" 200 52547 "-" "Mozilla/5.0 (compatible; SemrushBot/7~bl; +http://www.semrush.com/bot.html)"
50.6.201.88 - - [18/Mar/2026:10:03:20 -0400] "POST /wp-cron.php?doing_wp_cron=1773842600.1593120098114013671875 HTTP/1.1" 200 - "-" "WordPress/6.9.4; https://planetnewspro.com"
85.208.96.195 - - [18/Mar/2026:10:03:19 -0400] "GET /merrick-garlands-doj-pep-rally-proves-trump-received-the-debate/ HTTP/1.1" 200 53386 "-" "Mozilla/5.0 (compatible; SemrushBot/7~bl; +http://www.semrush.com/bot.html)"
50.6.201.88 - - [18/Mar/2026:10:03:23 -0400] "POST /wp-cron.php?doing_wp_cron=1773842603.7667419910430908203125 HTTP/1.1" 200 - "-" "WordPress/6.9.4; https://planetnewspro.com"
185.191.171.16 - - [18/Mar/2026:10:03:22 -0400] "GET /no-the-electoral-school-is-not-a-relic-of-slavery/ HTTP/1.1" 200 53903 "-" "Mozilla/5.0 (compatible; SemrushBot/7~bl; +http://www.semrush.com/bot.html)"
85.208.96.207 - - [18/Mar/2026:10:03:33 -0400] "GET /coldplay-announce-dates-for-asia-tour-with-reveals-in-india-abu-dhabi-hong-kong-and-seoul/ HTTP/1.1" 200 54172 "-" "Mozilla/5.0 (compatible; SemrushBot/7~bl; +http://www.semrush.com/bot.html)"
216.73.216.103 - - [18/Mar/2026:10:03:54 -0400] "GET /?p=35296 HTTP/1.1" 301 - "-" "Mozilla/5.0 AppleWebKit/537.36 (KHTML, like Gecko; compatible; ClaudeBot/1.0; +claudebot@anthropic.com)"
216.73.216.103 - - [18/Mar/2026:10:03:55 -0400] "GET /i-stole-30m-price-of-luxurious-items-as-one-among-britains-most-prolific-shoplifters-however-because-of-this-i-turned-my-life-round/ HTTP/1.1" 200 54389 "https://planetnewspro.com/?p=35296" "Mozilla/5.0 AppleWebKit/537.36 (KHTML, like Gecko; compatible; ClaudeBot/1.0; +claudebot@anthropic.com)"
50.6.201.88 - - [18/Mar/2026:10:04:00 -0400] "POST /wp-cron.php?doing_wp_cron=1773842640.0272030830383300781250 HTTP/1.1" 200 - "-" "WordPress/6.9.4; https://planetnewspro.com"
17.241.227.100 - - [18/Mar/2026:10:03:59 -0400] "GET /pumpkin-cream-cheese-bundt-cake/ HTTP/1.1" 200 60798 "-" "Mozilla/5.0 (Macintosh; Intel Mac OS X 10_15_7) AppleWebKit/605.1.15 (KHTML, like Gecko) Version/17.4 Safari/605.1.15 (Applebot/0.1; +http://www.apple.com/go/applebot)"
50.6.201.88 - - [18/Mar/2026:10:04:00 -0400] "POST /wp-admin/admin-ajax.php?action=async_litespeed&nonce=6a32a20319&litespeed_type=imgoptm HTTP/1.1" 200 21 "-" "WordPress/6.9.4; https://planetnewspro.com"
216.73.216.103 - - [18/Mar/2026:10:04:04 -0400] "GET /?p=35347 HTTP/1.1" 301 - "-" "Mozilla/5.0 AppleWebKit/537.36 (KHTML, like Gecko; compatible; ClaudeBot/1.0; +claudebot@anthropic.com)"
216.73.216.103 - - [18/Mar/2026:10:04:04 -0400] "GET /afp-conducts-back-to-back-navy-engagements-with-japan-vietnam/ HTTP/1.1" 200 53184 "https://planetnewspro.com/?p=35347" "Mozilla/5.0 AppleWebKit/537.36 (KHTML, like Gecko; compatible; ClaudeBot/1.0; +claudebot@anthropic.com)"
50.6.201.88 - - [18/Mar/2026:10:04:17 -0400] "POST /wp-cron.php?doing_wp_cron=1773842657.0864419937133789062500 HTTP/1.1" 200 - "-" "WordPress/6.9.4; https://planetnewspro.com"
89.211.249.122 - - [18/Mar/2026:10:04:16 -0400] "POST /xmlrpc.php HTTP/1.1" 200 403 "-" "Mozilla/5.0 (Windows NT 6.2; arm64) AppleWebKit/537.36 (KHTML, like Gecko) Firefox/74.0.0.0 Safari/537.36"
50.6.201.88 - - [18/Mar/2026:10:04:28 -0400] "POST /wp-cron.php?doing_wp_cron=1773842668.0705130100250244140625 HTTP/1.1" 200 - "-" "WordPress/6.9.4; https://planetnewspro.com"
216.73.216.103 - - [18/Mar/2026:10:04:27 -0400] "GET /?p=28696 HTTP/1.1" 301 - "-" "Mozilla/5.0 AppleWebKit/537.36 (KHTML, like Gecko; compatible; ClaudeBot/1.0; +claudebot@anthropic.com)"
216.73.216.103 - - [18/Mar/2026:10:04:28 -0400] "GET /cucumber-lime-agua-fresca-minimalist-baker-recipes/ HTTP/1.1" 200 55079 "https://planetnewspro.com/?p=28696" "Mozilla/5.0 AppleWebKit/537.36 (KHTML, like Gecko; compatible; ClaudeBot/1.0; +claudebot@anthropic.com)"
