52.70.123.241 - - [18/Mar/2026:08:51:51 -0400] "GET /the-bizarre-hyperlink-between-your-enamel-and-a-youthful-mind/ HTTP/1.1" 200 53937 "-" "Mozilla/5.0 AppleWebKit/537.36 (KHTML, like Gecko; compatible; Amazonbot/0.1; +https://developer.amazon.com/support/amazonbot) Chrome/119.0.6045.214 Safari/537.36"
50.6.201.88 - - [18/Mar/2026:08:52:14 -0400] "POST /wp-cron.php?doing_wp_cron=1773838334.2427299022674560546875 HTTP/1.1" 200 - "-" "WordPress/6.9.4; https://planetnewspro.com"
216.73.216.103 - - [18/Mar/2026:08:52:14 -0400] "GET /all-of-charlie-sheens-mates-and-allies-who-lower-him-off-over-substance-use-and-scandals HTTP/1.1" 301 - "-" "Mozilla/5.0 AppleWebKit/537.36 (KHTML, like Gecko; compatible; ClaudeBot/1.0; +claudebot@anthropic.com)"
50.6.201.88 - - [18/Mar/2026:08:52:14 -0400] "POST /wp-admin/admin-ajax.php?action=async_litespeed&nonce=6a32a20319&litespeed_type=imgoptm HTTP/1.1" 200 21 "-" "WordPress/6.9.4; https://planetnewspro.com"
216.73.216.103 - - [18/Mar/2026:08:52:14 -0400] "GET /all-of-charlie-sheens-mates-and-allies-who-lower-him-off-over-substance-use-and-scandals/ HTTP/1.1" 200 55212 "https://planetnewspro.com/all-of-charlie-sheens-mates-and-allies-who-lower-him-off-over-substance-use-and-scandals" "Mozilla/5.0 AppleWebKit/537.36 (KHTML, like Gecko; compatible; ClaudeBot/1.0; +claudebot@anthropic.com)"
50.6.201.88 - - [18/Mar/2026:08:52:21 -0400] "POST /wp-cron.php?doing_wp_cron=1773838341.2859621047973632812500 HTTP/1.1" 200 - "-" "WordPress/6.9.4; https://planetnewspro.com"
51.75.119.69 - - [18/Mar/2026:08:52:21 -0400] "GET /robots.txt HTTP/1.1" 200 175 "-" "Mozilla/5.0 (compatible; MJ12bot/v1.4.8; http://mj12bot.com/)"
51.75.119.69 - - [18/Mar/2026:08:52:22 -0400] "GET /40-tremendous-bowl-recipes-desserts-snacks/ HTTP/1.1" 200 67772 "-" "Mozilla/5.0 (compatible; MJ12bot/v1.4.8; http://mj12bot.com/)"
51.75.119.69 - - [18/Mar/2026:08:52:25 -0400] "GET /labour-set-to-ship-fewer-felony-to-jail-as-ministers-admit-10bn-prisons-constructing-plan-will-not-remedy-house-disaster-and-refuse-to-rule-out-releasing-extra-convicts-early/ HTTP/1.1" 200 54447 "-" "Mozilla/5.0 (compatible; MJ12bot/v1.4.8; http://mj12bot.com/)"
51.75.119.69 - - [18/Mar/2026:08:52:27 -0400] "GET /page/1596/ HTTP/1.1" 200 64632 "-" "Mozilla/5.0 (compatible; MJ12bot/v1.4.8; http://mj12bot.com/)"
85.208.96.199 - - [18/Mar/2026:08:52:52 -0400] "GET /what-the-way-forward-for-cruise-holidays-will-look-like-in-line-with-the-consultants/ HTTP/1.1" 200 54381 "-" "Mozilla/5.0 (compatible; SemrushBot/7~bl; +http://www.semrush.com/bot.html)"
50.6.201.88 - - [18/Mar/2026:08:53:01 -0400] "POST /wp-cron.php?doing_wp_cron=1773838381.7874379158020019531250 HTTP/1.1" 200 - "-" "WordPress/6.9.4; https://planetnewspro.com"
85.208.96.199 - - [18/Mar/2026:08:53:01 -0400] "GET /samsung-to-amass-uk-based-data-graph-startup-oxford-semantic-applied-sciences/ HTTP/1.1" 200 52200 "-" "Mozilla/5.0 (compatible; SemrushBot/7~bl; +http://www.semrush.com/bot.html)"
50.6.201.88 - - [18/Mar/2026:08:53:01 -0400] "POST /wp-admin/admin-ajax.php?action=async_litespeed&nonce=6a32a20319&litespeed_type=imgoptm HTTP/1.1" 200 21 "-" "WordPress/6.9.4; https://planetnewspro.com"
50.6.201.88 - - [18/Mar/2026:08:53:09 -0400] "POST /wp-cron.php?doing_wp_cron=1773838389.6503129005432128906250 HTTP/1.1" 200 - "-" "WordPress/6.9.4; https://planetnewspro.com"
85.208.96.205 - - [18/Mar/2026:08:53:09 -0400] "GET /author/admin-pnp-171/page/1636/ HTTP/1.1" 200 43836 "-" "Mozilla/5.0 (compatible; SemrushBot/7~bl; +http://www.semrush.com/bot.html)"
50.6.201.88 - - [18/Mar/2026:08:53:27 -0400] "POST /wp-cron.php?doing_wp_cron=1773838407.2470920085906982421875 HTTP/1.1" 200 - "-" "WordPress/6.9.4; https://planetnewspro.com"
216.73.216.103 - - [18/Mar/2026:08:53:27 -0400] "GET /world-crowdstrike-outage-proves-how-fragile-it-techniques-have-grow-to-be HTTP/1.1" 301 - "-" "Mozilla/5.0 AppleWebKit/537.36 (KHTML, like Gecko; compatible; ClaudeBot/1.0; +claudebot@anthropic.com)"
216.73.216.103 - - [18/Mar/2026:08:53:27 -0400] "GET /?p=35344 HTTP/1.1" 301 - "-" "Mozilla/5.0 AppleWebKit/537.36 (KHTML, like Gecko; compatible; ClaudeBot/1.0; +claudebot@anthropic.com)"
216.73.216.103 - - [18/Mar/2026:08:53:27 -0400] "GET /world-crowdstrike-outage-proves-how-fragile-it-techniques-have-grow-to-be/ HTTP/1.1" 200 54580 "https://planetnewspro.com/world-crowdstrike-outage-proves-how-fragile-it-techniques-have-grow-to-be" "Mozilla/5.0 AppleWebKit/537.36 (KHTML, like Gecko; compatible; ClaudeBot/1.0; +claudebot@anthropic.com)"
216.73.216.103 - - [18/Mar/2026:08:53:27 -0400] "GET /5-terrifying-methods-a-tsunami-can-kill-and-why-it-solely-takes-six-inches-of-water/ HTTP/1.1" 200 55008 "https://planetnewspro.com/?p=35344" "Mozilla/5.0 AppleWebKit/537.36 (KHTML, like Gecko; compatible; ClaudeBot/1.0; +claudebot@anthropic.com)"
185.191.171.9 - - [18/Mar/2026:08:53:48 -0400] "GET /injunctions-towards-location-particular-gun-bans-in-california-and-hawaii-partially-upheld/ HTTP/1.1" 200 56094 "-" "Mozilla/5.0 (compatible; SemrushBot/7~bl; +http://www.semrush.com/bot.html)"
85.208.96.193 - - [18/Mar/2026:08:53:52 -0400] "GET /jd-vance-on-justice-scalia-in-2014/ HTTP/1.1" 200 53722 "-" "Mozilla/5.0 (compatible; SemrushBot/7~bl; +http://www.semrush.com/bot.html)"
50.6.201.88 - - [18/Mar/2026:08:54:04 -0400] "POST /wp-cron.php?doing_wp_cron=1773838444.1105349063873291015625 HTTP/1.1" 200 - "-" "WordPress/6.9.4; https://planetnewspro.com"
85.208.96.200 - - [18/Mar/2026:08:54:03 -0400] "GET /onyx-boox-go-coloration-7-evaluate-and-video-walkthrough/ HTTP/1.1" 200 53447 "-" "Mozilla/5.0 (compatible; SemrushBot/7~bl; +http://www.semrush.com/bot.html)"
50.6.201.88 - - [18/Mar/2026:08:54:04 -0400] "POST /wp-admin/admin-ajax.php?action=async_litespeed&nonce=6a32a20319&litespeed_type=imgoptm HTTP/1.1" 200 21 "-" "WordPress/6.9.4; https://planetnewspro.com"
17.22.253.227 - - [18/Mar/2026:08:54:11 -0400] "GET /sir-keir-starmer-faces-requires-unbiased-inquiry-into-taylorgate-scandal-amid-claims-ministers-improperly-interfered-within-the-resolution-to-grant-us-popstar-a-police-escort/ HTTP/1.1" 200 55779 "-" "Mozilla/5.0 (Macintosh; Intel Mac OS X 10_15_7) AppleWebKit/605.1.15 (KHTML, like Gecko) Version/17.4 Safari/605.1.15 (Applebot/0.1; +http://www.apple.com/go/applebot)"
50.6.201.88 - - [18/Mar/2026:08:54:11 -0400] "POST /wp-cron.php?doing_wp_cron=1773838451.6135280132293701171875 HTTP/1.1" 200 - "-" "WordPress/6.9.4; https://planetnewspro.com"
185.191.171.5 - - [18/Mar/2026:08:54:11 -0400] "GET /american-conservatives-are-abandoning-ludwig-von-mises/ HTTP/1.1" 200 59565 "-" "Mozilla/5.0 (compatible; SemrushBot/7~bl; +http://www.semrush.com/bot.html)"
50.6.201.88 - - [18/Mar/2026:08:54:25 -0400] "POST /wp-cron.php?doing_wp_cron=1773838465.3144190311431884765625 HTTP/1.1" 200 - "-" "WordPress/6.9.4; https://planetnewspro.com"
85.208.96.203 - - [18/Mar/2026:08:54:24 -0400] "GET /author/admin-pnp-171/page/1513/ HTTP/1.1" 200 43919 "-" "Mozilla/5.0 (compatible; SemrushBot/7~bl; +http://www.semrush.com/bot.html)"
216.73.216.103 - - [18/Mar/2026:08:54:42 -0400] "GET /?p=36889 HTTP/1.1" 301 - "-" "Mozilla/5.0 AppleWebKit/537.36 (KHTML, like Gecko; compatible; ClaudeBot/1.0; +claudebot@anthropic.com)"
216.73.216.103 - - [18/Mar/2026:08:54:42 -0400] "GET /no-bake-cookies-recipe-love-and-lemons/ HTTP/1.1" 200 55731 "https://planetnewspro.com/?p=36889" "Mozilla/5.0 AppleWebKit/537.36 (KHTML, like Gecko; compatible; ClaudeBot/1.0; +claudebot@anthropic.com)"
185.191.171.12 - - [18/Mar/2026:08:54:52 -0400] "GET /why-45000-dock-staff-are-hanging/ HTTP/1.1" 200 55608 "-" "Mozilla/5.0 (compatible; SemrushBot/7~bl; +http://www.semrush.com/bot.html)"
43.173.179.193 - - [18/Mar/2026:08:54:56 -0400] "GET /cop16-president-hopeful-of-main-bulletins-quickly/feed/ HTTP/1.1" 200 862 "-" "Mozilla/5.0 (Windows NT 10.0; Win64; x64) AppleWebKit/537.36 (KHTML, like Gecko) Chrome/112.0.0.0 Safari/537.36"
85.208.96.195 - - [18/Mar/2026:08:54:56 -0400] "GET /earlier-than-turning-into-governor-milan-brown-goals-to-make-wake-forest-a-winner/ HTTP/1.1" 200 54053 "-" "Mozilla/5.0 (compatible; SemrushBot/7~bl; +http://www.semrush.com/bot.html)"
50.6.201.88 - - [18/Mar/2026:08:55:01 -0400] "POST /wp-cron.php?doing_wp_cron=1773838501.3374369144439697265625 HTTP/1.1" 200 - "-" "WordPress/6.9.4; https://planetnewspro.com"
185.191.171.5 - - [18/Mar/2026:08:55:00 -0400] "GET /mits-largely-secret-society-mit-expertise-evaluate/ HTTP/1.1" 200 52780 "-" "Mozilla/5.0 (compatible; SemrushBot/7~bl; +http://www.semrush.com/bot.html)"
50.6.201.88 - - [18/Mar/2026:08:55:01 -0400] "POST /wp-admin/admin-ajax.php?action=async_litespeed&nonce=6a32a20319&litespeed_type=imgoptm HTTP/1.1" 200 21 "-" "WordPress/6.9.4; https://planetnewspro.com"
50.6.201.88 - - [18/Mar/2026:08:55:23 -0400] "POST /wp-cron.php?doing_wp_cron=1773838523.4248309135437011718750 HTTP/1.1" 200 - "-" "WordPress/6.9.4; https://planetnewspro.com"
216.73.216.103 - - [18/Mar/2026:08:55:23 -0400] "GET /two-youngsters-charged-over-transport-for-london-cyber-assault-that-brought-about-huge-disruption-and-uncovered-delicate-buyer-information HTTP/1.1" 301 - "-" "Mozilla/5.0 AppleWebKit/537.36 (KHTML, like Gecko; compatible; ClaudeBot/1.0; +claudebot@anthropic.com)"
216.73.216.103 - - [18/Mar/2026:08:55:23 -0400] "GET /why-a-person-was-killed-in-india-when-a-music-system-malfunctioned HTTP/1.1" 301 - "-" "Mozilla/5.0 AppleWebKit/537.36 (KHTML, like Gecko; compatible; ClaudeBot/1.0; +claudebot@anthropic.com)"
216.73.216.103 - - [18/Mar/2026:08:55:23 -0400] "GET /two-youngsters-charged-over-transport-for-london-cyber-assault-that-brought-about-huge-disruption-and-uncovered-delicate-buyer-information/ HTTP/1.1" 200 53452 "https://planetnewspro.com/two-youngsters-charged-over-transport-for-london-cyber-assault-that-brought-about-huge-disruption-and-uncovered-delicate-buyer-information" "Mozilla/5.0 AppleWebKit/537.36 (KHTML, like Gecko; compatible; ClaudeBot/1.0; +claudebot@anthropic.com)"
216.73.216.103 - - [18/Mar/2026:08:55:24 -0400] "GET /why-a-person-was-killed-in-india-when-a-music-system-malfunctioned/ HTTP/1.1" 200 53020 "https://planetnewspro.com/why-a-person-was-killed-in-india-when-a-music-system-malfunctioned" "Mozilla/5.0 AppleWebKit/537.36 (KHTML, like Gecko; compatible; ClaudeBot/1.0; +claudebot@anthropic.com)"
50.6.201.88 - - [18/Mar/2026:08:55:39 -0400] "POST /wp-cron.php?doing_wp_cron=1773838539.2391200065612792968750 HTTP/1.1" 200 - "-" "WordPress/6.9.4; https://planetnewspro.com"
185.191.171.16 - - [18/Mar/2026:08:55:38 -0400] "GET /kamala-harris-to-maintain-her-first-marketing-campaign-rally-in-wisconsin/ HTTP/1.1" 200 52522 "-" "Mozilla/5.0 (compatible; SemrushBot/7~bl; +http://www.semrush.com/bot.html)"
85.208.96.195 - - [18/Mar/2026:08:55:42 -0400] "GET /bob-murphy-welcome-to-maga-socialism/ HTTP/1.1" 200 52827 "-" "Mozilla/5.0 (compatible; SemrushBot/7~bl; +http://www.semrush.com/bot.html)"
5.39.109.170 - - [18/Mar/2026:08:55:54 -0400] "GET /trumps-rebate-plan-will-push-america-towards-a-hyperprogressive-tax-code/ HTTP/1.1" 200 54262 "-" "Mozilla/5.0 (compatible; AhrefsBot/7.0; +http://ahrefs.com/robot/)"
50.6.201.88 - - [18/Mar/2026:08:56:35 -0400] "POST /wp-cron.php?doing_wp_cron=1773838595.8626809120178222656250 HTTP/1.1" 200 - "-" "WordPress/6.9.4; https://planetnewspro.com"
185.191.171.5 - - [18/Mar/2026:08:56:33 -0400] "GET /israel-kills-hamas-chief-yahya-sinwar-in-main-win-in-opposition-to-terror-group/ HTTP/1.1" 200 55921 "-" "Mozilla/5.0 (compatible; SemrushBot/7~bl; +http://www.semrush.com/bot.html)"
50.6.201.88 - - [18/Mar/2026:08:56:35 -0400] "POST /wp-admin/admin-ajax.php?action=async_litespeed&nonce=6a32a20319&litespeed_type=imgoptm HTTP/1.1" 200 21 "-" "WordPress/6.9.4; https://planetnewspro.com"
85.208.96.208 - - [18/Mar/2026:08:56:57 -0400] "GET /prithvi-shaw-has-extra-expertise-than-shubman-gill-yashasvi-jaiswal-says-punjab-kings-participant/ HTTP/1.1" 200 53350 "-" "Mozilla/5.0 (compatible; SemrushBot/7~bl; +http://www.semrush.com/bot.html)"
50.6.201.88 - - [18/Mar/2026:08:57:03 -0400] "POST /wp-cron.php?doing_wp_cron=1773838623.0014901161193847656250 HTTP/1.1" 200 - "-" "WordPress/6.9.4; https://planetnewspro.com"
43.173.175.45 - - [18/Mar/2026:08:57:02 -0400] "GET /sub-6-ph-development-seen-amid-tariff-woes/feed/ HTTP/1.1" 200 828 "-" "Mozilla/5.0 (Windows NT 10.0; Win64; x64) AppleWebKit/537.36 (KHTML, like Gecko) Chrome/103.0.0.0 Safari/537.36"
50.6.201.88 - - [18/Mar/2026:08:57:03 -0400] "POST /wp-admin/admin-ajax.php?action=async_litespeed&nonce=6a32a20319&litespeed_type=imgoptm HTTP/1.1" 200 21 "-" "WordPress/6.9.4; https://planetnewspro.com"
50.6.201.88 - - [18/Mar/2026:08:57:10 -0400] "POST /wp-cron.php?doing_wp_cron=1773838630.6208460330963134765625 HTTP/1.1" 200 - "-" "WordPress/6.9.4; https://planetnewspro.com"
85.208.96.207 - - [18/Mar/2026:08:57:10 -0400] "GET /is-pakistan-ladiess-cricket-crew-most-under-performing-facet-in-t20-world-cup-in-uae/ HTTP/1.1" 200 53401 "-" "Mozilla/5.0 (compatible; SemrushBot/7~bl; +http://www.semrush.com/bot.html)"
17.246.19.155 - - [18/Mar/2026:08:57:16 -0400] "GET /wp-includes/js/jquery/jquery.min.js?ver=3.7.1 HTTP/1.1" 200 87553 "https://planetnewspro.com/the-ten-most-widespread-crimes-towards-pasta-no-one-ought-to-ever-commit/" "Mozilla/5.0 (Macintosh; Intel Mac OS X 10_15_7) AppleWebKit/605.1.15 (KHTML, like Gecko) Version/17.4 Safari/605.1.15 (Applebot/0.1; +http://www.apple.com/go/applebot)"
17.246.19.17 - - [18/Mar/2026:08:57:17 -0400] "GET /wp-content/plugins/td-composer/legacy/Newspaper/js/tagdiv_theme.min.js?ver=12.6.6 HTTP/1.1" 200 160112 "https://planetnewspro.com/the-ten-most-widespread-crimes-towards-pasta-no-one-ought-to-ever-commit/" "Mozilla/5.0 (Macintosh; Intel Mac OS X 10_15_7) AppleWebKit/605.1.15 (KHTML, like Gecko) Version/17.4 Safari/605.1.15 (Applebot/0.1; +http://www.apple.com/go/applebot)"
17.246.15.124 - - [18/Mar/2026:08:57:19 -0400] "GET /wp-content/plugins/td-composer/legacy/Newspaper/js/tdPostImages.js?ver=12.6.6 HTTP/1.1" 200 2449 "https://planetnewspro.com/the-ten-most-widespread-crimes-towards-pasta-no-one-ought-to-ever-commit/" "Mozilla/5.0 (Macintosh; Intel Mac OS X 10_15_7) AppleWebKit/605.1.15 (KHTML, like Gecko) Version/17.4 Safari/605.1.15 (Applebot/0.1; +http://www.apple.com/go/applebot)"
17.246.19.207 - - [18/Mar/2026:08:57:21 -0400] "GET /wp-content/plugins/td-composer/legacy/Newspaper/js/tdSocialSharing.js?ver=12.6.6 HTTP/1.1" 200 2632 "https://planetnewspro.com/the-ten-most-widespread-crimes-towards-pasta-no-one-ought-to-ever-commit/" "Mozilla/5.0 (Macintosh; Intel Mac OS X 10_15_7) AppleWebKit/605.1.15 (KHTML, like Gecko) Version/17.4 Safari/605.1.15 (Applebot/0.1; +http://www.apple.com/go/applebot)"
17.246.15.171 - - [18/Mar/2026:08:57:23 -0400] "GET /wp-content/plugins/td-composer/legacy/Newspaper/js/tdModalPostImages.js?ver=12.6.6 HTTP/1.1" 200 8892 "https://planetnewspro.com/the-ten-most-widespread-crimes-towards-pasta-no-one-ought-to-ever-commit/" "Mozilla/5.0 (Macintosh; Intel Mac OS X 10_15_7) AppleWebKit/605.1.15 (KHTML, like Gecko) Version/17.4 Safari/605.1.15 (Applebot/0.1; +http://www.apple.com/go/applebot)"
50.6.201.88 - - [18/Mar/2026:08:57:24 -0400] "POST /wp-cron.php?doing_wp_cron=1773838644.5640430450439453125000 HTTP/1.1" 200 - "-" "WordPress/6.9.4; https://planetnewspro.com"
27.147.200.88 - - [18/Mar/2026:08:57:24 -0400] "GET /author/admin-pnp-171/page/1767/ HTTP/1.1" 200 44047 "-" "Mozilla/5.0 (X11; Linux x86_64) AppleWebKit/535.11 (KHTML, like Gecko) Ubuntu/11.04 Chromium/17.0.963.65 Chrome/17.0.963.65 Safari/535.11"
17.246.23.9 - - [18/Mar/2026:08:57:25 -0400] "GET /wp-content/plugins/td-cloud-library/assets/js/js_files_for_front.min.js?ver=b379c96c54343541fd8742379a419361 HTTP/1.1" 200 29608 "https://planetnewspro.com/the-ten-most-widespread-crimes-towards-pasta-no-one-ought-to-ever-commit/" "Mozilla/5.0 (Macintosh; Intel Mac OS X 10_15_7) AppleWebKit/605.1.15 (KHTML, like Gecko) Version/17.4 Safari/605.1.15 (Applebot/0.1; +http://www.apple.com/go/applebot)"
17.246.23.65 - - [18/Mar/2026:08:57:27 -0400] "GET /wp-content/plugins/td-composer/legacy/Newspaper/js/tdWeather.js?ver=12.6.6 HTTP/1.1" 200 9932 "https://planetnewspro.com/the-ten-most-widespread-crimes-towards-pasta-no-one-ought-to-ever-commit/" "Mozilla/5.0 (Macintosh; Intel Mac OS X 10_15_7) AppleWebKit/605.1.15 (KHTML, like Gecko) Version/17.4 Safari/605.1.15 (Applebot/0.1; +http://www.apple.com/go/applebot)"
17.246.23.102 - - [18/Mar/2026:08:57:29 -0400] "GET /wp-content/plugins/td-composer/legacy/Newspaper/js/tdLoadingBox.js?ver=12.6.6 HTTP/1.1" 200 2670 "https://planetnewspro.com/the-ten-most-widespread-crimes-towards-pasta-no-one-ought-to-ever-commit/" "Mozilla/5.0 (Macintosh; Intel Mac OS X 10_15_7) AppleWebKit/605.1.15 (KHTML, like Gecko) Version/17.4 Safari/605.1.15 (Applebot/0.1; +http://www.apple.com/go/applebot)"
17.246.23.65 - - [18/Mar/2026:08:57:30 -0400] "GET /wp-includes/js/comment-reply.min.js?ver=6.9.4 HTTP/1.1" 200 3026 "https://planetnewspro.com/the-ten-most-widespread-crimes-towards-pasta-no-one-ought-to-ever-commit/" "Mozilla/5.0 (Macintosh; Intel Mac OS X 10_15_7) AppleWebKit/605.1.15 (KHTML, like Gecko) Version/17.4 Safari/605.1.15 (Applebot/0.1; +http://www.apple.com/go/applebot)"
17.246.23.73 - - [18/Mar/2026:08:57:32 -0400] "GET /wp-includes/js/wp-emoji-release.min.js?ver=6.9.4 HTTP/1.1" 200 22762 "https://planetnewspro.com/the-ten-most-widespread-crimes-towards-pasta-no-one-ought-to-ever-commit/" "Mozilla/5.0 (Macintosh; Intel Mac OS X 10_15_7) AppleWebKit/605.1.15 (KHTML, like Gecko) Version/17.4 Safari/605.1.15 (Applebot/0.1; +http://www.apple.com/go/applebot)"
50.6.201.88 - - [18/Mar/2026:08:57:50 -0400] "POST /wp-cron.php?doing_wp_cron=1773838670.1522309780120849609375 HTTP/1.1" 200 - "-" "WordPress/6.9.4; https://planetnewspro.com"
185.191.171.11 - - [18/Mar/2026:08:57:49 -0400] "GET /nancy-pelosi-smacks-down-jake-tapper-for-platforming-trumps-kamala-harris-lies/ HTTP/1.1" 200 55059 "-" "Mozilla/5.0 (compatible; SemrushBot/7~bl; +http://www.semrush.com/bot.html)"
216.73.216.103 - - [18/Mar/2026:08:57:56 -0400] "GET /?p=25653 HTTP/1.1" 301 - "-" "Mozilla/5.0 AppleWebKit/537.36 (KHTML, like Gecko; compatible; ClaudeBot/1.0; +claudebot@anthropic.com)"
216.73.216.103 - - [18/Mar/2026:08:57:57 -0400] "GET /trump-backs-uber-rino-lindsey-graham-in-surprising-2026-endorsement-the-gateway-pundit/ HTTP/1.1" 200 52736 "https://planetnewspro.com/?p=25653" "Mozilla/5.0 AppleWebKit/537.36 (KHTML, like Gecko; compatible; ClaudeBot/1.0; +claudebot@anthropic.com)"
50.6.201.88 - - [18/Mar/2026:08:58:02 -0400] "POST /wp-cron.php?doing_wp_cron=1773838682.9096210002899169921875 HTTP/1.1" 200 - "-" "WordPress/6.9.4; https://planetnewspro.com"
43.173.173.145 - - [18/Mar/2026:08:58:02 -0400] "GET /openais-high-minded-method-to-ai-human-relationships-ignores-actuality/feed/ HTTP/1.1" 200 918 "-" "Mozilla/5.0 (Windows NT 10.0; Win64; x64) AppleWebKit/537.36 (KHTML, like Gecko) Chrome/116.0.0.0 Safari/537.36"
43.173.175.195 - - [18/Mar/2026:08:58:02 -0400] "GET /mike-elko-no-5-texas-am-cautious-of-sub-500-florida/feed/ HTTP/1.1" 200 863 "-" "Mozilla/5.0 (Windows NT 10.0; Win64; x64) AppleWebKit/537.36 (KHTML, like Gecko) Chrome/104.0.5112.81 Safari/537.36"
50.6.201.88 - - [18/Mar/2026:08:58:03 -0400] "POST /wp-admin/admin-ajax.php?action=async_litespeed&nonce=6a32a20319&litespeed_type=imgoptm HTTP/1.1" 200 21 "-" "WordPress/6.9.4; https://planetnewspro.com"
85.208.96.200 - - [18/Mar/2026:08:58:05 -0400] "GET /the-obtain-offshore-rocket-launches-and-the-way-doge-plans-to-make-use-of-ai/ HTTP/1.1" 200 57640 "-" "Mozilla/5.0 (compatible; SemrushBot/7~bl; +http://www.semrush.com/bot.html)"
50.6.201.88 - - [18/Mar/2026:08:58:25 -0400] "POST /wp-cron.php?doing_wp_cron=1773838705.5873560905456542968750 HTTP/1.1" 200 - "-" "WordPress/6.9.4; https://planetnewspro.com"
85.208.96.204 - - [18/Mar/2026:08:58:25 -0400] "GET /the-way-to-make-the-final-easter-lamb-roast-in-response-to-a-meals-editor/ HTTP/1.1" 200 59383 "-" "Mozilla/5.0 (compatible; SemrushBot/7~bl; +http://www.semrush.com/bot.html)"
50.6.201.88 - - [18/Mar/2026:08:59:00 -0400] "POST /wp-cron.php?doing_wp_cron=1773838740.6063671112060546875000 HTTP/1.1" 200 - "-" "WordPress/6.9.4; https://planetnewspro.com"
85.208.96.193 - - [18/Mar/2026:08:59:00 -0400] "GET /the-49ers-dont-really-feel-scary-anymore-and-the-tape-proves-it/ HTTP/1.1" 200 55646 "-" "Mozilla/5.0 (compatible; SemrushBot/7~bl; +http://www.semrush.com/bot.html)"
50.6.201.88 - - [18/Mar/2026:08:59:00 -0400] "POST /wp-admin/admin-ajax.php?action=async_litespeed&nonce=6a32a20319&litespeed_type=imgoptm HTTP/1.1" 200 21 "-" "WordPress/6.9.4; https://planetnewspro.com"
50.6.201.88 - - [18/Mar/2026:08:59:07 -0400] "POST /wp-cron.php?doing_wp_cron=1773838747.4702579975128173828125 HTTP/1.1" 200 - "-" "WordPress/6.9.4; https://planetnewspro.com"
85.208.96.194 - - [18/Mar/2026:08:59:06 -0400] "GET /vegetarian-shepherds-pie-hearty-flavorful/ HTTP/1.1" 200 61425 "-" "Mozilla/5.0 (compatible; SemrushBot/7~bl; +http://www.semrush.com/bot.html)"
85.208.98.24 - - [18/Mar/2026:08:59:07 -0400] "GET /college-president-accused-of-losing-public-cash-paid-2-million-to-resign/ HTTP/1.1" 200 55185 "-" "Mozilla/5.0 (compatible; SemrushBot-BA; +http://www.semrush.com/bot.html)"
85.208.96.193 - - [18/Mar/2026:08:59:31 -0400] "GET /new-york-metropolis-mayor-surprisingly-voices-assist-for-trump-led-deportations/ HTTP/1.1" 200 52420 "-" "Mozilla/5.0 (compatible; SemrushBot/7~bl; +http://www.semrush.com/bot.html)"
185.191.171.18 - - [18/Mar/2026:08:59:33 -0400] "GET /suggestions-for-retaining-your-e-reader-litter-free/ HTTP/1.1" 200 53592 "-" "Mozilla/5.0 (compatible; SemrushBot/7~bl; +http://www.semrush.com/bot.html)"
85.208.96.200 - - [18/Mar/2026:08:59:37 -0400] "GET /trump-questions-how-safety-allowed-shooter-to-entry-roof-corey-wouldve-been-alive/ HTTP/1.1" 200 53770 "-" "Mozilla/5.0 (compatible; SemrushBot/7~bl; +http://www.semrush.com/bot.html)"
185.191.171.15 - - [18/Mar/2026:08:59:47 -0400] "GET /ai-is-weaving-itself-into-the-material-of-the-web-with-generative-search/ HTTP/1.1" 200 52295 "-" "Mozilla/5.0 (compatible; SemrushBot/7~bl; +http://www.semrush.com/bot.html)"
185.191.171.16 - - [18/Mar/2026:09:00:14 -0400] "GET /south-korea-newest-investigators-fail-to-arrest-yoon-suk-yeol-after-standoff-with-presidential-safety/ HTTP/1.1" 200 55929 "-" "Mozilla/5.0 (compatible; SemrushBot/7~bl; +http://www.semrush.com/bot.html)"
50.6.201.88 - - [18/Mar/2026:09:00:53 -0400] "POST /wp-cron.php?doing_wp_cron=1773838853.1707439422607421875000 HTTP/1.1" 200 - "-" "WordPress/6.9.4; https://planetnewspro.com"
185.191.171.18 - - [18/Mar/2026:09:00:51 -0400] "GET /high-10-greatest-snubs-in-oscar-historical-past-that-had-followers-revolting-towards-the-academy/ HTTP/1.1" 200 54532 "-" "Mozilla/5.0 (compatible; SemrushBot/7~bl; +http://www.semrush.com/bot.html)"
50.6.201.88 - - [18/Mar/2026:09:00:53 -0400] "POST /wp-admin/admin-ajax.php?action=async_litespeed&nonce=6a32a20319&litespeed_type=imgoptm HTTP/1.1" 200 21 "-" "WordPress/6.9.4; https://planetnewspro.com"
50.6.201.88 - - [18/Mar/2026:09:01:06 -0400] "POST /wp-cron.php?doing_wp_cron=1773838866.0801489353179931640625 HTTP/1.1" 200 - "-" "WordPress/6.9.4; https://planetnewspro.com"
185.191.171.13 - - [18/Mar/2026:09:01:05 -0400] "GET /town-overrun-by-rats-birmingham-residents-reveal-horror-at-big-surge-in-rodents-as-cash-strapped-labour-council-brings-in-rat-tax-with-extra-bin-strikes-on-the-best-way/ HTTP/1.1" 200 59644 "-" "Mozilla/5.0 (compatible; SemrushBot/7~bl; +http://www.semrush.com/bot.html)"
50.6.201.88 - - [18/Mar/2026:09:01:06 -0400] "POST /wp-admin/admin-ajax.php?action=async_litespeed&nonce=6a32a20319&litespeed_type=imgoptm HTTP/1.1" 200 21 "-" "WordPress/6.9.4; https://planetnewspro.com"
185.121.232.229 - - [18/Mar/2026:09:01:25 -0400] "GET /why-your-metabolism-isnt-slowing-after-30-whats-actually-going-on/ HTTP/1.0" 200 318761 "https://planetnewspro.com/why-your-metabolism-isnt-slowing-after-30-whats-actually-going-on/" "Mozilla/5.0 (Windows NT 10.0; Win64; x64) AppleWebKit/537.36 (KHTML, like Gecko) Chrome/130.0.0.0 Safari/537.36 CCleaner/130.0.0.0"
146.103.115.7 - - [18/Mar/2026:09:01:26 -0400] "GET /why-your-metabolism-isnt-slowing-after-30-whats-actually-going-on/ HTTP/1.0" 200 318761 "https://planetnewspro.com/why-your-metabolism-isnt-slowing-after-30-whats-actually-going-on/" "Mozilla/5.0 (Windows NT 10.0; Win64; x64) AppleWebKit/537.36 (KHTML, like Gecko) Chrome/129.0.0.0 Safari/537.36"
185.121.232.229 - - [18/Mar/2026:09:01:27 -0400] "GET /planetnewspro-2/ HTTP/1.0" 200 199959 "https://planetnewspro.com/planetnewspro-2/" "Mozilla/5.0 (Windows NT 10.0; Win64; x64) AppleWebKit/537.36 (KHTML, like Gecko) Chrome/130.0.0.0 Safari/537.36 CCleaner/130.0.0.0"
85.208.96.199 - - [18/Mar/2026:09:01:31 -0400] "GET /discard-library-books-that-replicate-gender-household-ethnic-or-racial-bias/ HTTP/1.1" 200 57213 "-" "Mozilla/5.0 (compatible; SemrushBot/7~bl; +http://www.semrush.com/bot.html)"
185.121.232.229 - - [18/Mar/2026:09:01:32 -0400] "POST /wp-admin/admin-ajax.php HTTP/1.0" 200 234 "https://planetnewspro.com/planetnewspro-2/" "Mozilla/5.0 (Windows NT 10.0; Win64; x64) AppleWebKit/537.36 (KHTML, like Gecko) Chrome/130.0.0.0 Safari/537.36 CCleaner/130.0.0.0"
185.191.171.7 - - [18/Mar/2026:09:02:06 -0400] "GET /5-mcu-characters-that-ought-to-kill-robert-downey-jrs-physician-doom-in-secret-wars/ HTTP/1.1" 200 53960 "-" "Mozilla/5.0 (compatible; SemrushBot/7~bl; +http://www.semrush.com/bot.html)"
85.208.96.198 - - [18/Mar/2026:09:02:09 -0400] "GET /the-one-factor-coming-house-is-you-anti-tourist-protesters-in-majorca-mock-englands-euro-2024-loss-to-spain-as-thousands-take-to-the-streets-to-demand-britain-takes-again-its-drunks/ HTTP/1.1" 200 55958 "-" "Mozilla/5.0 (compatible; SemrushBot/7~bl; +http://www.semrush.com/bot.html)"
50.6.201.88 - - [18/Mar/2026:09:02:25 -0400] "POST /wp-cron.php?doing_wp_cron=1773838945.0777170658111572265625 HTTP/1.1" 200 - "-" "WordPress/6.9.4; https://planetnewspro.com"
85.208.96.199 - - [18/Mar/2026:09:02:24 -0400] "GET /babar-azam-ought-to-go-away-pakistan-captaincy-sanju-samson-talks-about-india-snub/ HTTP/1.1" 200 54087 "-" "Mozilla/5.0 (compatible; SemrushBot/7~bl; +http://www.semrush.com/bot.html)"
50.6.201.88 - - [18/Mar/2026:09:02:25 -0400] "POST /wp-admin/admin-ajax.php?action=async_litespeed&nonce=6a32a20319&litespeed_type=imgoptm HTTP/1.1" 200 21 "-" "WordPress/6.9.4; https://planetnewspro.com"
185.191.171.8 - - [18/Mar/2026:09:02:36 -0400] "GET /bcci-coe-accountable-for-mayank-yadavs-harm-lsg-unlikely-to-retain-speedster-after-ipl-2025/ HTTP/1.1" 200 53405 "-" "Mozilla/5.0 (compatible; SemrushBot/7~bl; +http://www.semrush.com/bot.html)"
148.135.200.3 - - [18/Mar/2026:09:02:57 -0400] "POST /wp-login.php HTTP/1.1" 200 6333 "-" "Mozilla/5.0"
185.191.171.7 - - [18/Mar/2026:09:02:58 -0400] "GET /spicy-ardour-fruit-mocktail-aka-mockarita/ HTTP/1.1" 200 55140 "-" "Mozilla/5.0 (compatible; SemrushBot/7~bl; +http://www.semrush.com/bot.html)"
50.6.201.88 - - [18/Mar/2026:09:03:01 -0400] "POST /wp-cron.php?doing_wp_cron=1773838981.7603380680084228515625 HTTP/1.1" 200 - "-" "WordPress/6.9.4; https://planetnewspro.com"
85.208.96.198 - - [18/Mar/2026:09:03:01 -0400] "GET /at-the-very-least-18-killed-after-tour-bus-overturns-and-falls-into-ditch-in-thailand/ HTTP/1.1" 200 53790 "-" "Mozilla/5.0 (compatible; SemrushBot/7~bl; +http://www.semrush.com/bot.html)"
50.6.201.88 - - [18/Mar/2026:09:03:01 -0400] "POST /wp-admin/admin-ajax.php?action=async_litespeed&nonce=6a32a20319&litespeed_type=imgoptm HTTP/1.1" 200 21 "-" "WordPress/6.9.4; https://planetnewspro.com"
185.191.171.19 - - [18/Mar/2026:09:03:37 -0400] "GET /author/admin-pnp-171/page/438/ HTTP/1.1" 200 43982 "-" "Mozilla/5.0 (compatible; SemrushBot/7~bl; +http://www.semrush.com/bot.html)"
50.6.201.88 - - [18/Mar/2026:09:03:39 -0400] "POST /wp-cron.php?doing_wp_cron=1773839019.6580200195312500000000 HTTP/1.1" 200 - "-" "WordPress/6.9.4; https://planetnewspro.com"
17.22.245.132 - - [18/Mar/2026:09:03:37 -0400] "GET /nfl-standings-lions-stay-on-prime-nfc-playoff-image-tightens-between-eagles-vikings-packers/ HTTP/1.1" 200 54525 "-" "Mozilla/5.0 (Macintosh; Intel Mac OS X 10_15_7) AppleWebKit/605.1.15 (KHTML, like Gecko) Version/17.4 Safari/605.1.15 (Applebot/0.1; +http://www.apple.com/go/applebot)"
17.22.245.134 - - [18/Mar/2026:09:03:42 -0400] "GET /wp-includes/js/jquery/jquery-migrate.min.js?ver=3.4.1 HTTP/1.1" 200 13577 "https://planetnewspro.com/nfl-standings-lions-stay-on-prime-nfc-playoff-image-tightens-between-eagles-vikings-packers/" "Mozilla/5.0 (Macintosh; Intel Mac OS X 10_15_7) AppleWebKit/605.1.15 (KHTML, like Gecko) Version/17.4 Safari/605.1.15 (Applebot/0.1; +http://www.apple.com/go/applebot)"
17.22.245.148 - - [18/Mar/2026:09:03:43 -0400] "GET /wp-content/plugins/td-composer/legacy/Newspaper/js/tagdiv_theme.min.js?ver=12.6.6 HTTP/1.1" 200 160112 "https://planetnewspro.com/nfl-standings-lions-stay-on-prime-nfc-playoff-image-tightens-between-eagles-vikings-packers/" "Mozilla/5.0 (Macintosh; Intel Mac OS X 10_15_7) AppleWebKit/605.1.15 (KHTML, like Gecko) Version/17.4 Safari/605.1.15 (Applebot/0.1; +http://www.apple.com/go/applebot)"
17.22.253.160 - - [18/Mar/2026:09:03:45 -0400] "GET /wp-content/plugins/td-composer/legacy/Newspaper/js/tdModalPostImages.js?ver=12.6.6 HTTP/1.1" 200 8892 "https://planetnewspro.com/nfl-standings-lions-stay-on-prime-nfc-playoff-image-tightens-between-eagles-vikings-packers/" "Mozilla/5.0 (Macintosh; Intel Mac OS X 10_15_7) AppleWebKit/605.1.15 (KHTML, like Gecko) Version/17.4 Safari/605.1.15 (Applebot/0.1; +http://www.apple.com/go/applebot)"
17.22.245.132 - - [18/Mar/2026:09:03:46 -0400] "GET /wp-content/plugins/td-composer/legacy/Newspaper/js/tdMenu.js?ver=12.6.6 HTTP/1.1" 200 4530 "https://planetnewspro.com/nfl-standings-lions-stay-on-prime-nfc-playoff-image-tightens-between-eagles-vikings-packers/" "Mozilla/5.0 (Macintosh; Intel Mac OS X 10_15_7) AppleWebKit/605.1.15 (KHTML, like Gecko) Version/17.4 Safari/605.1.15 (Applebot/0.1; +http://www.apple.com/go/applebot)"
17.22.237.130 - - [18/Mar/2026:09:03:48 -0400] "GET /wp-content/plugins/td-composer/legacy/Newspaper/js/tdLoadingBox.js?ver=12.6.6 HTTP/1.1" 200 2670 "https://planetnewspro.com/nfl-standings-lions-stay-on-prime-nfc-playoff-image-tightens-between-eagles-vikings-packers/" "Mozilla/5.0 (Macintosh; Intel Mac OS X 10_15_7) AppleWebKit/605.1.15 (KHTML, like Gecko) Version/17.4 Safari/605.1.15 (Applebot/0.1; +http://www.apple.com/go/applebot)"
17.22.245.215 - - [18/Mar/2026:09:03:49 -0400] "GET /wp-content/plugins/td-composer/legacy/Newspaper/js/tdLogin.js?ver=12.6.6 HTTP/1.1" 200 13630 "https://planetnewspro.com/nfl-standings-lions-stay-on-prime-nfc-playoff-image-tightens-between-eagles-vikings-packers/" "Mozilla/5.0 (Macintosh; Intel Mac OS X 10_15_7) AppleWebKit/605.1.15 (KHTML, like Gecko) Version/17.4 Safari/605.1.15 (Applebot/0.1; +http://www.apple.com/go/applebot)"
17.22.237.130 - - [18/Mar/2026:09:03:50 -0400] "GET /wp-includes/js/comment-reply.min.js?ver=6.9.4 HTTP/1.1" 200 3026 "https://planetnewspro.com/nfl-standings-lions-stay-on-prime-nfc-playoff-image-tightens-between-eagles-vikings-packers/" "Mozilla/5.0 (Macintosh; Intel Mac OS X 10_15_7) AppleWebKit/605.1.15 (KHTML, like Gecko) Version/17.4 Safari/605.1.15 (Applebot/0.1; +http://www.apple.com/go/applebot)"
17.22.253.172 - - [18/Mar/2026:09:03:52 -0400] "GET /wp-includes/js/wp-emoji-release.min.js?ver=6.9.4 HTTP/1.1" 200 22762 "https://planetnewspro.com/nfl-standings-lions-stay-on-prime-nfc-playoff-image-tightens-between-eagles-vikings-packers/" "Mozilla/5.0 (Macintosh; Intel Mac OS X 10_15_7) AppleWebKit/605.1.15 (KHTML, like Gecko) Version/17.4 Safari/605.1.15 (Applebot/0.1; +http://www.apple.com/go/applebot)"
185.191.171.6 - - [18/Mar/2026:09:03:56 -0400] "GET /theres-so-a-lot-extra-to-east-africa-than-its-wildlife-like-an-lively-volcano-and-a-collapsed-caldera-with-a-pearly-blue-lake/ HTTP/1.1" 200 54428 "-" "Mozilla/5.0 (compatible; SemrushBot/7~bl; +http://www.semrush.com/bot.html)"
50.6.201.88 - - [18/Mar/2026:09:04:04 -0400] "POST /wp-cron.php?doing_wp_cron=1773839044.0308721065521240234375 HTTP/1.1" 200 - "-" "WordPress/6.9.4; https://planetnewspro.com"
85.208.96.210 - - [18/Mar/2026:09:04:03 -0400] "GET /robots.txt HTTP/1.1" 200 128 "-" "Mozilla/5.0 (compatible; SemrushBot/7~bl; +http://www.semrush.com/bot.html)"
50.6.201.88 - - [18/Mar/2026:09:04:04 -0400] "POST /wp-admin/admin-ajax.php?action=async_litespeed&nonce=6a32a20319&litespeed_type=imgoptm HTTP/1.1" 200 21 "-" "WordPress/6.9.4; https://planetnewspro.com"
85.208.96.201 - - [18/Mar/2026:09:04:04 -0400] "GET /episode-158-relaxation-is-gasoline-with-erin-taylor/ HTTP/1.1" 200 54663 "-" "Mozilla/5.0 (compatible; SemrushBot/7~bl; +http://www.semrush.com/bot.html)"
50.6.201.88 - - [18/Mar/2026:09:04:17 -0400] "POST /wp-cron.php?doing_wp_cron=1773839057.9212949275970458984375 HTTP/1.1" 200 - "-" "WordPress/6.9.4; https://planetnewspro.com"
185.191.171.8 - - [18/Mar/2026:09:04:17 -0400] "GET /5-issues-to-know-earlier-than-the-inventory-market-opens-5/ HTTP/1.1" 200 53712 "-" "Mozilla/5.0 (compatible; SemrushBot/7~bl; +http://www.semrush.com/bot.html)"
50.6.201.88 - - [18/Mar/2026:09:04:23 -0400] "POST /wp-cron.php?doing_wp_cron=1773839063.3599770069122314453125 HTTP/1.1" 200 - "-" "WordPress/6.9.4; https://planetnewspro.com"
185.191.171.17 - - [18/Mar/2026:09:04:22 -0400] "GET /illinois-adjustments-biometric-privateness-regulation-to-assist-companies-keep-away-from-huge-payouts/ HTTP/1.1" 200 53147 "-" "Mozilla/5.0 (compatible; SemrushBot/7~bl; +http://www.semrush.com/bot.html)"
85.208.96.209 - - [18/Mar/2026:09:04:34 -0400] "GET /heidelberg-christmas-market-2023-expertise-the-magic/ HTTP/1.1" 200 56788 "-" "Mozilla/5.0 (compatible; SemrushBot/7~bl; +http://www.semrush.com/bot.html)"
185.191.171.8 - - [18/Mar/2026:09:04:38 -0400] "GET /supreme-courtroom-to-listen-to-tiktok-ban-case/ HTTP/1.1" 200 52586 "-" "Mozilla/5.0 (compatible; SemrushBot/7~bl; +http://www.semrush.com/bot.html)"
50.6.201.88 - - [18/Mar/2026:09:05:09 -0400] "POST /wp-cron.php?doing_wp_cron=1773839109.1044089794158935546875 HTTP/1.1" 200 - "-" "WordPress/6.9.4; https://planetnewspro.com"
185.191.171.17 - - [18/Mar/2026:09:05:08 -0400] "GET /steven-bartlett-slammed-as-high-consultants-declare-podcast-guru-is-sharing-dangerous-well-being-data-that-might-put-most-cancers-sufferers-off-life-saving-therapies/ HTTP/1.1" 200 54331 "-" "Mozilla/5.0 (compatible; SemrushBot/7~bl; +http://www.semrush.com/bot.html)"
50.6.201.88 - - [18/Mar/2026:09:05:09 -0400] "POST /wp-admin/admin-ajax.php?action=async_litespeed&nonce=6a32a20319&litespeed_type=imgoptm HTTP/1.1" 200 21 "-" "WordPress/6.9.4; https://planetnewspro.com"
50.6.201.88 - - [18/Mar/2026:09:06:06 -0400] "POST /wp-cron.php?doing_wp_cron=1773839166.3005249500274658203125 HTTP/1.1" 200 - "-" "WordPress/6.9.4; https://planetnewspro.com"
43.173.181.98 - - [18/Mar/2026:09:06:04 -0400] "GET /jameson-taillon-cubs-go-for-collection-win-vs-cardinals/ HTTP/1.1" 200 52477 "-" "Mozilla/5.0 (Windows NT 10.0; Win64; x64) AppleWebKit/537.36 (KHTML, like Gecko) Chrome/116.0.0.0 Safari/537.36"
50.6.201.88 - - [18/Mar/2026:09:06:06 -0400] "POST /wp-admin/admin-ajax.php?action=async_litespeed&nonce=6a32a20319&litespeed_type=imgoptm HTTP/1.1" 200 21 "-" "WordPress/6.9.4; https://planetnewspro.com"
50.6.201.88 - - [18/Mar/2026:09:06:10 -0400] "POST /wp-cron.php?doing_wp_cron=1773839170.0000250339508056640625 HTTP/1.1" 200 - "-" "WordPress/6.9.4; https://planetnewspro.com"
185.191.171.18 - - [18/Mar/2026:09:06:09 -0400] "GET /heatwave-deaths-expose-air-con-disaster-aged-and-minorities-most-in-danger/ HTTP/1.1" 200 55575 "-" "Mozilla/5.0 (compatible; SemrushBot/7~bl; +http://www.semrush.com/bot.html)"
50.6.201.88 - - [18/Mar/2026:09:06:21 -0400] "POST /wp-cron.php?doing_wp_cron=1773839181.0036580562591552734375 HTTP/1.1" 200 - "-" "WordPress/6.9.4; https://planetnewspro.com"
43.163.23.82 - - [18/Mar/2026:09:06:20 -0400] "GET /jameson-taillon-cubs-go-for-collection-win-vs-cardinals/ HTTP/1.1" 200 52478 "-" "Mozilla/5.0 (Windows NT 10.0; Win64; x64) AppleWebKit/537.36 (KHTML, like Gecko) Chrome/117.0.0.0 Safari/537.36"
185.191.171.13 - - [18/Mar/2026:09:06:28 -0400] "GET /france-eu-search-to-lure-us-scientists-as-trump-battles-universities/ HTTP/1.1" 200 54211 "-" "Mozilla/5.0 (compatible; SemrushBot/7~bl; +http://www.semrush.com/bot.html)"
66.249.87.71 - - [18/Mar/2026:09:06:36 -0400] "GET /jameson-taillon-cubs-go-for-collection-win-vs-cardinals/ HTTP/1.1" 200 52478 "-" "Mediapartners-Google"
185.191.171.8 - - [18/Mar/2026:09:06:42 -0400] "GET /melting-afghan-chickpea-curry-recipetin-eats/ HTTP/1.1" 200 62069 "-" "Mozilla/5.0 (compatible; SemrushBot/7~bl; +http://www.semrush.com/bot.html)"
216.73.216.103 - - [18/Mar/2026:09:06:45 -0400] "GET /turkey-meatballs-spend-with-pennies HTTP/1.1" 301 - "-" "Mozilla/5.0 AppleWebKit/537.36 (KHTML, like Gecko; compatible; ClaudeBot/1.0; +claudebot@anthropic.com)"
216.73.216.103 - - [18/Mar/2026:09:06:45 -0400] "GET /turkey-meatballs-spend-with-pennies/ HTTP/1.1" 200 57332 "https://planetnewspro.com/turkey-meatballs-spend-with-pennies" "Mozilla/5.0 AppleWebKit/537.36 (KHTML, like Gecko; compatible; ClaudeBot/1.0; +claudebot@anthropic.com)"
50.6.201.88 - - [18/Mar/2026:09:07:04 -0400] "POST /wp-cron.php?doing_wp_cron=1773839224.3719749450683593750000 HTTP/1.1" 200 - "-" "WordPress/6.9.4; https://planetnewspro.com"
85.208.96.204 - - [18/Mar/2026:09:07:03 -0400] "GET /the-amazon-outlet-has-journey-offers-as-much-as-74-off/ HTTP/1.1" 200 56991 "-" "Mozilla/5.0 (compatible; SemrushBot/7~bl; +http://www.semrush.com/bot.html)"
50.6.201.88 - - [18/Mar/2026:09:07:04 -0400] "POST /wp-admin/admin-ajax.php?action=async_litespeed&nonce=6a32a20319&litespeed_type=imgoptm HTTP/1.1" 200 21 "-" "WordPress/6.9.4; https://planetnewspro.com"
50.6.201.88 - - [18/Mar/2026:09:07:08 -0400] "POST /wp-cron.php?doing_wp_cron=1773839228.0182459354400634765625 HTTP/1.1" 200 - "-" "WordPress/6.9.4; https://planetnewspro.com"
185.191.171.18 - - [18/Mar/2026:09:07:07 -0400] "GET /nandos-peri-peri-rooster-burger/ HTTP/1.1" 200 61484 "-" "Mozilla/5.0 (compatible; SemrushBot/7~bl; +http://www.semrush.com/bot.html)"
185.191.171.15 - - [18/Mar/2026:09:07:11 -0400] "GET /2024-present-information-the-outdoorsy-gal-version/ HTTP/1.1" 200 55550 "-" "Mozilla/5.0 (compatible; SemrushBot/7~bl; +http://www.semrush.com/bot.html)"
202.76.170.245 - - [18/Mar/2026:09:07:18 -0400] "GET /heartstopper-season-3-joins-listing-of-legendary-netflix-initiatives-arcane-blood-of-zeus-and-extra-for-this-main-report/ HTTP/1.1" 200 52698 "-" "Mozilla/5.0 (Windows NT 6.1; WOW64) AppleWebKit/535.1 (KHTML, like Gecko) Chrome/13.0.782.24 Safari/535.1"
50.6.201.88 - - [18/Mar/2026:09:07:25 -0400] "POST /wp-cron.php?doing_wp_cron=1773839245.1451890468597412109375 HTTP/1.1" 200 - "-" "WordPress/6.9.4; https://planetnewspro.com"
85.208.96.198 - - [18/Mar/2026:09:07:24 -0400] "GET /our-skilled-information-to-seven-of-the-worlds-most-scrumptious-eating-locations-2/ HTTP/1.1" 200 57245 "-" "Mozilla/5.0 (compatible; SemrushBot/7~bl; +http://www.semrush.com/bot.html)"
50.6.201.88 - - [18/Mar/2026:09:07:44 -0400] "POST /wp-cron.php?doing_wp_cron=1773839264.6236739158630371093750 HTTP/1.1" 200 - "-" "WordPress/6.9.4; https://planetnewspro.com"
85.208.96.206 - - [18/Mar/2026:09:07:44 -0400] "GET /cato-fire-amicus-temporary-in-opposition-to-speech-based-mostly-deportations-of-overseas-college-students/ HTTP/1.1" 200 53394 "-" "Mozilla/5.0 (compatible; SemrushBot/7~bl; +http://www.semrush.com/bot.html)"
50.6.201.88 - - [18/Mar/2026:09:08:05 -0400] "POST /wp-cron.php?doing_wp_cron=1773839285.1138811111450195312500 HTTP/1.1" 200 - "-" "WordPress/6.9.4; https://planetnewspro.com"
85.208.96.204 - - [18/Mar/2026:09:08:04 -0400] "GET /discovering-our-innocence-inquirer-opinion/ HTTP/1.1" 200 54244 "-" "Mozilla/5.0 (compatible; SemrushBot/7~bl; +http://www.semrush.com/bot.html)"
50.6.201.88 - - [18/Mar/2026:09:08:05 -0400] "POST /wp-admin/admin-ajax.php?action=async_litespeed&nonce=6a32a20319&litespeed_type=imgoptm HTTP/1.1" 200 21 "-" "WordPress/6.9.4; https://planetnewspro.com"
50.6.201.88 - - [18/Mar/2026:09:08:23 -0400] "POST /wp-cron.php?doing_wp_cron=1773839303.4358730316162109375000 HTTP/1.1" 200 - "-" "WordPress/6.9.4; https://planetnewspro.com"
85.208.96.194 - - [18/Mar/2026:09:08:22 -0400] "GET /author/admin-pnp-171/page/1535/ HTTP/1.1" 200 43767 "-" "Mozilla/5.0 (compatible; SemrushBot/7~bl; +http://www.semrush.com/bot.html)"
185.191.171.18 - - [18/Mar/2026:09:08:36 -0400] "GET /kumbh-mela-2025-newest-india-orders-probe-into-lethal-stampede-after-30-deaths-and-60-accidents/ HTTP/1.1" 200 56762 "-" "Mozilla/5.0 (compatible; SemrushBot/7~bl; +http://www.semrush.com/bot.html)"
185.191.171.10 - - [18/Mar/2026:09:08:38 -0400] "GET /straightforward-beef-stroganoff-spend-with-pennies/ HTTP/1.1" 200 57604 "-" "Mozilla/5.0 (compatible; SemrushBot/7~bl; +http://www.semrush.com/bot.html)"
185.191.171.15 - - [18/Mar/2026:09:08:49 -0400] "GET /caitlin-clark-makes-candid-admission-about-her-feelings-after-fever-loss/ HTTP/1.1" 200 53910 "-" "Mozilla/5.0 (compatible; SemrushBot/7~bl; +http://www.semrush.com/bot.html)"
50.6.201.88 - - [18/Mar/2026:09:08:56 -0400] "POST /wp-cron.php?doing_wp_cron=1773839336.9466130733489990234375 HTTP/1.1" 200 - "-" "WordPress/6.9.4; https://planetnewspro.com"
85.208.96.202 - - [18/Mar/2026:09:08:54 -0400] "GET /tolino-shine-shine-shade-and-imaginative-and-prescient-shade-are-now-accessible/ HTTP/1.1" 200 53028 "-" "Mozilla/5.0 (compatible; SemrushBot/7~bl; +http://www.semrush.com/bot.html)"
50.6.201.88 - - [18/Mar/2026:09:09:13 -0400] "POST /wp-cron.php?doing_wp_cron=1773839353.0691070556640625000000 HTTP/1.1" 200 - "-" "WordPress/6.9.4; https://planetnewspro.com"
185.191.171.1 - - [18/Mar/2026:09:09:12 -0400] "GET /past-gene-edited-infants-the-potential-paths-for-tinkering-with-human-evolution/ HTTP/1.1" 200 54025 "-" "Mozilla/5.0 (compatible; SemrushBot/7~bl; +http://www.semrush.com/bot.html)"
50.6.201.88 - - [18/Mar/2026:09:09:13 -0400] "POST /wp-admin/admin-ajax.php?action=async_litespeed&nonce=6a32a20319&litespeed_type=imgoptm HTTP/1.1" 200 21 "-" "WordPress/6.9.4; https://planetnewspro.com"
50.6.201.88 - - [18/Mar/2026:09:10:07 -0400] "POST /wp-cron.php?doing_wp_cron=1773839407.2826669216156005859375 HTTP/1.1" 200 - "-" "WordPress/6.9.4; https://planetnewspro.com"
216.73.216.103 - - [18/Mar/2026:09:10:05 -0400] "GET /openai-and-google-outdo-the-mathletes-however-not-one-another HTTP/1.1" 301 - "-" "Mozilla/5.0 AppleWebKit/537.36 (KHTML, like Gecko; compatible; ClaudeBot/1.0; +claudebot@anthropic.com)"
50.6.201.88 - - [18/Mar/2026:09:10:07 -0400] "POST /wp-admin/admin-ajax.php?action=async_litespeed&nonce=6a32a20319&litespeed_type=imgoptm HTTP/1.1" 200 21 "-" "WordPress/6.9.4; https://planetnewspro.com"
216.73.216.103 - - [18/Mar/2026:09:10:07 -0400] "GET /openai-and-google-outdo-the-mathletes-however-not-one-another/ HTTP/1.1" 200 53354 "https://planetnewspro.com/openai-and-google-outdo-the-mathletes-however-not-one-another" "Mozilla/5.0 AppleWebKit/537.36 (KHTML, like Gecko; compatible; ClaudeBot/1.0; +claudebot@anthropic.com)"
85.208.96.204 - - [18/Mar/2026:09:10:13 -0400] "GET /social-safety-reform-means-elevating-taxes/ HTTP/1.1" 200 55486 "-" "Mozilla/5.0 (compatible; SemrushBot/7~bl; +http://www.semrush.com/bot.html)"
50.6.201.88 - - [18/Mar/2026:09:10:34 -0400] "POST /wp-cron.php?doing_wp_cron=1773839434.0907850265502929687500 HTTP/1.1" 200 - "-" "WordPress/6.9.4; https://planetnewspro.com"
185.191.171.16 - - [18/Mar/2026:09:10:33 -0400] "GET /meet-the-massive-brother-2024-housemates-king-charles-former-butler-and-a-local-weather-activist-be-a-part-of-the-road-up-as-the-long-lasting-present-returns/ HTTP/1.1" 200 64351 "-" "Mozilla/5.0 (compatible; SemrushBot/7~bl; +http://www.semrush.com/bot.html)"
85.208.96.201 - - [18/Mar/2026:09:10:43 -0400] "GET /martin-shkreli-made-copies-of-his-2-million-wu-tang-album-and-hid-them-in-safes-all-across-the-world/ HTTP/1.1" 200 52759 "-" "Mozilla/5.0 (compatible; SemrushBot/7~bl; +http://www.semrush.com/bot.html)"
216.73.216.103 - - [18/Mar/2026:09:11:04 -0400] "GET /?p=25656 HTTP/1.1" 301 - "-" "Mozilla/5.0 AppleWebKit/537.36 (KHTML, like Gecko; compatible; ClaudeBot/1.0; +claudebot@anthropic.com)"
50.6.201.88 - - [18/Mar/2026:09:11:04 -0400] "POST /wp-cron.php?doing_wp_cron=1773839464.3007090091705322265625 HTTP/1.1" 200 - "-" "WordPress/6.9.4; https://planetnewspro.com"
216.73.216.103 - - [18/Mar/2026:09:11:04 -0400] "GET /?p=35907 HTTP/1.1" 301 - "-" "Mozilla/5.0 AppleWebKit/537.36 (KHTML, like Gecko; compatible; ClaudeBot/1.0; +claudebot@anthropic.com)"
50.6.201.88 - - [18/Mar/2026:09:11:04 -0400] "POST /wp-admin/admin-ajax.php?action=async_litespeed&nonce=6a32a20319&litespeed_type=imgoptm HTTP/1.1" 200 21 "-" "WordPress/6.9.4; https://planetnewspro.com"
216.73.216.103 - - [18/Mar/2026:09:11:04 -0400] "GET /analysis-pushed-growth-for-ai-techniques-oreilly/ HTTP/1.1" 200 62449 "https://planetnewspro.com/?p=25656" "Mozilla/5.0 AppleWebKit/537.36 (KHTML, like Gecko; compatible; ClaudeBot/1.0; +claudebot@anthropic.com)"
216.73.216.103 - - [18/Mar/2026:09:11:05 -0400] "GET /page/2359 HTTP/1.1" 301 - "-" "Mozilla/5.0 AppleWebKit/537.36 (KHTML, like Gecko; compatible; ClaudeBot/1.0; +claudebot@anthropic.com)"
216.73.216.103 - - [18/Mar/2026:09:11:05 -0400] "GET /ncaa-softball-star-nijaree-canady-inks-new-nil-deal-juggles-massive-expectations-for-texas-tech/ HTTP/1.1" 200 55658 "https://planetnewspro.com/?p=35907" "Mozilla/5.0 AppleWebKit/537.36 (KHTML, like Gecko; compatible; ClaudeBot/1.0; +claudebot@anthropic.com)"
216.73.216.103 - - [18/Mar/2026:09:11:05 -0400] "GET /page/2359/ HTTP/1.1" 200 65236 "https://planetnewspro.com/page/2359" "Mozilla/5.0 AppleWebKit/537.36 (KHTML, like Gecko; compatible; ClaudeBot/1.0; +claudebot@anthropic.com)"
50.6.201.88 - - [18/Mar/2026:09:11:20 -0400] "POST /wp-cron.php?doing_wp_cron=1773839480.9730429649353027343750 HTTP/1.1" 200 - "-" "WordPress/6.9.4; https://planetnewspro.com"
85.208.96.205 - - [18/Mar/2026:09:11:20 -0400] "GET /power-will-ai-blow-up-our-capacity-to-succeed-in-local-weather-objectives/ HTTP/1.1" 200 56662 "-" "Mozilla/5.0 (compatible; SemrushBot/7~bl; +http://www.semrush.com/bot.html)"
185.191.171.7 - - [18/Mar/2026:09:11:30 -0400] "GET /the-making-of-a-constitutional-second-2024/ HTTP/1.1" 200 53556 "-" "Mozilla/5.0 (compatible; SemrushBot/7~bl; +http://www.semrush.com/bot.html)"
216.73.216.103 - - [18/Mar/2026:09:11:45 -0400] "GET /?p=36690 HTTP/1.1" 301 - "-" "Mozilla/5.0 AppleWebKit/537.36 (KHTML, like Gecko; compatible; ClaudeBot/1.0; +claudebot@anthropic.com)"
216.73.216.103 - - [18/Mar/2026:09:11:45 -0400] "GET /?p=35404 HTTP/1.1" 301 - "-" "Mozilla/5.0 AppleWebKit/537.36 (KHTML, like Gecko; compatible; ClaudeBot/1.0; +claudebot@anthropic.com)"
216.73.216.103 - - [18/Mar/2026:09:11:45 -0400] "GET /eleven-and-max-take-middle-stage-in-new-novel/ HTTP/1.1" 200 52500 "https://planetnewspro.com/?p=36690" "Mozilla/5.0 AppleWebKit/537.36 (KHTML, like Gecko; compatible; ClaudeBot/1.0; +claudebot@anthropic.com)"
216.73.216.103 - - [18/Mar/2026:09:11:46 -0400] "GET /the-relaxation-pause-coaching-methodology-shoulder-exercise-to-spark-new-muscle-progress-and-definition/ HTTP/1.1" 200 53185 "https://planetnewspro.com/?p=35404" "Mozilla/5.0 AppleWebKit/537.36 (KHTML, like Gecko; compatible; ClaudeBot/1.0; +claudebot@anthropic.com)"
216.73.216.103 - - [18/Mar/2026:09:11:46 -0400] "GET /?p=34693 HTTP/1.1" 301 - "-" "Mozilla/5.0 AppleWebKit/537.36 (KHTML, like Gecko; compatible; ClaudeBot/1.0; +claudebot@anthropic.com)"
216.73.216.103 - - [18/Mar/2026:09:11:46 -0400] "GET /we-live-to-fight-another-day-federal-court-docket-reopens-tina-peters-case-after-first-modification-bombshell-from-trump-legal-professional-peter-ticktin-and-his-crew-the-gateway-pundit/ HTTP/1.1" 200 54603 "https://planetnewspro.com/?p=34693" "Mozilla/5.0 AppleWebKit/537.36 (KHTML, like Gecko; compatible; ClaudeBot/1.0; +claudebot@anthropic.com)"
50.6.201.88 - - [18/Mar/2026:09:12:01 -0400] "POST /wp-cron.php?doing_wp_cron=1773839521.5692620277404785156250 HTTP/1.1" 200 - "-" "WordPress/6.9.4; https://planetnewspro.com"
185.191.171.8 - - [18/Mar/2026:09:12:00 -0400] "GET /election-campaigning-checks-tokyos-persistence-as-publicity-stunts-overtake-critical-campaigning/ HTTP/1.1" 200 53628 "-" "Mozilla/5.0 (compatible; SemrushBot/7~bl; +http://www.semrush.com/bot.html)"
50.6.201.88 - - [18/Mar/2026:09:12:01 -0400] "POST /wp-admin/admin-ajax.php?action=async_litespeed&nonce=6a32a20319&litespeed_type=imgoptm HTTP/1.1" 200 21 "-" "WordPress/6.9.4; https://planetnewspro.com"
85.208.96.203 - - [18/Mar/2026:09:12:04 -0400] "GET /netflixs-1-present-la-palma-hasnt-gone-down-a-storm-with-viewers-listed-below-are-3-higher-catastrophe-thrillers-with-over-80-on-rotten-tomatoes/ HTTP/1.1" 200 55831 "-" "Mozilla/5.0 (compatible; SemrushBot/7~bl; +http://www.semrush.com/bot.html)"
50.6.201.88 - - [18/Mar/2026:09:12:14 -0400] "POST /wp-cron.php?doing_wp_cron=1773839534.3672640323638916015625 HTTP/1.1" 200 - "-" "WordPress/6.9.4; https://planetnewspro.com"
185.191.171.18 - - [18/Mar/2026:09:12:13 -0400] "GET /12-finest-free-out-of-doors-actions-in-barcelona/ HTTP/1.1" 200 58071 "-" "Mozilla/5.0 (compatible; SemrushBot/7~bl; +http://www.semrush.com/bot.html)"
85.208.96.210 - - [18/Mar/2026:09:12:16 -0400] "GET /2024-present-information-the-private-growth-junkie-version/ HTTP/1.1" 200 53629 "-" "Mozilla/5.0 (compatible; SemrushBot/7~bl; +http://www.semrush.com/bot.html)"
50.6.201.88 - - [18/Mar/2026:09:12:26 -0400] "POST /wp-cron.php?doing_wp_cron=1773839546.2475171089172363281250 HTTP/1.1" 200 - "-" "WordPress/6.9.4; https://planetnewspro.com"
