216.73.216.103 - - [18/Mar/2026:13:13:02 -0400] "GET /f1-publicizes-huge-extension-of-the-miami-grand-prix HTTP/1.1" 301 - "-" "Mozilla/5.0 AppleWebKit/537.36 (KHTML, like Gecko; compatible; ClaudeBot/1.0; +claudebot@anthropic.com)"
216.73.216.103 - - [18/Mar/2026:13:13:02 -0400] "GET /f1-publicizes-huge-extension-of-the-miami-grand-prix/ HTTP/1.1" 200 52696 "https://planetnewspro.com/f1-publicizes-huge-extension-of-the-miami-grand-prix" "Mozilla/5.0 AppleWebKit/537.36 (KHTML, like Gecko; compatible; ClaudeBot/1.0; +claudebot@anthropic.com)"
50.6.201.88 - - [18/Mar/2026:13:13:02 -0400] "POST /wp-admin/admin-ajax.php?action=async_litespeed&nonce=6a32a20319&litespeed_type=imgoptm HTTP/1.1" 200 21 "-" "WordPress/6.9.4; https://planetnewspro.com"
50.6.201.88 - - [18/Mar/2026:13:13:07 -0400] "POST /wp-cron.php?doing_wp_cron=1773853987.1752419471740722656250 HTTP/1.1" 200 - "-" "WordPress/6.9.4; https://planetnewspro.com"
185.191.171.10 - - [18/Mar/2026:13:13:06 -0400] "GET /7-new-motion-pictures-and-tv-exhibits-to-stream-on-netflix-prime-video-max-and-extra-this-weekend-december-6/ HTTP/1.1" 200 59786 "-" "Mozilla/5.0 (compatible; SemrushBot/7~bl; +http://www.semrush.com/bot.html)"
85.208.96.207 - - [18/Mar/2026:13:13:09 -0400] "GET /supreme-court-docket-grants-certiorari-in-nondelegation-case/ HTTP/1.1" 200 52341 "-" "Mozilla/5.0 (compatible; SemrushBot/7~bl; +http://www.semrush.com/bot.html)"
85.208.96.209 - - [18/Mar/2026:13:13:12 -0400] "GET /5-greatest-issues-to-do-in-stellenbosch-franschhoek-winelands-day-journey-from-cape-city/ HTTP/1.1" 200 63377 "-" "Mozilla/5.0 (compatible; SemrushBot/7~bl; +http://www.semrush.com/bot.html)"
185.191.171.10 - - [18/Mar/2026:13:13:23 -0400] "GET /the-brutalist-director-brady-corbet-slams-hollywood-double-requirements-as-he-talks-dramas-vs-superhero-movies/ HTTP/1.1" 200 52697 "-" "Mozilla/5.0 (compatible; SemrushBot/7~bl; +http://www.semrush.com/bot.html)"
216.73.216.103 - - [18/Mar/2026:13:13:26 -0400] "GET /western-convention-shake-up-younger-stars-overtake-nba-veterans-in-2025-playoffs HTTP/1.1" 301 - "-" "Mozilla/5.0 AppleWebKit/537.36 (KHTML, like Gecko; compatible; ClaudeBot/1.0; +claudebot@anthropic.com)"
216.73.216.103 - - [18/Mar/2026:13:13:26 -0400] "GET /western-convention-shake-up-younger-stars-overtake-nba-veterans-in-2025-playoffs/ HTTP/1.1" 200 52659 "https://planetnewspro.com/western-convention-shake-up-younger-stars-overtake-nba-veterans-in-2025-playoffs" "Mozilla/5.0 AppleWebKit/537.36 (KHTML, like Gecko; compatible; ClaudeBot/1.0; +claudebot@anthropic.com)"
85.208.98.24 - - [18/Mar/2026:13:13:29 -0400] "GET /how-lengthy-does-kraft-mac-cheese-final-within-the-pantry/ HTTP/1.1" 200 55451 "-" "Mozilla/5.0 (compatible; SemrushBot-BA; +http://www.semrush.com/bot.html)"
66.249.87.72 - - [18/Mar/2026:13:13:32 -0400] "GET /the-place-to-stream-2025s-finest-image-oscar-nominees/ HTTP/1.1" 200 52963 "-" "Mediapartners-Google"
85.208.96.196 - - [18/Mar/2026:13:13:40 -0400] "GET /the-present-of-night-times-sleep-the-ceo-who-donates-duvets-and-luxurious-sheets-to-households-who-want-relaxation-most/ HTTP/1.1" 200 69724 "-" "Mozilla/5.0 (compatible; SemrushBot/7~bl; +http://www.semrush.com/bot.html)"
216.73.216.103 - - [18/Mar/2026:13:13:42 -0400] "GET /a-real-chameleon-jason-bateman-lauds-hebrew-magnificence-julia-garner-on-her-stellar-journey-from-ozark-to-2025-hit-improbable-4 HTTP/1.1" 301 - "-" "Mozilla/5.0 AppleWebKit/537.36 (KHTML, like Gecko; compatible; ClaudeBot/1.0; +claudebot@anthropic.com)"
216.73.216.103 - - [18/Mar/2026:13:13:42 -0400] "GET /a-real-chameleon-jason-bateman-lauds-hebrew-magnificence-julia-garner-on-her-stellar-journey-from-ozark-to-2025-hit-improbable-4/ HTTP/1.1" 200 52944 "https://planetnewspro.com/a-real-chameleon-jason-bateman-lauds-hebrew-magnificence-julia-garner-on-her-stellar-journey-from-ozark-to-2025-hit-improbable-4" "Mozilla/5.0 AppleWebKit/537.36 (KHTML, like Gecko; compatible; ClaudeBot/1.0; +claudebot@anthropic.com)"
85.208.98.24 - - [18/Mar/2026:13:13:44 -0400] "GET /the-4-key-parts-of-a-excessive-conversion-ebook-touchdown-web-page/ HTTP/1.1" 200 58990 "-" "Mozilla/5.0 (compatible; SemrushBot-BA; +http://www.semrush.com/bot.html)"
85.208.96.202 - - [18/Mar/2026:13:13:51 -0400] "GET /meet-the-airhood-the-moveable-kitchen-hood-that-really-removes-smoke-and-odors/ HTTP/1.1" 200 56828 "-" "Mozilla/5.0 (compatible; SemrushBot/7~bl; +http://www.semrush.com/bot.html)"
85.208.96.209 - - [18/Mar/2026:13:13:57 -0400] "GET /robotic-efficiently-retrieves-first-radioactive-gas-pattern-from-fukushima-reactor/ HTTP/1.1" 200 53265 "-" "Mozilla/5.0 (compatible; SemrushBot/7~bl; +http://www.semrush.com/bot.html)"
85.208.96.202 - - [18/Mar/2026:13:14:00 -0400] "GET /inventory-market-crash-new-rotation-commerce-might-have-begun/ HTTP/1.1" 200 53435 "-" "Mozilla/5.0 (compatible; SemrushBot/7~bl; +http://www.semrush.com/bot.html)"
85.208.96.209 - - [18/Mar/2026:13:14:03 -0400] "GET /roasted-inexperienced-beans-recipe-love-and-lemons/ HTTP/1.1" 200 54871 "-" "Mozilla/5.0 (compatible; SemrushBot/7~bl; +http://www.semrush.com/bot.html)"
177.234.165.86 - - [18/Mar/2026:13:14:07 -0400] "GET /simple-gluten-free-cornbread-1-bowl/ HTTP/1.1" 200 55517 "https://planetnewspro.com/" "Mozilla/5.0 (Windows NT 10.0; Win64; x64) AppleWebKit/537.36 (KHTML, like Gecko) Chrome/135.0.0.0 Safari/537.36"
185.191.171.18 - - [18/Mar/2026:13:14:07 -0400] "GET /how-bushey-crossbow-killer-kyle-clifford-terrorised-quiet-cul-de-sac-by-slaying-his-ex-girlfriend-her-sister-and-her-mom-after-a-messy-breakup-earlier-than-seemingly-capturing-himself-in-a-cemetery/ HTTP/1.1" 200 57017 "-" "Mozilla/5.0 (compatible; SemrushBot/7~bl; +http://www.semrush.com/bot.html)"
185.191.171.5 - - [18/Mar/2026:13:14:09 -0400] "GET /takeaways-from-coding-with-ai-oreilly/ HTTP/1.1" 200 56317 "-" "Mozilla/5.0 (compatible; SemrushBot/7~bl; +http://www.semrush.com/bot.html)"
50.6.201.88 - - [18/Mar/2026:13:14:18 -0400] "POST /wp-cron.php?doing_wp_cron=1773854058.2434530258178710937500 HTTP/1.1" 200 - "-" "WordPress/6.9.4; https://planetnewspro.com"
85.208.96.209 - - [18/Mar/2026:13:14:17 -0400] "GET /robotic-movies-unitrees-quadruped-meta-ais-finger-and-extra/ HTTP/1.1" 200 55633 "-" "Mozilla/5.0 (compatible; SemrushBot/7~bl; +http://www.semrush.com/bot.html)"
50.6.201.88 - - [18/Mar/2026:13:14:18 -0400] "POST /wp-admin/admin-ajax.php?action=async_litespeed&nonce=6a32a20319&litespeed_type=imgoptm HTTP/1.1" 200 21 "-" "WordPress/6.9.4; https://planetnewspro.com"
50.6.201.88 - - [18/Mar/2026:13:14:21 -0400] "POST /wp-cron.php?doing_wp_cron=1773854061.2647140026092529296875 HTTP/1.1" 200 - "-" "WordPress/6.9.4; https://planetnewspro.com"
216.73.216.103 - - [18/Mar/2026:13:14:21 -0400] "GET /?p=35104 HTTP/1.1" 301 - "-" "Mozilla/5.0 AppleWebKit/537.36 (KHTML, like Gecko; compatible; ClaudeBot/1.0; +claudebot@anthropic.com)"
216.73.216.103 - - [18/Mar/2026:13:14:21 -0400] "GET /p1t-for-flood-management-seemingly-misplaced-as-a-consequence-of-graft-lacson/ HTTP/1.1" 200 54424 "https://planetnewspro.com/?p=35104" "Mozilla/5.0 AppleWebKit/537.36 (KHTML, like Gecko; compatible; ClaudeBot/1.0; +claudebot@anthropic.com)"
85.208.96.200 - - [18/Mar/2026:13:14:32 -0400] "GET /president-trump-slams-democrats-despicable-conduct-throughout-joint-deal-with-to-congress-republicans-can-take-what-occurred-final-evening-and-win-any-race-in-the-nation-the-gateway-pundit/ HTTP/1.1" 200 53508 "-" "Mozilla/5.0 (compatible; SemrushBot/7~bl; +http://www.semrush.com/bot.html)"
216.73.216.103 - - [18/Mar/2026:13:14:35 -0400] "GET /inspecting-trumps-busy-first-100-days-again-within-the-white-home HTTP/1.1" 301 - "-" "Mozilla/5.0 AppleWebKit/537.36 (KHTML, like Gecko; compatible; ClaudeBot/1.0; +claudebot@anthropic.com)"
185.191.171.14 - - [18/Mar/2026:13:14:35 -0400] "GET /what-have-been-the-greatest-tremendous-bowl-adverts-these-beer-spots-generated-some-buzz/ HTTP/1.1" 200 53479 "-" "Mozilla/5.0 (compatible; SemrushBot/7~bl; +http://www.semrush.com/bot.html)"
216.73.216.103 - - [18/Mar/2026:13:14:35 -0400] "GET /inspecting-trumps-busy-first-100-days-again-within-the-white-home/ HTTP/1.1" 200 59200 "https://planetnewspro.com/inspecting-trumps-busy-first-100-days-again-within-the-white-home" "Mozilla/5.0 AppleWebKit/537.36 (KHTML, like Gecko; compatible; ClaudeBot/1.0; +claudebot@anthropic.com)"
216.73.216.103 - - [18/Mar/2026:13:14:54 -0400] "GET /trump-destroys-abc-hack-reporter-in-explosive-interview-theyre-giving-you-the-huge-break-of-a-lifetime-i-picked-you-as-a-result-of-frankly-i-by-no-means-heard-of-you-the-gate HTTP/1.1" 301 - "-" "Mozilla/5.0 AppleWebKit/537.36 (KHTML, like Gecko; compatible; ClaudeBot/1.0; +claudebot@anthropic.com)"
216.73.216.103 - - [18/Mar/2026:13:14:54 -0400] "GET /trump-destroys-abc-hack-reporter-in-explosive-interview-theyre-giving-you-the-huge-break-of-a-lifetime-i-picked-you-as-a-result-of-frankly-i-by-no-means-heard-of-you-the-gate/ HTTP/1.1" 200 57219 "https://planetnewspro.com/trump-destroys-abc-hack-reporter-in-explosive-interview-theyre-giving-you-the-huge-break-of-a-lifetime-i-picked-you-as-a-result-of-frankly-i-by-no-means-heard-of-you-the-gate" "Mozilla/5.0 AppleWebKit/537.36 (KHTML, like Gecko; compatible; ClaudeBot/1.0; +claudebot@anthropic.com)"
50.6.201.88 - - [18/Mar/2026:13:15:05 -0400] "POST /wp-cron.php?doing_wp_cron=1773854105.9772799015045166015625 HTTP/1.1" 200 - "-" "WordPress/6.9.4; https://planetnewspro.com"
216.73.216.103 - - [18/Mar/2026:13:15:05 -0400] "GET /woke-cracker-barrel-ceo-sparks-uproar-after-altering-the-firms-iconic-47-12-months-previous-brand-the-gateway-pundit HTTP/1.1" 301 - "-" "Mozilla/5.0 AppleWebKit/537.36 (KHTML, like Gecko; compatible; ClaudeBot/1.0; +claudebot@anthropic.com)"
50.6.201.88 - - [18/Mar/2026:13:15:06 -0400] "POST /wp-admin/admin-ajax.php?action=async_litespeed&nonce=6a32a20319&litespeed_type=imgoptm HTTP/1.1" 200 21 "-" "WordPress/6.9.4; https://planetnewspro.com"
216.73.216.103 - - [18/Mar/2026:13:15:06 -0400] "GET /woke-cracker-barrel-ceo-sparks-uproar-after-altering-the-firms-iconic-47-12-months-previous-brand-the-gateway-pundit/ HTTP/1.1" 200 53185 "https://planetnewspro.com/woke-cracker-barrel-ceo-sparks-uproar-after-altering-the-firms-iconic-47-12-months-previous-brand-the-gateway-pundit" "Mozilla/5.0 AppleWebKit/537.36 (KHTML, like Gecko; compatible; ClaudeBot/1.0; +claudebot@anthropic.com)"
17.22.245.175 - - [18/Mar/2026:13:15:19 -0400] "GET /wp-includes/js/jquery/jquery.min.js?ver=3.7.1 HTTP/1.1" 200 87553 "https://planetnewspro.com/how-you-can-construct-a-again-to-college-wellness-routine-for-the-complete-household/" "Mozilla/5.0 (Macintosh; Intel Mac OS X 10_15_7) AppleWebKit/605.1.15 (KHTML, like Gecko) Version/17.4 Safari/605.1.15 (Applebot/0.1; +http://www.apple.com/go/applebot)"
17.22.253.95 - - [18/Mar/2026:13:15:21 -0400] "GET /wp-includes/js/jquery/jquery-migrate.min.js?ver=3.4.1 HTTP/1.1" 200 13577 "https://planetnewspro.com/how-you-can-construct-a-again-to-college-wellness-routine-for-the-complete-household/" "Mozilla/5.0 (Macintosh; Intel Mac OS X 10_15_7) AppleWebKit/605.1.15 (KHTML, like Gecko) Version/17.4 Safari/605.1.15 (Applebot/0.1; +http://www.apple.com/go/applebot)"
17.22.253.93 - - [18/Mar/2026:13:15:22 -0400] "GET /wp-content/plugins/td-composer/legacy/Newspaper/js/tagdiv_theme.min.js?ver=12.6.6 HTTP/1.1" 200 160112 "https://planetnewspro.com/how-you-can-construct-a-again-to-college-wellness-routine-for-the-complete-household/" "Mozilla/5.0 (Macintosh; Intel Mac OS X 10_15_7) AppleWebKit/605.1.15 (KHTML, like Gecko) Version/17.4 Safari/605.1.15 (Applebot/0.1; +http://www.apple.com/go/applebot)"
17.22.245.246 - - [18/Mar/2026:13:15:24 -0400] "GET /wp-content/plugins/td-composer/legacy/Newspaper/js/tdSocialSharing.js?ver=12.6.6 HTTP/1.1" 200 2632 "https://planetnewspro.com/how-you-can-construct-a-again-to-college-wellness-routine-for-the-complete-household/" "Mozilla/5.0 (Macintosh; Intel Mac OS X 10_15_7) AppleWebKit/605.1.15 (KHTML, like Gecko) Version/17.4 Safari/605.1.15 (Applebot/0.1; +http://www.apple.com/go/applebot)"
17.22.237.183 - - [18/Mar/2026:13:15:26 -0400] "GET /wp-content/plugins/td-composer/legacy/Newspaper/js/tdModalPostImages.js?ver=12.6.6 HTTP/1.1" 200 8892 "https://planetnewspro.com/how-you-can-construct-a-again-to-college-wellness-routine-for-the-complete-household/" "Mozilla/5.0 (Macintosh; Intel Mac OS X 10_15_7) AppleWebKit/605.1.15 (KHTML, like Gecko) Version/17.4 Safari/605.1.15 (Applebot/0.1; +http://www.apple.com/go/applebot)"
17.22.253.174 - - [18/Mar/2026:13:15:27 -0400] "GET /wp-content/plugins/td-composer/legacy/Newspaper/js/tdPostImages.js?ver=12.6.6 HTTP/1.1" 200 2449 "https://planetnewspro.com/how-you-can-construct-a-again-to-college-wellness-routine-for-the-complete-household/" "Mozilla/5.0 (Macintosh; Intel Mac OS X 10_15_7) AppleWebKit/605.1.15 (KHTML, like Gecko) Version/17.4 Safari/605.1.15 (Applebot/0.1; +http://www.apple.com/go/applebot)"
17.22.253.231 - - [18/Mar/2026:13:15:29 -0400] "GET /wp-content/plugins/td-cloud-library/assets/js/js_files_for_front.min.js?ver=b379c96c54343541fd8742379a419361 HTTP/1.1" 200 29608 "https://planetnewspro.com/how-you-can-construct-a-again-to-college-wellness-routine-for-the-complete-household/" "Mozilla/5.0 (Macintosh; Intel Mac OS X 10_15_7) AppleWebKit/605.1.15 (KHTML, like Gecko) Version/17.4 Safari/605.1.15 (Applebot/0.1; +http://www.apple.com/go/applebot)"
17.22.253.89 - - [18/Mar/2026:13:15:30 -0400] "GET /wp-content/plugins/td-composer/legacy/Newspaper/js/tdToTop.js?ver=12.6.6 HTTP/1.1" 200 1426 "https://planetnewspro.com/how-you-can-construct-a-again-to-college-wellness-routine-for-the-complete-household/" "Mozilla/5.0 (Macintosh; Intel Mac OS X 10_15_7) AppleWebKit/605.1.15 (KHTML, like Gecko) Version/17.4 Safari/605.1.15 (Applebot/0.1; +http://www.apple.com/go/applebot)"
17.22.237.117 - - [18/Mar/2026:13:15:32 -0400] "GET /wp-content/plugins/td-composer/legacy/Newspaper/js/tdAjaxSearch.js?ver=12.6.6 HTTP/1.1" 200 6145 "https://planetnewspro.com/how-you-can-construct-a-again-to-college-wellness-routine-for-the-complete-household/" "Mozilla/5.0 (Macintosh; Intel Mac OS X 10_15_7) AppleWebKit/605.1.15 (KHTML, like Gecko) Version/17.4 Safari/605.1.15 (Applebot/0.1; +http://www.apple.com/go/applebot)"
17.22.237.225 - - [18/Mar/2026:13:15:33 -0400] "GET /wp-content/plugins/td-composer/legacy/Newspaper/js/tdDatei18n.js?ver=12.6.6 HTTP/1.1" 200 2431 "https://planetnewspro.com/how-you-can-construct-a-again-to-college-wellness-routine-for-the-complete-household/" "Mozilla/5.0 (Macintosh; Intel Mac OS X 10_15_7) AppleWebKit/605.1.15 (KHTML, like Gecko) Version/17.4 Safari/605.1.15 (Applebot/0.1; +http://www.apple.com/go/applebot)"
17.22.253.180 - - [18/Mar/2026:13:15:35 -0400] "GET /wp-content/plugins/td-composer/legacy/Newspaper/js/tdAnimationSprite.js?ver=12.6.6 HTTP/1.1" 200 3989 "https://planetnewspro.com/how-you-can-construct-a-again-to-college-wellness-routine-for-the-complete-household/" "Mozilla/5.0 (Macintosh; Intel Mac OS X 10_15_7) AppleWebKit/605.1.15 (KHTML, like Gecko) Version/17.4 Safari/605.1.15 (Applebot/0.1; +http://www.apple.com/go/applebot)"
17.22.237.125 - - [18/Mar/2026:13:15:36 -0400] "GET /wp-content/plugins/td-composer/legacy/Newspaper/js/tdWeather.js?ver=12.6.6 HTTP/1.1" 200 9932 "https://planetnewspro.com/how-you-can-construct-a-again-to-college-wellness-routine-for-the-complete-household/" "Mozilla/5.0 (Macintosh; Intel Mac OS X 10_15_7) AppleWebKit/605.1.15 (KHTML, like Gecko) Version/17.4 Safari/605.1.15 (Applebot/0.1; +http://www.apple.com/go/applebot)"
17.22.245.85 - - [18/Mar/2026:13:15:38 -0400] "GET /wp-content/plugins/td-cloud-library/assets/js/tdbMenu.js?ver=b379c96c54343541fd8742379a419361 HTTP/1.1" 200 10781 "https://planetnewspro.com/how-you-can-construct-a-again-to-college-wellness-routine-for-the-complete-household/" "Mozilla/5.0 (Macintosh; Intel Mac OS X 10_15_7) AppleWebKit/605.1.15 (KHTML, like Gecko) Version/17.4 Safari/605.1.15 (Applebot/0.1; +http://www.apple.com/go/applebot)"
17.22.237.83 - - [18/Mar/2026:13:15:40 -0400] "GET /wp-content/plugins/td-cloud-library/assets/js/tdbSearch.js?ver=b379c96c54343541fd8742379a419361 HTTP/1.1" 200 5945 "https://planetnewspro.com/how-you-can-construct-a-again-to-college-wellness-routine-for-the-complete-household/" "Mozilla/5.0 (Macintosh; Intel Mac OS X 10_15_7) AppleWebKit/605.1.15 (KHTML, like Gecko) Version/17.4 Safari/605.1.15 (Applebot/0.1; +http://www.apple.com/go/applebot)"
17.22.245.84 - - [18/Mar/2026:13:15:41 -0400] "GET /wp-content/plugins/td-composer/legacy/Newspaper/js/tdMenu.js?ver=12.6.6 HTTP/1.1" 200 4530 "https://planetnewspro.com/how-you-can-construct-a-again-to-college-wellness-routine-for-the-complete-household/" "Mozilla/5.0 (Macintosh; Intel Mac OS X 10_15_7) AppleWebKit/605.1.15 (KHTML, like Gecko) Version/17.4 Safari/605.1.15 (Applebot/0.1; +http://www.apple.com/go/applebot)"
17.22.237.82 - - [18/Mar/2026:13:15:43 -0400] "GET /wp-content/plugins/td-composer/legacy/Newspaper/js/tdLoadingBox.js?ver=12.6.6 HTTP/1.1" 200 2670 "https://planetnewspro.com/how-you-can-construct-a-again-to-college-wellness-routine-for-the-complete-household/" "Mozilla/5.0 (Macintosh; Intel Mac OS X 10_15_7) AppleWebKit/605.1.15 (KHTML, like Gecko) Version/17.4 Safari/605.1.15 (Applebot/0.1; +http://www.apple.com/go/applebot)"
17.22.237.81 - - [18/Mar/2026:13:15:44 -0400] "GET /wp-content/plugins/td-composer/legacy/Newspaper/js/tdLogin.js?ver=12.6.6 HTTP/1.1" 200 13630 "https://planetnewspro.com/how-you-can-construct-a-again-to-college-wellness-routine-for-the-complete-household/" "Mozilla/5.0 (Macintosh; Intel Mac OS X 10_15_7) AppleWebKit/605.1.15 (KHTML, like Gecko) Version/17.4 Safari/605.1.15 (Applebot/0.1; +http://www.apple.com/go/applebot)"
17.22.237.93 - - [18/Mar/2026:13:15:47 -0400] "GET /wp-includes/js/comment-reply.min.js?ver=6.9.4 HTTP/1.1" 200 3026 "https://planetnewspro.com/how-you-can-construct-a-again-to-college-wellness-routine-for-the-complete-household/" "Mozilla/5.0 (Macintosh; Intel Mac OS X 10_15_7) AppleWebKit/605.1.15 (KHTML, like Gecko) Version/17.4 Safari/605.1.15 (Applebot/0.1; +http://www.apple.com/go/applebot)"
50.6.201.88 - - [18/Mar/2026:13:15:50 -0400] "POST /wp-cron.php?doing_wp_cron=1773854150.1992468833923339843750 HTTP/1.1" 200 - "-" "WordPress/6.9.4; https://planetnewspro.com"
185.191.171.14 - - [18/Mar/2026:13:15:47 -0400] "GET /north-korea-might-find-yourself-sending-russia-100000-troops-for-warfare/ HTTP/1.1" 200 53522 "-" "Mozilla/5.0 (compatible; SemrushBot/7~bl; +http://www.semrush.com/bot.html)"
216.73.216.103 - - [18/Mar/2026:13:15:51 -0400] "GET /?p=28690 HTTP/1.1" 301 - "-" "Mozilla/5.0 AppleWebKit/537.36 (KHTML, like Gecko; compatible; ClaudeBot/1.0; +claudebot@anthropic.com)"
17.22.237.53 - - [18/Mar/2026:13:15:51 -0400] "GET /wp-content/plugins/td-composer/legacy/Newspaper/js/tdSmartSidebar.js?ver=12.6.6 HTTP/1.1" 200 9915 "https://planetnewspro.com/how-you-can-construct-a-again-to-college-wellness-routine-for-the-complete-household/" "Mozilla/5.0 (Macintosh; Intel Mac OS X 10_15_7) AppleWebKit/605.1.15 (KHTML, like Gecko) Version/17.4 Safari/605.1.15 (Applebot/0.1; +http://www.apple.com/go/applebot)"
216.73.216.103 - - [18/Mar/2026:13:15:51 -0400] "GET /amazons-venture-kuiper-efficiently-launches-with-27-satellites/ HTTP/1.1" 200 54354 "https://planetnewspro.com/?p=28690" "Mozilla/5.0 AppleWebKit/537.36 (KHTML, like Gecko; compatible; ClaudeBot/1.0; +claudebot@anthropic.com)"
85.208.96.201 - - [18/Mar/2026:13:15:52 -0400] "GET /pres-trump-recordsdata-emergency-enchantment-to-supreme-court-docket-to-overturn-reinstatement-of-hampton-dellinger-as-head-of-workplace-of-particular-counsel-the-gateway-pundit/ HTTP/1.1" 200 52551 "-" "Mozilla/5.0 (compatible; SemrushBot/7~bl; +http://www.semrush.com/bot.html)"
17.22.237.209 - - [18/Mar/2026:13:15:53 -0400] "GET /wp-includes/js/wp-emoji-release.min.js?ver=6.9.4 HTTP/1.1" 200 22762 "https://planetnewspro.com/how-you-can-construct-a-again-to-college-wellness-routine-for-the-complete-household/" "Mozilla/5.0 (Macintosh; Intel Mac OS X 10_15_7) AppleWebKit/605.1.15 (KHTML, like Gecko) Version/17.4 Safari/605.1.15 (Applebot/0.1; +http://www.apple.com/go/applebot)"
50.6.201.88 - - [18/Mar/2026:13:16:18 -0400] "POST /wp-cron.php?doing_wp_cron=1773854178.2229869365692138671875 HTTP/1.1" 200 - "-" "WordPress/6.9.4; https://planetnewspro.com"
85.208.96.194 - - [18/Mar/2026:13:16:17 -0400] "GET /india-orders-nationwide-drills-to-check-preparations-for-an-assault-amid-mounting-tensions-with-pakistan/ HTTP/1.1" 200 55566 "-" "Mozilla/5.0 (compatible; SemrushBot/7~bl; +http://www.semrush.com/bot.html)"
50.6.201.88 - - [18/Mar/2026:13:16:18 -0400] "POST /wp-admin/admin-ajax.php?action=async_litespeed&nonce=6a32a20319&litespeed_type=imgoptm HTTP/1.1" 200 21 "-" "WordPress/6.9.4; https://planetnewspro.com"
216.73.216.103 - - [18/Mar/2026:13:16:37 -0400] "GET /?p=37141 HTTP/1.1" 301 - "-" "Mozilla/5.0 AppleWebKit/537.36 (KHTML, like Gecko; compatible; ClaudeBot/1.0; +claudebot@anthropic.com)"
216.73.216.103 - - [18/Mar/2026:13:16:38 -0400] "GET /afpa-scholar-success-story-terri-scrivano/ HTTP/1.1" 200 54958 "https://planetnewspro.com/?p=37141" "Mozilla/5.0 AppleWebKit/537.36 (KHTML, like Gecko; compatible; ClaudeBot/1.0; +claudebot@anthropic.com)"
77.52.27.20 - - [18/Mar/2026:13:16:41 -0400] "GET /8-a-listing-stars-who-advocate-for-a-optimistic-wellness-change/ HTTP/1.1" 200 54401 "-" "Mozilla/5.0 (Windows; U; Windows NT 5.2; en-US) AppleWebKit/534.3 (KHTML, like Gecko) Chrome/6.0.472.33 Safari/534.3"
216.73.216.103 - - [18/Mar/2026:13:16:54 -0400] "GET /?p=29011 HTTP/1.1" 301 - "-" "Mozilla/5.0 AppleWebKit/537.36 (KHTML, like Gecko; compatible; ClaudeBot/1.0; +claudebot@anthropic.com)"
216.73.216.103 - - [18/Mar/2026:13:16:54 -0400] "GET /context-serialization-oreilly/ HTTP/1.1" 200 53999 "https://planetnewspro.com/?p=29011" "Mozilla/5.0 AppleWebKit/537.36 (KHTML, like Gecko; compatible; ClaudeBot/1.0; +claudebot@anthropic.com)"
85.208.96.212 - - [18/Mar/2026:13:17:18 -0400] "GET /boiled-cabbage-spend-with-pennies/ HTTP/1.1" 200 57115 "-" "Mozilla/5.0 (compatible; SemrushBot/7~bl; +http://www.semrush.com/bot.html)"
216.73.216.103 - - [18/Mar/2026:13:17:19 -0400] "GET /openai-reorganizes-analysis-workforce-behind-chatgpts-character HTTP/1.1" 301 - "-" "Mozilla/5.0 AppleWebKit/537.36 (KHTML, like Gecko; compatible; ClaudeBot/1.0; +claudebot@anthropic.com)"
216.73.216.103 - - [18/Mar/2026:13:17:19 -0400] "GET /openai-reorganizes-analysis-workforce-behind-chatgpts-character/ HTTP/1.1" 200 53344 "https://planetnewspro.com/openai-reorganizes-analysis-workforce-behind-chatgpts-character" "Mozilla/5.0 AppleWebKit/537.36 (KHTML, like Gecko; compatible; ClaudeBot/1.0; +claudebot@anthropic.com)"
50.6.201.88 - - [18/Mar/2026:13:17:27 -0400] "POST /wp-cron.php?doing_wp_cron=1773854247.6492540836334228515625 HTTP/1.1" 200 - "-" "WordPress/6.9.4; https://planetnewspro.com"
85.208.96.208 - - [18/Mar/2026:13:17:27 -0400] "GET /freedom-of-the-press-basis-threatens-authorized-motion-if-paramount-settles-with-trump-over-60-minutes-interview/ HTTP/1.1" 200 53094 "-" "Mozilla/5.0 (compatible; SemrushBot/7~bl; +http://www.semrush.com/bot.html)"
50.6.201.88 - - [18/Mar/2026:13:17:27 -0400] "POST /wp-admin/admin-ajax.php?action=async_litespeed&nonce=6a32a20319&litespeed_type=imgoptm HTTP/1.1" 200 21 "-" "WordPress/6.9.4; https://planetnewspro.com"
185.191.171.4 - - [18/Mar/2026:13:17:37 -0400] "GET /harley-davidson-john-deere-and-tractor-provide-deserted-dei-efforts/ HTTP/1.1" 200 53336 "-" "Mozilla/5.0 (compatible; SemrushBot/7~bl; +http://www.semrush.com/bot.html)"
85.208.96.212 - - [18/Mar/2026:13:17:43 -0400] "GET /krafton-india-esports-opens-functions-for-bgmi-rising-star/ HTTP/1.1" 200 52930 "-" "Mozilla/5.0 (compatible; SemrushBot/7~bl; +http://www.semrush.com/bot.html)"
185.191.171.13 - - [18/Mar/2026:13:17:48 -0400] "GET /15-nyc-fall-vogue-necessities-journey-author-type-picks/ HTTP/1.1" 200 56891 "-" "Mozilla/5.0 (compatible; SemrushBot/7~bl; +http://www.semrush.com/bot.html)"
50.6.201.88 - - [18/Mar/2026:13:17:53 -0400] "POST /wp-cron.php?doing_wp_cron=1773854273.0380320549011230468750 HTTP/1.1" 200 - "-" "WordPress/6.9.4; https://planetnewspro.com"
185.191.171.17 - - [18/Mar/2026:13:17:52 -0400] "GET /scientific-american-mocked-after-claiming-kamala-harris-would-deliver-lifelong-familiarity-with-science-to-white-home-as-a-result-of-her-mother-was-a-scientist/ HTTP/1.1" 200 53745 "-" "Mozilla/5.0 (compatible; SemrushBot/7~bl; +http://www.semrush.com/bot.html)"
85.208.96.194 - - [18/Mar/2026:13:17:54 -0400] "GET /krafton-india-esports-proclaims-new-zone-meta-for-bgis-2025/ HTTP/1.1" 200 53625 "-" "Mozilla/5.0 (compatible; SemrushBot/7~bl; +http://www.semrush.com/bot.html)"
148.135.200.35 - - [18/Mar/2026:13:17:56 -0400] "POST /wp-login.php HTTP/1.1" 200 6333 "-" "Mozilla/5.0"
216.73.216.103 - - [18/Mar/2026:13:17:57 -0400] "GET /ai-vs-ai-prophet-safety-raises-30m-to-interchange-human-analysts-with-autonomous-defenders HTTP/1.1" 301 - "-" "Mozilla/5.0 AppleWebKit/537.36 (KHTML, like Gecko; compatible; ClaudeBot/1.0; +claudebot@anthropic.com)"
50.6.201.88 - - [18/Mar/2026:13:17:59 -0400] "POST /wp-cron.php?doing_wp_cron=1773854279.1249880790710449218750 HTTP/1.1" 200 - "-" "WordPress/6.9.4; https://planetnewspro.com"
216.73.216.103 - - [18/Mar/2026:13:17:57 -0400] "GET /ai-vs-ai-prophet-safety-raises-30m-to-interchange-human-analysts-with-autonomous-defenders/ HTTP/1.1" 200 58225 "https://planetnewspro.com/ai-vs-ai-prophet-safety-raises-30m-to-interchange-human-analysts-with-autonomous-defenders" "Mozilla/5.0 AppleWebKit/537.36 (KHTML, like Gecko; compatible; ClaudeBot/1.0; +claudebot@anthropic.com)"
50.6.201.88 - - [18/Mar/2026:13:17:59 -0400] "POST /wp-admin/admin-ajax.php?action=async_litespeed&nonce=6a32a20319&litespeed_type=imgoptm HTTP/1.1" 200 21 "-" "WordPress/6.9.4; https://planetnewspro.com"
185.191.171.16 - - [18/Mar/2026:13:18:01 -0400] "GET /japan-plans-conveyor-belt-street-to-deal-with-scarcity-of-truck-drivers-as-deliveries-soar/ HTTP/1.1" 200 53859 "-" "Mozilla/5.0 (compatible; SemrushBot/7~bl; +http://www.semrush.com/bot.html)"
50.6.201.88 - - [18/Mar/2026:13:18:10 -0400] "POST /wp-cron.php?doing_wp_cron=1773854290.2341558933258056640625 HTTP/1.1" 200 - "-" "WordPress/6.9.4; https://planetnewspro.com"
85.208.96.195 - - [18/Mar/2026:13:18:09 -0400] "GET /sen-john-fetterman-helps-the-media-with-9-questions-for-a-presidential-candidate/ HTTP/1.1" 200 53556 "-" "Mozilla/5.0 (compatible; SemrushBot/7~bl; +http://www.semrush.com/bot.html)"
185.191.171.16 - - [18/Mar/2026:13:18:12 -0400] "GET /china-executes-two-males-after-lethal-rampages-that-killed-dozens/ HTTP/1.1" 200 52904 "-" "Mozilla/5.0 (compatible; SemrushBot/7~bl; +http://www.semrush.com/bot.html)"
85.208.96.199 - - [18/Mar/2026:13:18:15 -0400] "GET /poppy-seed-dressing-spend-with-pennies/ HTTP/1.1" 200 57221 "-" "Mozilla/5.0 (compatible; SemrushBot/7~bl; +http://www.semrush.com/bot.html)"
85.208.96.194 - - [18/Mar/2026:13:18:17 -0400] "GET /india-bids-goodbye-to-former-stalwart-prime-minister-manmohan-singh-in-state-funeral/ HTTP/1.1" 200 54541 "-" "Mozilla/5.0 (compatible; SemrushBot/7~bl; +http://www.semrush.com/bot.html)"
50.6.201.88 - - [18/Mar/2026:13:18:20 -0400] "POST /wp-cron.php?doing_wp_cron=1773854300.1062140464782714843750 HTTP/1.1" 200 - "-" "WordPress/6.9.4; https://planetnewspro.com"
185.191.171.17 - - [18/Mar/2026:13:18:19 -0400] "GET /south-korea-airplane-crash-newest-hen-strike-warning-issued-minutes-earlier-than-emergency-touchdown-that-killed-179-on-jeju-air-flight/ HTTP/1.1" 200 55201 "-" "Mozilla/5.0 (compatible; SemrushBot/7~bl; +http://www.semrush.com/bot.html)"
216.73.216.103 - - [18/Mar/2026:13:18:22 -0400] "GET /?p=35302 HTTP/1.1" 301 - "-" "Mozilla/5.0 AppleWebKit/537.36 (KHTML, like Gecko; compatible; ClaudeBot/1.0; +claudebot@anthropic.com)"
216.73.216.103 - - [18/Mar/2026:13:18:22 -0400] "GET /russian-intel-us-and-uk-working-to-oust-zelensky-and-enthrone-zaluzhny-ukrainian-basic-is-portrayed-within-the-pages-of-vogue-the-gateway-pundit/ HTTP/1.1" 200 53661 "https://planetnewspro.com/?p=35302" "Mozilla/5.0 AppleWebKit/537.36 (KHTML, like Gecko; compatible; ClaudeBot/1.0; +claudebot@anthropic.com)"
85.208.96.204 - - [18/Mar/2026:13:18:33 -0400] "GET /vegan-transgender-extremist-zizian-cult-linked-to-a-number-of-murders-the-gateway-pundit/ HTTP/1.1" 200 53912 "-" "Mozilla/5.0 (compatible; SemrushBot/7~bl; +http://www.semrush.com/bot.html)"
85.208.96.209 - - [18/Mar/2026:13:18:38 -0400] "GET /stromboli-recipe-spend-with-pennies/ HTTP/1.1" 200 58920 "-" "Mozilla/5.0 (compatible; SemrushBot/7~bl; +http://www.semrush.com/bot.html)"
50.6.201.88 - - [18/Mar/2026:13:19:19 -0400] "POST /wp-cron.php?doing_wp_cron=1773854359.2665359973907470703125 HTTP/1.1" 200 - "-" "WordPress/6.9.4; https://planetnewspro.com"
216.73.216.103 - - [18/Mar/2026:13:19:17 -0400] "GET /unique-a-record-breaking-child-has-been-born-from-an-embryo-thats-over-30-years-outdated HTTP/1.1" 301 - "-" "Mozilla/5.0 AppleWebKit/537.36 (KHTML, like Gecko; compatible; ClaudeBot/1.0; +claudebot@anthropic.com)"
50.6.201.88 - - [18/Mar/2026:13:19:19 -0400] "POST /wp-admin/admin-ajax.php?action=async_litespeed&nonce=6a32a20319&litespeed_type=imgoptm HTTP/1.1" 200 21 "-" "WordPress/6.9.4; https://planetnewspro.com"
216.73.216.103 - - [18/Mar/2026:13:19:19 -0400] "GET /unique-a-record-breaking-child-has-been-born-from-an-embryo-thats-over-30-years-outdated/ HTTP/1.1" 200 52674 "https://planetnewspro.com/unique-a-record-breaking-child-has-been-born-from-an-embryo-thats-over-30-years-outdated" "Mozilla/5.0 AppleWebKit/537.36 (KHTML, like Gecko; compatible; ClaudeBot/1.0; +claudebot@anthropic.com)"
50.6.201.88 - - [18/Mar/2026:13:19:47 -0400] "POST /wp-cron.php?doing_wp_cron=1773854387.2944080829620361328125 HTTP/1.1" 200 - "-" "WordPress/6.9.4; https://planetnewspro.com"
85.208.96.196 - - [18/Mar/2026:13:19:47 -0400] "GET /robots.txt HTTP/1.1" 200 128 "-" "Mozilla/5.0 (compatible; SemrushBot/7~bl; +http://www.semrush.com/bot.html)"
185.191.171.14 - - [18/Mar/2026:13:19:47 -0400] "GET /spain-vs-switzerland-uefa-nations-league-prediction-match-preview-stay-streaming-19-november/ HTTP/1.1" 200 57140 "-" "Mozilla/5.0 (compatible; SemrushBot/7~bl; +http://www.semrush.com/bot.html)"
50.6.201.88 - - [18/Mar/2026:13:20:04 -0400] "POST /wp-cron.php?doing_wp_cron=1773854404.0575089454650878906250 HTTP/1.1" 200 - "-" "WordPress/6.9.4; https://planetnewspro.com"
57.141.6.13 - - [18/Mar/2026:13:20:03 -0400] "GET /13-greatest-soundbars-weve-examined-and-reviewed-2025-sonos-sony-bose/ HTTP/1.1" 200 335383 "-" "meta-externalagent/1.1 (+https://developers.facebook.com/docs/sharing/webmasters/crawler)"
50.6.201.88 - - [18/Mar/2026:13:20:04 -0400] "POST /wp-admin/admin-ajax.php?action=async_litespeed&nonce=6a32a20319&litespeed_type=imgoptm HTTP/1.1" 200 21 "-" "WordPress/6.9.4; https://planetnewspro.com"
185.191.171.13 - - [18/Mar/2026:13:20:05 -0400] "GET /st-regis-longboat-key-resort-assessment/ HTTP/1.1" 200 55997 "-" "Mozilla/5.0 (compatible; SemrushBot/7~bl; +http://www.semrush.com/bot.html)"
50.6.201.88 - - [18/Mar/2026:13:20:14 -0400] "POST /wp-cron.php?doing_wp_cron=1773854414.6479890346527099609375 HTTP/1.1" 200 - "-" "WordPress/6.9.4; https://planetnewspro.com"
185.191.171.7 - - [18/Mar/2026:13:20:14 -0400] "GET /the-best-tremendous-bowl-moments-we-want-we-noticed-dwell/ HTTP/1.1" 200 57667 "-" "Mozilla/5.0 (compatible; SemrushBot/7~bl; +http://www.semrush.com/bot.html)"
50.6.201.88 - - [18/Mar/2026:13:20:39 -0400] "POST /wp-cron.php?doing_wp_cron=1773854439.8814790248870849609375 HTTP/1.1" 200 - "-" "WordPress/6.9.4; https://planetnewspro.com"
185.191.171.19 - - [18/Mar/2026:13:20:39 -0400] "GET /6-finest-video-doorbell-cameras-2024-sensible-battery-ai-finances-and-subscription-free/ HTTP/1.1" 200 58116 "-" "Mozilla/5.0 (compatible; SemrushBot/7~bl; +http://www.semrush.com/bot.html)"
50.6.201.88 - - [18/Mar/2026:13:21:22 -0400] "POST /wp-cron.php?doing_wp_cron=1773854482.8208909034729003906250 HTTP/1.1" 200 - "-" "WordPress/6.9.4; https://planetnewspro.com"
101.47.20.70 - - [18/Mar/2026:13:21:20 -0400] "GET /you-neednt-spend-hundreds-on-a-flowery-new-digital-camera-the-canon-eos-r100-is-the-very-best-price-range-mirrorless-for-newcomers-at-au846/ HTTP/1.1" 200 53934 "-" "Mozilla/5.0 (Macintosh; Intel Mac OS X 13_5) AppleWebKit/605.1.15 (KHTML, like Gecko) Version/17.0 Safari/184.1"
50.6.201.88 - - [18/Mar/2026:13:21:22 -0400] "POST /wp-admin/admin-ajax.php?action=async_litespeed&nonce=6a32a20319&litespeed_type=imgoptm HTTP/1.1" 200 21 "-" "WordPress/6.9.4; https://planetnewspro.com"
50.6.201.88 - - [18/Mar/2026:13:21:36 -0400] "POST /wp-cron.php?doing_wp_cron=1773854496.0420811176300048828125 HTTP/1.1" 200 - "-" "WordPress/6.9.4; https://planetnewspro.com"
85.208.96.196 - - [18/Mar/2026:13:21:35 -0400] "GET /guarantees-made-guarantees-stored-most-essential-government-orders-signed-by-trump-on-day-one/ HTTP/1.1" 200 54655 "-" "Mozilla/5.0 (compatible; SemrushBot/7~bl; +http://www.semrush.com/bot.html)"
50.6.201.88 - - [18/Mar/2026:13:21:41 -0400] "POST /wp-cron.php?doing_wp_cron=1773854501.3100099563598632812500 HTTP/1.1" 200 - "-" "WordPress/6.9.4; https://planetnewspro.com"
85.208.96.195 - - [18/Mar/2026:13:21:40 -0400] "GET /extra-than-25-fbi-informants-had-been-on-the-floor-throughout-jan-6/ HTTP/1.1" 200 52697 "-" "Mozilla/5.0 (compatible; SemrushBot/7~bl; +http://www.semrush.com/bot.html)"
185.191.171.14 - - [18/Mar/2026:13:21:47 -0400] "GET /presidents-cup-2024-3-winners-losers-after-people-dominate-once-more/ HTTP/1.1" 200 58610 "-" "Mozilla/5.0 (compatible; SemrushBot/7~bl; +http://www.semrush.com/bot.html)"
185.191.171.16 - - [18/Mar/2026:13:21:51 -0400] "GET /the-normal-british-dishes-prone-to-extinction-so-would-you-eat-these-iconic-meals-to-avoid-wasting-them/ HTTP/1.1" 200 55982 "-" "Mozilla/5.0 (compatible; SemrushBot/7~bl; +http://www.semrush.com/bot.html)"
85.208.96.198 - - [18/Mar/2026:13:21:57 -0400] "GET /hailey-van-lith-dearica-hamby-and-usa-basketball-3x3-crew-beat-china-to-advance-to-medal-video-games/ HTTP/1.1" 200 52775 "-" "Mozilla/5.0 (compatible; SemrushBot/7~bl; +http://www.semrush.com/bot.html)"
216.73.216.103 - - [18/Mar/2026:13:21:58 -0400] "GET /meghan-markles-netflix-present-outshines-prince-harrys-invictus-documentary-reveal-us-polls-and-report HTTP/1.1" 301 - "-" "Mozilla/5.0 AppleWebKit/537.36 (KHTML, like Gecko; compatible; ClaudeBot/1.0; +claudebot@anthropic.com)"
216.73.216.103 - - [18/Mar/2026:13:21:58 -0400] "GET /?p=35353 HTTP/1.1" 301 - "-" "Mozilla/5.0 AppleWebKit/537.36 (KHTML, like Gecko; compatible; ClaudeBot/1.0; +claudebot@anthropic.com)"
50.6.201.88 - - [18/Mar/2026:13:21:59 -0400] "POST /wp-cron.php?doing_wp_cron=1773854519.3758859634399414062500 HTTP/1.1" 200 - "-" "WordPress/6.9.4; https://planetnewspro.com"
216.73.216.103 - - [18/Mar/2026:13:21:58 -0400] "GET /meghan-markles-netflix-present-outshines-prince-harrys-invictus-documentary-reveal-us-polls-and-report/ HTTP/1.1" 200 52890 "https://planetnewspro.com/meghan-markles-netflix-present-outshines-prince-harrys-invictus-documentary-reveal-us-polls-and-report" "Mozilla/5.0 AppleWebKit/537.36 (KHTML, like Gecko; compatible; ClaudeBot/1.0; +claudebot@anthropic.com)"
50.6.201.88 - - [18/Mar/2026:13:21:59 -0400] "POST /wp-admin/admin-ajax.php?action=async_litespeed&nonce=6a32a20319&litespeed_type=imgoptm HTTP/1.1" 200 21 "-" "WordPress/6.9.4; https://planetnewspro.com"
50.6.201.88 - - [18/Mar/2026:13:22:01 -0400] "POST /wp-cron.php?doing_wp_cron=1773854521.0284309387207031250000 HTTP/1.1" 200 - "-" "WordPress/6.9.4; https://planetnewspro.com"
216.73.216.103 - - [18/Mar/2026:13:21:58 -0400] "GET /ai-vs-ai-prophet-safety-raises-30m-to-interchange-human-analysts-with-autonomous-defenders/ HTTP/1.1" 200 58225 "https://planetnewspro.com/?p=35353" "Mozilla/5.0 AppleWebKit/537.36 (KHTML, like Gecko; compatible; ClaudeBot/1.0; +claudebot@anthropic.com)"
85.208.96.194 - - [18/Mar/2026:13:22:02 -0400] "GET /thanksgiving-menu-plan-with-procuring-listing/ HTTP/1.1" 200 54582 "-" "Mozilla/5.0 (compatible; SemrushBot/7~bl; +http://www.semrush.com/bot.html)"
185.191.171.16 - - [18/Mar/2026:13:22:13 -0400] "GET /waffles-hen-deli-meat-why-it-seems-like-meals-recollects-are-all-over-the-place/ HTTP/1.1" 200 57662 "-" "Mozilla/5.0 (compatible; SemrushBot/7~bl; +http://www.semrush.com/bot.html)"
185.191.171.18 - - [18/Mar/2026:13:22:16 -0400] "GET /why-kettlebells-are-one-of-many-most-efficient-coaching-instruments/ HTTP/1.1" 200 57591 "-" "Mozilla/5.0 (compatible; SemrushBot/7~bl; +http://www.semrush.com/bot.html)"
185.191.171.5 - - [18/Mar/2026:13:22:17 -0400] "GET /why-im-feeling-the-a-g-i/ HTTP/1.1" 200 57883 "-" "Mozilla/5.0 (compatible; SemrushBot/7~bl; +http://www.semrush.com/bot.html)"
85.208.96.198 - - [18/Mar/2026:13:22:21 -0400] "GET /right-nows-nyt-wordle-hints-reply-and-assist-for-august-10-1148/ HTTP/1.1" 200 53446 "-" "Mozilla/5.0 (compatible; SemrushBot/7~bl; +http://www.semrush.com/bot.html)"
85.208.96.208 - - [18/Mar/2026:13:22:35 -0400] "GET /second-man-is-hauled-off-airplane-after-touchdown-at-manchester-airport/ HTTP/1.1" 200 52960 "-" "Mozilla/5.0 (compatible; SemrushBot/7~bl; +http://www.semrush.com/bot.html)"
185.191.171.2 - - [18/Mar/2026:13:22:38 -0400] "GET /making-ready-for-ai-oreilly/ HTTP/1.1" 200 54396 "-" "Mozilla/5.0 (compatible; SemrushBot/7~bl; +http://www.semrush.com/bot.html)"
17.241.219.38 - - [18/Mar/2026:13:22:51 -0400] "GET /christian-horner-joins-the-f1-voices-backing-a-proposed-rookie-race/ HTTP/1.1" 200 52476 "-" "Mozilla/5.0 (Macintosh; Intel Mac OS X 10_15_7) AppleWebKit/605.1.15 (KHTML, like Gecko) Version/17.4 Safari/605.1.15 (Applebot/0.1; +http://www.apple.com/go/applebot)"
85.208.96.198 - - [18/Mar/2026:13:22:54 -0400] "GET /main-squid-sport-guarantees-made-at-golden-globes-as-netflixs-lee-jung-jae-and-hwang-dong-hyuk-grace-the-carpet/ HTTP/1.1" 200 52668 "-" "Mozilla/5.0 (compatible; SemrushBot/7~bl; +http://www.semrush.com/bot.html)"
50.6.201.88 - - [18/Mar/2026:13:23:52 -0400] "POST /wp-cron.php?doing_wp_cron=1773854632.8009359836578369140625 HTTP/1.1" 200 - "-" "WordPress/6.9.4; https://planetnewspro.com"
185.191.171.16 - - [18/Mar/2026:13:23:50 -0400] "GET /americas-misadventures-in-wars-cults-and-panics/ HTTP/1.1" 200 73054 "-" "Mozilla/5.0 (compatible; SemrushBot/7~bl; +http://www.semrush.com/bot.html)"
50.6.201.88 - - [18/Mar/2026:13:23:52 -0400] "POST /wp-admin/admin-ajax.php?action=async_litespeed&nonce=6a32a20319&litespeed_type=imgoptm HTTP/1.1" 200 21 "-" "WordPress/6.9.4; https://planetnewspro.com"
185.191.171.10 - - [18/Mar/2026:13:23:58 -0400] "GET /adam-schiff-breaks-kash-patel-with-epstein-questions/ HTTP/1.1" 200 53097 "-" "Mozilla/5.0 (compatible; SemrushBot/7~bl; +http://www.semrush.com/bot.html)"
50.6.201.88 - - [18/Mar/2026:13:24:01 -0400] "POST /wp-cron.php?doing_wp_cron=1773854641.1437580585479736328125 HTTP/1.1" 200 - "-" "WordPress/6.9.4; https://planetnewspro.com"
216.73.216.103 - - [18/Mar/2026:13:24:01 -0400] "GET /?p=34687 HTTP/1.1" 301 - "-" "Mozilla/5.0 AppleWebKit/537.36 (KHTML, like Gecko; compatible; ClaudeBot/1.0; +claudebot@anthropic.com)"
50.6.201.88 - - [18/Mar/2026:13:24:01 -0400] "POST /wp-admin/admin-ajax.php?action=async_litespeed&nonce=6a32a20319&litespeed_type=imgoptm HTTP/1.1" 200 21 "-" "WordPress/6.9.4; https://planetnewspro.com"
216.73.216.103 - - [18/Mar/2026:13:24:01 -0400] "GET /finest-12-anterior-delt-workout-routines-ranked-construct-wider-shoulders-and-stronger-urgent-energy/ HTTP/1.1" 200 54124 "https://planetnewspro.com/?p=34687" "Mozilla/5.0 AppleWebKit/537.36 (KHTML, like Gecko; compatible; ClaudeBot/1.0; +claudebot@anthropic.com)"
50.6.201.88 - - [18/Mar/2026:13:24:17 -0400] "POST /wp-cron.php?doing_wp_cron=1773854657.4612739086151123046875 HTTP/1.1" 200 - "-" "WordPress/6.9.4; https://planetnewspro.com"
185.191.171.11 - - [18/Mar/2026:13:24:17 -0400] "GET /geminis-data-analyzing-talents-arent-pretty-much-as-good-as-google-claims/ HTTP/1.1" 200 55560 "-" "Mozilla/5.0 (compatible; SemrushBot/7~bl; +http://www.semrush.com/bot.html)"
50.6.201.88 - - [18/Mar/2026:13:24:33 -0400] "POST /wp-cron.php?doing_wp_cron=1773854673.9611320495605468750000 HTTP/1.1" 200 - "-" "WordPress/6.9.4; https://planetnewspro.com"
185.191.171.10 - - [18/Mar/2026:13:24:33 -0400] "GET /court-docket-says-lets-go-brandon-can-be-censored-by-faculty-the-gateway-pundit/ HTTP/1.1" 200 52516 "-" "Mozilla/5.0 (compatible; SemrushBot/7~bl; +http://www.semrush.com/bot.html)"
216.73.216.103 - - [18/Mar/2026:13:24:39 -0400] "GET /troubled-startup-caastle-is-now-dealing-with-two-new-lawsuits-and-extra-allegations HTTP/1.1" 301 - "-" "Mozilla/5.0 AppleWebKit/537.36 (KHTML, like Gecko; compatible; ClaudeBot/1.0; +claudebot@anthropic.com)"
216.73.216.103 - - [18/Mar/2026:13:24:39 -0400] "GET /troubled-startup-caastle-is-now-dealing-with-two-new-lawsuits-and-extra-allegations/ HTTP/1.1" 200 52290 "https://planetnewspro.com/troubled-startup-caastle-is-now-dealing-with-two-new-lawsuits-and-extra-allegations" "Mozilla/5.0 AppleWebKit/537.36 (KHTML, like Gecko; compatible; ClaudeBot/1.0; +claudebot@anthropic.com)"
50.6.201.88 - - [18/Mar/2026:13:25:01 -0400] "POST /wp-cron.php?doing_wp_cron=1773854701.6958489418029785156250 HTTP/1.1" 200 - "-" "WordPress/6.9.4; https://planetnewspro.com"
85.208.96.205 - - [18/Mar/2026:13:25:01 -0400] "GET /fast-and-straightforward-suggestions-for-completely-crispy-bacon/ HTTP/1.1" 200 55346 "-" "Mozilla/5.0 (compatible; SemrushBot/7~bl; +http://www.semrush.com/bot.html)"
50.6.201.88 - - [18/Mar/2026:13:25:01 -0400] "POST /wp-admin/admin-ajax.php?action=async_litespeed&nonce=6a32a20319&litespeed_type=imgoptm HTTP/1.1" 200 21 "-" "WordPress/6.9.4; https://planetnewspro.com"
216.73.216.103 - - [18/Mar/2026:13:25:30 -0400] "GET /?p=28708 HTTP/1.1" 301 - "-" "Mozilla/5.0 AppleWebKit/537.36 (KHTML, like Gecko; compatible; ClaudeBot/1.0; +claudebot@anthropic.com)"
216.73.216.103 - - [18/Mar/2026:13:25:31 -0400] "GET /tariff-struggle-how-china-the-eu-mexico-and-canada-depend-on-the-u-s-the-gateway-pundit/ HTTP/1.1" 200 54991 "https://planetnewspro.com/?p=28708" "Mozilla/5.0 AppleWebKit/537.36 (KHTML, like Gecko; compatible; ClaudeBot/1.0; +claudebot@anthropic.com)"
216.73.216.103 - - [18/Mar/2026:13:25:37 -0400] "GET /?p=38991 HTTP/1.1" 301 - "-" "Mozilla/5.0 AppleWebKit/537.36 (KHTML, like Gecko; compatible; ClaudeBot/1.0; +claudebot@anthropic.com)"
216.73.216.103 - - [18/Mar/2026:13:25:37 -0400] "GET /china-suffered-harm-value-2-2bn-in-august-as-monsoon-wreaked-havoc/ HTTP/1.1" 200 54250 "https://planetnewspro.com/?p=38991" "Mozilla/5.0 AppleWebKit/537.36 (KHTML, like Gecko; compatible; ClaudeBot/1.0; +claudebot@anthropic.com)"
85.208.96.203 - - [18/Mar/2026:13:25:38 -0400] "GET /followers-come-out-to-defend-invincible-in-opposition-to-apprehensions-for-an-8-season-dedication/ HTTP/1.1" 200 52619 "-" "Mozilla/5.0 (compatible; SemrushBot/7~bl; +http://www.semrush.com/bot.html)"
85.208.96.198 - - [18/Mar/2026:13:25:44 -0400] "GET /bbc-eurovision-2025-followers-situation-technical-criticism-minutes-into-remaining/ HTTP/1.1" 200 53182 "-" "Mozilla/5.0 (compatible; SemrushBot/7~bl; +http://www.semrush.com/bot.html)"
185.191.171.16 - - [18/Mar/2026:13:25:49 -0400] "GET /trump-praises-arnold-palmers-anatomy-lobs-profanity-at-harris/ HTTP/1.1" 200 52644 "-" "Mozilla/5.0 (compatible; SemrushBot/7~bl; +http://www.semrush.com/bot.html)"
216.73.216.103 - - [18/Mar/2026:13:25:52 -0400] "GET /why-we-must-always-thank-pigeons-for-our-ai-breakthroughs HTTP/1.1" 301 - "-" "Mozilla/5.0 AppleWebKit/537.36 (KHTML, like Gecko; compatible; ClaudeBot/1.0; +claudebot@anthropic.com)"
216.73.216.103 - - [18/Mar/2026:13:25:53 -0400] "GET /why-we-must-always-thank-pigeons-for-our-ai-breakthroughs/ HTTP/1.1" 200 53163 "https://planetnewspro.com/why-we-must-always-thank-pigeons-for-our-ai-breakthroughs" "Mozilla/5.0 AppleWebKit/537.36 (KHTML, like Gecko; compatible; ClaudeBot/1.0; +claudebot@anthropic.com)"
85.208.96.212 - - [18/Mar/2026:13:26:15 -0400] "GET /the-greatest-evening-markets-in-taipei-you-want-to-go-to-hand-baggage-solely/ HTTP/1.1" 200 56808 "-" "Mozilla/5.0 (compatible; SemrushBot/7~bl; +http://www.semrush.com/bot.html)"
85.208.96.206 - - [18/Mar/2026:13:26:17 -0400] "GET /napa-cabbage-wedge-with-miso-dressing-smitten-kitchen/ HTTP/1.1" 200 52103 "-" "Mozilla/5.0 (compatible; SemrushBot/7~bl; +http://www.semrush.com/bot.html)"
185.191.171.10 - - [18/Mar/2026:13:26:19 -0400] "GET /seeds-of-hope-develop-right-into-a-pressure-of-nature/ HTTP/1.1" 200 52864 "-" "Mozilla/5.0 (compatible; SemrushBot/7~bl; +http://www.semrush.com/bot.html)"
185.191.171.19 - - [18/Mar/2026:13:26:21 -0400] "GET /popcorn-rooster-recipetin-eats/ HTTP/1.1" 200 71603 "-" "Mozilla/5.0 (compatible; SemrushBot/7~bl; +http://www.semrush.com/bot.html)"
185.191.171.3 - - [18/Mar/2026:13:26:26 -0400] "GET /love-mulled-wine-this-spiced-nordic-beverage-is-the-vacation-hotter-you-want/ HTTP/1.1" 200 54889 "-" "Mozilla/5.0 (compatible; SemrushBot/7~bl; +http://www.semrush.com/bot.html)"
50.6.201.88 - - [18/Mar/2026:13:26:34 -0400] "POST /wp-cron.php?doing_wp_cron=1773854794.8925859928131103515625 HTTP/1.1" 200 - "-" "WordPress/6.9.4; https://planetnewspro.com"
185.191.171.7 - - [18/Mar/2026:13:26:34 -0400] "GET /9-absolute-finest-locations-in-delaware-to-go-to-hand-baggage-solely/ HTTP/1.1" 200 58277 "-" "Mozilla/5.0 (compatible; SemrushBot/7~bl; +http://www.semrush.com/bot.html)"
50.6.201.88 - - [18/Mar/2026:13:26:35 -0400] "POST /wp-admin/admin-ajax.php?action=async_litespeed&nonce=6a32a20319&litespeed_type=imgoptm HTTP/1.1" 200 21 "-" "WordPress/6.9.4; https://planetnewspro.com"
185.191.171.9 - - [18/Mar/2026:13:26:36 -0400] "GET /the-obtain-chatting-with-robots-and-rising-pharmaceutical-mushrooms/ HTTP/1.1" 200 56448 "-" "Mozilla/5.0 (compatible; SemrushBot/7~bl; +http://www.semrush.com/bot.html)"
85.208.96.209 - - [18/Mar/2026:13:26:39 -0400] "GET /golden-knights-hope-regular-season-dominance-carries-over-vs-wild/ HTTP/1.1" 200 52638 "-" "Mozilla/5.0 (compatible; SemrushBot/7~bl; +http://www.semrush.com/bot.html)"
85.208.96.208 - - [18/Mar/2026:13:26:41 -0400] "GET /spaghetti-alla-nerano-stanley-tucci-zucchini-pasta/ HTTP/1.1" 200 58201 "-" "Mozilla/5.0 (compatible; SemrushBot/7~bl; +http://www.semrush.com/bot.html)"
50.6.201.88 - - [18/Mar/2026:13:26:59 -0400] "POST /wp-cron.php?doing_wp_cron=1773854819.5011000633239746093750 HTTP/1.1" 200 - "-" "WordPress/6.9.4; https://planetnewspro.com"
185.191.171.3 - - [18/Mar/2026:13:26:58 -0400] "GET /jemima-goldsmith-says-she-has-acquired-rape-threats-in-uncommon-intervention-over-imran-khans-jailing/ HTTP/1.1" 200 53620 "-" "Mozilla/5.0 (compatible; SemrushBot/7~bl; +http://www.semrush.com/bot.html)"
50.6.201.88 - - [18/Mar/2026:13:26:59 -0400] "POST /wp-admin/admin-ajax.php?action=async_litespeed&nonce=6a32a20319&litespeed_type=imgoptm HTTP/1.1" 200 21 "-" "WordPress/6.9.4; https://planetnewspro.com"
50.6.201.88 - - [18/Mar/2026:13:27:14 -0400] "POST /wp-cron.php?doing_wp_cron=1773854834.9043879508972167968750 HTTP/1.1" 200 - "-" "WordPress/6.9.4; https://planetnewspro.com"
216.73.216.103 - - [18/Mar/2026:13:27:14 -0400] "GET /?p=35074 HTTP/1.1" 301 - "-" "Mozilla/5.0 AppleWebKit/537.36 (KHTML, like Gecko; compatible; ClaudeBot/1.0; +claudebot@anthropic.com)"
216.73.216.103 - - [18/Mar/2026:13:27:14 -0400] "GET /remembering-hulk-hogan-7-iconic-moments-that-made-the-immortal-a-wrestling-legend/ HTTP/1.1" 200 53706 "https://planetnewspro.com/?p=35074" "Mozilla/5.0 AppleWebKit/537.36 (KHTML, like Gecko; compatible; ClaudeBot/1.0; +claudebot@anthropic.com)"
50.6.201.88 - - [18/Mar/2026:13:27:22 -0400] "POST /wp-cron.php?doing_wp_cron=1773854842.2194349765777587890625 HTTP/1.1" 200 - "-" "WordPress/6.9.4; https://planetnewspro.com"
216.73.216.103 - - [18/Mar/2026:13:27:22 -0400] "GET /?p=36039 HTTP/1.1" 301 - "-" "Mozilla/5.0 AppleWebKit/537.36 (KHTML, like Gecko; compatible; ClaudeBot/1.0; +claudebot@anthropic.com)"
216.73.216.103 - - [18/Mar/2026:13:27:22 -0400] "GET /15-birthday-desserts-that-arent-cake/ HTTP/1.1" 200 58271 "https://planetnewspro.com/?p=36039" "Mozilla/5.0 AppleWebKit/537.36 (KHTML, like Gecko; compatible; ClaudeBot/1.0; +claudebot@anthropic.com)"
50.6.201.88 - - [18/Mar/2026:13:28:07 -0400] "POST /wp-cron.php?doing_wp_cron=1773854887.6106998920440673828125 HTTP/1.1" 200 - "-" "WordPress/6.9.4; https://planetnewspro.com"
185.191.171.15 - - [18/Mar/2026:13:28:04 -0400] "GET /republicans-mull-federal-cuts-to-fbi-irs-abortion-companies-and-extra/ HTTP/1.1" 200 52786 "-" "Mozilla/5.0 (compatible; SemrushBot/7~bl; +http://www.semrush.com/bot.html)"
50.6.201.88 - - [18/Mar/2026:13:28:07 -0400] "POST /wp-admin/admin-ajax.php?action=async_litespeed&nonce=6a32a20319&litespeed_type=imgoptm HTTP/1.1" 200 21 "-" "WordPress/6.9.4; https://planetnewspro.com"
50.6.201.88 - - [18/Mar/2026:13:28:11 -0400] "POST /wp-cron.php?doing_wp_cron=1773854891.5435440540313720703125 HTTP/1.1" 200 - "-" "WordPress/6.9.4; https://planetnewspro.com"
185.191.171.3 - - [18/Mar/2026:13:28:09 -0400] "GET /escape-academy-2-again-2-faculty-unveiled-throughout-day-of-the-devs/ HTTP/1.1" 200 52165 "-" "Mozilla/5.0 (compatible; SemrushBot/7~bl; +http://www.semrush.com/bot.html)"
185.191.171.17 - - [18/Mar/2026:13:28:19 -0400] "GET /extra-on-suspected-unitedhealthcare-ceos-murderer-revealed-greatest-at-choose-up-strains-per-yearbook-pictures-the-gateway-pundit/ HTTP/1.1" 200 53048 "-" "Mozilla/5.0 (compatible; SemrushBot/7~bl; +http://www.semrush.com/bot.html)"
50.6.201.88 - - [18/Mar/2026:13:28:21 -0400] "POST /wp-cron.php?doing_wp_cron=1773854901.5920639038085937500000 HTTP/1.1" 200 - "-" "WordPress/6.9.4; https://planetnewspro.com"
