50.6.201.88 - - [18/Mar/2026:11:54:11 -0400] "POST /wp-cron.php?doing_wp_cron=1773849251.7981209754943847656250 HTTP/1.1" 200 - "-" "WordPress/6.9.4; https://planetnewspro.com"
57.141.6.2 - - [18/Mar/2026:11:54:11 -0400] "GET /how-health-helped-remodel-phillip-solomon-from-despair-to-actuality-tv/ HTTP/1.1" 200 321581 "-" "meta-externalagent/1.1 (+https://developers.facebook.com/docs/sharing/webmasters/crawler)"
50.6.201.88 - - [18/Mar/2026:11:54:56 -0400] "POST /wp-cron.php?doing_wp_cron=1773849296.4224870204925537109375 HTTP/1.1" 200 - "-" "WordPress/6.9.4; https://planetnewspro.com"
185.24.61.83 - - [18/Mar/2026:11:54:54 -0400] "GET /author/admin-pnp-171/page/29/ HTTP/1.1" 200 44070 "-" "Mozilla/5.0 (Windows NT 5.0; rv:21.0) Gecko/20100101 Firefox/21.0"
85.208.96.212 - - [18/Mar/2026:11:54:55 -0400] "GET /this-journey-season-be-acutely-acutely-acutely-acutely-acutely-acutely-acutely-acutely-acutely-acutely-acutely-acutely-acutely-acutely-acutely-acutely-acutely-acutely-acutely-acutely-acutely-acutely/ HTTP/1.1" 200 54630 "-" "Mozilla/5.0 (compatible; SemrushBot/7~bl; +http://www.semrush.com/bot.html)"
50.6.201.88 - - [18/Mar/2026:11:55:15 -0400] "POST /wp-cron.php?doing_wp_cron=1773849315.9320681095123291015625 HTTP/1.1" 200 - "-" "WordPress/6.9.4; https://planetnewspro.com"
185.191.171.5 - - [18/Mar/2026:11:55:13 -0400] "GET /greatest-on-line-casino-books-for-thrills-and-perception/ HTTP/1.1" 200 54975 "-" "Mozilla/5.0 (compatible; SemrushBot/7~bl; +http://www.semrush.com/bot.html)"
50.6.201.88 - - [18/Mar/2026:11:55:16 -0400] "POST /wp-admin/admin-ajax.php?action=async_litespeed&nonce=6a32a20319&litespeed_type=imgoptm HTTP/1.1" 200 21 "-" "WordPress/6.9.4; https://planetnewspro.com"
50.6.201.88 - - [18/Mar/2026:11:55:28 -0400] "POST /wp-cron.php?doing_wp_cron=1773849328.9662280082702636718750 HTTP/1.1" 200 - "-" "WordPress/6.9.4; https://planetnewspro.com"
185.191.171.19 - - [18/Mar/2026:11:55:28 -0400] "GET /offense-clicking-rockets-tackle-low-scoring-wolves/ HTTP/1.1" 200 52444 "-" "Mozilla/5.0 (compatible; SemrushBot/7~bl; +http://www.semrush.com/bot.html)"
85.208.96.208 - - [18/Mar/2026:11:55:36 -0400] "GET /renewal-standing-solid-plot-and-extra-a-few-future-risk/ HTTP/1.1" 200 52834 "-" "Mozilla/5.0 (compatible; SemrushBot/7~bl; +http://www.semrush.com/bot.html)"
43.173.181.153 - - [18/Mar/2026:11:55:37 -0400] "GET /11-good-horror-motion-pictures-on-netflix-that-have-to-be-on-your-watch-listing/feed/ HTTP/1.1" 200 938 "-" "Mozilla/5.0 (Windows NT 10.0; Win64; x64) AppleWebKit/537.36 (KHTML, like Gecko) Chrome/111.0.0.0 Safari/537.36"
35.211.166.124 - - [18/Mar/2026:11:55:51 -0400] "GET /ads.txt HTTP/1.1" 200 78 "-" "bidswitchbot/1.0"
50.6.201.88 - - [18/Mar/2026:11:56:04 -0400] "POST /wp-cron.php?doing_wp_cron=1773849364.8281590938568115234375 HTTP/1.1" 200 - "-" "WordPress/6.9.4; https://planetnewspro.com"
85.208.96.210 - - [18/Mar/2026:11:56:01 -0400] "GET /3-new-action-packed-netflix-trailers-have-landed-and-i-for-one-cant-wait-to-see-cameron-diaz-again-on-my-display-screen/ HTTP/1.1" 200 56574 "-" "Mozilla/5.0 (compatible; SemrushBot/7~bl; +http://www.semrush.com/bot.html)"
50.6.201.88 - - [18/Mar/2026:11:56:04 -0400] "POST /wp-admin/admin-ajax.php?action=async_litespeed&nonce=6a32a20319&litespeed_type=imgoptm HTTP/1.1" 200 21 "-" "WordPress/6.9.4; https://planetnewspro.com"
185.191.171.4 - - [18/Mar/2026:11:56:06 -0400] "GET /the-high-10-telecom-tales-of-2024/ HTTP/1.1" 200 56293 "-" "Mozilla/5.0 (compatible; SemrushBot/7~bl; +http://www.semrush.com/bot.html)"
50.6.201.88 - - [18/Mar/2026:11:56:09 -0400] "POST /wp-cron.php?doing_wp_cron=1773849369.6436328887939453125000 HTTP/1.1" 200 - "-" "WordPress/6.9.4; https://planetnewspro.com"
185.191.171.18 - - [18/Mar/2026:11:56:09 -0400] "GET /terrified-dems-have-dystopian-principle-about-actual-cause-for-protecting-ailing-biden-81-in-energy-as-stunning-new-claims-about-his-decline-emerge/ HTTP/1.1" 200 58405 "-" "Mozilla/5.0 (compatible; SemrushBot/7~bl; +http://www.semrush.com/bot.html)"
185.191.171.1 - - [18/Mar/2026:11:56:30 -0400] "GET /silicon-valleys-intense-vitality-calls-for-for-ai-are-making-coal-fired-energy-crops-a-hot-ticket-merchandise-once-more/ HTTP/1.1" 200 55272 "-" "Mozilla/5.0 (compatible; SemrushBot/7~bl; +http://www.semrush.com/bot.html)"
185.191.171.4 - - [18/Mar/2026:11:56:38 -0400] "GET /10-25-friday-faves-the-fitnessista/ HTTP/1.1" 200 53687 "-" "Mozilla/5.0 (compatible; SemrushBot/7~bl; +http://www.semrush.com/bot.html)"
85.208.96.195 - - [18/Mar/2026:11:57:12 -0400] "GET /kenyas-most-well-known-safari-vacation-spot-has-a-new-luxe-lodge-and-it-is-set-in-a-treehouse/ HTTP/1.1" 200 57453 "-" "Mozilla/5.0 (compatible; SemrushBot/7~bl; +http://www.semrush.com/bot.html)"
85.208.96.194 - - [18/Mar/2026:11:57:17 -0400] "GET /joe-biden-no-longer-doing-occasions-after-8pm-to-get-extra-sleep/ HTTP/1.1" 200 53325 "-" "Mozilla/5.0 (compatible; SemrushBot/7~bl; +http://www.semrush.com/bot.html)"
185.191.171.7 - - [18/Mar/2026:11:57:21 -0400] "GET /what-the-nationwide-park-service-layoffs-means-for-vacationers/ HTTP/1.1" 200 54616 "-" "Mozilla/5.0 (compatible; SemrushBot/7~bl; +http://www.semrush.com/bot.html)"
50.6.201.88 - - [18/Mar/2026:11:57:33 -0400] "POST /wp-cron.php?doing_wp_cron=1773849453.4555048942565917968750 HTTP/1.1" 200 - "-" "WordPress/6.9.4; https://planetnewspro.com"
148.135.200.35 - - [18/Mar/2026:11:57:33 -0400] "POST /wp-login.php HTTP/1.1" 200 6333 "-" "Mozilla/5.0"
43.173.172.60 - - [18/Mar/2026:11:57:33 -0400] "GET /father-of-two-stabbed-an-armed-intruder-to-demise-to-guard-his-accomplice-and-youngsters-after-masked-gang-burst-into-his-dwelling-and-began-beating-him-5-males-are-jailed/feed/ HTTP/1.1" 200 1215 "-" "Mozilla/5.0 (Windows NT 10.0; Win64; x64) AppleWebKit/537.36 (KHTML, like Gecko) Chrome/109.0.0.0 Safari/537.36"
50.6.201.88 - - [18/Mar/2026:11:57:33 -0400] "POST /wp-admin/admin-ajax.php?action=async_litespeed&nonce=6a32a20319&litespeed_type=imgoptm HTTP/1.1" 200 21 "-" "WordPress/6.9.4; https://planetnewspro.com"
43.173.181.95 - - [18/Mar/2026:11:57:33 -0400] "GET /how-to-make-do-it-yourself-bone-broth/feed/ HTTP/1.1" 200 812 "-" "Mozilla/5.0 (Windows NT 10.0; Win64; x64) AppleWebKit/537.36 (KHTML, like Gecko) Chrome/117.0.0.0 Safari/537.36"
185.191.171.13 - - [18/Mar/2026:11:57:38 -0400] "GET /how-kamala-harris-continues-to-be-the-delight-of-her-ancestral-village-in-tamil-nadu-india/ HTTP/1.1" 200 55125 "-" "Mozilla/5.0 (compatible; SemrushBot/7~bl; +http://www.semrush.com/bot.html)"
85.208.96.209 - - [18/Mar/2026:11:57:42 -0400] "GET /greatest-chest-strap-coronary-heart-fee-screens-for-2024/ HTTP/1.1" 200 53023 "-" "Mozilla/5.0 (compatible; SemrushBot/7~bl; +http://www.semrush.com/bot.html)"
185.191.171.18 - - [18/Mar/2026:11:57:44 -0400] "GET /openai-has-launched-its-first-analysis-into-how-utilizing-chatgpt-impacts-individualss-emotional-wellbeing/ HTTP/1.1" 200 52556 "-" "Mozilla/5.0 (compatible; SemrushBot/7~bl; +http://www.semrush.com/bot.html)"
50.6.201.88 - - [18/Mar/2026:11:58:05 -0400] "POST /wp-cron.php?doing_wp_cron=1773849485.7269599437713623046875 HTTP/1.1" 200 - "-" "WordPress/6.9.4; https://planetnewspro.com"
85.208.96.207 - - [18/Mar/2026:11:58:04 -0400] "GET /former-secret-service-chief-needed-to-destroy-cocaine-proof/ HTTP/1.1" 200 57139 "-" "Mozilla/5.0 (compatible; SemrushBot/7~bl; +http://www.semrush.com/bot.html)"
50.6.201.88 - - [18/Mar/2026:11:58:05 -0400] "POST /wp-admin/admin-ajax.php?action=async_litespeed&nonce=6a32a20319&litespeed_type=imgoptm HTTP/1.1" 200 21 "-" "WordPress/6.9.4; https://planetnewspro.com"
50.6.201.88 - - [18/Mar/2026:11:58:07 -0400] "POST /wp-cron.php?doing_wp_cron=1773849487.5949909687042236328125 HTTP/1.1" 200 - "-" "WordPress/6.9.4; https://planetnewspro.com"
85.208.96.194 - - [18/Mar/2026:11:58:07 -0400] "GET /roasted-fennel-recipe-love-and-lemons/ HTTP/1.1" 200 54790 "-" "Mozilla/5.0 (compatible; SemrushBot/7~bl; +http://www.semrush.com/bot.html)"
50.6.201.88 - - [18/Mar/2026:11:58:34 -0400] "POST /wp-cron.php?doing_wp_cron=1773849514.0783720016479492187500 HTTP/1.1" 200 - "-" "WordPress/6.9.4; https://planetnewspro.com"
43.173.177.168 - - [18/Mar/2026:11:58:33 -0400] "GET /gop-lawmakers-cut-up-over-tax-cuts-and-border-safety-laws/feed/ HTTP/1.1" 200 872 "-" "Mozilla/5.0 (Windows NT 10.0; Win64; x64) AppleWebKit/537.36 (KHTML, like Gecko) Chrome/133.0.0.0 Safari/537.36"
185.191.171.6 - - [18/Mar/2026:11:58:43 -0400] "GET /breaking-trump-launches-authorized-problem-to-halt-choose-merchans-sentencing-in-junk-hush-cash-case-the-gateway-pundit/ HTTP/1.1" 200 52490 "-" "Mozilla/5.0 (compatible; SemrushBot/7~bl; +http://www.semrush.com/bot.html)"
85.208.96.202 - - [18/Mar/2026:11:58:54 -0400] "GET /episode-153-longevity-coaching-to-raise-weight-to-not-lose-weight-with-niki-sims/ HTTP/1.1" 200 54202 "-" "Mozilla/5.0 (compatible; SemrushBot/7~bl; +http://www.semrush.com/bot.html)"
50.6.201.88 - - [18/Mar/2026:11:59:09 -0400] "POST /wp-cron.php?doing_wp_cron=1773849549.2052350044250488281250 HTTP/1.1" 200 - "-" "WordPress/6.9.4; https://planetnewspro.com"
85.208.96.201 - - [18/Mar/2026:11:59:08 -0400] "GET /how-one-can-watch-ces-2025s-press-conferences/ HTTP/1.1" 200 52814 "-" "Mozilla/5.0 (compatible; SemrushBot/7~bl; +http://www.semrush.com/bot.html)"
50.6.201.88 - - [18/Mar/2026:11:59:09 -0400] "POST /wp-admin/admin-ajax.php?action=async_litespeed&nonce=6a32a20319&litespeed_type=imgoptm HTTP/1.1" 200 21 "-" "WordPress/6.9.4; https://planetnewspro.com"
50.6.201.88 - - [18/Mar/2026:11:59:36 -0400] "POST /wp-cron.php?doing_wp_cron=1773849576.1096529960632324218750 HTTP/1.1" 200 - "-" "WordPress/6.9.4; https://planetnewspro.com"
216.73.216.103 - - [18/Mar/2026:11:59:35 -0400] "GET /robots.txt HTTP/1.1" 200 128 "-" "Mozilla/5.0 AppleWebKit/537.36 (KHTML, like Gecko; compatible; ClaudeBot/1.0; +claudebot@anthropic.com)"
216.73.216.103 - - [18/Mar/2026:11:59:36 -0400] "GET /empty-seats-boycott-calls-and-a-snubbed-handshake-india-vs-pakistan-match-overshadowed-by-off-field-drama HTTP/1.1" 301 - "-" "Mozilla/5.0 AppleWebKit/537.36 (KHTML, like Gecko; compatible; ClaudeBot/1.0; +claudebot@anthropic.com)"
216.73.216.103 - - [18/Mar/2026:11:59:36 -0400] "GET /empty-seats-boycott-calls-and-a-snubbed-handshake-india-vs-pakistan-match-overshadowed-by-off-field-drama/ HTTP/1.1" 200 54416 "https://planetnewspro.com/empty-seats-boycott-calls-and-a-snubbed-handshake-india-vs-pakistan-match-overshadowed-by-off-field-drama" "Mozilla/5.0 AppleWebKit/537.36 (KHTML, like Gecko; compatible; ClaudeBot/1.0; +claudebot@anthropic.com)"
50.6.201.88 - - [18/Mar/2026:12:00:10 -0400] "POST /wp-cron.php?doing_wp_cron=1773849610.5428729057312011718750 HTTP/1.1" 200 - "-" "WordPress/6.9.4; https://planetnewspro.com"
85.208.96.209 - - [18/Mar/2026:12:00:08 -0400] "GET /donald-trump-thinks-merrick-garland-is-an-fool/ HTTP/1.1" 200 52899 "-" "Mozilla/5.0 (compatible; SemrushBot/7~bl; +http://www.semrush.com/bot.html)"
50.6.201.88 - - [18/Mar/2026:12:00:10 -0400] "POST /wp-admin/admin-ajax.php?action=async_litespeed&nonce=6a32a20319&litespeed_type=imgoptm HTTP/1.1" 200 21 "-" "WordPress/6.9.4; https://planetnewspro.com"
216.73.216.103 - - [18/Mar/2026:12:00:18 -0400] "GET /china-suffered-harm-value-2-2bn-in-august-as-monsoon-wreaked-havoc HTTP/1.1" 301 - "-" "Mozilla/5.0 AppleWebKit/537.36 (KHTML, like Gecko; compatible; ClaudeBot/1.0; +claudebot@anthropic.com)"
216.73.216.103 - - [18/Mar/2026:12:00:18 -0400] "GET /china-suffered-harm-value-2-2bn-in-august-as-monsoon-wreaked-havoc/ HTTP/1.1" 200 54250 "https://planetnewspro.com/china-suffered-harm-value-2-2bn-in-august-as-monsoon-wreaked-havoc" "Mozilla/5.0 AppleWebKit/537.36 (KHTML, like Gecko; compatible; ClaudeBot/1.0; +claudebot@anthropic.com)"
50.6.201.88 - - [18/Mar/2026:12:00:28 -0400] "POST /wp-cron.php?doing_wp_cron=1773849628.1434710025787353515625 HTTP/1.1" 200 - "-" "WordPress/6.9.4; https://planetnewspro.com"
85.208.96.206 - - [18/Mar/2026:12:00:27 -0400] "GET /9-greatest-seaside-cities-in-texas-in-line-with-locals/ HTTP/1.1" 200 55948 "-" "Mozilla/5.0 (compatible; SemrushBot/7~bl; +http://www.semrush.com/bot.html)"
85.208.96.205 - - [18/Mar/2026:12:00:29 -0400] "GET /how-northern-botswanas-evolving-panorama-grew-to-become-a-haven-for-wildlife/ HTTP/1.1" 200 54807 "-" "Mozilla/5.0 (compatible; SemrushBot/7~bl; +http://www.semrush.com/bot.html)"
85.208.96.202 - - [18/Mar/2026:12:00:34 -0400] "GET /redemption-for-the-vaccine-purged-secretary-pete-hegseth-points-highly-effective-reinstatement-order-for-troops-eliminated-by-illegal-experimental-covid-19-jab-mandate-the-gateway-pundit/ HTTP/1.1" 200 54436 "-" "Mozilla/5.0 (compatible; SemrushBot/7~bl; +http://www.semrush.com/bot.html)"
185.191.171.7 - - [18/Mar/2026:12:00:39 -0400] "GET /methods-to-log-off-of-netflix-in-your-tv/ HTTP/1.1" 200 53111 "-" "Mozilla/5.0 (compatible; SemrushBot/7~bl; +http://www.semrush.com/bot.html)"
185.191.171.5 - - [18/Mar/2026:12:00:41 -0400] "GET /amy-klobuchar-drops-a-bomb-on-the-media-lie-that-democrats-will-personal-a-shutdown/ HTTP/1.1" 200 53328 "-" "Mozilla/5.0 (compatible; SemrushBot/7~bl; +http://www.semrush.com/bot.html)"
43.173.180.229 - - [18/Mar/2026:12:00:41 -0400] "GET /battle-tested-giants-able-to-open-sequence-in-opposition-to-marlins/feed/ HTTP/1.1" 200 916 "-" "Mozilla/5.0 (Windows NT 10.0; Win64; x64) AppleWebKit/537.36 (KHTML, like Gecko) Chrome/124.0.0.0 Safari/537.36"
43.173.177.39 - - [18/Mar/2026:12:00:41 -0400] "GET /trump-orders-banks-to-cease-discriminating-in-opposition-to-conservatives/feed/ HTTP/1.1" 200 920 "-" "Mozilla/5.0 (Windows NT 10.0; Win64; x64) AppleWebKit/537.36 (KHTML, like Gecko) Chrome/109.0.0.0 Safari/537.36"
185.191.171.3 - - [18/Mar/2026:12:00:49 -0400] "GET /introducing-prepare-dinner-mode-our-new-recipe-characteristic-that-retains-your-display-from-going-darkish/ HTTP/1.1" 200 53439 "-" "Mozilla/5.0 (compatible; SemrushBot/7~bl; +http://www.semrush.com/bot.html)"
85.208.98.18 - - [18/Mar/2026:12:00:57 -0400] "GET /greatest-persevering-with-schooling-programs-for-vitamin-coaches-in-2025/ HTTP/1.1" 200 57807 "-" "Mozilla/5.0 (compatible; SemrushBot; +http://www.semrush.com/bot.html)"
50.6.201.88 - - [18/Mar/2026:12:01:12 -0400] "POST /wp-cron.php?doing_wp_cron=1773849672.2475719451904296875000 HTTP/1.1" 200 - "-" "WordPress/6.9.4; https://planetnewspro.com"
185.191.171.15 - - [18/Mar/2026:12:01:11 -0400] "GET /the-greatest-baked-beans-recipe/ HTTP/1.1" 200 59066 "-" "Mozilla/5.0 (compatible; SemrushBot/7~bl; +http://www.semrush.com/bot.html)"
50.6.201.88 - - [18/Mar/2026:12:01:12 -0400] "POST /wp-admin/admin-ajax.php?action=async_litespeed&nonce=6a32a20319&litespeed_type=imgoptm HTTP/1.1" 200 21 "-" "WordPress/6.9.4; https://planetnewspro.com"
50.6.201.88 - - [18/Mar/2026:12:01:26 -0400] "POST /wp-cron.php?doing_wp_cron=1773849686.7554659843444824218750 HTTP/1.1" 200 - "-" "WordPress/6.9.4; https://planetnewspro.com"
85.208.96.200 - - [18/Mar/2026:12:01:26 -0400] "GET /the-state-of-safety-in-2024-oreilly/ HTTP/1.1" 200 69425 "-" "Mozilla/5.0 (compatible; SemrushBot/7~bl; +http://www.semrush.com/bot.html)"
43.173.180.168 - - [18/Mar/2026:12:01:37 -0400] "GET /uninsured-driver-hotspots-exposed-interactive-map-lays-naked-500-worst-offending-areas-so-is-yours-one-among-them/feed/ HTTP/1.1" 200 1049 "-" "Mozilla/5.0 (Windows NT 10.0; Win64; x64) AppleWebKit/537.36 (KHTML, like Gecko) Chrome/111.0.0.0 Safari/537.36"
185.191.171.6 - - [18/Mar/2026:12:01:44 -0400] "GET /grilled-feta-with-asparagus-chimichurri-smitten-kitchen/ HTTP/1.1" 200 52169 "-" "Mozilla/5.0 (compatible; SemrushBot/7~bl; +http://www.semrush.com/bot.html)"
85.208.96.199 - - [18/Mar/2026:12:01:50 -0400] "GET /5-returning-tv-reveals-im-most-excited-to-stream-in-2025/ HTTP/1.1" 200 57481 "-" "Mozilla/5.0 (compatible; SemrushBot/7~bl; +http://www.semrush.com/bot.html)"
185.191.171.8 - - [18/Mar/2026:12:01:55 -0400] "GET /smash-burgers-spend-with-pennies/ HTTP/1.1" 200 59270 "-" "Mozilla/5.0 (compatible; SemrushBot/7~bl; +http://www.semrush.com/bot.html)"
50.6.201.88 - - [18/Mar/2026:12:02:02 -0400] "POST /wp-cron.php?doing_wp_cron=1773849722.2092790603637695312500 HTTP/1.1" 200 - "-" "WordPress/6.9.4; https://planetnewspro.com"
216.73.216.103 - - [18/Mar/2026:12:02:02 -0400] "GET /15-birthday-desserts-that-arent-cake HTTP/1.1" 301 - "-" "Mozilla/5.0 AppleWebKit/537.36 (KHTML, like Gecko; compatible; ClaudeBot/1.0; +claudebot@anthropic.com)"
50.6.201.88 - - [18/Mar/2026:12:02:02 -0400] "POST /wp-admin/admin-ajax.php?action=async_litespeed&nonce=6a32a20319&litespeed_type=imgoptm HTTP/1.1" 200 21 "-" "WordPress/6.9.4; https://planetnewspro.com"
216.73.216.103 - - [18/Mar/2026:12:02:02 -0400] "GET /15-birthday-desserts-that-arent-cake/ HTTP/1.1" 200 58272 "https://planetnewspro.com/15-birthday-desserts-that-arent-cake" "Mozilla/5.0 AppleWebKit/537.36 (KHTML, like Gecko; compatible; ClaudeBot/1.0; +claudebot@anthropic.com)"
50.6.201.88 - - [18/Mar/2026:12:02:06 -0400] "POST /wp-cron.php?doing_wp_cron=1773849726.6475059986114501953125 HTTP/1.1" 200 - "-" "WordPress/6.9.4; https://planetnewspro.com"
185.191.171.7 - - [18/Mar/2026:12:02:05 -0400] "GET /liz-cheneys-help-for-kamala-harris-already-helped-in-a-large-means/ HTTP/1.1" 200 53260 "-" "Mozilla/5.0 (compatible; SemrushBot/7~bl; +http://www.semrush.com/bot.html)"
50.6.201.88 - - [18/Mar/2026:12:02:31 -0400] "POST /wp-cron.php?doing_wp_cron=1773849751.3322060108184814453125 HTTP/1.1" 200 - "-" "WordPress/6.9.4; https://planetnewspro.com"
135.181.180.59 - - [18/Mar/2026:12:02:31 -0400] "GET /robots.txt HTTP/1.1" 200 175 "-" "Mozilla/5.0 (compatible; MJ12bot/v1.4.8; http://mj12bot.com/)"
135.181.180.59 - - [18/Mar/2026:12:02:33 -0400] "GET /10-gluten-free-pumpkin-recipes-for-fall/feed/ HTTP/1.1" 200 818 "-" "Mozilla/5.0 (compatible; MJ12bot/v1.4.8; http://mj12bot.com/)"
216.73.216.103 - - [18/Mar/2026:12:02:36 -0400] "GET /new-york-vs-texas-the-political-insider HTTP/1.1" 301 - "-" "Mozilla/5.0 AppleWebKit/537.36 (KHTML, like Gecko; compatible; ClaudeBot/1.0; +claudebot@anthropic.com)"
50.6.201.88 - - [18/Mar/2026:12:02:38 -0400] "POST /wp-cron.php?doing_wp_cron=1773849757.9962859153747558593750 HTTP/1.1" 200 - "-" "WordPress/6.9.4; https://planetnewspro.com"
216.73.216.103 - - [18/Mar/2026:12:02:37 -0400] "GET /?p=38988 HTTP/1.1" 301 - "-" "Mozilla/5.0 AppleWebKit/537.36 (KHTML, like Gecko; compatible; ClaudeBot/1.0; +claudebot@anthropic.com)"
216.73.216.103 - - [18/Mar/2026:12:02:37 -0400] "GET /new-york-vs-texas-the-political-insider/ HTTP/1.1" 200 53972 "https://planetnewspro.com/new-york-vs-texas-the-political-insider" "Mozilla/5.0 AppleWebKit/537.36 (KHTML, like Gecko; compatible; ClaudeBot/1.0; +claudebot@anthropic.com)"
216.73.216.103 - - [18/Mar/2026:12:02:38 -0400] "GET /the-spanish-brad-pitt-alicia-silverstone-tells-the-wild-story-of-getting-this-academy-award-winner-into-the-trade/ HTTP/1.1" 200 52635 "https://planetnewspro.com/?p=38988" "Mozilla/5.0 AppleWebKit/537.36 (KHTML, like Gecko; compatible; ClaudeBot/1.0; +claudebot@anthropic.com)"
216.73.216.103 - - [18/Mar/2026:12:02:38 -0400] "GET /?p=36036 HTTP/1.1" 301 - "-" "Mozilla/5.0 AppleWebKit/537.36 (KHTML, like Gecko; compatible; ClaudeBot/1.0; +claudebot@anthropic.com)"
216.73.216.103 - - [18/Mar/2026:12:02:38 -0400] "GET /ive-helped-a-few-of-new-yorks-wealthiest-ramp-up-their-giving-zohran-mamdanis-rise-reveals-the-urgency-and-alternative-for-all-of-us-to-fulfill-the-second/ HTTP/1.1" 200 55817 "https://planetnewspro.com/?p=36036" "Mozilla/5.0 AppleWebKit/537.36 (KHTML, like Gecko; compatible; ClaudeBot/1.0; +claudebot@anthropic.com)"
85.208.96.210 - - [18/Mar/2026:12:02:45 -0400] "GET /trump-administration-launch-of-jfk-assassination-information-didnt-embrace-two-thirds-of-the-promised-recordsdata-occasion-professional-says/ HTTP/1.1" 200 53970 "-" "Mozilla/5.0 (compatible; SemrushBot/7~bl; +http://www.semrush.com/bot.html)"
135.181.180.59 - - [18/Mar/2026:12:02:46 -0400] "GET /amazon-october-prime-day-2025-we-reveal-all-one-of-the-best-offers-as-they-arrive-in-with-gives-from-apple-ninja-shark-dyson-and-different-big-name-manufacturers/feed/ HTTP/1.1" 200 1189 "-" "Mozilla/5.0 (compatible; MJ12bot/v1.4.8; http://mj12bot.com/)"
135.181.180.59 - - [18/Mar/2026:12:02:49 -0400] "GET /high-analyst-on-considerations-about-nvidia-fueling-an-ai-bubble-we-have-seen-this-film-earlier-than-it-was-known-as-enron-tyco/ HTTP/1.1" 200 59248 "-" "Mozilla/5.0 (compatible; MJ12bot/v1.4.8; http://mj12bot.com/)"
135.181.180.59 - - [18/Mar/2026:12:02:51 -0400] "GET /if-catches-win-matches-then-workforce-india-isnt-successful-ladiess-world-cup-2025/feed/ HTTP/1.1" 200 962 "-" "Mozilla/5.0 (compatible; MJ12bot/v1.4.8; http://mj12bot.com/)"
135.181.180.59 - - [18/Mar/2026:12:02:54 -0400] "GET /prime-7-should-go-to-locations-in-australia-for-first-time-vacationers/feed/ HTTP/1.1" 200 911 "-" "Mozilla/5.0 (compatible; MJ12bot/v1.4.8; http://mj12bot.com/)"
216.73.216.103 - - [18/Mar/2026:12:02:55 -0400] "GET /oscar-nominee-cynthia-erivo-takes-to-the-courtroom-as-prima-facie-begins-filming-this-fall HTTP/1.1" 301 - "-" "Mozilla/5.0 AppleWebKit/537.36 (KHTML, like Gecko; compatible; ClaudeBot/1.0; +claudebot@anthropic.com)"
216.73.216.103 - - [18/Mar/2026:12:02:55 -0400] "GET /oscar-nominee-cynthia-erivo-takes-to-the-courtroom-as-prima-facie-begins-filming-this-fall/ HTTP/1.1" 200 53037 "https://planetnewspro.com/oscar-nominee-cynthia-erivo-takes-to-the-courtroom-as-prima-facie-begins-filming-this-fall" "Mozilla/5.0 AppleWebKit/537.36 (KHTML, like Gecko; compatible; ClaudeBot/1.0; +claudebot@anthropic.com)"
135.181.180.59 - - [18/Mar/2026:12:02:56 -0400] "GET /this-is-the-most-secure-place-in-your-fridge-to-retailer-hen-most-individuals-get-it-mistaken/feed/ HTTP/1.1" 200 982 "-" "Mozilla/5.0 (compatible; MJ12bot/v1.4.8; http://mj12bot.com/)"
50.6.201.88 - - [18/Mar/2026:12:02:59 -0400] "POST /wp-cron.php?doing_wp_cron=1773849779.7659239768981933593750 HTTP/1.1" 200 - "-" "WordPress/6.9.4; https://planetnewspro.com"
85.208.96.193 - - [18/Mar/2026:12:02:59 -0400] "GET /software-program-structure-in-an-ai-world-oreilly/ HTTP/1.1" 200 68716 "-" "Mozilla/5.0 (compatible; SemrushBot/7~bl; +http://www.semrush.com/bot.html)"
50.6.201.88 - - [18/Mar/2026:12:02:59 -0400] "POST /wp-admin/admin-ajax.php?action=async_litespeed&nonce=6a32a20319&litespeed_type=imgoptm HTTP/1.1" 200 21 "-" "WordPress/6.9.4; https://planetnewspro.com"
50.6.201.88 - - [18/Mar/2026:12:03:01 -0400] "POST /wp-cron.php?doing_wp_cron=1773849781.7074239253997802734375 HTTP/1.1" 200 - "-" "WordPress/6.9.4; https://planetnewspro.com"
85.208.96.202 - - [18/Mar/2026:12:03:00 -0400] "GET /issues-to-do-in-dumaguete-journey-dudes/ HTTP/1.1" 200 61585 "-" "Mozilla/5.0 (compatible; SemrushBot/7~bl; +http://www.semrush.com/bot.html)"
185.191.171.19 - - [18/Mar/2026:12:03:02 -0400] "GET /eighth-circuit-guidelines-in-favor-of-pistol-brace-house-owners/ HTTP/1.1" 200 54303 "-" "Mozilla/5.0 (compatible; SemrushBot/7~bl; +http://www.semrush.com/bot.html)"
216.73.216.103 - - [18/Mar/2026:12:03:04 -0400] "GET /finest-12-anterior-delt-workout-routines-ranked-construct-wider-shoulders-and-stronger-urgent-energy HTTP/1.1" 301 - "-" "Mozilla/5.0 AppleWebKit/537.36 (KHTML, like Gecko; compatible; ClaudeBot/1.0; +claudebot@anthropic.com)"
216.73.216.103 - - [18/Mar/2026:12:03:04 -0400] "GET /?p=39819 HTTP/1.1" 301 - "-" "Mozilla/5.0 AppleWebKit/537.36 (KHTML, like Gecko; compatible; ClaudeBot/1.0; +claudebot@anthropic.com)"
216.73.216.103 - - [18/Mar/2026:12:03:04 -0400] "GET /finest-12-anterior-delt-workout-routines-ranked-construct-wider-shoulders-and-stronger-urgent-energy/ HTTP/1.1" 200 54124 "https://planetnewspro.com/finest-12-anterior-delt-workout-routines-ranked-construct-wider-shoulders-and-stronger-urgent-energy" "Mozilla/5.0 AppleWebKit/537.36 (KHTML, like Gecko; compatible; ClaudeBot/1.0; +claudebot@anthropic.com)"
50.6.201.88 - - [18/Mar/2026:12:03:05 -0400] "POST /wp-cron.php?doing_wp_cron=1773849785.9450130462646484375000 HTTP/1.1" 200 - "-" "WordPress/6.9.4; https://planetnewspro.com"
216.73.216.103 - - [18/Mar/2026:12:03:05 -0400] "GET /pancake-recipe/ HTTP/1.1" 200 58375 "https://planetnewspro.com/?p=39819" "Mozilla/5.0 AppleWebKit/537.36 (KHTML, like Gecko; compatible; ClaudeBot/1.0; +claudebot@anthropic.com)"
85.208.96.202 - - [18/Mar/2026:12:03:05 -0400] "GET /bigme-hibreak-bw-higher-than-the-hibreak-coloration-a-overview/ HTTP/1.1" 200 56864 "-" "Mozilla/5.0 (compatible; SemrushBot/7~bl; +http://www.semrush.com/bot.html)"
50.6.201.88 - - [18/Mar/2026:12:04:05 -0400] "POST /wp-cron.php?doing_wp_cron=1773849845.2376530170440673828125 HTTP/1.1" 200 - "-" "WordPress/6.9.4; https://planetnewspro.com"
85.208.96.206 - - [18/Mar/2026:12:04:03 -0400] "GET /does-henry-cavill-have-a-child-right-heres-all-you-must-know-about-father-cavill/ HTTP/1.1" 200 52522 "-" "Mozilla/5.0 (compatible; SemrushBot/7~bl; +http://www.semrush.com/bot.html)"
50.6.201.88 - - [18/Mar/2026:12:04:05 -0400] "POST /wp-admin/admin-ajax.php?action=async_litespeed&nonce=6a32a20319&litespeed_type=imgoptm HTTP/1.1" 200 21 "-" "WordPress/6.9.4; https://planetnewspro.com"
50.6.201.88 - - [18/Mar/2026:12:04:09 -0400] "POST /wp-cron.php?doing_wp_cron=1773849849.4251360893249511718750 HTTP/1.1" 200 - "-" "WordPress/6.9.4; https://planetnewspro.com"
85.208.96.199 - - [18/Mar/2026:12:04:08 -0400] "GET /why-had-been-so-many-a-lists-absent-from-the-2025-oscars-netizens-suppose-christopher-nolan-is-the-perpetrator/ HTTP/1.1" 200 52600 "-" "Mozilla/5.0 (compatible; SemrushBot/7~bl; +http://www.semrush.com/bot.html)"
185.191.171.18 - - [18/Mar/2026:12:04:16 -0400] "GET /hontiveros-eyes-realigning-vp-dutertes-p10m-finances-for-her-e-book/ HTTP/1.1" 200 53714 "-" "Mozilla/5.0 (compatible; SemrushBot/7~bl; +http://www.semrush.com/bot.html)"
216.73.216.103 - - [18/Mar/2026:12:04:17 -0400] "GET /pancake-recipe HTTP/1.1" 301 - "-" "Mozilla/5.0 AppleWebKit/537.36 (KHTML, like Gecko; compatible; ClaudeBot/1.0; +claudebot@anthropic.com)"
216.73.216.103 - - [18/Mar/2026:12:04:17 -0400] "GET /pancake-recipe/ HTTP/1.1" 200 58376 "https://planetnewspro.com/pancake-recipe" "Mozilla/5.0 AppleWebKit/537.36 (KHTML, like Gecko; compatible; ClaudeBot/1.0; +claudebot@anthropic.com)"
50.6.201.88 - - [18/Mar/2026:12:04:28 -0400] "POST /wp-cron.php?doing_wp_cron=1773849868.1837959289550781250000 HTTP/1.1" 200 - "-" "WordPress/6.9.4; https://planetnewspro.com"
216.73.216.103 - - [18/Mar/2026:12:04:28 -0400] "GET /?p=39822 HTTP/1.1" 301 - "-" "Mozilla/5.0 AppleWebKit/537.36 (KHTML, like Gecko; compatible; ClaudeBot/1.0; +claudebot@anthropic.com)"
216.73.216.103 - - [18/Mar/2026:12:04:28 -0400] "GET /two-youngsters-charged-over-transport-for-london-cyber-assault-that-brought-about-huge-disruption-and-uncovered-delicate-buyer-information/ HTTP/1.1" 200 53498 "https://planetnewspro.com/?p=39822" "Mozilla/5.0 AppleWebKit/537.36 (KHTML, like Gecko; compatible; ClaudeBot/1.0; +claudebot@anthropic.com)"
85.208.96.193 - - [18/Mar/2026:12:04:57 -0400] "GET /ddr4-vs-ddr5-ram-what-is-the-distinction/ HTTP/1.1" 200 53596 "-" "Mozilla/5.0 (compatible; SemrushBot/7~bl; +http://www.semrush.com/bot.html)"
50.6.201.88 - - [18/Mar/2026:12:05:01 -0400] "POST /wp-cron.php?doing_wp_cron=1773849901.4553020000457763671875 HTTP/1.1" 200 - "-" "WordPress/6.9.4; https://planetnewspro.com"
85.208.96.197 - - [18/Mar/2026:12:05:01 -0400] "GET /hong-kong-court-docket-overturns-conviction-of-three-former-organisers-of-tiananmen-vigils/ HTTP/1.1" 200 55001 "-" "Mozilla/5.0 (compatible; SemrushBot/7~bl; +http://www.semrush.com/bot.html)"
50.6.201.88 - - [18/Mar/2026:12:05:01 -0400] "POST /wp-admin/admin-ajax.php?action=async_litespeed&nonce=6a32a20319&litespeed_type=imgoptm HTTP/1.1" 200 21 "-" "WordPress/6.9.4; https://planetnewspro.com"
50.6.201.88 - - [18/Mar/2026:12:05:08 -0400] "POST /wp-cron.php?doing_wp_cron=1773849908.3189210891723632812500 HTTP/1.1" 200 - "-" "WordPress/6.9.4; https://planetnewspro.com"
185.191.171.16 - - [18/Mar/2026:12:05:07 -0400] "GET /agility-robotics-humanoid-robotic-has-its-first-actual-job-at-a-spanx-manufacturing-facility/ HTTP/1.1" 200 53188 "-" "Mozilla/5.0 (compatible; SemrushBot/7~bl; +http://www.semrush.com/bot.html)"
50.6.201.88 - - [18/Mar/2026:12:05:18 -0400] "POST /wp-cron.php?doing_wp_cron=1773849918.0914878845214843750000 HTTP/1.1" 200 - "-" "WordPress/6.9.4; https://planetnewspro.com"
185.191.171.13 - - [18/Mar/2026:12:05:17 -0400] "GET /we-waited-an-hour-for-nycs-viral-irish-soda-bread-scones/ HTTP/1.1" 200 54763 "-" "Mozilla/5.0 (compatible; SemrushBot/7~bl; +http://www.semrush.com/bot.html)"
50.6.201.88 - - [18/Mar/2026:12:05:24 -0400] "POST /wp-cron.php?doing_wp_cron=1773849924.5049159526824951171875 HTTP/1.1" 200 - "-" "WordPress/6.9.4; https://planetnewspro.com"
148.135.200.35 - - [18/Mar/2026:12:05:24 -0400] "POST /wp-login.php HTTP/1.1" 200 6333 "-" "Mozilla/5.0"
185.191.171.14 - - [18/Mar/2026:12:05:27 -0400] "GET /our-11-favourite-merchandise-we-examined-in-december/ HTTP/1.1" 200 56426 "-" "Mozilla/5.0 (compatible; SemrushBot/7~bl; +http://www.semrush.com/bot.html)"
216.73.216.103 - - [18/Mar/2026:12:05:34 -0400] "GET /?p=36895 HTTP/1.1" 301 - "-" "Mozilla/5.0 AppleWebKit/537.36 (KHTML, like Gecko; compatible; ClaudeBot/1.0; +claudebot@anthropic.com)"
216.73.216.103 - - [18/Mar/2026:12:05:35 -0400] "GET /oasis-faces-backlash-in-south-korea-over-controversial-dawn-video-2/ HTTP/1.1" 200 53502 "https://planetnewspro.com/?p=36895" "Mozilla/5.0 AppleWebKit/537.36 (KHTML, like Gecko; compatible; ClaudeBot/1.0; +claudebot@anthropic.com)"
85.208.96.196 - - [18/Mar/2026:12:05:38 -0400] "GET /googles-taara-hopes-to-usher-in-a-new-period-of-web-powered-by-gentle/ HTTP/1.1" 200 55889 "-" "Mozilla/5.0 (compatible; SemrushBot/7~bl; +http://www.semrush.com/bot.html)"
50.6.201.88 - - [18/Mar/2026:12:05:50 -0400] "POST /wp-cron.php?doing_wp_cron=1773849950.0197370052337646484375 HTTP/1.1" 200 - "-" "WordPress/6.9.4; https://planetnewspro.com"
17.241.227.40 - - [18/Mar/2026:12:05:49 -0400] "GET /poppy-seed-dressing-cookie-and-kate/ HTTP/1.1" 200 53210 "-" "Mozilla/5.0 (Macintosh; Intel Mac OS X 10_15_7) AppleWebKit/605.1.15 (KHTML, like Gecko) Version/17.4 Safari/605.1.15 (Applebot/0.1; +http://www.apple.com/go/applebot)"
50.6.201.88 - - [18/Mar/2026:12:05:50 -0400] "POST /wp-cron.php?doing_wp_cron=1773849950.1393859386444091796875 HTTP/1.1" 200 - "-" "WordPress/6.9.4; https://planetnewspro.com"
185.191.171.10 - - [18/Mar/2026:12:05:49 -0400] "GET /fridgescaping-is-the-pattern-that-has-folks-adorning-the-within-their-fridges/ HTTP/1.1" 200 56193 "-" "Mozilla/5.0 (compatible; SemrushBot/7~bl; +http://www.semrush.com/bot.html)"
185.191.171.17 - - [18/Mar/2026:12:05:51 -0400] "GET /robots.txt HTTP/1.1" 200 128 "-" "Mozilla/5.0 (compatible; SemrushBot/7~bl; +http://www.semrush.com/bot.html)"
85.208.96.202 - - [18/Mar/2026:12:05:52 -0400] "GET /riley-gaines-stand-with-ladies/ HTTP/1.1" 200 53745 "-" "Mozilla/5.0 (compatible; SemrushBot/7~bl; +http://www.semrush.com/bot.html)"
85.208.96.195 - - [18/Mar/2026:12:05:56 -0400] "GET /followers-lose-it-as-invincible-season-3-lastly-makes-a-beloved-couple-official/ HTTP/1.1" 200 52953 "-" "Mozilla/5.0 (compatible; SemrushBot/7~bl; +http://www.semrush.com/bot.html)"
185.191.171.9 - - [18/Mar/2026:12:06:07 -0400] "GET /creamy-tuscan-dip-marry-me-dip/ HTTP/1.1" 200 56997 "-" "Mozilla/5.0 (compatible; SemrushBot/7~bl; +http://www.semrush.com/bot.html)"
216.73.216.103 - - [18/Mar/2026:12:06:10 -0400] "GET /?p=39348 HTTP/1.1" 301 - "-" "Mozilla/5.0 AppleWebKit/537.36 (KHTML, like Gecko; compatible; ClaudeBot/1.0; +claudebot@anthropic.com)"
216.73.216.103 - - [18/Mar/2026:12:06:11 -0400] "GET /easy-methods-to-simply-flip-your-pdf-into-an-audiobook/ HTTP/1.1" 200 56991 "https://planetnewspro.com/?p=39348" "Mozilla/5.0 AppleWebKit/537.36 (KHTML, like Gecko; compatible; ClaudeBot/1.0; +claudebot@anthropic.com)"
112.211.141.27 - - [18/Mar/2026:12:06:12 -0400] "POST /wp-comments-post.php HTTP/1.1" 403 2554 "-" "Mozilla/5.0 (Windows NT 10.0; Win64; x64) AppleWebKit/537.36 (KHTML, like Gecko) Chrome/120.0.0.0 Safari/537.36"
112.211.141.27 - - [18/Mar/2026:12:06:14 -0400] "POST /wp-comments-post.php HTTP/1.1" 403 2554 "-" "Mozilla/5.0 (Windows NT 10.0; Win64; x64) AppleWebKit/537.36 (KHTML, like Gecko) Chrome/120.0.0.0 Safari/537.36"
112.211.141.27 - - [18/Mar/2026:12:06:15 -0400] "POST /wp-comments-post.php HTTP/1.1" 403 2554 "-" "Mozilla/5.0 (Windows NT 10.0; Win64; x64) AppleWebKit/537.36 (KHTML, like Gecko) Chrome/120.0.0.0 Safari/537.36"
112.211.141.27 - - [18/Mar/2026:12:06:17 -0400] "POST /wp-comments-post.php HTTP/1.1" 403 2554 "-" "Mozilla/5.0 (Windows NT 10.0; Win64; x64) AppleWebKit/537.36 (KHTML, like Gecko) Chrome/120.0.0.0 Safari/537.36"
112.211.141.27 - - [18/Mar/2026:12:06:18 -0400] "POST /wp-comments-post.php HTTP/1.1" 403 2554 "-" "Mozilla/5.0 (Windows NT 10.0; Win64; x64) AppleWebKit/537.36 (KHTML, like Gecko) Chrome/120.0.0.0 Safari/537.36"
112.211.141.27 - - [18/Mar/2026:12:06:20 -0400] "POST /wp-comments-post.php HTTP/1.1" 403 2554 "-" "Mozilla/5.0 (Windows NT 10.0; Win64; x64) AppleWebKit/537.36 (KHTML, like Gecko) Chrome/120.0.0.0 Safari/537.36"
112.211.141.27 - - [18/Mar/2026:12:06:21 -0400] "POST /wp-comments-post.php HTTP/1.1" 403 2554 "-" "Mozilla/5.0 (Windows NT 10.0; Win64; x64) AppleWebKit/537.36 (KHTML, like Gecko) Chrome/120.0.0.0 Safari/537.36"
112.211.141.27 - - [18/Mar/2026:12:06:23 -0400] "POST /wp-comments-post.php HTTP/1.1" 403 2554 "-" "Mozilla/5.0 (Windows NT 10.0; Win64; x64) AppleWebKit/537.36 (KHTML, like Gecko) Chrome/120.0.0.0 Safari/537.36"
112.211.141.27 - - [18/Mar/2026:12:06:25 -0400] "POST /wp-comments-post.php HTTP/1.1" 403 2554 "-" "Mozilla/5.0 (Windows NT 10.0; Win64; x64) AppleWebKit/537.36 (KHTML, like Gecko) Chrome/120.0.0.0 Safari/537.36"
112.211.141.27 - - [18/Mar/2026:12:06:26 -0400] "POST /wp-comments-post.php HTTP/1.1" 403 2554 "-" "Mozilla/5.0 (Windows NT 10.0; Win64; x64) AppleWebKit/537.36 (KHTML, like Gecko) Chrome/120.0.0.0 Safari/537.36"
185.191.171.3 - - [18/Mar/2026:12:06:28 -0400] "GET /author/admin-pnp-171/page/947/ HTTP/1.1" 200 43909 "-" "Mozilla/5.0 (compatible; SemrushBot/7~bl; +http://www.semrush.com/bot.html)"
50.6.201.88 - - [18/Mar/2026:12:07:06 -0400] "POST /wp-cron.php?doing_wp_cron=1773850026.1857419013977050781250 HTTP/1.1" 200 - "-" "WordPress/6.9.4; https://planetnewspro.com"
152.58.56.16 - - [18/Mar/2026:12:07:03 -0400] "GET /category/current-affairs/page/46/ HTTP/1.1" 200 45081 "-" "Mozilla/5.0 (Macintosh; Intel Mac OS X 10_8_2) AppleWebKit/537.13 (KHTML, like Gecko) Chrome/24.0.1290.1 Safari/537.13"
50.6.201.88 - - [18/Mar/2026:12:07:06 -0400] "POST /wp-admin/admin-ajax.php?action=async_litespeed&nonce=6a32a20319&litespeed_type=imgoptm HTTP/1.1" 200 21 "-" "WordPress/6.9.4; https://planetnewspro.com"
85.208.96.207 - - [18/Mar/2026:12:07:15 -0400] "GET /methodology-for-fortunes-rating-of-finest-in-person-grasps-in-knowledge-science-packages/ HTTP/1.1" 200 52897 "-" "Mozilla/5.0 (compatible; SemrushBot/7~bl; +http://www.semrush.com/bot.html)"
185.191.171.18 - - [18/Mar/2026:12:07:17 -0400] "GET /how-and-why-you-ought-to-prepare-dinner-with-coconut-oil/ HTTP/1.1" 200 54775 "-" "Mozilla/5.0 (compatible; SemrushBot/7~bl; +http://www.semrush.com/bot.html)"
185.191.171.19 - - [18/Mar/2026:12:07:19 -0400] "GET /i-run-a-100m-vc-fund-for-immigrants-right-heres-why-theyre-typically-higher-than-these-born-right-here/ HTTP/1.1" 200 54314 "-" "Mozilla/5.0 (compatible; SemrushBot/7~bl; +http://www.semrush.com/bot.html)"
43.173.176.29 - - [18/Mar/2026:12:07:39 -0400] "GET /?p=18597 HTTP/1.1" 301 - "-" "Mozilla/5.0 (Windows NT 10.0; Win64; x64) AppleWebKit/537.36 (KHTML, like Gecko) Chrome/133.0.0.0 Safari/537.36"
43.173.172.41 - - [18/Mar/2026:12:07:39 -0400] "GET /new-ledger-flex-with-2-8-inch-e-ink-show-launched/ HTTP/1.1" 200 52600 "-" "Mozilla/5.0 (Windows NT 10.0; Win64; x64) AppleWebKit/537.36 (KHTML, like Gecko) Chrome/109.0.0.0 Safari/537.36"
43.173.173.91 - - [18/Mar/2026:12:07:41 -0400] "GET /need-to-begin-investing-in-2025-an-ex-goldman-sachs-wealth-adviser-reveals-the-6-easy-steps-to-observe/ HTTP/1.1" 200 54231 "-" "Mozilla/5.0 (Windows NT 10.0; Win64; x64) AppleWebKit/537.36 (KHTML, like Gecko) Chrome/133.0.0.0 Safari/537.36"
85.208.96.212 - - [18/Mar/2026:12:07:47 -0400] "GET /straightforward-veggie-stir-fry-recipe/ HTTP/1.1" 200 55709 "-" "Mozilla/5.0 (compatible; SemrushBot/7~bl; +http://www.semrush.com/bot.html)"
43.173.176.86 - - [18/Mar/2026:12:07:53 -0400] "GET /?p=18597 HTTP/1.1" 301 - "-" "Mozilla/5.0 (Windows NT 10.0; Win64; x64) AppleWebKit/537.36 (KHTML, like Gecko) Chrome/120.0.0.0 Safari/537.36"
43.173.177.136 - - [18/Mar/2026:12:07:53 -0400] "GET /new-ledger-flex-with-2-8-inch-e-ink-show-launched/ HTTP/1.1" 200 52600 "-" "Mozilla/5.0 (Windows NT 10.0; Win64; x64) AppleWebKit/537.36 (KHTML, like Gecko) Chrome/105.0.0.0 Safari/537.3"
43.173.176.86 - - [18/Mar/2026:12:07:54 -0400] "GET /need-to-begin-investing-in-2025-an-ex-goldman-sachs-wealth-adviser-reveals-the-6-easy-steps-to-observe/ HTTP/1.1" 200 54231 "https://planetnewspro.com/?p=18597" "Mozilla/5.0 (Windows NT 10.0; Win64; x64) AppleWebKit/537.36 (KHTML, like Gecko) Chrome/120.0.0.0 Safari/537.36"
50.6.201.88 - - [18/Mar/2026:12:08:32 -0400] "POST /wp-cron.php?doing_wp_cron=1773850112.3293290138244628906250 HTTP/1.1" 200 - "-" "WordPress/6.9.4; https://planetnewspro.com"
85.208.96.199 - - [18/Mar/2026:12:08:31 -0400] "GET /4-straightforward-methods-to-preserve-extra-of-your-cash/ HTTP/1.1" 200 53293 "-" "Mozilla/5.0 (compatible; SemrushBot/7~bl; +http://www.semrush.com/bot.html)"
50.6.201.88 - - [18/Mar/2026:12:08:32 -0400] "POST /wp-admin/admin-ajax.php?action=async_litespeed&nonce=6a32a20319&litespeed_type=imgoptm HTTP/1.1" 200 21 "-" "WordPress/6.9.4; https://planetnewspro.com"
185.191.171.1 - - [18/Mar/2026:12:08:34 -0400] "GET /cant-wait-to-stream-carry-on-on-netflix-listed-below-are-3-extra-motion-films-with-over-90-on-rotten-tomatoes/ HTTP/1.1" 200 56349 "-" "Mozilla/5.0 (compatible; SemrushBot/7~bl; +http://www.semrush.com/bot.html)"
209.141.49.144 - - [18/Mar/2026:12:08:36 -0400] "GET /wp-login.php HTTP/1.1" 200 5856 "-" "Mozilla/5.0 (X11; Linux x86_64) AppleWebKit/537.36 (KHTML, like Gecko) Chrome/36.0.1985.125 Safari/537.36"
209.141.49.144 - - [18/Mar/2026:12:08:38 -0400] "POST /wp-login.php HTTP/1.1" 200 6351 "-" "Mozilla/5.0 (X11; Linux x86_64) AppleWebKit/537.36 (KHTML, like Gecko) Chrome/36.0.1985.125 Safari/537.36"
43.173.180.135 - - [18/Mar/2026:12:08:40 -0400] "GET /?p=13764 HTTP/1.1" 301 - "-" "Mozilla/5.0 (Windows NT 10.0; Win64; x64) AppleWebKit/537.36 (KHTML, like Gecko) Chrome/131.0.0.0 Safari/537.36"
43.173.178.55 - - [18/Mar/2026:12:08:40 -0400] "GET /gen-x-founding-father-of-63-million-a-year-ice-cream-firm-grows-raspberries-blueberries-and-bok-choi-from-her-central-london-abode/ HTTP/1.1" 200 56099 "-" "Mozilla/5.0 (Windows NT 10.0; Win64; x64) AppleWebKit/537.36 (KHTML, like Gecko) Chrome/131.0.0.0 Safari/537.36"
207.180.11.55 - - [18/Mar/2026:12:08:52 -0400] "GET /dive-into-zambian-heritage-a-cultural-tour-of-mukuni-village/feed/ HTTP/1.1" 200 882 "-" "Mozilla/5.0 (Macintosh; Intel Mac OS X 10_15_7) AppleWebKit/537.36 (KHTML, like Gecko) Chrome/135.0.0.0 Safari/537.36"
185.191.171.10 - - [18/Mar/2026:12:08:57 -0400] "GET /candy-potato-hash-recipe-cookie-and-kate/ HTTP/1.1" 200 53646 "-" "Mozilla/5.0 (compatible; SemrushBot/7~bl; +http://www.semrush.com/bot.html)"
50.6.201.88 - - [18/Mar/2026:12:09:11 -0400] "POST /wp-cron.php?doing_wp_cron=1773850151.3902111053466796875000 HTTP/1.1" 200 - "-" "WordPress/6.9.4; https://planetnewspro.com"
85.208.96.198 - - [18/Mar/2026:12:09:10 -0400] "GET /simple-garlic-butter-pasta-recipe/ HTTP/1.1" 200 55849 "-" "Mozilla/5.0 (compatible; SemrushBot/7~bl; +http://www.semrush.com/bot.html)"
50.6.201.88 - - [18/Mar/2026:12:09:11 -0400] "POST /wp-admin/admin-ajax.php?action=async_litespeed&nonce=6a32a20319&litespeed_type=imgoptm HTTP/1.1" 200 21 "-" "WordPress/6.9.4; https://planetnewspro.com"
185.191.171.1 - - [18/Mar/2026:12:09:14 -0400] "GET /do-it-yourself-vegetable-broth-the-recipe-critic/ HTTP/1.1" 200 55993 "-" "Mozilla/5.0 (compatible; SemrushBot/7~bl; +http://www.semrush.com/bot.html)"
50.6.201.88 - - [18/Mar/2026:12:09:40 -0400] "POST /wp-cron.php?doing_wp_cron=1773850180.0943729877471923828125 HTTP/1.1" 200 - "-" "WordPress/6.9.4; https://planetnewspro.com"
85.208.96.203 - - [18/Mar/2026:12:09:39 -0400] "GET /why-thailand-is-the-excellent-vacation-spot-for-your-dream-wedding-ceremony/ HTTP/1.1" 200 58253 "-" "Mozilla/5.0 (compatible; SemrushBot/7~bl; +http://www.semrush.com/bot.html)"
43.173.179.8 - - [18/Mar/2026:12:09:40 -0400] "GET /?p=4408 HTTP/1.1" 301 - "-" "Mozilla/5.0 (Windows NT 10.0; Win64; x64) AppleWebKit/537.36 (KHTML, like Gecko) Chrome/109.0.0.0 Safari/537.36"
43.173.175.165 - - [18/Mar/2026:12:09:41 -0400] "GET /fudgy-black-bean-brownies-the-recipe-critic/ HTTP/1.1" 200 56475 "-" "Mozilla/5.0 (Windows NT 10.0; Win64; x64) AppleWebKit/537.36 (KHTML, like Gecko) Chrome/103.0.0.0 Safari/537.36"
43.173.176.127 - - [18/Mar/2026:12:09:41 -0400] "GET /lady-attacked-by-the-night-time-watcher-was-left-tied-up-and-screaming-in-scene-like-a-horror-film-prolific-masked-robber-is-suspected-of-a-brand-new-2million-raid-including-to-his-multi-million/ HTTP/1.1" 200 55451 "-" "Mozilla/5.0 (Windows NT 10.0; Win64; x64) AppleWebKit/537.36 (KHTML, like Gecko) Chrome/109.0.0.0 Safari/537.36"
85.208.96.211 - - [18/Mar/2026:12:09:43 -0400] "GET /gautam-gambhir-suryakumar-yadav-on-similar-web-page-pant-over-samson-hardik-pandya-damage-excuse/ HTTP/1.1" 200 54253 "-" "Mozilla/5.0 (compatible; SemrushBot/7~bl; +http://www.semrush.com/bot.html)"
185.191.171.4 - - [18/Mar/2026:12:09:44 -0400] "GET /hen-wild-rice-soup-spend-with-pennies/ HTTP/1.1" 200 58747 "-" "Mozilla/5.0 (compatible; SemrushBot/7~bl; +http://www.semrush.com/bot.html)"
85.208.96.195 - - [18/Mar/2026:12:09:46 -0400] "GET /rick-scott-reignites-his-struggle-towards-chinese-language-sewage-garlic-is-it-really-a-main-risk/ HTTP/1.1" 200 54586 "-" "Mozilla/5.0 (compatible; SemrushBot/7~bl; +http://www.semrush.com/bot.html)"
85.208.96.207 - - [18/Mar/2026:12:09:50 -0400] "GET /india-thrash-zimbabwe-in-2nd-t20i-stage-the-collection-at-1-1-courtesy-of-the-abhishek-sharma-present/ HTTP/1.1" 200 53146 "-" "Mozilla/5.0 (compatible; SemrushBot/7~bl; +http://www.semrush.com/bot.html)"
142.111.192.51 - - [18/Mar/2026:12:09:55 -0400] "GET /ruling-the-desk-king-chefs-world-taste-sport/ HTTP/1.1" 200 59508 "-" "Mozilla/5.0 (X11; Linux x86_64) AppleWebKit/537.36 (KHTML, like Gecko) Chrome/106.0.0.0 Safari/537.36"
43.173.179.160 - - [18/Mar/2026:12:09:55 -0400] "GET /?p=4408 HTTP/1.1" 301 - "-" "Mozilla/5.0 (Windows NT 10.0; Win64; x64) AppleWebKit/537.36 (KHTML, like Gecko) Chrome/106.0.5249.119 Safari/537.36"
43.173.179.174 - - [18/Mar/2026:12:09:55 -0400] "GET /fudgy-black-bean-brownies-the-recipe-critic/ HTTP/1.1" 200 56474 "-" "Mozilla/5.0 (Windows NT 10.0; Win64; x64) AppleWebKit/537.36 (KHTML, like Gecko) Chrome/112.0.0.0 Safari/537.36"
43.173.179.160 - - [18/Mar/2026:12:09:56 -0400] "GET /lady-attacked-by-the-night-time-watcher-was-left-tied-up-and-screaming-in-scene-like-a-horror-film-prolific-masked-robber-is-suspected-of-a-brand-new-2million-raid-including-to-his-multi-million/ HTTP/1.1" 200 55451 "https://planetnewspro.com/?p=4408" "Mozilla/5.0 (Windows NT 10.0; Win64; x64) AppleWebKit/537.36 (KHTML, like Gecko) Chrome/106.0.5249.119 Safari/537.36"
185.191.171.16 - - [18/Mar/2026:12:09:58 -0400] "GET /2025-nfl-draft-dt-consensus-rankings/ HTTP/1.1" 200 55702 "-" "Mozilla/5.0 (compatible; SemrushBot/7~bl; +http://www.semrush.com/bot.html)"
50.6.201.88 - - [18/Mar/2026:12:10:02 -0400] "POST /wp-cron.php?doing_wp_cron=1773850202.9688220024108886718750 HTTP/1.1" 200 - "-" "WordPress/6.9.4; https://planetnewspro.com"
85.208.96.201 - - [18/Mar/2026:12:10:02 -0400] "GET /kamala-harris-delivers-pitch-excellent-response-to-trumps-fascism/ HTTP/1.1" 200 54748 "-" "Mozilla/5.0 (compatible; SemrushBot/7~bl; +http://www.semrush.com/bot.html)"
50.6.201.88 - - [18/Mar/2026:12:10:03 -0400] "POST /wp-admin/admin-ajax.php?action=async_litespeed&nonce=6a32a20319&litespeed_type=imgoptm HTTP/1.1" 200 21 "-" "WordPress/6.9.4; https://planetnewspro.com"
185.191.171.7 - - [18/Mar/2026:12:10:04 -0400] "GET /why-is-shivapuri-day-mountain-climbing-in-nepal-so-in-style/ HTTP/1.1" 200 58323 "-" "Mozilla/5.0 (compatible; SemrushBot/7~bl; +http://www.semrush.com/bot.html)"
50.6.201.88 - - [18/Mar/2026:12:10:08 -0400] "POST /wp-cron.php?doing_wp_cron=1773850208.7599799633026123046875 HTTP/1.1" 200 - "-" "WordPress/6.9.4; https://planetnewspro.com"
185.179.100.135 - - [18/Mar/2026:12:10:08 -0400] "GET /wp-json/wp/v2/users HTTP/1.1" 200 6791 "-" "Mozilla/4.0 (compatible; Win32; WinHttp.WinHttpRequest.5)"
50.6.201.88 - - [18/Mar/2026:12:10:58 -0400] "POST /wp-cron.php?doing_wp_cron=1773850258.1283760070800781250000 HTTP/1.1" 200 - "-" "WordPress/6.9.4; https://planetnewspro.com"
185.191.171.19 - - [18/Mar/2026:12:10:55 -0400] "GET /energy-couples-dominate-the-blue-carpet-from-dua-lipa-and-callum-turner-to-pharrell-williams-and-helen-lasichanh/ HTTP/1.1" 200 52830 "-" "Mozilla/5.0 (compatible; SemrushBot/7~bl; +http://www.semrush.com/bot.html)"
50.6.201.88 - - [18/Mar/2026:12:11:43 -0400] "POST /wp-cron.php?doing_wp_cron=1773850303.6201460361480712890625 HTTP/1.1" 200 - "-" "WordPress/6.9.4; https://planetnewspro.com"
185.179.100.135 - - [18/Mar/2026:12:11:41 -0400] "POST /xmlrpc.php HTTP/1.1" 200 403 "-" "Mozilla/5.0 (Windows NT 10.0; x86) AppleWebKit/537.36 (KHTML, like Gecko) Safari/13.0.0.0 Safari/537.36"
50.6.201.88 - - [18/Mar/2026:12:11:43 -0400] "POST /wp-admin/admin-ajax.php?action=async_litespeed&nonce=6a32a20319&litespeed_type=imgoptm HTTP/1.1" 200 21 "-" "WordPress/6.9.4; https://planetnewspro.com"
85.208.96.204 - - [18/Mar/2026:12:11:50 -0400] "GET /taiwan-receives-first-batch-of-108-abrams-tanks-from-us/ HTTP/1.1" 200 52999 "-" "Mozilla/5.0 (compatible; SemrushBot/7~bl; +http://www.semrush.com/bot.html)"
50.6.201.88 - - [18/Mar/2026:12:12:13 -0400] "POST /wp-cron.php?doing_wp_cron=1773850333.7410390377044677734375 HTTP/1.1" 200 - "-" "WordPress/6.9.4; https://planetnewspro.com"
216.73.216.103 - - [18/Mar/2026:12:12:13 -0400] "GET /?p=35155 HTTP/1.1" 301 - "-" "Mozilla/5.0 AppleWebKit/537.36 (KHTML, like Gecko; compatible; ClaudeBot/1.0; +claudebot@anthropic.com)"
50.6.201.88 - - [18/Mar/2026:12:12:13 -0400] "POST /wp-admin/admin-ajax.php?action=async_litespeed&nonce=6a32a20319&litespeed_type=imgoptm HTTP/1.1" 200 21 "-" "WordPress/6.9.4; https://planetnewspro.com"
216.73.216.103 - - [18/Mar/2026:12:12:13 -0400] "GET /i-suffered-marcus-rashford-humiliation-and-tore-my-shirt-off-in-disgust-i-used-to-be-so-indignant/ HTTP/1.1" 200 55738 "https://planetnewspro.com/?p=35155" "Mozilla/5.0 AppleWebKit/537.36 (KHTML, like Gecko; compatible; ClaudeBot/1.0; +claudebot@anthropic.com)"
216.73.216.103 - - [18/Mar/2026:12:12:14 -0400] "GET /?p=35563 HTTP/1.1" 301 - "-" "Mozilla/5.0 AppleWebKit/537.36 (KHTML, like Gecko; compatible; ClaudeBot/1.0; +claudebot@anthropic.com)"
216.73.216.103 - - [18/Mar/2026:12:12:14 -0400] "GET /oscar-nominee-cynthia-erivo-takes-to-the-courtroom-as-prima-facie-begins-filming-this-fall/ HTTP/1.1" 200 53037 "https://planetnewspro.com/?p=35563" "Mozilla/5.0 AppleWebKit/537.36 (KHTML, like Gecko; compatible; ClaudeBot/1.0; +claudebot@anthropic.com)"
216.73.216.103 - - [18/Mar/2026:12:12:14 -0400] "GET /?p=25902 HTTP/1.1" 301 - "-" "Mozilla/5.0 AppleWebKit/537.36 (KHTML, like Gecko; compatible; ClaudeBot/1.0; +claudebot@anthropic.com)"
34.236.115.10 - - [18/Mar/2026:12:12:15 -0400] "GET /ads.txt HTTP/1.1" 200 78 "-" "Trade Desk ads.txt & sellers.json crawler"
216.73.216.103 - - [18/Mar/2026:12:12:15 -0400] "GET /how-the-samurai-introduced-stability-and-justice-to-japan/ HTTP/1.1" 200 55493 "https://planetnewspro.com/?p=25902" "Mozilla/5.0 AppleWebKit/537.36 (KHTML, like Gecko; compatible; ClaudeBot/1.0; +claudebot@anthropic.com)"
85.208.96.209 - - [18/Mar/2026:12:12:17 -0400] "GET /la-french-tech-gears-as-much-as-go-in-a-brand-new-route/ HTTP/1.1" 200 53914 "-" "Mozilla/5.0 (compatible; SemrushBot/7~bl; +http://www.semrush.com/bot.html)"
50.6.201.88 - - [18/Mar/2026:12:12:21 -0400] "POST /wp-cron.php?doing_wp_cron=1773850341.1273961067199707031250 HTTP/1.1" 200 - "-" "WordPress/6.9.4; https://planetnewspro.com"
85.208.96.200 - - [18/Mar/2026:12:12:20 -0400] "GET /finn-wolfhard-calls-stranger-issues-season-5-an-intimate-season-hints-at-a-full-circle/ HTTP/1.1" 200 52791 "-" "Mozilla/5.0 (compatible; SemrushBot/7~bl; +http://www.semrush.com/bot.html)"
216.73.216.103 - - [18/Mar/2026:12:12:25 -0400] "GET /?p=36684 HTTP/1.1" 301 - "-" "Mozilla/5.0 AppleWebKit/537.36 (KHTML, like Gecko; compatible; ClaudeBot/1.0; +claudebot@anthropic.com)"
216.73.216.103 - - [18/Mar/2026:12:12:25 -0400] "GET /?p=35955 HTTP/1.1" 301 - "-" "Mozilla/5.0 AppleWebKit/537.36 (KHTML, like Gecko; compatible; ClaudeBot/1.0; +claudebot@anthropic.com)"
216.73.216.103 - - [18/Mar/2026:12:12:25 -0400] "GET /trumps-social-safety-tax-cuts-might-hit-future-generations-exhausting-and-propel-this-systems-insolvency-by-2032-analysis-warns/ HTTP/1.1" 200 53148 "https://planetnewspro.com/?p=36684" "Mozilla/5.0 AppleWebKit/537.36 (KHTML, like Gecko; compatible; ClaudeBot/1.0; +claudebot@anthropic.com)"
216.73.216.103 - - [18/Mar/2026:12:12:26 -0400] "GET /?p=34951 HTTP/1.1" 301 - "-" "Mozilla/5.0 AppleWebKit/537.36 (KHTML, like Gecko; compatible; ClaudeBot/1.0; +claudebot@anthropic.com)"
216.73.216.103 - - [18/Mar/2026:12:12:26 -0400] "GET /the-present-of-night-times-sleep-the-ceo-who-donates-duvets-and-luxurious-sheets-to-households-who-want-relaxation-most/ HTTP/1.1" 200 69725 "https://planetnewspro.com/?p=35955" "Mozilla/5.0 AppleWebKit/537.36 (KHTML, like Gecko; compatible; ClaudeBot/1.0; +claudebot@anthropic.com)"
