185.191.171.1 - - [18/Mar/2026:10:56:13 -0400] "GET /18-meals-highest-in-zinc-plus-its-advantages/ HTTP/1.1" 200 55643 "-" "Mozilla/5.0 (compatible; SemrushBot/7~bl; +http://www.semrush.com/bot.html)"
50.6.201.88 - - [18/Mar/2026:10:56:14 -0400] "POST /wp-admin/admin-ajax.php?action=async_litespeed&nonce=6a32a20319&litespeed_type=imgoptm HTTP/1.1" 200 21 "-" "WordPress/6.9.4; https://planetnewspro.com"
185.191.171.14 - - [18/Mar/2026:10:56:15 -0400] "GET /we-reside-in-a-literary-world-of-horrible-self-printed-authors/ HTTP/1.1" 200 55593 "-" "Mozilla/5.0 (compatible; SemrushBot/7~bl; +http://www.semrush.com/bot.html)"
85.208.96.211 - - [18/Mar/2026:10:56:54 -0400] "GET /from-paper-to-pixels-the-rise-of-e-readers-and-digital-studying/ HTTP/1.1" 200 53989 "-" "Mozilla/5.0 (compatible; SemrushBot/7~bl; +http://www.semrush.com/bot.html)"
17.22.237.198 - - [18/Mar/2026:10:57:03 -0400] "GET /metas-inventory-is-on-a-document-profitable-streak-watch-these-value-ranges/ HTTP/1.1" 200 54133 "-" "Mozilla/5.0 (Macintosh; Intel Mac OS X 10_15_7) AppleWebKit/605.1.15 (KHTML, like Gecko) Version/17.4 Safari/605.1.15 (Applebot/0.1; +http://www.apple.com/go/applebot)"
50.6.201.88 - - [18/Mar/2026:10:57:24 -0400] "POST /wp-cron.php?doing_wp_cron=1773845844.4219989776611328125000 HTTP/1.1" 200 - "-" "WordPress/6.9.4; https://planetnewspro.com"
216.73.216.103 - - [18/Mar/2026:10:57:24 -0400] "GET /robots.txt HTTP/1.1" 200 128 "-" "Mozilla/5.0 AppleWebKit/537.36 (KHTML, like Gecko; compatible; ClaudeBot/1.0; +claudebot@anthropic.com)"
216.73.216.103 - - [18/Mar/2026:10:57:24 -0400] "GET /5-frequent-home-items-that-trigger-main-wifi-disruption HTTP/1.1" 301 - "-" "Mozilla/5.0 AppleWebKit/537.36 (KHTML, like Gecko; compatible; ClaudeBot/1.0; +claudebot@anthropic.com)"
50.6.201.88 - - [18/Mar/2026:10:57:24 -0400] "POST /wp-admin/admin-ajax.php?action=async_litespeed&nonce=6a32a20319&litespeed_type=imgoptm HTTP/1.1" 200 21 "-" "WordPress/6.9.4; https://planetnewspro.com"
216.73.216.103 - - [18/Mar/2026:10:57:24 -0400] "GET /5-frequent-home-items-that-trigger-main-wifi-disruption/ HTTP/1.1" 200 53930 "https://planetnewspro.com/5-frequent-home-items-that-trigger-main-wifi-disruption" "Mozilla/5.0 AppleWebKit/537.36 (KHTML, like Gecko; compatible; ClaudeBot/1.0; +claudebot@anthropic.com)"
185.191.171.15 - - [18/Mar/2026:10:57:32 -0400] "GET /actual-sociedad-vs-ajax-prediction-match-preview-stay-streaming-29-november-2024/ HTTP/1.1" 200 56914 "-" "Mozilla/5.0 (compatible; SemrushBot/7~bl; +http://www.semrush.com/bot.html)"
216.73.216.103 - - [18/Mar/2026:10:57:40 -0400] "GET /my-go-to-rooster-breast-recipe HTTP/1.1" 301 - "-" "Mozilla/5.0 AppleWebKit/537.36 (KHTML, like Gecko; compatible; ClaudeBot/1.0; +claudebot@anthropic.com)"
216.73.216.103 - - [18/Mar/2026:10:57:41 -0400] "GET /my-go-to-rooster-breast-recipe/ HTTP/1.1" 200 60484 "https://planetnewspro.com/my-go-to-rooster-breast-recipe" "Mozilla/5.0 AppleWebKit/537.36 (KHTML, like Gecko; compatible; ClaudeBot/1.0; +claudebot@anthropic.com)"
50.6.201.88 - - [18/Mar/2026:10:58:18 -0400] "POST /wp-cron.php?doing_wp_cron=1773845898.4892449378967285156250 HTTP/1.1" 200 - "-" "WordPress/6.9.4; https://planetnewspro.com"
185.191.171.7 - - [18/Mar/2026:10:58:15 -0400] "GET /katy-perry-snaps-at-critics-after-mockery-of-her-all-feminine-area-crew-unhinged-and-unhealed-the-gateway-pundit/ HTTP/1.1" 200 53407 "-" "Mozilla/5.0 (compatible; SemrushBot/7~bl; +http://www.semrush.com/bot.html)"
50.6.201.88 - - [18/Mar/2026:10:58:18 -0400] "POST /wp-admin/admin-ajax.php?action=async_litespeed&nonce=6a32a20319&litespeed_type=imgoptm HTTP/1.1" 200 21 "-" "WordPress/6.9.4; https://planetnewspro.com"
50.6.201.88 - - [18/Mar/2026:10:58:29 -0400] "POST /wp-cron.php?doing_wp_cron=1773845909.2717669010162353515625 HTTP/1.1" 200 - "-" "WordPress/6.9.4; https://planetnewspro.com"
85.208.96.204 - - [18/Mar/2026:10:58:28 -0400] "GET /fish-taco-sauce-spend-with-pennies/ HTTP/1.1" 200 56762 "-" "Mozilla/5.0 (compatible; SemrushBot/7~bl; +http://www.semrush.com/bot.html)"
185.191.171.3 - - [18/Mar/2026:10:58:40 -0400] "GET /as-arcane-nears-its-finish-its-creators-tease-the-black-rose-remains-to-be-an-integral-a-part-of-season-2-however-they-will-not-verify-if-the-group-is-the-hit-netflix-presents-most-important-vill/ HTTP/1.1" 200 55331 "-" "Mozilla/5.0 (compatible; SemrushBot/7~bl; +http://www.semrush.com/bot.html)"
216.73.216.103 - - [18/Mar/2026:10:58:42 -0400] "GET /anthropic-lets-customers-join-extra-apps-to-claude HTTP/1.1" 301 - "-" "Mozilla/5.0 AppleWebKit/537.36 (KHTML, like Gecko; compatible; ClaudeBot/1.0; +claudebot@anthropic.com)"
216.73.216.103 - - [18/Mar/2026:10:58:42 -0400] "GET /anthropic-lets-customers-join-extra-apps-to-claude/ HTTP/1.1" 200 52645 "https://planetnewspro.com/anthropic-lets-customers-join-extra-apps-to-claude" "Mozilla/5.0 AppleWebKit/537.36 (KHTML, like Gecko; compatible; ClaudeBot/1.0; +claudebot@anthropic.com)"
36.255.42.54 - - [18/Mar/2026:10:58:48 -0400] "GET /what-ought-to-you-eat-throughout-a-onerous-endurance-occasion/ HTTP/1.1" 200 56718 "https://planetnewspro.com/" "Mozilla/5.0 (Windows NT 10.0; Win64; x64; rv:137.0) Gecko/20100101 Firefox/137.0"
85.208.96.208 - - [18/Mar/2026:10:58:56 -0400] "GET /marvel-of-engineering-david-corenswet-remembers-carrying-henry-cavills-iconic-superman-swimsuit-simply-because-the-former-superman-did-christopher-reeves/ HTTP/1.1" 200 53368 "-" "Mozilla/5.0 (compatible; SemrushBot/7~bl; +http://www.semrush.com/bot.html)"
216.73.216.103 - - [18/Mar/2026:10:58:57 -0400] "GET /japanese-girl-evacuating-amid-tsunami-warning-dies-after-automotive-falls-off-highway HTTP/1.1" 301 - "-" "Mozilla/5.0 AppleWebKit/537.36 (KHTML, like Gecko; compatible; ClaudeBot/1.0; +claudebot@anthropic.com)"
216.73.216.103 - - [18/Mar/2026:10:58:57 -0400] "GET /japanese-girl-evacuating-amid-tsunami-warning-dies-after-automotive-falls-off-highway/ HTTP/1.1" 200 54926 "https://planetnewspro.com/japanese-girl-evacuating-amid-tsunami-warning-dies-after-automotive-falls-off-highway" "Mozilla/5.0 AppleWebKit/537.36 (KHTML, like Gecko; compatible; ClaudeBot/1.0; +claudebot@anthropic.com)"
50.6.201.88 - - [18/Mar/2026:10:59:03 -0400] "POST /wp-cron.php?doing_wp_cron=1773845943.5033559799194335937500 HTTP/1.1" 200 - "-" "WordPress/6.9.4; https://planetnewspro.com"
85.208.96.196 - - [18/Mar/2026:10:59:03 -0400] "GET /current-political-candidate-is-public-determine-for-libel-legislation-functions/ HTTP/1.1" 200 53342 "-" "Mozilla/5.0 (compatible; SemrushBot/7~bl; +http://www.semrush.com/bot.html)"
50.6.201.88 - - [18/Mar/2026:10:59:03 -0400] "POST /wp-admin/admin-ajax.php?action=async_litespeed&nonce=6a32a20319&litespeed_type=imgoptm HTTP/1.1" 200 21 "-" "WordPress/6.9.4; https://planetnewspro.com"
50.6.201.88 - - [18/Mar/2026:10:59:13 -0400] "POST /wp-cron.php?doing_wp_cron=1773845953.1630759239196777343750 HTTP/1.1" 200 - "-" "WordPress/6.9.4; https://planetnewspro.com"
57.141.6.68 - - [18/Mar/2026:10:59:12 -0400] "GET /this-british-climber-has-climbed-mount-everest-19-instances-now-he-desires-to-do-it-once-more/ HTTP/1.1" 200 320617 "-" "meta-externalagent/1.1 (+https://developers.facebook.com/docs/sharing/webmasters/crawler)"
34.96.49.227 - - [18/Mar/2026:10:59:15 -0400] "GET /ads.txt HTTP/1.1" 200 78 "-" "bidswitchbot/1.0"
50.6.201.88 - - [18/Mar/2026:10:59:21 -0400] "POST /wp-cron.php?doing_wp_cron=1773845961.8456459045410156250000 HTTP/1.1" 200 - "-" "WordPress/6.9.4; https://planetnewspro.com"
34.96.49.239 - - [18/Mar/2026:10:59:21 -0400] "GET /ads.txt HTTP/1.1" 200 78 "-" "bidswitchbot/1.0"
185.191.171.14 - - [18/Mar/2026:10:59:23 -0400] "GET /bangladesh-pm-accused-of-crocodile-tears-over-broken-railway-station-after-150-killed-in-violence/ HTTP/1.1" 200 54431 "-" "Mozilla/5.0 (compatible; SemrushBot/7~bl; +http://www.semrush.com/bot.html)"
85.208.96.209 - - [18/Mar/2026:10:59:29 -0400] "GET /netflixs-high-10-most-watched-reveals-have-blended-scores-listed-here-are-3-with-over-90-on-rotten-tomatoes-value-streaming/ HTTP/1.1" 200 56445 "-" "Mozilla/5.0 (compatible; SemrushBot/7~bl; +http://www.semrush.com/bot.html)"
85.208.96.199 - - [18/Mar/2026:10:59:58 -0400] "GET /10-kdp-alternate-options-for-aspiring-authors/ HTTP/1.1" 200 57265 "-" "Mozilla/5.0 (compatible; SemrushBot/7~bl; +http://www.semrush.com/bot.html)"
50.6.201.88 - - [18/Mar/2026:11:00:05 -0400] "POST /wp-cron.php?doing_wp_cron=1773846005.0813729763031005859375 HTTP/1.1" 200 - "-" "WordPress/6.9.4; https://planetnewspro.com"
185.191.171.17 - - [18/Mar/2026:11:00:04 -0400] "GET /reckoning-with-generative-ais-uncanny-valley/ HTTP/1.1" 200 52398 "-" "Mozilla/5.0 (compatible; SemrushBot/7~bl; +http://www.semrush.com/bot.html)"
50.6.201.88 - - [18/Mar/2026:11:00:05 -0400] "POST /wp-admin/admin-ajax.php?action=async_litespeed&nonce=6a32a20319&litespeed_type=imgoptm HTTP/1.1" 200 21 "-" "WordPress/6.9.4; https://planetnewspro.com"
50.6.201.88 - - [18/Mar/2026:11:00:08 -0400] "POST /wp-cron.php?doing_wp_cron=1773846008.9532639980316162109375 HTTP/1.1" 200 - "-" "WordPress/6.9.4; https://planetnewspro.com"
185.191.171.10 - - [18/Mar/2026:11:00:06 -0400] "GET /amazon-renewed-provides-low-cost-sustainable-refurbished-know-how/ HTTP/1.1" 200 53245 "-" "Mozilla/5.0 (compatible; SemrushBot/7~bl; +http://www.semrush.com/bot.html)"
50.6.201.88 - - [18/Mar/2026:11:00:36 -0400] "POST /wp-cron.php?doing_wp_cron=1773846036.5277810096740722656250 HTTP/1.1" 200 - "-" "WordPress/6.9.4; https://planetnewspro.com"
185.191.171.15 - - [18/Mar/2026:11:00:36 -0400] "GET /british-military-could-be-worn-out-in-six-months-to-a-12-months-if-it-was-drawn-into-a-big-scale-warfare-veterans-minister-warns-as-he-requires-rebuild-of-nations-reserve-forces/ HTTP/1.1" 200 55053 "-" "Mozilla/5.0 (compatible; SemrushBot/7~bl; +http://www.semrush.com/bot.html)"
85.208.96.198 - - [18/Mar/2026:11:00:43 -0400] "GET /fourth-circuit-upholds-marylands-so-known-as-assault-weapons-ban-permitting-the-state-to-disarm-regulation-abiding-residents-the-gateway-pundit/ HTTP/1.1" 200 53474 "-" "Mozilla/5.0 (compatible; SemrushBot/7~bl; +http://www.semrush.com/bot.html)"
50.6.201.88 - - [18/Mar/2026:11:00:58 -0400] "POST /wp-cron.php?doing_wp_cron=1773846058.7823419570922851562500 HTTP/1.1" 200 - "-" "WordPress/6.9.4; https://planetnewspro.com"
185.191.171.17 - - [18/Mar/2026:11:00:56 -0400] "GET /how-books-affect-digital-tradition/ HTTP/1.1" 200 54426 "-" "Mozilla/5.0 (compatible; SemrushBot/7~bl; +http://www.semrush.com/bot.html)"
50.6.201.88 - - [18/Mar/2026:11:01:02 -0400] "POST /wp-cron.php?doing_wp_cron=1773846062.5059709548950195312500 HTTP/1.1" 200 - "-" "WordPress/6.9.4; https://planetnewspro.com"
85.208.96.211 - - [18/Mar/2026:11:01:02 -0400] "GET /6-groups-which-may-make-a-commerce-provide-for-matthew-stafford/ HTTP/1.1" 200 54100 "-" "Mozilla/5.0 (compatible; SemrushBot/7~bl; +http://www.semrush.com/bot.html)"
50.6.201.88 - - [18/Mar/2026:11:01:02 -0400] "POST /wp-admin/admin-ajax.php?action=async_litespeed&nonce=6a32a20319&litespeed_type=imgoptm HTTP/1.1" 200 21 "-" "WordPress/6.9.4; https://planetnewspro.com"
17.22.245.223 - - [18/Mar/2026:11:01:07 -0400] "GET /wp-includes/js/jquery/jquery-migrate.min.js?ver=3.4.1 HTTP/1.1" 200 13577 "https://planetnewspro.com/metas-inventory-is-on-a-document-profitable-streak-watch-these-value-ranges/" "Mozilla/5.0 (Macintosh; Intel Mac OS X 10_15_7) AppleWebKit/605.1.15 (KHTML, like Gecko) Version/17.4 Safari/605.1.15 (Applebot/0.1; +http://www.apple.com/go/applebot)"
17.22.237.219 - - [18/Mar/2026:11:01:08 -0400] "GET /wp-includes/js/jquery/jquery.min.js?ver=3.7.1 HTTP/1.1" 200 87553 "https://planetnewspro.com/metas-inventory-is-on-a-document-profitable-streak-watch-these-value-ranges/" "Mozilla/5.0 (Macintosh; Intel Mac OS X 10_15_7) AppleWebKit/605.1.15 (KHTML, like Gecko) Version/17.4 Safari/605.1.15 (Applebot/0.1; +http://www.apple.com/go/applebot)"
17.22.237.103 - - [18/Mar/2026:11:01:10 -0400] "GET /wp-content/plugins/td-composer/legacy/Newspaper/js/tagdiv_theme.min.js?ver=12.6.6 HTTP/1.1" 200 160112 "https://planetnewspro.com/metas-inventory-is-on-a-document-profitable-streak-watch-these-value-ranges/" "Mozilla/5.0 (Macintosh; Intel Mac OS X 10_15_7) AppleWebKit/605.1.15 (KHTML, like Gecko) Version/17.4 Safari/605.1.15 (Applebot/0.1; +http://www.apple.com/go/applebot)"
17.22.253.48 - - [18/Mar/2026:11:01:11 -0400] "GET /wp-content/plugins/td-composer/legacy/Newspaper/js/tdSocialSharing.js?ver=12.6.6 HTTP/1.1" 200 2632 "https://planetnewspro.com/metas-inventory-is-on-a-document-profitable-streak-watch-these-value-ranges/" "Mozilla/5.0 (Macintosh; Intel Mac OS X 10_15_7) AppleWebKit/605.1.15 (KHTML, like Gecko) Version/17.4 Safari/605.1.15 (Applebot/0.1; +http://www.apple.com/go/applebot)"
17.22.253.237 - - [18/Mar/2026:11:01:14 -0400] "GET /wp-content/plugins/td-cloud-library/assets/js/js_files_for_front.min.js?ver=b379c96c54343541fd8742379a419361 HTTP/1.1" 200 29608 "https://planetnewspro.com/metas-inventory-is-on-a-document-profitable-streak-watch-these-value-ranges/" "Mozilla/5.0 (Macintosh; Intel Mac OS X 10_15_7) AppleWebKit/605.1.15 (KHTML, like Gecko) Version/17.4 Safari/605.1.15 (Applebot/0.1; +http://www.apple.com/go/applebot)"
17.22.253.237 - - [18/Mar/2026:11:01:16 -0400] "GET /wp-content/plugins/td-composer/legacy/Newspaper/js/tdPostImages.js?ver=12.6.6 HTTP/1.1" 200 2449 "https://planetnewspro.com/metas-inventory-is-on-a-document-profitable-streak-watch-these-value-ranges/" "Mozilla/5.0 (Macintosh; Intel Mac OS X 10_15_7) AppleWebKit/605.1.15 (KHTML, like Gecko) Version/17.4 Safari/605.1.15 (Applebot/0.1; +http://www.apple.com/go/applebot)"
17.22.245.111 - - [18/Mar/2026:11:01:17 -0400] "GET /wp-content/plugins/td-composer/legacy/Newspaper/js/tdToTop.js?ver=12.6.6 HTTP/1.1" 200 1426 "https://planetnewspro.com/metas-inventory-is-on-a-document-profitable-streak-watch-these-value-ranges/" "Mozilla/5.0 (Macintosh; Intel Mac OS X 10_15_7) AppleWebKit/605.1.15 (KHTML, like Gecko) Version/17.4 Safari/605.1.15 (Applebot/0.1; +http://www.apple.com/go/applebot)"
17.22.253.12 - - [18/Mar/2026:11:01:18 -0400] "GET /wp-content/plugins/td-composer/legacy/Newspaper/js/tdModalPostImages.js?ver=12.6.6 HTTP/1.1" 200 8892 "https://planetnewspro.com/metas-inventory-is-on-a-document-profitable-streak-watch-these-value-ranges/" "Mozilla/5.0 (Macintosh; Intel Mac OS X 10_15_7) AppleWebKit/605.1.15 (KHTML, like Gecko) Version/17.4 Safari/605.1.15 (Applebot/0.1; +http://www.apple.com/go/applebot)"
17.22.253.141 - - [18/Mar/2026:11:01:19 -0400] "GET /wp-content/plugins/td-composer/legacy/Newspaper/js/tdAjaxSearch.js?ver=12.6.6 HTTP/1.1" 200 6145 "https://planetnewspro.com/metas-inventory-is-on-a-document-profitable-streak-watch-these-value-ranges/" "Mozilla/5.0 (Macintosh; Intel Mac OS X 10_15_7) AppleWebKit/605.1.15 (KHTML, like Gecko) Version/17.4 Safari/605.1.15 (Applebot/0.1; +http://www.apple.com/go/applebot)"
50.6.201.88 - - [18/Mar/2026:11:01:19 -0400] "POST /wp-cron.php?doing_wp_cron=1773846079.6406369209289550781250 HTTP/1.1" 200 - "-" "WordPress/6.9.4; https://planetnewspro.com"
216.73.216.103 - - [18/Mar/2026:11:01:19 -0400] "GET /?p=35440 HTTP/1.1" 301 - "-" "Mozilla/5.0 AppleWebKit/537.36 (KHTML, like Gecko; compatible; ClaudeBot/1.0; +claudebot@anthropic.com)"
216.73.216.103 - - [18/Mar/2026:11:01:19 -0400] "GET /the-cultural-supernova-no-one-noticed-coming/ HTTP/1.1" 200 54426 "https://planetnewspro.com/?p=35440" "Mozilla/5.0 AppleWebKit/537.36 (KHTML, like Gecko; compatible; ClaudeBot/1.0; +claudebot@anthropic.com)"
17.22.245.196 - - [18/Mar/2026:11:01:21 -0400] "GET /wp-content/plugins/td-composer/legacy/Newspaper/js/tdDatei18n.js?ver=12.6.6 HTTP/1.1" 200 2431 "https://planetnewspro.com/metas-inventory-is-on-a-document-profitable-streak-watch-these-value-ranges/" "Mozilla/5.0 (Macintosh; Intel Mac OS X 10_15_7) AppleWebKit/605.1.15 (KHTML, like Gecko) Version/17.4 Safari/605.1.15 (Applebot/0.1; +http://www.apple.com/go/applebot)"
17.22.237.97 - - [18/Mar/2026:11:01:22 -0400] "GET /wp-content/plugins/td-composer/legacy/Newspaper/js/tdAnimationSprite.js?ver=12.6.6 HTTP/1.1" 200 3989 "https://planetnewspro.com/metas-inventory-is-on-a-document-profitable-streak-watch-these-value-ranges/" "Mozilla/5.0 (Macintosh; Intel Mac OS X 10_15_7) AppleWebKit/605.1.15 (KHTML, like Gecko) Version/17.4 Safari/605.1.15 (Applebot/0.1; +http://www.apple.com/go/applebot)"
17.22.237.248 - - [18/Mar/2026:11:01:24 -0400] "GET /wp-content/plugins/td-composer/legacy/Newspaper/js/tdWeather.js?ver=12.6.6 HTTP/1.1" 200 9932 "https://planetnewspro.com/metas-inventory-is-on-a-document-profitable-streak-watch-these-value-ranges/" "Mozilla/5.0 (Macintosh; Intel Mac OS X 10_15_7) AppleWebKit/605.1.15 (KHTML, like Gecko) Version/17.4 Safari/605.1.15 (Applebot/0.1; +http://www.apple.com/go/applebot)"
17.22.237.215 - - [18/Mar/2026:11:01:25 -0400] "GET /wp-content/plugins/td-cloud-library/assets/js/tdbMenu.js?ver=b379c96c54343541fd8742379a419361 HTTP/1.1" 200 10781 "https://planetnewspro.com/metas-inventory-is-on-a-document-profitable-streak-watch-these-value-ranges/" "Mozilla/5.0 (Macintosh; Intel Mac OS X 10_15_7) AppleWebKit/605.1.15 (KHTML, like Gecko) Version/17.4 Safari/605.1.15 (Applebot/0.1; +http://www.apple.com/go/applebot)"
17.22.253.70 - - [18/Mar/2026:11:01:27 -0400] "GET /wp-content/plugins/td-cloud-library/assets/js/tdbSearch.js?ver=b379c96c54343541fd8742379a419361 HTTP/1.1" 200 5945 "https://planetnewspro.com/metas-inventory-is-on-a-document-profitable-streak-watch-these-value-ranges/" "Mozilla/5.0 (Macintosh; Intel Mac OS X 10_15_7) AppleWebKit/605.1.15 (KHTML, like Gecko) Version/17.4 Safari/605.1.15 (Applebot/0.1; +http://www.apple.com/go/applebot)"
17.22.245.155 - - [18/Mar/2026:11:01:28 -0400] "GET /wp-content/plugins/td-composer/legacy/Newspaper/js/tdMenu.js?ver=12.6.6 HTTP/1.1" 200 4530 "https://planetnewspro.com/metas-inventory-is-on-a-document-profitable-streak-watch-these-value-ranges/" "Mozilla/5.0 (Macintosh; Intel Mac OS X 10_15_7) AppleWebKit/605.1.15 (KHTML, like Gecko) Version/17.4 Safari/605.1.15 (Applebot/0.1; +http://www.apple.com/go/applebot)"
17.22.253.194 - - [18/Mar/2026:11:01:30 -0400] "GET /wp-content/plugins/td-composer/legacy/Newspaper/js/tdLoadingBox.js?ver=12.6.6 HTTP/1.1" 200 2670 "https://planetnewspro.com/metas-inventory-is-on-a-document-profitable-streak-watch-these-value-ranges/" "Mozilla/5.0 (Macintosh; Intel Mac OS X 10_15_7) AppleWebKit/605.1.15 (KHTML, like Gecko) Version/17.4 Safari/605.1.15 (Applebot/0.1; +http://www.apple.com/go/applebot)"
17.22.237.12 - - [18/Mar/2026:11:01:31 -0400] "GET /wp-content/plugins/td-composer/legacy/Newspaper/js/tdLogin.js?ver=12.6.6 HTTP/1.1" 200 13630 "https://planetnewspro.com/metas-inventory-is-on-a-document-profitable-streak-watch-these-value-ranges/" "Mozilla/5.0 (Macintosh; Intel Mac OS X 10_15_7) AppleWebKit/605.1.15 (KHTML, like Gecko) Version/17.4 Safari/605.1.15 (Applebot/0.1; +http://www.apple.com/go/applebot)"
17.22.245.90 - - [18/Mar/2026:11:01:33 -0400] "GET /wp-content/plugins/td-composer/legacy/Newspaper/js/tdSmartSidebar.js?ver=12.6.6 HTTP/1.1" 200 9915 "https://planetnewspro.com/metas-inventory-is-on-a-document-profitable-streak-watch-these-value-ranges/" "Mozilla/5.0 (Macintosh; Intel Mac OS X 10_15_7) AppleWebKit/605.1.15 (KHTML, like Gecko) Version/17.4 Safari/605.1.15 (Applebot/0.1; +http://www.apple.com/go/applebot)"
50.6.201.88 - - [18/Mar/2026:11:01:33 -0400] "POST /wp-cron.php?doing_wp_cron=1773846093.2747368812561035156250 HTTP/1.1" 200 - "-" "WordPress/6.9.4; https://planetnewspro.com"
85.208.96.211 - - [18/Mar/2026:11:01:32 -0400] "GET /the-place-to-keep-in-hai-phong-greatest-areas-locations/ HTTP/1.1" 200 66064 "-" "Mozilla/5.0 (compatible; SemrushBot/7~bl; +http://www.semrush.com/bot.html)"
17.22.245.90 - - [18/Mar/2026:11:01:34 -0400] "GET /wp-includes/js/comment-reply.min.js?ver=6.9.4 HTTP/1.1" 200 3026 "https://planetnewspro.com/metas-inventory-is-on-a-document-profitable-streak-watch-these-value-ranges/" "Mozilla/5.0 (Macintosh; Intel Mac OS X 10_15_7) AppleWebKit/605.1.15 (KHTML, like Gecko) Version/17.4 Safari/605.1.15 (Applebot/0.1; +http://www.apple.com/go/applebot)"
14.191.48.60 - - [18/Mar/2026:11:01:34 -0400] "GET /hearth-nation-is-a-success-on-netflix-listed-here-are-3-extra-small-city-dramas-to-reply-all-of-your-virgin-river-prayers/ HTTP/1.1" 200 56509 "-" "Mozilla/5.0 (Windows NT 6.1; WOW64; rv:15.0) Gecko/20120427 Firefox/15.0a1"
17.22.237.172 - - [18/Mar/2026:11:01:36 -0400] "GET /wp-includes/js/wp-emoji-release.min.js?ver=6.9.4 HTTP/1.1" 200 22762 "https://planetnewspro.com/metas-inventory-is-on-a-document-profitable-streak-watch-these-value-ranges/" "Mozilla/5.0 (Macintosh; Intel Mac OS X 10_15_7) AppleWebKit/605.1.15 (KHTML, like Gecko) Version/17.4 Safari/605.1.15 (Applebot/0.1; +http://www.apple.com/go/applebot)"
40.77.167.61 - - [18/Mar/2026:11:01:56 -0400] "GET /the-resistance-band-arm-exercise-for-greater-biceps-and-triceps/ HTTP/1.1" 200 53346 "-" "Mozilla/5.0 AppleWebKit/537.36 (KHTML, like Gecko; compatible; bingbot/2.0; +http://www.bing.com/bingbot.htm) Chrome/116.0.1938.76 Safari/537.36"
50.6.201.88 - - [18/Mar/2026:11:02:10 -0400] "POST /wp-cron.php?doing_wp_cron=1773846130.6987268924713134765625 HTTP/1.1" 200 - "-" "WordPress/6.9.4; https://planetnewspro.com"
185.191.171.17 - - [18/Mar/2026:11:02:10 -0400] "GET /11-1-friday-faves-the-fitnessista/ HTTP/1.1" 200 54634 "-" "Mozilla/5.0 (compatible; SemrushBot/7~bl; +http://www.semrush.com/bot.html)"
50.6.201.88 - - [18/Mar/2026:11:02:10 -0400] "POST /wp-admin/admin-ajax.php?action=async_litespeed&nonce=6a32a20319&litespeed_type=imgoptm HTTP/1.1" 200 21 "-" "WordPress/6.9.4; https://planetnewspro.com"
85.208.96.210 - - [18/Mar/2026:11:02:11 -0400] "GET /author/admin-pnp-171/page/781/ HTTP/1.1" 200 43950 "-" "Mozilla/5.0 (compatible; SemrushBot/7~bl; +http://www.semrush.com/bot.html)"
50.6.201.88 - - [18/Mar/2026:11:02:35 -0400] "POST /wp-cron.php?doing_wp_cron=1773846155.3953700065612792968750 HTTP/1.1" 200 - "-" "WordPress/6.9.4; https://planetnewspro.com"
57.141.6.64 - - [18/Mar/2026:11:02:34 -0400] "GET /courtroom-orders-launch-of-tufts-international-pupil-detained-for-her-speech/ HTTP/1.1" 200 325077 "-" "meta-externalagent/1.1 (+https://developers.facebook.com/docs/sharing/webmasters/crawler)"
85.208.96.211 - - [18/Mar/2026:11:02:57 -0400] "GET /squid-sport-season-2s-official-trailer-reveals-a-giant-plot-twist-that-i-am-unable-to-watch-for-within-the-wildly-well-liked-netflix-presents-subsequent-chapter/ HTTP/1.1" 200 56730 "-" "Mozilla/5.0 (compatible; SemrushBot/7~bl; +http://www.semrush.com/bot.html)"
50.6.201.88 - - [18/Mar/2026:11:03:00 -0400] "POST /wp-cron.php?doing_wp_cron=1773846180.4269840717315673828125 HTTP/1.1" 200 - "-" "WordPress/6.9.4; https://planetnewspro.com"
85.208.96.212 - - [18/Mar/2026:11:02:59 -0400] "GET /the-most-well-liked-canary-island-ferry-routes/ HTTP/1.1" 200 55417 "-" "Mozilla/5.0 (compatible; SemrushBot/7~bl; +http://www.semrush.com/bot.html)"
50.6.201.88 - - [18/Mar/2026:11:03:00 -0400] "POST /wp-admin/admin-ajax.php?action=async_litespeed&nonce=6a32a20319&litespeed_type=imgoptm HTTP/1.1" 200 21 "-" "WordPress/6.9.4; https://planetnewspro.com"
50.6.201.88 - - [18/Mar/2026:11:03:13 -0400] "POST /wp-cron.php?doing_wp_cron=1773846193.3318390846252441406250 HTTP/1.1" 200 - "-" "WordPress/6.9.4; https://planetnewspro.com"
216.73.216.103 - - [18/Mar/2026:11:03:13 -0400] "GET /sitemap_index.xml HTTP/1.1" 200 545 "-" "Mozilla/5.0 AppleWebKit/537.36 (KHTML, like Gecko; compatible; ClaudeBot/1.0; +claudebot@anthropic.com)"
50.6.201.88 - - [18/Mar/2026:11:03:23 -0400] "POST /wp-cron.php?doing_wp_cron=1773846203.2464020252227783203125 HTTP/1.1" 200 - "-" "WordPress/6.9.4; https://planetnewspro.com"
85.208.96.203 - - [18/Mar/2026:11:03:22 -0400] "GET /meghan-markle-reaches-out-to-a-well-known-hollywood-good-friend-to-preserve-her-star-energy-regular-claims-pr-skilled/ HTTP/1.1" 200 52752 "-" "Mozilla/5.0 (compatible; SemrushBot/7~bl; +http://www.semrush.com/bot.html)"
185.191.171.13 - - [18/Mar/2026:11:03:37 -0400] "GET /max-verstappen-is-about-to-change-into-a-father-world-champion-publicizes-wonderful-information-with-gorgeous-girlfriend-kelly-piquet-as-dutchman-celebrates-amid-row-with-george-russell/ HTTP/1.1" 200 54609 "-" "Mozilla/5.0 (compatible; SemrushBot/7~bl; +http://www.semrush.com/bot.html)"
216.73.216.103 - - [18/Mar/2026:11:03:43 -0400] "GET /?p=28522 HTTP/1.1" 301 - "-" "Mozilla/5.0 AppleWebKit/537.36 (KHTML, like Gecko; compatible; ClaudeBot/1.0; +claudebot@anthropic.com)"
216.73.216.103 - - [18/Mar/2026:11:03:43 -0400] "GET /?p=35706 HTTP/1.1" 301 - "-" "Mozilla/5.0 AppleWebKit/537.36 (KHTML, like Gecko; compatible; ClaudeBot/1.0; +claudebot@anthropic.com)"
216.73.216.103 - - [18/Mar/2026:11:03:43 -0400] "GET /peanut-butter-chocolate-swirl-cookies/ HTTP/1.1" 200 59441 "https://planetnewspro.com/?p=28522" "Mozilla/5.0 AppleWebKit/537.36 (KHTML, like Gecko; compatible; ClaudeBot/1.0; +claudebot@anthropic.com)"
216.73.216.103 - - [18/Mar/2026:11:03:43 -0400] "GET /?p=36249 HTTP/1.1" 301 - "-" "Mozilla/5.0 AppleWebKit/537.36 (KHTML, like Gecko; compatible; ClaudeBot/1.0; +claudebot@anthropic.com)"
216.73.216.103 - - [18/Mar/2026:11:03:43 -0400] "GET /the-federal-government-fined-this-farm-over-550000-principally-for-a-paperwork-violation/ HTTP/1.1" 200 53242 "https://planetnewspro.com/?p=35706" "Mozilla/5.0 AppleWebKit/537.36 (KHTML, like Gecko; compatible; ClaudeBot/1.0; +claudebot@anthropic.com)"
216.73.216.103 - - [18/Mar/2026:11:03:44 -0400] "GET /how-you-can-watch-borussia-dortmund-vs-juventus-from-wherever-for-free-stream-preseason-pleasant-soccer/ HTTP/1.1" 200 56714 "https://planetnewspro.com/?p=36249" "Mozilla/5.0 AppleWebKit/537.36 (KHTML, like Gecko; compatible; ClaudeBot/1.0; +claudebot@anthropic.com)"
216.73.216.103 - - [18/Mar/2026:11:03:44 -0400] "GET /?p=37513 HTTP/1.1" 301 - "-" "Mozilla/5.0 AppleWebKit/537.36 (KHTML, like Gecko; compatible; ClaudeBot/1.0; +claudebot@anthropic.com)"
185.191.171.4 - - [18/Mar/2026:11:03:44 -0400] "GET /dermatologist-points-most-cancers-alert-in-frank-tattoo-message/ HTTP/1.1" 200 54424 "-" "Mozilla/5.0 (compatible; SemrushBot/7~bl; +http://www.semrush.com/bot.html)"
216.73.216.103 - - [18/Mar/2026:11:03:45 -0400] "GET /is-ryan-reynolds-a-billionaire-how-a-lot-is-the-deadpool-actor-value-in-2025/ HTTP/1.1" 200 53242 "https://planetnewspro.com/?p=37513" "Mozilla/5.0 AppleWebKit/537.36 (KHTML, like Gecko; compatible; ClaudeBot/1.0; +claudebot@anthropic.com)"
185.191.171.14 - - [18/Mar/2026:11:03:50 -0400] "GET /netflixs-spellbound-actually-tugged-at-my-heartstrings-and-its-touching-message-will-hit-children-and-oldsters-alike/ HTTP/1.1" 200 55738 "-" "Mozilla/5.0 (compatible; SemrushBot/7~bl; +http://www.semrush.com/bot.html)"
50.6.201.88 - - [18/Mar/2026:11:04:08 -0400] "POST /wp-cron.php?doing_wp_cron=1773846248.2859680652618408203125 HTTP/1.1" 200 - "-" "WordPress/6.9.4; https://planetnewspro.com"
185.191.171.10 - - [18/Mar/2026:11:04:07 -0400] "GET /browned-butter-sheet-cake-the-recipe-critic/ HTTP/1.1" 200 58313 "-" "Mozilla/5.0 (compatible; SemrushBot/7~bl; +http://www.semrush.com/bot.html)"
50.6.201.88 - - [18/Mar/2026:11:04:08 -0400] "POST /wp-admin/admin-ajax.php?action=async_litespeed&nonce=6a32a20319&litespeed_type=imgoptm HTTP/1.1" 200 21 "-" "WordPress/6.9.4; https://planetnewspro.com"
216.73.216.103 - - [18/Mar/2026:11:04:14 -0400] "GET /?p=35916 HTTP/1.1" 301 - "-" "Mozilla/5.0 AppleWebKit/537.36 (KHTML, like Gecko; compatible; ClaudeBot/1.0; +claudebot@anthropic.com)"
216.73.216.103 - - [18/Mar/2026:11:04:14 -0400] "GET /?p=29047 HTTP/1.1" 301 - "-" "Mozilla/5.0 AppleWebKit/537.36 (KHTML, like Gecko; compatible; ClaudeBot/1.0; +claudebot@anthropic.com)"
216.73.216.103 - - [18/Mar/2026:11:04:14 -0400] "GET /yamazaki-releases-its-oldest-mizunara-solely-aged-whisky/ HTTP/1.1" 200 53961 "https://planetnewspro.com/?p=35916" "Mozilla/5.0 AppleWebKit/537.36 (KHTML, like Gecko; compatible; ClaudeBot/1.0; +claudebot@anthropic.com)"
216.73.216.103 - - [18/Mar/2026:11:04:14 -0400] "GET /?p=37162 HTTP/1.1" 301 - "-" "Mozilla/5.0 AppleWebKit/537.36 (KHTML, like Gecko; compatible; ClaudeBot/1.0; +claudebot@anthropic.com)"
216.73.216.103 - - [18/Mar/2026:11:04:14 -0400] "GET /le-creuset-expands-its-alpine-outside-assortment/ HTTP/1.1" 200 53551 "https://planetnewspro.com/?p=29047" "Mozilla/5.0 AppleWebKit/537.36 (KHTML, like Gecko; compatible; ClaudeBot/1.0; +claudebot@anthropic.com)"
50.6.201.88 - - [18/Mar/2026:11:04:15 -0400] "POST /wp-cron.php?doing_wp_cron=1773846255.4610230922698974609375 HTTP/1.1" 200 - "-" "WordPress/6.9.4; https://planetnewspro.com"
216.73.216.103 - - [18/Mar/2026:11:04:15 -0400] "GET /?p=34732 HTTP/1.1" 301 - "-" "Mozilla/5.0 AppleWebKit/537.36 (KHTML, like Gecko; compatible; ClaudeBot/1.0; +claudebot@anthropic.com)"
216.73.216.103 - - [18/Mar/2026:11:04:15 -0400] "GET /what-loss-of-life-taught-me-about-life-a-conscious-strategy-to-grief-loss-and-getting-old/ HTTP/1.1" 200 55236 "https://planetnewspro.com/?p=34732" "Mozilla/5.0 AppleWebKit/537.36 (KHTML, like Gecko; compatible; ClaudeBot/1.0; +claudebot@anthropic.com)"
50.6.201.88 - - [18/Mar/2026:11:04:16 -0400] "POST /wp-cron.php?doing_wp_cron=1773846256.0790050029754638671875 HTTP/1.1" 200 - "-" "WordPress/6.9.4; https://planetnewspro.com"
216.73.216.103 - - [18/Mar/2026:11:04:15 -0400] "GET /most-californians-oppose-urged-redistricting-modifications-ballot/ HTTP/1.1" 200 54762 "https://planetnewspro.com/?p=37162" "Mozilla/5.0 AppleWebKit/537.36 (KHTML, like Gecko; compatible; ClaudeBot/1.0; +claudebot@anthropic.com)"
185.191.171.18 - - [18/Mar/2026:11:04:16 -0400] "GET /watch-these-intel-inventory-worth-ranges-amid-tariff-induced-worth-swings/ HTTP/1.1" 200 53421 "-" "Mozilla/5.0 (compatible; SemrushBot/7~bl; +http://www.semrush.com/bot.html)"
216.73.216.103 - - [18/Mar/2026:11:04:21 -0400] "GET /?p=29161 HTTP/1.1" 301 - "-" "Mozilla/5.0 AppleWebKit/537.36 (KHTML, like Gecko; compatible; ClaudeBot/1.0; +claudebot@anthropic.com)"
216.73.216.103 - - [18/Mar/2026:11:04:21 -0400] "GET /?p=34717 HTTP/1.1" 301 - "-" "Mozilla/5.0 AppleWebKit/537.36 (KHTML, like Gecko; compatible; ClaudeBot/1.0; +claudebot@anthropic.com)"
216.73.216.103 - - [18/Mar/2026:11:04:21 -0400] "GET /harry-kane-finally-wins-the-primary-trophy-of-his-profession-aged-31-as-bayern-munich-reclaim-bundesliga-title-after-bayer-leverkusen-slip-up/ HTTP/1.1" 200 54755 "https://planetnewspro.com/?p=29161" "Mozilla/5.0 AppleWebKit/537.36 (KHTML, like Gecko; compatible; ClaudeBot/1.0; +claudebot@anthropic.com)"
216.73.216.103 - - [18/Mar/2026:11:04:21 -0400] "GET /a-brand-new-ai-coding-problem-simply-revealed-its-first-outcomes-they-usually-arent-fairly/ HTTP/1.1" 200 52572 "https://planetnewspro.com/?p=34717" "Mozilla/5.0 AppleWebKit/537.36 (KHTML, like Gecko; compatible; ClaudeBot/1.0; +claudebot@anthropic.com)"
216.73.216.103 - - [18/Mar/2026:11:04:22 -0400] "GET /?p=34778 HTTP/1.1" 301 - "-" "Mozilla/5.0 AppleWebKit/537.36 (KHTML, like Gecko; compatible; ClaudeBot/1.0; +claudebot@anthropic.com)"
216.73.216.103 - - [18/Mar/2026:11:04:22 -0400] "GET /?p=35670 HTTP/1.1" 301 - "-" "Mozilla/5.0 AppleWebKit/537.36 (KHTML, like Gecko; compatible; ClaudeBot/1.0; +claudebot@anthropic.com)"
216.73.216.103 - - [18/Mar/2026:11:04:22 -0400] "GET /texas-ag-sues-masters-swimming-group-that-allowed-transgender-athletes/ HTTP/1.1" 200 53469 "https://planetnewspro.com/?p=34778" "Mozilla/5.0 AppleWebKit/537.36 (KHTML, like Gecko; compatible; ClaudeBot/1.0; +claudebot@anthropic.com)"
216.73.216.103 - - [18/Mar/2026:11:04:22 -0400] "GET /banana-cupcakes-recipe-sallys-baking/ HTTP/1.1" 200 60069 "https://planetnewspro.com/?p=35670" "Mozilla/5.0 AppleWebKit/537.36 (KHTML, like Gecko; compatible; ClaudeBot/1.0; +claudebot@anthropic.com)"
185.191.171.4 - - [18/Mar/2026:11:04:24 -0400] "GET /rep-nancy-mace-exposes-femas-lies-introduces-invoice-to-finish-wasteful-shelter-and-providers-program-amidst-hurricane-helene-disaster-the-gateway-pundit/ HTTP/1.1" 200 53689 "-" "Mozilla/5.0 (compatible; SemrushBot/7~bl; +http://www.semrush.com/bot.html)"
103.248.205.221 - - [18/Mar/2026:11:04:25 -0400] "GET /6g-wi-fi-spectrum-not-only-a-millimeter-wave-future/ HTTP/1.1" 200 54614 "https://planetnewspro.com/" "Mozilla/5.0 (Windows NT 10.0; Win64; x64) AppleWebKit/537.36 (KHTML, like Gecko) Chrome/135.0.0.0 Safari/537.36"
185.191.171.16 - - [18/Mar/2026:11:04:37 -0400] "GET /wi-fi-capability-is-working-skinny-however-spectrum-auctions-can-save-5g/ HTTP/1.1" 200 53214 "-" "Mozilla/5.0 (compatible; SemrushBot/7~bl; +http://www.semrush.com/bot.html)"
185.191.171.4 - - [18/Mar/2026:11:04:41 -0400] "GET /bmw-championship-betting-preview-xander-schauffele-choose-to-win/ HTTP/1.1" 200 59387 "-" "Mozilla/5.0 (compatible; SemrushBot/7~bl; +http://www.semrush.com/bot.html)"
185.191.171.8 - - [18/Mar/2026:11:04:50 -0400] "GET /northern-border-terrorist-related-arrests-soar/ HTTP/1.1" 200 53772 "-" "Mozilla/5.0 (compatible; SemrushBot/7~bl; +http://www.semrush.com/bot.html)"
85.208.96.198 - - [18/Mar/2026:11:04:58 -0400] "GET /mclaren-mercedes-amongst-f1-groups-bringing-huge-upgrades-to-united-states-grand-prix/ HTTP/1.1" 200 52885 "-" "Mozilla/5.0 (compatible; SemrushBot/7~bl; +http://www.semrush.com/bot.html)"
216.73.216.103 - - [18/Mar/2026:11:05:11 -0400] "GET /?p=34843 HTTP/1.1" 301 - "-" "Mozilla/5.0 AppleWebKit/537.36 (KHTML, like Gecko; compatible; ClaudeBot/1.0; +claudebot@anthropic.com)"
216.73.216.103 - - [18/Mar/2026:11:05:11 -0400] "GET /?p=30535 HTTP/1.1" 301 - "-" "Mozilla/5.0 AppleWebKit/537.36 (KHTML, like Gecko; compatible; ClaudeBot/1.0; +claudebot@anthropic.com)"
216.73.216.103 - - [18/Mar/2026:11:05:11 -0400] "GET /pvl-in-cebu-cebuana-volleybelles-take-highlight-in-homecoming-video-games/ HTTP/1.1" 200 54975 "https://planetnewspro.com/?p=34843" "Mozilla/5.0 AppleWebKit/537.36 (KHTML, like Gecko; compatible; ClaudeBot/1.0; +claudebot@anthropic.com)"
216.73.216.103 - - [18/Mar/2026:11:05:12 -0400] "GET /5-frequent-home-items-that-trigger-main-wifi-disruption/ HTTP/1.1" 200 53930 "https://planetnewspro.com/?p=30535" "Mozilla/5.0 AppleWebKit/537.36 (KHTML, like Gecko; compatible; ClaudeBot/1.0; +claudebot@anthropic.com)"
216.73.216.103 - - [18/Mar/2026:11:05:12 -0400] "GET /?p=34774 HTTP/1.1" 301 - "-" "Mozilla/5.0 AppleWebKit/537.36 (KHTML, like Gecko; compatible; ClaudeBot/1.0; +claudebot@anthropic.com)"
216.73.216.103 - - [18/Mar/2026:11:05:13 -0400] "GET /?p=35594 HTTP/1.1" 301 - "-" "Mozilla/5.0 AppleWebKit/537.36 (KHTML, like Gecko; compatible; ClaudeBot/1.0; +claudebot@anthropic.com)"
216.73.216.103 - - [18/Mar/2026:11:05:12 -0400] "GET /magnificence-followers-can-seize-lookfantastics-new-magnificence-field-for-40-however-its-value-over-115/ HTTP/1.1" 200 54449 "https://planetnewspro.com/?p=34774" "Mozilla/5.0 AppleWebKit/537.36 (KHTML, like Gecko; compatible; ClaudeBot/1.0; +claudebot@anthropic.com)"
216.73.216.103 - - [18/Mar/2026:11:05:13 -0400] "GET /trump-is-openly-using-the-presidency-to-enrich-the-trump-brand/ HTTP/1.1" 200 54681 "https://planetnewspro.com/?p=35594" "Mozilla/5.0 AppleWebKit/537.36 (KHTML, like Gecko; compatible; ClaudeBot/1.0; +claudebot@anthropic.com)"
50.6.201.88 - - [18/Mar/2026:11:05:21 -0400] "POST /wp-cron.php?doing_wp_cron=1773846321.9162650108337402343750 HTTP/1.1" 200 - "-" "WordPress/6.9.4; https://planetnewspro.com"
216.73.216.103 - - [18/Mar/2026:11:05:21 -0400] "GET /?p=28912 HTTP/1.1" 301 - "-" "Mozilla/5.0 AppleWebKit/537.36 (KHTML, like Gecko; compatible; ClaudeBot/1.0; +claudebot@anthropic.com)"
216.73.216.103 - - [18/Mar/2026:11:05:21 -0400] "GET /?p=35194 HTTP/1.1" 301 - "-" "Mozilla/5.0 AppleWebKit/537.36 (KHTML, like Gecko; compatible; ClaudeBot/1.0; +claudebot@anthropic.com)"
50.6.201.88 - - [18/Mar/2026:11:05:22 -0400] "POST /wp-admin/admin-ajax.php?action=async_litespeed&nonce=6a32a20319&litespeed_type=imgoptm HTTP/1.1" 200 21 "-" "WordPress/6.9.4; https://planetnewspro.com"
216.73.216.103 - - [18/Mar/2026:11:05:22 -0400] "GET /palace-fires-worker-for-stealing-money-from-japans-royal-household/ HTTP/1.1" 200 52976 "https://planetnewspro.com/?p=28912" "Mozilla/5.0 AppleWebKit/537.36 (KHTML, like Gecko; compatible; ClaudeBot/1.0; +claudebot@anthropic.com)"
216.73.216.103 - - [18/Mar/2026:11:05:23 -0400] "GET /?p=35500 HTTP/1.1" 301 - "-" "Mozilla/5.0 AppleWebKit/537.36 (KHTML, like Gecko; compatible; ClaudeBot/1.0; +claudebot@anthropic.com)"
216.73.216.103 - - [18/Mar/2026:11:05:22 -0400] "GET /two-useless-after-leaping-monkeys-set-off-stampede-at-indian-temple/ HTTP/1.1" 200 53159 "https://planetnewspro.com/?p=35194" "Mozilla/5.0 AppleWebKit/537.36 (KHTML, like Gecko; compatible; ClaudeBot/1.0; +claudebot@anthropic.com)"
216.73.216.103 - - [18/Mar/2026:11:05:23 -0400] "GET /japanese-girl-evacuating-amid-tsunami-warning-dies-after-automotive-falls-off-highway/ HTTP/1.1" 200 54925 "https://planetnewspro.com/?p=35500" "Mozilla/5.0 AppleWebKit/537.36 (KHTML, like Gecko; compatible; ClaudeBot/1.0; +claudebot@anthropic.com)"
216.73.216.103 - - [18/Mar/2026:11:05:24 -0400] "GET /?p=29155 HTTP/1.1" 301 - "-" "Mozilla/5.0 AppleWebKit/537.36 (KHTML, like Gecko; compatible; ClaudeBot/1.0; +claudebot@anthropic.com)"
216.73.216.103 - - [18/Mar/2026:11:05:24 -0400] "GET /straightforward-tacky-frito-chili-pie-recipe/ HTTP/1.1" 200 56308 "https://planetnewspro.com/?p=29155" "Mozilla/5.0 AppleWebKit/537.36 (KHTML, like Gecko; compatible; ClaudeBot/1.0; +claudebot@anthropic.com)"
216.73.216.103 - - [18/Mar/2026:11:05:41 -0400] "GET /?p=34750 HTTP/1.1" 301 - "-" "Mozilla/5.0 AppleWebKit/537.36 (KHTML, like Gecko; compatible; ClaudeBot/1.0; +claudebot@anthropic.com)"
216.73.216.103 - - [18/Mar/2026:11:05:41 -0400] "GET /?p=36195 HTTP/1.1" 301 - "-" "Mozilla/5.0 AppleWebKit/537.36 (KHTML, like Gecko; compatible; ClaudeBot/1.0; +claudebot@anthropic.com)"
216.73.216.103 - - [18/Mar/2026:11:05:41 -0400] "GET /mapped-the-place-are-border-clashes-between-thailand-and-cambodia-going-down/ HTTP/1.1" 200 54841 "https://planetnewspro.com/?p=34750" "Mozilla/5.0 AppleWebKit/537.36 (KHTML, like Gecko; compatible; ClaudeBot/1.0; +claudebot@anthropic.com)"
216.73.216.103 - - [18/Mar/2026:11:05:42 -0400] "GET /?p=36390 HTTP/1.1" 301 - "-" "Mozilla/5.0 AppleWebKit/537.36 (KHTML, like Gecko; compatible; ClaudeBot/1.0; +claudebot@anthropic.com)"
216.73.216.103 - - [18/Mar/2026:11:05:41 -0400] "GET /new-bull-market-has-begun-and-remains-to-be-within-the-early-levels-so-purchase-the-dips-prime-wall-road-analyst-says/ HTTP/1.1" 200 52954 "https://planetnewspro.com/?p=36195" "Mozilla/5.0 AppleWebKit/537.36 (KHTML, like Gecko; compatible; ClaudeBot/1.0; +claudebot@anthropic.com)"
216.73.216.103 - - [18/Mar/2026:11:05:42 -0400] "GET /the-burrito-that-tastes-like-residence-even-after-im-3000-miles-away/ HTTP/1.1" 200 54941 "https://planetnewspro.com/?p=36390" "Mozilla/5.0 AppleWebKit/537.36 (KHTML, like Gecko; compatible; ClaudeBot/1.0; +claudebot@anthropic.com)"
216.73.216.103 - - [18/Mar/2026:11:05:42 -0400] "GET /?p=35179 HTTP/1.1" 301 - "-" "Mozilla/5.0 AppleWebKit/537.36 (KHTML, like Gecko; compatible; ClaudeBot/1.0; +claudebot@anthropic.com)"
216.73.216.103 - - [18/Mar/2026:11:05:43 -0400] "GET /nfl-breakout-gamers-for-steelers-browns-bengals-ravens/ HTTP/1.1" 200 52436 "https://planetnewspro.com/?p=35179" "Mozilla/5.0 AppleWebKit/537.36 (KHTML, like Gecko; compatible; ClaudeBot/1.0; +claudebot@anthropic.com)"
50.6.201.88 - - [18/Mar/2026:11:05:53 -0400] "POST /wp-cron.php?doing_wp_cron=1773846353.3615059852600097656250 HTTP/1.1" 200 - "-" "WordPress/6.9.4; https://planetnewspro.com"
216.73.216.103 - - [18/Mar/2026:11:05:53 -0400] "GET /hanoi-turned-upside-down-oreilly HTTP/1.1" 301 - "-" "Mozilla/5.0 AppleWebKit/537.36 (KHTML, like Gecko; compatible; ClaudeBot/1.0; +claudebot@anthropic.com)"
216.73.216.103 - - [18/Mar/2026:11:05:53 -0400] "GET /savory-fast-bread-sallys-baking-dependancy HTTP/1.1" 301 - "-" "Mozilla/5.0 AppleWebKit/537.36 (KHTML, like Gecko; compatible; ClaudeBot/1.0; +claudebot@anthropic.com)"
216.73.216.103 - - [18/Mar/2026:11:05:53 -0400] "GET /hanoi-turned-upside-down-oreilly/ HTTP/1.1" 200 54784 "https://planetnewspro.com/hanoi-turned-upside-down-oreilly" "Mozilla/5.0 AppleWebKit/537.36 (KHTML, like Gecko; compatible; ClaudeBot/1.0; +claudebot@anthropic.com)"
216.73.216.103 - - [18/Mar/2026:11:05:54 -0400] "GET /ssu-2025-weekly-exercise-schedule HTTP/1.1" 301 - "-" "Mozilla/5.0 AppleWebKit/537.36 (KHTML, like Gecko; compatible; ClaudeBot/1.0; +claudebot@anthropic.com)"
216.73.216.103 - - [18/Mar/2026:11:05:54 -0400] "GET /savory-fast-bread-sallys-baking-dependancy/ HTTP/1.1" 200 59814 "https://planetnewspro.com/savory-fast-bread-sallys-baking-dependancy" "Mozilla/5.0 AppleWebKit/537.36 (KHTML, like Gecko; compatible; ClaudeBot/1.0; +claudebot@anthropic.com)"
216.73.216.103 - - [18/Mar/2026:11:05:54 -0400] "GET /ssu-2025-weekly-exercise-schedule/ HTTP/1.1" 200 54434 "https://planetnewspro.com/ssu-2025-weekly-exercise-schedule" "Mozilla/5.0 AppleWebKit/537.36 (KHTML, like Gecko; compatible; ClaudeBot/1.0; +claudebot@anthropic.com)"
85.208.96.211 - - [18/Mar/2026:11:05:54 -0400] "GET /radar-traits-to-watch-november-2024-oreilly/ HTTP/1.1" 200 59155 "-" "Mozilla/5.0 (compatible; SemrushBot/7~bl; +http://www.semrush.com/bot.html)"
50.6.201.88 - - [18/Mar/2026:11:06:06 -0400] "POST /wp-cron.php?doing_wp_cron=1773846366.7185781002044677734375 HTTP/1.1" 200 - "-" "WordPress/6.9.4; https://planetnewspro.com"
15.235.96.175 - - [18/Mar/2026:11:06:06 -0400] "GET /be-match-to-serve-by-following-the-suggestions-of-those-who-already-are/ HTTP/1.1" 200 54045 "-" "Mozilla/5.0 (compatible; AhrefsBot/7.0; +http://ahrefs.com/robot/)"
50.6.201.88 - - [18/Mar/2026:11:06:06 -0400] "POST /wp-admin/admin-ajax.php?action=async_litespeed&nonce=6a32a20319&litespeed_type=imgoptm HTTP/1.1" 200 21 "-" "WordPress/6.9.4; https://planetnewspro.com"
185.191.171.7 - - [18/Mar/2026:11:06:51 -0400] "GET /netflix-film-of-the-day-daniel-craigs-enigmatic-sleuth-returns-in-glass-onion-a-knives-out-thriller/ HTTP/1.1" 200 55651 "-" "Mozilla/5.0 (compatible; SemrushBot/7~bl; +http://www.semrush.com/bot.html)"
50.6.201.88 - - [18/Mar/2026:11:06:53 -0400] "POST /wp-cron.php?doing_wp_cron=1773846413.8448369503021240234375 HTTP/1.1" 200 - "-" "WordPress/6.9.4; https://planetnewspro.com"
43.173.174.23 - - [18/Mar/2026:11:06:51 -0400] "GET /category/travel/page/4/ HTTP/1.1" 200 44660 "-" "Mozilla/5.0 (Windows NT 10.0; Win64; x64) AppleWebKit/537.36 (KHTML, like Gecko) Chrome/112.0.0.0 Safari/537.36"
43.173.177.207 - - [18/Mar/2026:11:06:51 -0400] "GET /author/admin-pnp-171/ HTTP/1.1" 200 44121 "-" "Mozilla/5.0 (Windows NT 10.0; Win64; x64) AppleWebKit/537.36 (KHTML, like Gecko) Chrome/111.0.0.0 Safari/537.36"
216.73.216.103 - - [18/Mar/2026:11:06:54 -0400] "GET /a-beloved-polish-rom-com-returns-after-six-years HTTP/1.1" 301 - "-" "Mozilla/5.0 AppleWebKit/537.36 (KHTML, like Gecko; compatible; ClaudeBot/1.0; +claudebot@anthropic.com)"
216.73.216.103 - - [18/Mar/2026:11:06:54 -0400] "GET /disney-cruise-ideas-and-tips HTTP/1.1" 301 - "-" "Mozilla/5.0 AppleWebKit/537.36 (KHTML, like Gecko; compatible; ClaudeBot/1.0; +claudebot@anthropic.com)"
216.73.216.103 - - [18/Mar/2026:11:06:54 -0400] "GET /a-beloved-polish-rom-com-returns-after-six-years/ HTTP/1.1" 200 52407 "https://planetnewspro.com/a-beloved-polish-rom-com-returns-after-six-years" "Mozilla/5.0 AppleWebKit/537.36 (KHTML, like Gecko; compatible; ClaudeBot/1.0; +claudebot@anthropic.com)"
216.73.216.103 - - [18/Mar/2026:11:06:54 -0400] "GET /disney-cruise-ideas-and-tips/ HTTP/1.1" 200 55205 "https://planetnewspro.com/disney-cruise-ideas-and-tips" "Mozilla/5.0 AppleWebKit/537.36 (KHTML, like Gecko; compatible; ClaudeBot/1.0; +claudebot@anthropic.com)"
216.73.216.103 - - [18/Mar/2026:11:06:55 -0400] "GET /how-engineers-can-adapt-to-ais-rising-position-in-coding HTTP/1.1" 301 - "-" "Mozilla/5.0 AppleWebKit/537.36 (KHTML, like Gecko; compatible; ClaudeBot/1.0; +claudebot@anthropic.com)"
216.73.216.103 - - [18/Mar/2026:11:06:55 -0400] "GET /how-engineers-can-adapt-to-ais-rising-position-in-coding/ HTTP/1.1" 200 53032 "https://planetnewspro.com/how-engineers-can-adapt-to-ais-rising-position-in-coding" "Mozilla/5.0 AppleWebKit/537.36 (KHTML, like Gecko; compatible; ClaudeBot/1.0; +claudebot@anthropic.com)"
85.208.96.211 - - [18/Mar/2026:11:06:56 -0400] "GET /5-issues-to-count-on-taylor-swift-will-do-following-a-historic-finish-to-her-eras-tour-in-usa/ HTTP/1.1" 200 53587 "-" "Mozilla/5.0 (compatible; SemrushBot/7~bl; +http://www.semrush.com/bot.html)"
185.191.171.13 - - [18/Mar/2026:11:06:57 -0400] "GET /this-hidden-gem-in-northern-italy-is-referred-to-as-little-rome/ HTTP/1.1" 200 60279 "-" "Mozilla/5.0 (compatible; SemrushBot/7~bl; +http://www.semrush.com/bot.html)"
50.6.201.88 - - [18/Mar/2026:11:07:01 -0400] "POST /wp-cron.php?doing_wp_cron=1773846421.0341339111328125000000 HTTP/1.1" 200 - "-" "WordPress/6.9.4; https://planetnewspro.com"
104.253.77.74 - - [18/Mar/2026:11:06:58 -0400] "GET /rating-one-of-the-best-biographies-from-fight-sport-athletes/ HTTP/1.1" 200 53891 "-" "Mozilla/5.0 (X11; Linux x86_64) AppleWebKit/537.36 (KHTML, like Gecko) Chrome/106.0.0.0 Safari/537.36"
50.6.201.88 - - [18/Mar/2026:11:07:01 -0400] "POST /wp-admin/admin-ajax.php?action=async_litespeed&nonce=6a32a20319&litespeed_type=imgoptm HTTP/1.1" 200 21 "-" "WordPress/6.9.4; https://planetnewspro.com"
50.6.201.88 - - [18/Mar/2026:11:07:09 -0400] "POST /wp-cron.php?doing_wp_cron=1773846429.0609440803527832031250 HTTP/1.1" 200 - "-" "WordPress/6.9.4; https://planetnewspro.com"
216.73.216.103 - - [18/Mar/2026:11:07:08 -0400] "GET /filipino-pork-adobo-recipetin-eats HTTP/1.1" 301 - "-" "Mozilla/5.0 AppleWebKit/537.36 (KHTML, like Gecko; compatible; ClaudeBot/1.0; +claudebot@anthropic.com)"
216.73.216.103 - - [18/Mar/2026:11:07:09 -0400] "GET /selfmade-salsa-restaurant-type-spend-with-pennies HTTP/1.1" 301 - "-" "Mozilla/5.0 AppleWebKit/537.36 (KHTML, like Gecko; compatible; ClaudeBot/1.0; +claudebot@anthropic.com)"
216.73.216.103 - - [18/Mar/2026:11:07:09 -0400] "GET /filipino-pork-adobo-recipetin-eats/ HTTP/1.1" 200 64685 "https://planetnewspro.com/filipino-pork-adobo-recipetin-eats" "Mozilla/5.0 AppleWebKit/537.36 (KHTML, like Gecko; compatible; ClaudeBot/1.0; +claudebot@anthropic.com)"
216.73.216.103 - - [18/Mar/2026:11:07:10 -0400] "GET /new-ieee-course-on-electrostatic-discharge-prevention HTTP/1.1" 301 - "-" "Mozilla/5.0 AppleWebKit/537.36 (KHTML, like Gecko; compatible; ClaudeBot/1.0; +claudebot@anthropic.com)"
216.73.216.103 - - [18/Mar/2026:11:07:09 -0400] "GET /selfmade-salsa-restaurant-type-spend-with-pennies/ HTTP/1.1" 200 57397 "https://planetnewspro.com/selfmade-salsa-restaurant-type-spend-with-pennies" "Mozilla/5.0 AppleWebKit/537.36 (KHTML, like Gecko; compatible; ClaudeBot/1.0; +claudebot@anthropic.com)"
216.73.216.103 - - [18/Mar/2026:11:07:10 -0400] "GET /new-ieee-course-on-electrostatic-discharge-prevention/ HTTP/1.1" 200 52716 "https://planetnewspro.com/new-ieee-course-on-electrostatic-discharge-prevention" "Mozilla/5.0 AppleWebKit/537.36 (KHTML, like Gecko; compatible; ClaudeBot/1.0; +claudebot@anthropic.com)"
85.208.96.211 - - [18/Mar/2026:11:07:16 -0400] "GET /arshdeep-singh-on-monitor-to-grow-to-be-the-costliest-choose-of-the-ipl-2025-mega-public-sale/ HTTP/1.1" 200 53946 "-" "Mozilla/5.0 (compatible; SemrushBot/7~bl; +http://www.semrush.com/bot.html)"
50.6.201.88 - - [18/Mar/2026:11:07:20 -0400] "POST /wp-cron.php?doing_wp_cron=1773846440.0624570846557617187500 HTTP/1.1" 200 - "-" "WordPress/6.9.4; https://planetnewspro.com"
185.191.171.11 - - [18/Mar/2026:11:07:19 -0400] "GET /homicide-suspects-arrested-in-mumbai-after-real-life-memento-case/ HTTP/1.1" 200 53431 "-" "Mozilla/5.0 (compatible; SemrushBot/7~bl; +http://www.semrush.com/bot.html)"
216.73.216.103 - - [18/Mar/2026:11:07:23 -0400] "GET /tips-on-how-to-make-a-modest-inheritance-go-farthest HTTP/1.1" 301 - "-" "Mozilla/5.0 AppleWebKit/537.36 (KHTML, like Gecko; compatible; ClaudeBot/1.0; +claudebot@anthropic.com)"
216.73.216.103 - - [18/Mar/2026:11:07:23 -0400] "GET /true-meals-tuscan-kale-salad-recipe HTTP/1.1" 301 - "-" "Mozilla/5.0 AppleWebKit/537.36 (KHTML, like Gecko; compatible; ClaudeBot/1.0; +claudebot@anthropic.com)"
216.73.216.103 - - [18/Mar/2026:11:07:23 -0400] "GET /tips-on-how-to-make-a-modest-inheritance-go-farthest/ HTTP/1.1" 200 53310 "https://planetnewspro.com/tips-on-how-to-make-a-modest-inheritance-go-farthest" "Mozilla/5.0 AppleWebKit/537.36 (KHTML, like Gecko; compatible; ClaudeBot/1.0; +claudebot@anthropic.com)"
216.73.216.103 - - [18/Mar/2026:11:07:23 -0400] "GET /true-meals-tuscan-kale-salad-recipe/ HTTP/1.1" 200 54744 "https://planetnewspro.com/true-meals-tuscan-kale-salad-recipe" "Mozilla/5.0 AppleWebKit/537.36 (KHTML, like Gecko; compatible; ClaudeBot/1.0; +claudebot@anthropic.com)"
216.73.216.103 - - [18/Mar/2026:11:07:24 -0400] "GET /high-15-typical-vacationer-mistakes-in-japan HTTP/1.1" 301 - "-" "Mozilla/5.0 AppleWebKit/537.36 (KHTML, like Gecko; compatible; ClaudeBot/1.0; +claudebot@anthropic.com)"
216.73.216.103 - - [18/Mar/2026:11:07:24 -0400] "GET /high-15-typical-vacationer-mistakes-in-japan/ HTTP/1.1" 200 67901 "https://planetnewspro.com/high-15-typical-vacationer-mistakes-in-japan" "Mozilla/5.0 AppleWebKit/537.36 (KHTML, like Gecko; compatible; ClaudeBot/1.0; +claudebot@anthropic.com)"
85.208.96.194 - - [18/Mar/2026:11:07:26 -0400] "GET /man-whose-arms-and-face-melted-after-he-touched-11000-volt-stay-cable-whereas-attempting-to-steal-scrap-metallic-thanks-the-paramedics-who-helped-save-his-life/ HTTP/1.1" 200 53716 "-" "Mozilla/5.0 (compatible; SemrushBot/7~bl; +http://www.semrush.com/bot.html)"
216.73.216.103 - - [18/Mar/2026:11:07:28 -0400] "GET /?p=35431 HTTP/1.1" 301 - "-" "Mozilla/5.0 AppleWebKit/537.36 (KHTML, like Gecko; compatible; ClaudeBot/1.0; +claudebot@anthropic.com)"
