50.6.201.88 - - [18/Mar/2026:10:22:11 -0400] "POST /wp-cron.php?doing_wp_cron=1773843731.2947320938110351562500 HTTP/1.1" 200 - "-" "WordPress/6.9.4; https://planetnewspro.com"
89.211.249.122 - - [18/Mar/2026:10:22:11 -0400] "POST /xmlrpc.php HTTP/1.1" 200 403 "-" "Mozilla/5.0 (Windows NT 10.0; x86) AppleWebKit/537.36 (KHTML, like Gecko) Chrome/93.0.0.0 Safari/537.36"
50.6.201.88 - - [18/Mar/2026:10:22:11 -0400] "POST /wp-admin/admin-ajax.php?action=async_litespeed&nonce=6a32a20319&litespeed_type=imgoptm HTTP/1.1" 200 21 "-" "WordPress/6.9.4; https://planetnewspro.com"
85.208.96.198 - - [18/Mar/2026:10:22:13 -0400] "GET /regardless-of-900-movie-credit-tom-hanks-proclaims-much-less-than-10-of-his-works-are-good-movies-right-heres-all-you-must-know/ HTTP/1.1" 200 52838 "-" "Mozilla/5.0 (compatible; SemrushBot/7~bl; +http://www.semrush.com/bot.html)"
50.6.201.88 - - [18/Mar/2026:10:22:28 -0400] "POST /wp-cron.php?doing_wp_cron=1773843748.1702420711517333984375 HTTP/1.1" 200 - "-" "WordPress/6.9.4; https://planetnewspro.com"
103.221.246.151 - - [18/Mar/2026:10:22:27 -0400] "GET /our-home-is-not-promoting-are-the-neighbours-christmas-lights-devaluing-it/ HTTP/1.1" 200 56354 "https://planetnewspro.com/" "Mozilla/5.0 (Macintosh; Intel Mac OS X 10_15_7) AppleWebKit/537.36 (KHTML, like Gecko) Chrome/132.0.0.0 Safari/537.36"
216.73.216.103 - - [18/Mar/2026:10:22:51 -0400] "GET /?p=2557 HTTP/1.1" 301 - "-" "Mozilla/5.0 AppleWebKit/537.36 (KHTML, like Gecko; compatible; ClaudeBot/1.0; +claudebot@anthropic.com)"
216.73.216.103 - - [18/Mar/2026:10:22:51 -0400] "GET /?p=37945 HTTP/1.1" 301 - "-" "Mozilla/5.0 AppleWebKit/537.36 (KHTML, like Gecko; compatible; ClaudeBot/1.0; +claudebot@anthropic.com)"
216.73.216.103 - - [18/Mar/2026:10:22:51 -0400] "GET /world-crowdstrike-outage-proves-how-fragile-it-techniques-have-grow-to-be/ HTTP/1.1" 200 54580 "https://planetnewspro.com/?p=2557" "Mozilla/5.0 AppleWebKit/537.36 (KHTML, like Gecko; compatible; ClaudeBot/1.0; +claudebot@anthropic.com)"
216.73.216.103 - - [18/Mar/2026:10:22:52 -0400] "GET /why-a-person-was-killed-in-india-when-a-music-system-malfunctioned/ HTTP/1.1" 200 53020 "https://planetnewspro.com/?p=37945" "Mozilla/5.0 AppleWebKit/537.36 (KHTML, like Gecko; compatible; ClaudeBot/1.0; +claudebot@anthropic.com)"
185.191.171.2 - - [18/Mar/2026:10:22:52 -0400] "GET /tokyos-finest-video-recreation-arcades-in-akihabara-the-place-to-go-what-to-do/ HTTP/1.1" 200 53811 "-" "Mozilla/5.0 (compatible; SemrushBot/7~bl; +http://www.semrush.com/bot.html)"
50.6.201.88 - - [18/Mar/2026:10:23:08 -0400] "POST /wp-cron.php?doing_wp_cron=1773843788.0325419902801513671875 HTTP/1.1" 200 - "-" "WordPress/6.9.4; https://planetnewspro.com"
185.191.171.8 - - [18/Mar/2026:10:23:07 -0400] "GET /lion-home-rolls-the-recipe-critic/ HTTP/1.1" 200 56863 "-" "Mozilla/5.0 (compatible; SemrushBot/7~bl; +http://www.semrush.com/bot.html)"
50.6.201.88 - - [18/Mar/2026:10:23:08 -0400] "POST /wp-admin/admin-ajax.php?action=async_litespeed&nonce=6a32a20319&litespeed_type=imgoptm HTTP/1.1" 200 21 "-" "WordPress/6.9.4; https://planetnewspro.com"
146.174.177.2 - - [18/Mar/2026:10:23:10 -0400] "GET /rino-screw-your-freedom-arnold-schwarzenegger-endorses-kamala-mike-cernovich-points-blistering-response-the-gateway-pundit/ HTTP/1.1" 200 54576 "-" "Mozilla/5.0 (X11; U; Linux i686; en-US) AppleWebKit/534.16 (KHTML, like Gecko) Chrome/10.0.648.133 Safari/534.16"
50.6.201.88 - - [18/Mar/2026:10:23:30 -0400] "POST /wp-cron.php?doing_wp_cron=1773843810.1694319248199462890625 HTTP/1.1" 200 - "-" "WordPress/6.9.4; https://planetnewspro.com"
89.211.249.122 - - [18/Mar/2026:10:23:30 -0400] "POST /xmlrpc.php HTTP/1.1" 200 403 "-" "Mozilla/5.0 (Windows NT 10.0; arm64) AppleWebKit/537.36 (KHTML, like Gecko) Opera/78.0.0.0 Safari/537.36"
85.208.96.210 - - [18/Mar/2026:10:23:41 -0400] "GET /weeks-after-kendrick-lamar-referred-to-as-him-out-for-tupacs-ring-drake-drops-1-75-million-for-his-automotive/ HTTP/1.1" 200 52552 "-" "Mozilla/5.0 (compatible; SemrushBot/7~bl; +http://www.semrush.com/bot.html)"
185.191.171.13 - - [18/Mar/2026:10:23:47 -0400] "GET /dice-steaks-and-gravy-spend-with-pennies/ HTTP/1.1" 200 59408 "-" "Mozilla/5.0 (compatible; SemrushBot/7~bl; +http://www.semrush.com/bot.html)"
50.6.201.88 - - [18/Mar/2026:10:24:17 -0400] "POST /wp-cron.php?doing_wp_cron=1773843857.3833370208740234375000 HTTP/1.1" 200 - "-" "WordPress/6.9.4; https://planetnewspro.com"
216.73.216.103 - - [18/Mar/2026:10:24:17 -0400] "GET /oasis-faces-backlash-in-south-korea-over-controversial-dawn-video-2 HTTP/1.1" 301 - "-" "Mozilla/5.0 AppleWebKit/537.36 (KHTML, like Gecko; compatible; ClaudeBot/1.0; +claudebot@anthropic.com)"
216.73.216.103 - - [18/Mar/2026:10:24:17 -0400] "GET /?p=36471 HTTP/1.1" 301 - "-" "Mozilla/5.0 AppleWebKit/537.36 (KHTML, like Gecko; compatible; ClaudeBot/1.0; +claudebot@anthropic.com)"
50.6.201.88 - - [18/Mar/2026:10:24:17 -0400] "POST /wp-admin/admin-ajax.php?action=async_litespeed&nonce=6a32a20319&litespeed_type=imgoptm HTTP/1.1" 200 21 "-" "WordPress/6.9.4; https://planetnewspro.com"
216.73.216.103 - - [18/Mar/2026:10:24:17 -0400] "GET /oasis-faces-backlash-in-south-korea-over-controversial-dawn-video-2/ HTTP/1.1" 200 53456 "https://planetnewspro.com/oasis-faces-backlash-in-south-korea-over-controversial-dawn-video-2" "Mozilla/5.0 AppleWebKit/537.36 (KHTML, like Gecko; compatible; ClaudeBot/1.0; +claudebot@anthropic.com)"
216.73.216.103 - - [18/Mar/2026:10:24:18 -0400] "GET /turkey-meatballs-spend-with-pennies/ HTTP/1.1" 200 57332 "https://planetnewspro.com/?p=36471" "Mozilla/5.0 AppleWebKit/537.36 (KHTML, like Gecko; compatible; ClaudeBot/1.0; +claudebot@anthropic.com)"
85.208.96.202 - - [18/Mar/2026:10:24:18 -0400] "GET /danger-from-the-sky-every-day-russian-missile-assaults-goal-ukrainian-air-bases-that-will-host-the-promised-f-16-jet-fighters-the-gateway-pundit/ HTTP/1.1" 200 53377 "-" "Mozilla/5.0 (compatible; SemrushBot/7~bl; +http://www.semrush.com/bot.html)"
50.6.201.88 - - [18/Mar/2026:10:24:21 -0400] "POST /wp-cron.php?doing_wp_cron=1773843861.2850520610809326171875 HTTP/1.1" 200 - "-" "WordPress/6.9.4; https://planetnewspro.com"
185.191.171.3 - - [18/Mar/2026:10:24:20 -0400] "GET /metas-threads-is-creating-its-personal-tackle-blueskys-starter-packs/ HTTP/1.1" 200 53593 "-" "Mozilla/5.0 (compatible; SemrushBot/7~bl; +http://www.semrush.com/bot.html)"
185.191.171.8 - - [18/Mar/2026:10:24:24 -0400] "GET /ye-loses-a-hip-hop-award-to-metro-boomin-as-anticipations-rise-for-bully/ HTTP/1.1" 200 52861 "-" "Mozilla/5.0 (compatible; SemrushBot/7~bl; +http://www.semrush.com/bot.html)"
89.211.249.122 - - [18/Mar/2026:10:24:30 -0400] "POST /xmlrpc.php HTTP/1.1" 200 403 "-" "Mozilla/5.0 (Windows NT 6.3; x64) AppleWebKit/537.36 (KHTML, like Gecko) Opera/70.0.0.0 Safari/537.36"
85.208.96.212 - - [18/Mar/2026:10:24:51 -0400] "GET /the-evening-agent-season-2s-first-5-minutes-have-been-launched-early-and-gabriel-bassos-peter-sutherland-is-pressured-to-flee-when-a-job-goes-awry/ HTTP/1.1" 200 54164 "-" "Mozilla/5.0 (compatible; SemrushBot/7~bl; +http://www.semrush.com/bot.html)"
85.208.96.211 - - [18/Mar/2026:10:24:55 -0400] "GET /rising-power-costs-put-ai-and-information-facilities-within-the-crosshairs/ HTTP/1.1" 200 52765 "-" "Mozilla/5.0 (compatible; SemrushBot/7~bl; +http://www.semrush.com/bot.html)"
181.43.214.108 - - [18/Mar/2026:10:24:56 -0400] "GET /robotic-movies-cobot-proxie-marathon-quadruped-and-extra/ HTTP/1.1" 200 55936 "https://planetnewspro.com/" "Mozilla/5.0 (Macintosh; Intel Mac OS X 10_15_7) AppleWebKit/537.36 (KHTML, like Gecko) Chrome/133.0.0.0 Safari/537.36"
85.208.96.200 - - [18/Mar/2026:10:25:00 -0400] "GET /browser-use-the-device-making-it-simpler-for-ai-brokers-to-navigate-web-sites-raises-17m/ HTTP/1.1" 200 52672 "-" "Mozilla/5.0 (compatible; SemrushBot/7~bl; +http://www.semrush.com/bot.html)"
50.6.201.88 - - [18/Mar/2026:10:25:44 -0400] "POST /wp-cron.php?doing_wp_cron=1773843944.8587958812713623046875 HTTP/1.1" 200 - "-" "WordPress/6.9.4; https://planetnewspro.com"
85.208.96.194 - - [18/Mar/2026:10:25:42 -0400] "GET /fbs-video-suggestions-maven-ieee-spectrum/ HTTP/1.1" 200 55363 "-" "Mozilla/5.0 (compatible; SemrushBot/7~bl; +http://www.semrush.com/bot.html)"
50.6.201.88 - - [18/Mar/2026:10:25:44 -0400] "POST /wp-admin/admin-ajax.php?action=async_litespeed&nonce=6a32a20319&litespeed_type=imgoptm HTTP/1.1" 200 21 "-" "WordPress/6.9.4; https://planetnewspro.com"
50.6.201.88 - - [18/Mar/2026:10:26:00 -0400] "POST /wp-cron.php?doing_wp_cron=1773843960.2329258918762207031250 HTTP/1.1" 200 - "-" "WordPress/6.9.4; https://planetnewspro.com"
185.191.171.8 - - [18/Mar/2026:10:25:59 -0400] "GET /2025-new-zealand-visa-utility-necessities-on-line-course-of-for-filipinos/ HTTP/1.1" 200 64102 "-" "Mozilla/5.0 (compatible; SemrushBot/7~bl; +http://www.semrush.com/bot.html)"
50.6.201.88 - - [18/Mar/2026:10:26:00 -0400] "POST /wp-admin/admin-ajax.php?action=async_litespeed&nonce=6a32a20319&litespeed_type=imgoptm HTTP/1.1" 200 21 "-" "WordPress/6.9.4; https://planetnewspro.com"
50.6.201.88 - - [18/Mar/2026:10:26:00 -0400] "POST /wp-cron.php?doing_wp_cron=1773843960.6282830238342285156250 HTTP/1.1" 200 - "-" "WordPress/6.9.4; https://planetnewspro.com"
148.113.130.229 - - [18/Mar/2026:10:25:59 -0400] "GET /energy-50-2025-our-20-11-revealed/ HTTP/1.1" 200 53547 "-" "Mozilla/5.0 (compatible; AhrefsBot/7.0; +http://ahrefs.com/robot/)"
185.191.171.16 - - [18/Mar/2026:10:26:03 -0400] "GET /labours-two-lame-geese-turmoil-on-the-treasury-as-keir-starmer-scrambles-to-shore-up-his-flailing-chancellor-rachel-reeves-amid-bond-market-mayhem-whereas-tulip-siddiq-is-mired-in-bangladeshi-corr/ HTTP/1.1" 200 54838 "-" "Mozilla/5.0 (compatible; SemrushBot/7~bl; +http://www.semrush.com/bot.html)"
212.34.141.234 - - [18/Mar/2026:10:26:15 -0400] "GET /why-your-metabolism-isnt-slowing-after-30-whats-actually-going-on/ HTTP/1.0" 200 318761 "https://planetnewspro.com/why-your-metabolism-isnt-slowing-after-30-whats-actually-going-on/" "Mozilla/5.0 (Windows NT 10.0; Win64; x64) AppleWebKit/537.36 (KHTML, like Gecko) Chrome/129.0.0.0 Safari/537.36"
185.191.171.7 - - [18/Mar/2026:10:26:31 -0400] "GET /my-jotwell-overview-of-david-pozens-the-structure-of-the-struggle-on-medicine/ HTTP/1.1" 200 53363 "-" "Mozilla/5.0 (compatible; SemrushBot/7~bl; +http://www.semrush.com/bot.html)"
50.6.201.88 - - [18/Mar/2026:10:27:21 -0400] "POST /wp-cron.php?doing_wp_cron=1773844041.4230289459228515625000 HTTP/1.1" 200 - "-" "WordPress/6.9.4; https://planetnewspro.com"
85.208.96.207 - - [18/Mar/2026:10:27:19 -0400] "GET /the-place-is-trumps-plan-to-lower-spending/ HTTP/1.1" 200 53407 "-" "Mozilla/5.0 (compatible; SemrushBot/7~bl; +http://www.semrush.com/bot.html)"
50.6.201.88 - - [18/Mar/2026:10:27:21 -0400] "POST /wp-admin/admin-ajax.php?action=async_litespeed&nonce=6a32a20319&litespeed_type=imgoptm HTTP/1.1" 200 21 "-" "WordPress/6.9.4; https://planetnewspro.com"
85.208.96.207 - - [18/Mar/2026:10:27:24 -0400] "GET /nasas-starliner-choice-was-the-best-one-nevertheless-its-a-crushing-blow-for-boeing/ HTTP/1.1" 200 55103 "-" "Mozilla/5.0 (compatible; SemrushBot/7~bl; +http://www.semrush.com/bot.html)"
85.208.96.211 - - [18/Mar/2026:10:27:45 -0400] "GET /mulled-wine-spend-with-pennies/ HTTP/1.1" 200 57644 "-" "Mozilla/5.0 (compatible; SemrushBot/7~bl; +http://www.semrush.com/bot.html)"
85.208.96.210 - - [18/Mar/2026:10:27:47 -0400] "GET /breakfast-stromboli-recipe-the-recipe-critic/ HTTP/1.1" 200 57384 "-" "Mozilla/5.0 (compatible; SemrushBot/7~bl; +http://www.semrush.com/bot.html)"
85.208.96.206 - - [18/Mar/2026:10:27:54 -0400] "GET /the-excellent-white-cake-recipe/ HTTP/1.1" 200 62421 "-" "Mozilla/5.0 (compatible; SemrushBot/7~bl; +http://www.semrush.com/bot.html)"
216.73.216.103 - - [18/Mar/2026:10:27:55 -0400] "GET /?p=39822 HTTP/1.1" 301 - "-" "Mozilla/5.0 AppleWebKit/537.36 (KHTML, like Gecko; compatible; ClaudeBot/1.0; +claudebot@anthropic.com)"
216.73.216.103 - - [18/Mar/2026:10:27:55 -0400] "GET /two-youngsters-charged-over-transport-for-london-cyber-assault-that-brought-about-huge-disruption-and-uncovered-delicate-buyer-information/ HTTP/1.1" 200 53454 "https://planetnewspro.com/?p=39822" "Mozilla/5.0 AppleWebKit/537.36 (KHTML, like Gecko; compatible; ClaudeBot/1.0; +claudebot@anthropic.com)"
50.6.201.88 - - [18/Mar/2026:10:28:06 -0400] "POST /wp-cron.php?doing_wp_cron=1773844086.6380629539489746093750 HTTP/1.1" 200 - "-" "WordPress/6.9.4; https://planetnewspro.com"
185.191.171.8 - - [18/Mar/2026:10:28:04 -0400] "GET /now-it-is-tiktok-mother-or-father-bytedances-flip-for-a-reasoning-ai-enter-seed-considering-v1-5/ HTTP/1.1" 200 56484 "-" "Mozilla/5.0 (compatible; SemrushBot/7~bl; +http://www.semrush.com/bot.html)"
50.6.201.88 - - [18/Mar/2026:10:28:06 -0400] "POST /wp-admin/admin-ajax.php?action=async_litespeed&nonce=6a32a20319&litespeed_type=imgoptm HTTP/1.1" 200 21 "-" "WordPress/6.9.4; https://planetnewspro.com"
50.6.201.88 - - [18/Mar/2026:10:28:10 -0400] "POST /wp-cron.php?doing_wp_cron=1773844090.9217441082000732421875 HTTP/1.1" 200 - "-" "WordPress/6.9.4; https://planetnewspro.com"
216.73.216.103 - - [18/Mar/2026:10:28:10 -0400] "GET /breaking-democrat-rep-sheila-jackson-lee-has-died-at-age-74-the-gateway-pundit HTTP/1.1" 301 - "-" "Mozilla/5.0 AppleWebKit/537.36 (KHTML, like Gecko; compatible; ClaudeBot/1.0; +claudebot@anthropic.com)"
216.73.216.103 - - [18/Mar/2026:10:28:10 -0400] "GET /easy-methods-to-simply-flip-your-pdf-into-an-audiobook HTTP/1.1" 301 - "-" "Mozilla/5.0 AppleWebKit/537.36 (KHTML, like Gecko; compatible; ClaudeBot/1.0; +claudebot@anthropic.com)"
216.73.216.103 - - [18/Mar/2026:10:28:11 -0400] "GET /breaking-democrat-rep-sheila-jackson-lee-has-died-at-age-74-the-gateway-pundit/ HTTP/1.1" 200 52567 "https://planetnewspro.com/breaking-democrat-rep-sheila-jackson-lee-has-died-at-age-74-the-gateway-pundit" "Mozilla/5.0 AppleWebKit/537.36 (KHTML, like Gecko; compatible; ClaudeBot/1.0; +claudebot@anthropic.com)"
216.73.216.103 - - [18/Mar/2026:10:28:11 -0400] "GET /easy-methods-to-simply-flip-your-pdf-into-an-audiobook/ HTTP/1.1" 200 56949 "https://planetnewspro.com/easy-methods-to-simply-flip-your-pdf-into-an-audiobook" "Mozilla/5.0 AppleWebKit/537.36 (KHTML, like Gecko; compatible; ClaudeBot/1.0; +claudebot@anthropic.com)"
50.6.201.88 - - [18/Mar/2026:10:28:24 -0400] "POST /wp-cron.php?doing_wp_cron=1773844104.8818249702453613281250 HTTP/1.1" 200 - "-" "WordPress/6.9.4; https://planetnewspro.com"
151.250.74.19 - - [18/Mar/2026:10:28:24 -0400] "GET /nationwide-guard-personnel-will-probably-be-deployed-from-three-pink-states-to-d-c/ HTTP/1.1" 200 55115 "https://planetnewspro.com/nationwide-guard-personnel-will-probably-be-deployed-from-three-pink-states-to-d-c/" "Mozilla/5.0 (Windows NT 10.0; Win64; x64) AppleWebKit/537.36 (KHTML, like Gecko) Chrome/80.0.3987.132 Safari/537.36"
185.191.171.6 - - [18/Mar/2026:10:28:48 -0400] "GET /vegetarian-stuffed-peppers-recipe-love-and-lemons/ HTTP/1.1" 200 56385 "-" "Mozilla/5.0 (compatible; SemrushBot/7~bl; +http://www.semrush.com/bot.html)"
50.6.201.88 - - [18/Mar/2026:10:29:06 -0400] "POST /wp-cron.php?doing_wp_cron=1773844146.1482260227203369140625 HTTP/1.1" 200 - "-" "WordPress/6.9.4; https://planetnewspro.com"
85.208.96.195 - - [18/Mar/2026:10:29:05 -0400] "GET /ai-gross-sales-rep-startups-are-booming-so-why-are-vcs-cautious/ HTTP/1.1" 200 53038 "-" "Mozilla/5.0 (compatible; SemrushBot/7~bl; +http://www.semrush.com/bot.html)"
50.6.201.88 - - [18/Mar/2026:10:29:06 -0400] "POST /wp-admin/admin-ajax.php?action=async_litespeed&nonce=6a32a20319&litespeed_type=imgoptm HTTP/1.1" 200 21 "-" "WordPress/6.9.4; https://planetnewspro.com"
50.6.201.88 - - [18/Mar/2026:10:29:13 -0400] "POST /wp-cron.php?doing_wp_cron=1773844153.3006811141967773437500 HTTP/1.1" 200 - "-" "WordPress/6.9.4; https://planetnewspro.com"
185.191.171.7 - - [18/Mar/2026:10:29:12 -0400] "GET /french-toast-recipe-love-and-lemons/ HTTP/1.1" 200 54904 "-" "Mozilla/5.0 (compatible; SemrushBot/7~bl; +http://www.semrush.com/bot.html)"
50.6.201.88 - - [18/Mar/2026:10:29:22 -0400] "POST /wp-cron.php?doing_wp_cron=1773844162.9149000644683837890625 HTTP/1.1" 200 - "-" "WordPress/6.9.4; https://planetnewspro.com"
216.73.216.103 - - [18/Mar/2026:10:29:22 -0400] "GET /?p=36033 HTTP/1.1" 301 - "-" "Mozilla/5.0 AppleWebKit/537.36 (KHTML, like Gecko; compatible; ClaudeBot/1.0; +claudebot@anthropic.com)"
216.73.216.103 - - [18/Mar/2026:10:29:22 -0400] "GET /murder-capital-to-paradise-el-salvadors-turnaround-is-americas-border-sport-changer-the-gateway-pundit/ HTTP/1.1" 200 55087 "https://planetnewspro.com/?p=36033" "Mozilla/5.0 AppleWebKit/537.36 (KHTML, like Gecko; compatible; ClaudeBot/1.0; +claudebot@anthropic.com)"
85.208.96.211 - - [18/Mar/2026:10:29:28 -0400] "GET /romanticize-your-life-my-secret-to-getting-sht-performed-with-extra-pleasure/ HTTP/1.1" 200 54186 "-" "Mozilla/5.0 (compatible; SemrushBot/7~bl; +http://www.semrush.com/bot.html)"
185.191.171.10 - - [18/Mar/2026:10:29:31 -0400] "GET /spacex-says-regulators-will-preserve-starship-grounded-till-not-less-than-november/ HTTP/1.1" 200 53067 "-" "Mozilla/5.0 (compatible; SemrushBot/7~bl; +http://www.semrush.com/bot.html)"
170.150.98.215 - - [18/Mar/2026:10:29:53 -0400] "GET /the-greatest-ham-glaze-spend-with-pennies/ HTTP/1.1" 200 56511 "https://planetnewspro.com/" "Mozilla/5.0 (X11; Linux x86_64) AppleWebKit/537.36 (KHTML, like Gecko) Chrome/129.0.0.0 Safari/537.36"
50.6.201.88 - - [18/Mar/2026:10:30:09 -0400] "POST /wp-cron.php?doing_wp_cron=1773844209.2917010784149169921875 HTTP/1.1" 200 - "-" "WordPress/6.9.4; https://planetnewspro.com"
216.73.216.103 - - [18/Mar/2026:10:30:09 -0400] "GET /ive-helped-a-few-of-new-yorks-wealthiest-ramp-up-their-giving-zohran-mamdanis-rise-reveals-the-urgency-and-alternative-for-all-of-us-to-fulfill-the-second HTTP/1.1" 301 - "-" "Mozilla/5.0 AppleWebKit/537.36 (KHTML, like Gecko; compatible; ClaudeBot/1.0; +claudebot@anthropic.com)"
216.73.216.103 - - [18/Mar/2026:10:30:09 -0400] "GET /pancake-recipe HTTP/1.1" 301 - "-" "Mozilla/5.0 AppleWebKit/537.36 (KHTML, like Gecko; compatible; ClaudeBot/1.0; +claudebot@anthropic.com)"
50.6.201.88 - - [18/Mar/2026:10:30:09 -0400] "POST /wp-admin/admin-ajax.php?action=async_litespeed&nonce=6a32a20319&litespeed_type=imgoptm HTTP/1.1" 200 21 "-" "WordPress/6.9.4; https://planetnewspro.com"
216.73.216.103 - - [18/Mar/2026:10:30:09 -0400] "GET /ive-helped-a-few-of-new-yorks-wealthiest-ramp-up-their-giving-zohran-mamdanis-rise-reveals-the-urgency-and-alternative-for-all-of-us-to-fulfill-the-second/ HTTP/1.1" 200 55776 "https://planetnewspro.com/ive-helped-a-few-of-new-yorks-wealthiest-ramp-up-their-giving-zohran-mamdanis-rise-reveals-the-urgency-and-alternative-for-all-of-us-to-fulfill-the-second" "Mozilla/5.0 AppleWebKit/537.36 (KHTML, like Gecko; compatible; ClaudeBot/1.0; +claudebot@anthropic.com)"
216.73.216.103 - - [18/Mar/2026:10:30:10 -0400] "GET /pancake-recipe/ HTTP/1.1" 200 58329 "https://planetnewspro.com/pancake-recipe" "Mozilla/5.0 AppleWebKit/537.36 (KHTML, like Gecko; compatible; ClaudeBot/1.0; +claudebot@anthropic.com)"
185.191.171.2 - - [18/Mar/2026:10:30:15 -0400] "GET /jane-goodall-thinks-its-not-too-late-to-save-the-world/ HTTP/1.1" 200 52539 "-" "Mozilla/5.0 (compatible; SemrushBot/7~bl; +http://www.semrush.com/bot.html)"
50.6.201.88 - - [18/Mar/2026:10:30:34 -0400] "POST /wp-cron.php?doing_wp_cron=1773844234.4080181121826171875000 HTTP/1.1" 200 - "-" "WordPress/6.9.4; https://planetnewspro.com"
185.191.171.16 - - [18/Mar/2026:10:30:33 -0400] "GET /5-greatest-thanksgiving-field-workplace-releases-of-all-time-to-revisit-this-12-months-with-mates-and-household/ HTTP/1.1" 200 52434 "-" "Mozilla/5.0 (compatible; SemrushBot/7~bl; +http://www.semrush.com/bot.html)"
50.6.201.88 - - [18/Mar/2026:10:31:04 -0400] "POST /wp-cron.php?doing_wp_cron=1773844264.7971711158752441406250 HTTP/1.1" 200 - "-" "WordPress/6.9.4; https://planetnewspro.com"
216.73.216.103 - - [18/Mar/2026:10:31:04 -0400] "GET /?p=36892 HTTP/1.1" 301 - "-" "Mozilla/5.0 AppleWebKit/537.36 (KHTML, like Gecko; compatible; ClaudeBot/1.0; +claudebot@anthropic.com)"
50.6.201.88 - - [18/Mar/2026:10:31:04 -0400] "POST /wp-admin/admin-ajax.php?action=async_litespeed&nonce=6a32a20319&litespeed_type=imgoptm HTTP/1.1" 200 21 "-" "WordPress/6.9.4; https://planetnewspro.com"
216.73.216.103 - - [18/Mar/2026:10:31:04 -0400] "GET /each-replace-we-know-so-far-in-regards-to-the-universe/ HTTP/1.1" 200 52969 "https://planetnewspro.com/?p=36892" "Mozilla/5.0 AppleWebKit/537.36 (KHTML, like Gecko; compatible; ClaudeBot/1.0; +claudebot@anthropic.com)"
50.6.201.88 - - [18/Mar/2026:10:31:34 -0400] "POST /wp-cron.php?doing_wp_cron=1773844294.3220050334930419921875 HTTP/1.1" 200 - "-" "WordPress/6.9.4; https://planetnewspro.com"
185.191.171.6 - - [18/Mar/2026:10:31:33 -0400] "GET /rocky-hole-state-park-maryland-information/ HTTP/1.1" 200 57593 "-" "Mozilla/5.0 (compatible; SemrushBot/7~bl; +http://www.semrush.com/bot.html)"
85.208.96.198 - - [18/Mar/2026:10:31:54 -0400] "GET /your-netflix-account-just-isnt-suspended-the-best-way-to-keep-away-from-the-newest-sms-rip-off/ HTTP/1.1" 200 54032 "-" "Mozilla/5.0 (compatible; SemrushBot/7~bl; +http://www.semrush.com/bot.html)"
50.6.201.88 - - [18/Mar/2026:10:32:06 -0400] "POST /wp-cron.php?doing_wp_cron=1773844326.4503469467163085937500 HTTP/1.1" 200 - "-" "WordPress/6.9.4; https://planetnewspro.com"
185.191.171.14 - - [18/Mar/2026:10:32:05 -0400] "GET /the-greatest-finances-kitchen-gear-in-response-to-critical-eats-staffers/ HTTP/1.1" 200 55344 "-" "Mozilla/5.0 (compatible; SemrushBot/7~bl; +http://www.semrush.com/bot.html)"
50.6.201.88 - - [18/Mar/2026:10:32:06 -0400] "POST /wp-admin/admin-ajax.php?action=async_litespeed&nonce=6a32a20319&litespeed_type=imgoptm HTTP/1.1" 200 21 "-" "WordPress/6.9.4; https://planetnewspro.com"
50.6.201.88 - - [18/Mar/2026:10:32:13 -0400] "POST /wp-cron.php?doing_wp_cron=1773844333.2998819351196289062500 HTTP/1.1" 200 - "-" "WordPress/6.9.4; https://planetnewspro.com"
31.220.97.163 - - [18/Mar/2026:10:32:12 -0400] "GET / HTTP/1.1" 200 492263 "-" "Mozilla/5.0 (Macintosh; Intel Mac OS X 10_15_7) AppleWebKit/537.36 (KHTML, like Gecko) Chrome/93.0.4577.0 Safari/537.36"
50.6.201.88 - - [18/Mar/2026:10:32:37 -0400] "POST /wp-cron.php?doing_wp_cron=1773844357.5919909477233886718750 HTTP/1.1" 200 - "-" "WordPress/6.9.4; https://planetnewspro.com"
185.191.171.11 - - [18/Mar/2026:10:32:37 -0400] "GET /author/admin-pnp-171/page/1371/ HTTP/1.1" 200 44083 "-" "Mozilla/5.0 (compatible; SemrushBot/7~bl; +http://www.semrush.com/bot.html)"
50.6.201.88 - - [18/Mar/2026:10:33:11 -0400] "POST /wp-cron.php?doing_wp_cron=1773844391.1464009284973144531250 HTTP/1.1" 200 - "-" "WordPress/6.9.4; https://planetnewspro.com"
185.191.171.18 - - [18/Mar/2026:10:33:09 -0400] "GET /pakistan-stoops-to-new-low-over-asia-cup-trophy/ HTTP/1.1" 200 54776 "-" "Mozilla/5.0 (compatible; SemrushBot/7~bl; +http://www.semrush.com/bot.html)"
50.6.201.88 - - [18/Mar/2026:10:33:11 -0400] "POST /wp-admin/admin-ajax.php?action=async_litespeed&nonce=6a32a20319&litespeed_type=imgoptm HTTP/1.1" 200 21 "-" "WordPress/6.9.4; https://planetnewspro.com"
77.125.217.208 - - [18/Mar/2026:10:33:11 -0400] "GET /swedish-nationalist-chief-europe-will-by-no-means-be-free-as-lengthy-because-the-eu-exists-the-gateway-pundit/ HTTP/1.1" 200 53151 "-" "Mozilla/5.0 (Windows; U; Windows NT 5.1; en-US; rv:1.9.2.28) Gecko/20120306 Firefox/3.6.28 ( .NET CLR 3.5.30729; .NET4.0C)"
50.6.201.88 - - [18/Mar/2026:10:33:25 -0400] "POST /wp-cron.php?doing_wp_cron=1773844405.1020181179046630859375 HTTP/1.1" 200 - "-" "WordPress/6.9.4; https://planetnewspro.com"
216.73.216.103 - - [18/Mar/2026:10:33:24 -0400] "GET /?p=34526 HTTP/1.1" 301 - "-" "Mozilla/5.0 AppleWebKit/537.36 (KHTML, like Gecko; compatible; ClaudeBot/1.0; +claudebot@anthropic.com)"
216.73.216.103 - - [18/Mar/2026:10:33:25 -0400] "GET /openai-and-google-outdo-the-mathletes-however-not-one-another/ HTTP/1.1" 200 53354 "https://planetnewspro.com/?p=34526" "Mozilla/5.0 AppleWebKit/537.36 (KHTML, like Gecko; compatible; ClaudeBot/1.0; +claudebot@anthropic.com)"
185.191.171.4 - - [18/Mar/2026:10:33:35 -0400] "GET /american-anarchy-explores-the-battle-between-radicals-and-the-state/ HTTP/1.1" 200 55301 "-" "Mozilla/5.0 (compatible; SemrushBot/7~bl; +http://www.semrush.com/bot.html)"
50.6.201.88 - - [18/Mar/2026:10:34:08 -0400] "POST /wp-cron.php?doing_wp_cron=1773844448.8497159481048583984375 HTTP/1.1" 200 - "-" "WordPress/6.9.4; https://planetnewspro.com"
85.208.96.212 - - [18/Mar/2026:10:34:06 -0400] "GET /with-30-million-in-new-funding-seeqc-thinks-chips-are-key-to-constructing-helpful-quantum-computing/ HTTP/1.1" 200 53495 "-" "Mozilla/5.0 (compatible; SemrushBot/7~bl; +http://www.semrush.com/bot.html)"
50.6.201.88 - - [18/Mar/2026:10:34:09 -0400] "POST /wp-admin/admin-ajax.php?action=async_litespeed&nonce=6a32a20319&litespeed_type=imgoptm HTTP/1.1" 200 21 "-" "WordPress/6.9.4; https://planetnewspro.com"
185.191.171.4 - - [18/Mar/2026:10:34:11 -0400] "GET /nfl-week-2-betting-picks-and-predictions-high-unfold-bets/ HTTP/1.1" 200 54346 "-" "Mozilla/5.0 (compatible; SemrushBot/7~bl; +http://www.semrush.com/bot.html)"
89.248.172.183 - - [18/Mar/2026:10:34:12 -0400] "POST /wp-json/tdw/save_css HTTP/1.1" 403 715 "-" "Mozilla/5.0 (Windows NT 10.0) AppleWebKit/537.36 (KHTML, like Gecko) Chrome/104.0.0.0 Safari/537.36"
89.248.172.183 - - [18/Mar/2026:10:34:13 -0400] "POST /wp-json/tdw/save_css HTTP/1.1" 403 715 "-" "Mozilla/5.0 (Windows NT 10.0) AppleWebKit/537.36 (KHTML, like Gecko) Chrome/104.0.0.0 Safari/537.36"
89.248.172.183 - - [18/Mar/2026:10:34:13 -0400] "POST /wp-json/tdw/save_css HTTP/1.1" 403 715 "-" "Mozilla/5.0 (Windows NT 10.0) AppleWebKit/537.36 (KHTML, like Gecko) Chrome/104.0.0.0 Safari/537.36"
89.248.172.183 - - [18/Mar/2026:10:34:18 -0400] "POST /wp-json/tdw/save_css HTTP/1.1" 403 715 "-" "Mozilla/5.0 (Windows NT 10.0) AppleWebKit/537.36 (KHTML, like Gecko) Chrome/104.0.0.0 Safari/537.36"
89.248.172.183 - - [18/Mar/2026:10:34:20 -0400] "POST /wp-json/tdw/save_css HTTP/1.1" 403 715 "-" "Mozilla/5.0 (Windows NT 10.0) AppleWebKit/537.36 (KHTML, like Gecko) Chrome/104.0.0.0 Safari/537.36"
34.158.190.128 - - [18/Mar/2026:10:34:28 -0400] "GET / HTTP/1.1" 200 64323 "-" "Mozilla/5.0 (Windows NT 10.0; Win64; x64) AppleWebKit/537.36 (KHTML, like Gecko) Chrome/93.0.4577.63 Safari/537.36"
85.208.98.24 - - [18/Mar/2026:10:34:31 -0400] "GET /how-does-a-pantry-staple-turn-into-a-flex/ HTTP/1.1" 200 58291 "-" "Mozilla/5.0 (compatible; SemrushBot-BA; +http://www.semrush.com/bot.html)"
85.208.96.205 - - [18/Mar/2026:10:34:51 -0400] "GET /ought-to-you-train-whereas-on-ozempic/ HTTP/1.1" 200 53734 "-" "Mozilla/5.0 (compatible; SemrushBot/7~bl; +http://www.semrush.com/bot.html)"
50.6.201.88 - - [18/Mar/2026:10:35:39 -0400] "POST /wp-cron.php?doing_wp_cron=1773844539.1039600372314453125000 HTTP/1.1" 200 - "-" "WordPress/6.9.4; https://planetnewspro.com"
185.191.171.19 - - [18/Mar/2026:10:35:37 -0400] "GET /are-cage-free-legal-guidelines-responsible-for-top-egg-costs/ HTTP/1.1" 200 53425 "-" "Mozilla/5.0 (compatible; SemrushBot/7~bl; +http://www.semrush.com/bot.html)"
50.6.201.88 - - [18/Mar/2026:10:35:39 -0400] "POST /wp-admin/admin-ajax.php?action=async_litespeed&nonce=6a32a20319&litespeed_type=imgoptm HTTP/1.1" 200 21 "-" "WordPress/6.9.4; https://planetnewspro.com"
50.6.201.88 - - [18/Mar/2026:10:35:47 -0400] "POST /wp-cron.php?doing_wp_cron=1773844547.2433800697326660156250 HTTP/1.1" 200 - "-" "WordPress/6.9.4; https://planetnewspro.com"
185.191.171.12 - - [18/Mar/2026:10:35:45 -0400] "GET /augmented-world-expo-2025-will-draw-400-audio-system-6k-attendees-and-300-world-exhibitors/ HTTP/1.1" 200 54247 "-" "Mozilla/5.0 (compatible; SemrushBot/7~bl; +http://www.semrush.com/bot.html)"
50.6.201.88 - - [18/Mar/2026:10:35:59 -0400] "POST /wp-cron.php?doing_wp_cron=1773844559.2524371147155761718750 HTTP/1.1" 200 - "-" "WordPress/6.9.4; https://planetnewspro.com"
185.191.171.9 - - [18/Mar/2026:10:35:58 -0400] "GET /hunter-bidens-pardon-exhibits-gun-coverage-hypocrisy/ HTTP/1.1" 200 56706 "-" "Mozilla/5.0 (compatible; SemrushBot/7~bl; +http://www.semrush.com/bot.html)"
50.6.201.88 - - [18/Mar/2026:10:35:59 -0400] "POST /wp-admin/admin-ajax.php?action=async_litespeed&nonce=6a32a20319&litespeed_type=imgoptm HTTP/1.1" 200 21 "-" "WordPress/6.9.4; https://planetnewspro.com"
50.6.201.88 - - [18/Mar/2026:10:36:10 -0400] "POST /wp-cron.php?doing_wp_cron=1773844570.0466260910034179687500 HTTP/1.1" 200 - "-" "WordPress/6.9.4; https://planetnewspro.com"
185.191.171.11 - - [18/Mar/2026:10:36:09 -0400] "GET /this-distant-nationwide-park-in-alaska-has-a-grizzly-bear-camp-here-is-what-it-is-prefer-to-spend-the-evening/ HTTP/1.1" 200 54979 "-" "Mozilla/5.0 (compatible; SemrushBot/7~bl; +http://www.semrush.com/bot.html)"
185.191.171.6 - - [18/Mar/2026:10:36:13 -0400] "GET /owners-on-former-council-property-face-66000-invoice-for-internet-zero-heating-so-labour-council-can-hit-its-targets/ HTTP/1.1" 200 54097 "-" "Mozilla/5.0 (compatible; SemrushBot/7~bl; +http://www.semrush.com/bot.html)"
50.6.201.88 - - [18/Mar/2026:10:36:59 -0400] "POST /wp-cron.php?doing_wp_cron=1773844619.5430870056152343750000 HTTP/1.1" 200 - "-" "WordPress/6.9.4; https://planetnewspro.com"
216.73.216.103 - - [18/Mar/2026:10:36:58 -0400] "GET /thomas-massies-new-invoice-would-let-folks-sue-pharma-for-covid-vaccine-accidents HTTP/1.1" 301 - "-" "Mozilla/5.0 AppleWebKit/537.36 (KHTML, like Gecko; compatible; ClaudeBot/1.0; +claudebot@anthropic.com)"
50.6.201.88 - - [18/Mar/2026:10:36:59 -0400] "POST /wp-admin/admin-ajax.php?action=async_litespeed&nonce=6a32a20319&litespeed_type=imgoptm HTTP/1.1" 200 21 "-" "WordPress/6.9.4; https://planetnewspro.com"
216.73.216.103 - - [18/Mar/2026:10:36:59 -0400] "GET /thomas-massies-new-invoice-would-let-folks-sue-pharma-for-covid-vaccine-accidents/ HTTP/1.1" 200 54466 "https://planetnewspro.com/thomas-massies-new-invoice-would-let-folks-sue-pharma-for-covid-vaccine-accidents" "Mozilla/5.0 AppleWebKit/537.36 (KHTML, like Gecko; compatible; ClaudeBot/1.0; +claudebot@anthropic.com)"
50.6.201.88 - - [18/Mar/2026:10:37:35 -0400] "POST /wp-cron.php?doing_wp_cron=1773844655.7721140384674072265625 HTTP/1.1" 200 - "-" "WordPress/6.9.4; https://planetnewspro.com"
52.167.144.147 - - [18/Mar/2026:10:37:35 -0400] "GET /the-full-record-of-worldwide-ebook-galas-in-2025/ HTTP/1.1" 200 74503 "-" "Mozilla/5.0 AppleWebKit/537.36 (KHTML, like Gecko; compatible; bingbot/2.0; +http://www.bing.com/bingbot.htm) Chrome/116.0.1938.76 Safari/537.36"
50.6.201.88 - - [18/Mar/2026:10:37:59 -0400] "POST /wp-cron.php?doing_wp_cron=1773844679.5241820812225341796875 HTTP/1.1" 200 - "-" "WordPress/6.9.4; https://planetnewspro.com"
185.191.171.15 - - [18/Mar/2026:10:37:58 -0400] "GET /creamy-vegan-white-bean-chili/ HTTP/1.1" 200 55625 "-" "Mozilla/5.0 (compatible; SemrushBot/7~bl; +http://www.semrush.com/bot.html)"
50.6.201.88 - - [18/Mar/2026:10:37:59 -0400] "POST /wp-admin/admin-ajax.php?action=async_litespeed&nonce=6a32a20319&litespeed_type=imgoptm HTTP/1.1" 200 21 "-" "WordPress/6.9.4; https://planetnewspro.com"
185.191.171.10 - - [18/Mar/2026:10:38:02 -0400] "GET /tips-on-how-to-journey-on-a-funds-in-2025/ HTTP/1.1" 200 58216 "-" "Mozilla/5.0 (compatible; SemrushBot/7~bl; +http://www.semrush.com/bot.html)"
150.241.76.35 - - [18/Mar/2026:10:38:03 -0400] "POST /wp-comments-post.php HTTP/1.1" 403 2554 "-" "Mozilla/5.0 (Windows NT 10.0; Win64; x64) AppleWebKit/537.36 (KHTML, like Gecko) Chrome/120.0.0.0 Safari/537.36"
150.241.76.35 - - [18/Mar/2026:10:38:03 -0400] "POST /wp-comments-post.php HTTP/1.1" 403 2554 "-" "Mozilla/5.0 (Windows NT 10.0; Win64; x64) AppleWebKit/537.36 (KHTML, like Gecko) Chrome/120.0.0.0 Safari/537.36"
150.241.76.35 - - [18/Mar/2026:10:38:04 -0400] "POST /wp-comments-post.php HTTP/1.1" 403 2554 "-" "Mozilla/5.0 (Windows NT 10.0; Win64; x64) AppleWebKit/537.36 (KHTML, like Gecko) Chrome/120.0.0.0 Safari/537.36"
150.241.76.35 - - [18/Mar/2026:10:38:04 -0400] "POST /wp-comments-post.php HTTP/1.1" 403 2554 "-" "Mozilla/5.0 (Windows NT 10.0; Win64; x64) AppleWebKit/537.36 (KHTML, like Gecko) Chrome/120.0.0.0 Safari/537.36"
150.241.76.35 - - [18/Mar/2026:10:38:06 -0400] "POST /wp-comments-post.php HTTP/1.1" 403 2554 "-" "Mozilla/5.0 (Windows NT 10.0; Win64; x64) AppleWebKit/537.36 (KHTML, like Gecko) Chrome/120.0.0.0 Safari/537.36"
150.241.76.35 - - [18/Mar/2026:10:38:06 -0400] "POST /wp-comments-post.php HTTP/1.1" 403 2554 "-" "Mozilla/5.0 (Windows NT 10.0; Win64; x64) AppleWebKit/537.36 (KHTML, like Gecko) Chrome/120.0.0.0 Safari/537.36"
50.6.201.88 - - [18/Mar/2026:10:38:08 -0400] "POST /wp-cron.php?doing_wp_cron=1773844688.2636859416961669921875 HTTP/1.1" 200 - "-" "WordPress/6.9.4; https://planetnewspro.com"
150.241.76.35 - - [18/Mar/2026:10:38:08 -0400] "POST /wp-comments-post.php HTTP/1.1" 403 2554 "-" "Mozilla/5.0 (Windows NT 10.0; Win64; x64) AppleWebKit/537.36 (KHTML, like Gecko) Chrome/120.0.0.0 Safari/537.36"
150.241.76.35 - - [18/Mar/2026:10:38:18 -0400] "POST /wp-comments-post.php HTTP/1.1" 403 2554 "-" "Mozilla/5.0 (Windows NT 10.0; Win64; x64) AppleWebKit/537.36 (KHTML, like Gecko) Chrome/120.0.0.0 Safari/537.36"
150.241.76.35 - - [18/Mar/2026:10:38:19 -0400] "POST /wp-comments-post.php HTTP/1.1" 403 2554 "-" "Mozilla/5.0 (Windows NT 10.0; Win64; x64) AppleWebKit/537.36 (KHTML, like Gecko) Chrome/120.0.0.0 Safari/537.36"
50.6.201.88 - - [18/Mar/2026:10:38:23 -0400] "POST /wp-cron.php?doing_wp_cron=1773844703.4341158866882324218750 HTTP/1.1" 200 - "-" "WordPress/6.9.4; https://planetnewspro.com"
85.208.96.202 - - [18/Mar/2026:10:38:23 -0400] "GET /james-gunn-makes-haunting-confession-about-leaving-guardians-of-the-galaxy-humor-behind-for-superman/ HTTP/1.1" 200 52762 "-" "Mozilla/5.0 (compatible; SemrushBot/7~bl; +http://www.semrush.com/bot.html)"
185.191.171.6 - - [18/Mar/2026:10:38:26 -0400] "GET /roasted-leeks-spend-with-pennies/ HTTP/1.1" 200 57386 "-" "Mozilla/5.0 (compatible; SemrushBot/7~bl; +http://www.semrush.com/bot.html)"
85.208.96.200 - - [18/Mar/2026:10:38:29 -0400] "GET /crispy-air-fryer-cod-filet-recipe/ HTTP/1.1" 200 56548 "-" "Mozilla/5.0 (compatible; SemrushBot/7~bl; +http://www.semrush.com/bot.html)"
185.191.171.13 - - [18/Mar/2026:10:38:51 -0400] "GET /whats-widespread-between-the-white-lotus-creator-mike-white-and-quentin-tarantino-walton-goggins-reveals-private-take/ HTTP/1.1" 200 52684 "-" "Mozilla/5.0 (compatible; SemrushBot/7~bl; +http://www.semrush.com/bot.html)"
50.6.201.88 - - [18/Mar/2026:10:39:10 -0400] "POST /wp-cron.php?doing_wp_cron=1773844750.2777709960937500000000 HTTP/1.1" 200 - "-" "WordPress/6.9.4; https://planetnewspro.com"
85.208.96.204 - - [18/Mar/2026:10:39:09 -0400] "GET /how-a-lot-cardio-is-too-a-lot/ HTTP/1.1" 200 56763 "-" "Mozilla/5.0 (compatible; SemrushBot/7~bl; +http://www.semrush.com/bot.html)"
50.6.201.88 - - [18/Mar/2026:10:39:10 -0400] "POST /wp-admin/admin-ajax.php?action=async_litespeed&nonce=6a32a20319&litespeed_type=imgoptm HTTP/1.1" 200 21 "-" "WordPress/6.9.4; https://planetnewspro.com"
50.6.201.88 - - [18/Mar/2026:10:39:37 -0400] "POST /wp-cron.php?doing_wp_cron=1773844777.2475240230560302734375 HTTP/1.1" 200 - "-" "WordPress/6.9.4; https://planetnewspro.com"
185.191.171.4 - - [18/Mar/2026:10:39:36 -0400] "GET /10-auditions-that-had-been-too-daring-however-acquired-stars-to-fulfil-their-dream/ HTTP/1.1" 200 54773 "-" "Mozilla/5.0 (compatible; SemrushBot/7~bl; +http://www.semrush.com/bot.html)"
50.6.201.88 - - [18/Mar/2026:10:39:40 -0400] "POST /wp-cron.php?doing_wp_cron=1773844780.0836958885192871093750 HTTP/1.1" 200 - "-" "WordPress/6.9.4; https://planetnewspro.com"
185.191.171.15 - - [18/Mar/2026:10:39:39 -0400] "GET /give-biden-credit-score-as-gdp-report-reveals-us-has-strongest-financial-system-in-the-world/ HTTP/1.1" 200 53245 "-" "Mozilla/5.0 (compatible; SemrushBot/7~bl; +http://www.semrush.com/bot.html)"
50.6.201.88 - - [18/Mar/2026:10:39:50 -0400] "POST /wp-cron.php?doing_wp_cron=1773844790.6686029434204101562500 HTTP/1.1" 200 - "-" "WordPress/6.9.4; https://planetnewspro.com"
185.191.171.4 - - [18/Mar/2026:10:39:50 -0400] "GET /amanda-hesser-tries-caramel-apple-recipes-founder-recordsdata/ HTTP/1.1" 200 66442 "-" "Mozilla/5.0 (compatible; SemrushBot/7~bl; +http://www.semrush.com/bot.html)"
216.73.216.103 - - [18/Mar/2026:10:39:53 -0400] "GET /?p=34705 HTTP/1.1" 301 - "-" "Mozilla/5.0 AppleWebKit/537.36 (KHTML, like Gecko; compatible; ClaudeBot/1.0; +claudebot@anthropic.com)"
216.73.216.103 - - [18/Mar/2026:10:39:53 -0400] "GET /?p=35014 HTTP/1.1" 301 - "-" "Mozilla/5.0 AppleWebKit/537.36 (KHTML, like Gecko; compatible; ClaudeBot/1.0; +claudebot@anthropic.com)"
216.73.216.103 - - [18/Mar/2026:10:39:53 -0400] "GET /all-the-pieces-new-on-netflix-in-august-2025-stream-49-films-and-31-tv-reveals-together-with-wednesday-season-2-and-extra/ HTTP/1.1" 200 53206 "https://planetnewspro.com/?p=34705" "Mozilla/5.0 AppleWebKit/537.36 (KHTML, like Gecko; compatible; ClaudeBot/1.0; +claudebot@anthropic.com)"
216.73.216.103 - - [18/Mar/2026:10:39:54 -0400] "GET /page/2358 HTTP/1.1" 301 - "-" "Mozilla/5.0 AppleWebKit/537.36 (KHTML, like Gecko; compatible; ClaudeBot/1.0; +claudebot@anthropic.com)"
216.73.216.103 - - [18/Mar/2026:10:39:53 -0400] "GET /the-wi-fi-bra-diaries-prime-picks-for-the-finest-wire-free-bras-for-dd-sizes/ HTTP/1.1" 200 55352 "https://planetnewspro.com/?p=35014" "Mozilla/5.0 AppleWebKit/537.36 (KHTML, like Gecko; compatible; ClaudeBot/1.0; +claudebot@anthropic.com)"
216.73.216.103 - - [18/Mar/2026:10:39:54 -0400] "GET /page/2358/ HTTP/1.1" 200 64787 "https://planetnewspro.com/page/2358" "Mozilla/5.0 AppleWebKit/537.36 (KHTML, like Gecko; compatible; ClaudeBot/1.0; +claudebot@anthropic.com)"
50.6.201.88 - - [18/Mar/2026:10:40:12 -0400] "POST /wp-cron.php?doing_wp_cron=1773844812.9376180171966552734375 HTTP/1.1" 200 - "-" "WordPress/6.9.4; https://planetnewspro.com"
216.73.216.103 - - [18/Mar/2026:10:40:12 -0400] "GET /?p=34690 HTTP/1.1" 301 - "-" "Mozilla/5.0 AppleWebKit/537.36 (KHTML, like Gecko; compatible; ClaudeBot/1.0; +claudebot@anthropic.com)"
216.73.216.103 - - [18/Mar/2026:10:40:13 -0400] "GET /?p=35566 HTTP/1.1" 301 - "-" "Mozilla/5.0 AppleWebKit/537.36 (KHTML, like Gecko; compatible; ClaudeBot/1.0; +claudebot@anthropic.com)"
50.6.201.88 - - [18/Mar/2026:10:40:13 -0400] "POST /wp-admin/admin-ajax.php?action=async_litespeed&nonce=6a32a20319&litespeed_type=imgoptm HTTP/1.1" 200 21 "-" "WordPress/6.9.4; https://planetnewspro.com"
216.73.216.103 - - [18/Mar/2026:10:40:13 -0400] "GET /nfl-coaching-camp-fantasy-questions-rookies-rehabs-and-redemption-hopes/ HTTP/1.1" 200 55735 "https://planetnewspro.com/?p=34690" "Mozilla/5.0 AppleWebKit/537.36 (KHTML, like Gecko; compatible; ClaudeBot/1.0; +claudebot@anthropic.com)"
216.73.216.103 - - [18/Mar/2026:10:40:14 -0400] "GET /?p=34639 HTTP/1.1" 301 - "-" "Mozilla/5.0 AppleWebKit/537.36 (KHTML, like Gecko; compatible; ClaudeBot/1.0; +claudebot@anthropic.com)"
216.73.216.103 - - [18/Mar/2026:10:40:13 -0400] "GET /how-do-trumps-tariffs-have-an-effect-on-asian-nations/ HTTP/1.1" 200 56348 "https://planetnewspro.com/?p=35566" "Mozilla/5.0 AppleWebKit/537.36 (KHTML, like Gecko; compatible; ClaudeBot/1.0; +claudebot@anthropic.com)"
216.73.216.103 - - [18/Mar/2026:10:40:14 -0400] "GET /ieee-makes-strides-to-enhance-on-line-security-for-youngsters/ HTTP/1.1" 200 54952 "https://planetnewspro.com/?p=34639" "Mozilla/5.0 AppleWebKit/537.36 (KHTML, like Gecko; compatible; ClaudeBot/1.0; +claudebot@anthropic.com)"
216.73.216.103 - - [18/Mar/2026:10:41:28 -0400] "GET /?p=34747 HTTP/1.1" 301 - "-" "Mozilla/5.0 AppleWebKit/537.36 (KHTML, like Gecko; compatible; ClaudeBot/1.0; +claudebot@anthropic.com)"
216.73.216.103 - - [18/Mar/2026:10:41:28 -0400] "GET /?p=28600 HTTP/1.1" 301 - "-" "Mozilla/5.0 AppleWebKit/537.36 (KHTML, like Gecko; compatible; ClaudeBot/1.0; +claudebot@anthropic.com)"
216.73.216.103 - - [18/Mar/2026:10:41:28 -0400] "GET /kobos-ios-app-has-been-given-an-entire-redesign-however-i-would-a-lot-relatively-the-getting-older-elipsa-2e-get-an-replace/ HTTP/1.1" 200 54061 "https://planetnewspro.com/?p=34747" "Mozilla/5.0 AppleWebKit/537.36 (KHTML, like Gecko; compatible; ClaudeBot/1.0; +claudebot@anthropic.com)"
216.73.216.103 - - [18/Mar/2026:10:41:29 -0400] "GET /how-one-can-make-tender-fluffy-biscuits-in-below-an-hour/ HTTP/1.1" 200 55459 "https://planetnewspro.com/?p=28600" "Mozilla/5.0 AppleWebKit/537.36 (KHTML, like Gecko; compatible; ClaudeBot/1.0; +claudebot@anthropic.com)"
216.73.216.103 - - [18/Mar/2026:10:41:30 -0400] "GET /?p=35952 HTTP/1.1" 301 - "-" "Mozilla/5.0 AppleWebKit/537.36 (KHTML, like Gecko; compatible; ClaudeBot/1.0; +claudebot@anthropic.com)"
216.73.216.103 - - [18/Mar/2026:10:41:30 -0400] "GET /trumps-tariff-and-commerce-warfare-his-technique-and-the-way-it-might-go-mistaken/ HTTP/1.1" 200 54862 "https://planetnewspro.com/?p=35952" "Mozilla/5.0 AppleWebKit/537.36 (KHTML, like Gecko; compatible; ClaudeBot/1.0; +claudebot@anthropic.com)"
216.73.216.103 - - [18/Mar/2026:10:41:40 -0400] "GET /?p=34550 HTTP/1.1" 301 - "-" "Mozilla/5.0 AppleWebKit/537.36 (KHTML, like Gecko; compatible; ClaudeBot/1.0; +claudebot@anthropic.com)"
216.73.216.103 - - [18/Mar/2026:10:41:41 -0400] "GET /?p=35158 HTTP/1.1" 301 - "-" "Mozilla/5.0 AppleWebKit/537.36 (KHTML, like Gecko; compatible; ClaudeBot/1.0; +claudebot@anthropic.com)"
216.73.216.103 - - [18/Mar/2026:10:41:41 -0400] "GET /scott-bessent-turns-up-the-warmth-on-the-fed-calls-for-probe-as-powells-future-hangs-in-steadiness/ HTTP/1.1" 200 54539 "https://planetnewspro.com/?p=34550" "Mozilla/5.0 AppleWebKit/537.36 (KHTML, like Gecko; compatible; ClaudeBot/1.0; +claudebot@anthropic.com)"
216.73.216.103 - - [18/Mar/2026:10:41:41 -0400] "GET /how-the-steele-file-turned-a-politically-fueled-assault-on-trump-the-gateway-pundit/ HTTP/1.1" 200 53329 "https://planetnewspro.com/?p=35158" "Mozilla/5.0 AppleWebKit/537.36 (KHTML, like Gecko; compatible; ClaudeBot/1.0; +claudebot@anthropic.com)"
216.73.216.103 - - [18/Mar/2026:10:41:42 -0400] "GET /?p=35910 HTTP/1.1" 301 - "-" "Mozilla/5.0 AppleWebKit/537.36 (KHTML, like Gecko; compatible; ClaudeBot/1.0; +claudebot@anthropic.com)"
216.73.216.103 - - [18/Mar/2026:10:41:42 -0400] "GET /cincinnati-mob-violence-sufferer-holly-slams-democrat-leaders-for-being-mushy-on-crime-says-her-docs-are-shocked-she-did-not-die-video-the-gateway-pundit/ HTTP/1.1" 200 52937 "https://planetnewspro.com/?p=35910" "Mozilla/5.0 AppleWebKit/537.36 (KHTML, like Gecko; compatible; ClaudeBot/1.0; +claudebot@anthropic.com)"
185.191.171.14 - - [18/Mar/2026:10:41:47 -0400] "GET /larger-los-angeles-wildfires-why-cities-will-also-be-suscpetible-to-blazes/ HTTP/1.1" 200 55626 "-" "Mozilla/5.0 (compatible; SemrushBot/7~bl; +http://www.semrush.com/bot.html)"
216.73.216.103 - - [18/Mar/2026:10:41:54 -0400] "GET /?p=36666 HTTP/1.1" 301 - "-" "Mozilla/5.0 AppleWebKit/537.36 (KHTML, like Gecko; compatible; ClaudeBot/1.0; +claudebot@anthropic.com)"
216.73.216.103 - - [18/Mar/2026:10:41:54 -0400] "GET /?p=34948 HTTP/1.1" 301 - "-" "Mozilla/5.0 AppleWebKit/537.36 (KHTML, like Gecko; compatible; ClaudeBot/1.0; +claudebot@anthropic.com)"
216.73.216.103 - - [18/Mar/2026:10:41:54 -0400] "GET /premier-league-soccer-stream-liverpool-vs-bournemouth-stay-from-wherever/ HTTP/1.1" 200 58710 "https://planetnewspro.com/?p=36666" "Mozilla/5.0 AppleWebKit/537.36 (KHTML, like Gecko; compatible; ClaudeBot/1.0; +claudebot@anthropic.com)"
216.73.216.103 - - [18/Mar/2026:10:41:55 -0400] "GET /?p=34592 HTTP/1.1" 301 - "-" "Mozilla/5.0 AppleWebKit/537.36 (KHTML, like Gecko; compatible; ClaudeBot/1.0; +claudebot@anthropic.com)"
216.73.216.103 - - [18/Mar/2026:10:41:55 -0400] "GET /seven-youngsters-killed-and-over-dozen-injured-after-roof-collapses-at-indian-faculty/ HTTP/1.1" 200 53497 "https://planetnewspro.com/?p=34948" "Mozilla/5.0 AppleWebKit/537.36 (KHTML, like Gecko; compatible; ClaudeBot/1.0; +claudebot@anthropic.com)"
216.73.216.103 - - [18/Mar/2026:10:41:55 -0400] "GET /astronomer-ceo-andy-byron-resigns-after-viral-video-of-him-and-hr-head-on-live-performance-jumbotron/ HTTP/1.1" 200 53222 "https://planetnewspro.com/?p=34592" "Mozilla/5.0 AppleWebKit/537.36 (KHTML, like Gecko; compatible; ClaudeBot/1.0; +claudebot@anthropic.com)"
85.208.96.207 - - [18/Mar/2026:10:42:05 -0400] "GET /cinnamon-swirl-cheesecake-sallys-baking-dependancy/ HTTP/1.1" 200 61482 "-" "Mozilla/5.0 (compatible; SemrushBot/7~bl; +http://www.semrush.com/bot.html)"
185.191.171.13 - - [18/Mar/2026:10:42:11 -0400] "GET /perplexity-launches-its-personal-freemium-deep-analysis-product/ HTTP/1.1" 200 52715 "-" "Mozilla/5.0 (compatible; SemrushBot/7~bl; +http://www.semrush.com/bot.html)"
50.6.201.88 - - [18/Mar/2026:10:42:35 -0400] "POST /wp-cron.php?doing_wp_cron=1773844955.2443509101867675781250 HTTP/1.1" 200 - "-" "WordPress/6.9.4; https://planetnewspro.com"
43.173.178.120 - - [18/Mar/2026:10:42:34 -0400] "GET /greatest-vacation-cook-dinner-guide-releases-in-2024-for-a-household-feast/feed/ HTTP/1.1" 200 923 "-" "Mozilla/5.0 (Windows NT 10.0; Win64; x64) AppleWebKit/537.36 (KHTML, like Gecko) Chrome/107.0.0.0 Safari/537.36"
50.6.201.88 - - [18/Mar/2026:10:42:35 -0400] "POST /wp-admin/admin-ajax.php?action=async_litespeed&nonce=6a32a20319&litespeed_type=imgoptm HTTP/1.1" 200 21 "-" "WordPress/6.9.4; https://planetnewspro.com"
85.208.96.208 - - [18/Mar/2026:10:42:52 -0400] "GET /tequila-vs-mezcal-whats-the-distinction/ HTTP/1.1" 200 55506 "-" "Mozilla/5.0 (compatible; SemrushBot/7~bl; +http://www.semrush.com/bot.html)"
50.6.201.88 - - [18/Mar/2026:10:42:59 -0400] "POST /wp-cron.php?doing_wp_cron=1773844979.9273519515991210937500 HTTP/1.1" 200 - "-" "WordPress/6.9.4; https://planetnewspro.com"
85.208.96.212 - - [18/Mar/2026:10:42:58 -0400] "GET /ruling-get-together-chief-resigns-as-south-korean-president-refuses-to-seem-at-listening-to/ HTTP/1.1" 200 54735 "-" "Mozilla/5.0 (compatible; SemrushBot/7~bl; +http://www.semrush.com/bot.html)"
50.6.201.88 - - [18/Mar/2026:10:43:00 -0400] "POST /wp-admin/admin-ajax.php?action=async_litespeed&nonce=6a32a20319&litespeed_type=imgoptm HTTP/1.1" 200 21 "-" "WordPress/6.9.4; https://planetnewspro.com"
216.73.216.103 - - [18/Mar/2026:10:43:02 -0400] "GET /?p=34319 HTTP/1.1" 301 - "-" "Mozilla/5.0 AppleWebKit/537.36 (KHTML, like Gecko; compatible; ClaudeBot/1.0; +claudebot@anthropic.com)"
216.73.216.103 - - [18/Mar/2026:10:43:02 -0400] "GET /?p=34771 HTTP/1.1" 301 - "-" "Mozilla/5.0 AppleWebKit/537.36 (KHTML, like Gecko; compatible; ClaudeBot/1.0; +claudebot@anthropic.com)"
216.73.216.103 - - [18/Mar/2026:10:43:02 -0400] "GET /how-present-pupil-mortgage-debtors-are-affected-by-the-large-stunning-invoice/ HTTP/1.1" 200 53951 "https://planetnewspro.com/?p=34319" "Mozilla/5.0 AppleWebKit/537.36 (KHTML, like Gecko; compatible; ClaudeBot/1.0; +claudebot@anthropic.com)"
216.73.216.103 - - [18/Mar/2026:10:43:03 -0400] "GET /?p=36336 HTTP/1.1" 301 - "-" "Mozilla/5.0 AppleWebKit/537.36 (KHTML, like Gecko; compatible; ClaudeBot/1.0; +claudebot@anthropic.com)"
216.73.216.103 - - [18/Mar/2026:10:43:03 -0400] "GET /trey-parker-matt-stone-signal-main-5-yr-deal/ HTTP/1.1" 200 52332 "https://planetnewspro.com/?p=34771" "Mozilla/5.0 AppleWebKit/537.36 (KHTML, like Gecko; compatible; ClaudeBot/1.0; +claudebot@anthropic.com)"
216.73.216.103 - - [18/Mar/2026:10:43:03 -0400] "GET /5-finest-leg-press-alternate-options-to-construct-huge-quads-glutes-and-not-using-a-machine/ HTTP/1.1" 200 53736 "https://planetnewspro.com/?p=36336" "Mozilla/5.0 AppleWebKit/537.36 (KHTML, like Gecko; compatible; ClaudeBot/1.0; +claudebot@anthropic.com)"
50.6.201.88 - - [18/Mar/2026:10:43:11 -0400] "POST /wp-cron.php?doing_wp_cron=1773844991.7449519634246826171875 HTTP/1.1" 200 - "-" "WordPress/6.9.4; https://planetnewspro.com"
103.163.227.50 - - [18/Mar/2026:10:43:11 -0400] "GET /when-ought-to-you-get-a-dexa-scan-specialists-say-sooner-than-you-assume/ HTTP/1.1" 200 56394 "-" "Mozilla/5.0 (X11; U; Linux x86_64; en-US) AppleWebKit/534.10 (KHTML, like Gecko) Chrome/7.0.544.0 Safari/534.10"
50.6.201.88 - - [18/Mar/2026:10:43:12 -0400] "POST /wp-cron.php?doing_wp_cron=1773844992.1734759807586669921875 HTTP/1.1" 200 - "-" "WordPress/6.9.4; https://planetnewspro.com"
85.208.96.208 - - [18/Mar/2026:10:43:11 -0400] "GET /high-10-ordinary-vacationer-mistakes-in-osaka-kyoto-japan/ HTTP/1.1" 200 64966 "-" "Mozilla/5.0 (compatible; SemrushBot/7~bl; +http://www.semrush.com/bot.html)"
216.73.216.103 - - [18/Mar/2026:10:43:13 -0400] "GET /?p=25659 HTTP/1.1" 301 - "-" "Mozilla/5.0 AppleWebKit/537.36 (KHTML, like Gecko; compatible; ClaudeBot/1.0; +claudebot@anthropic.com)"
216.73.216.103 - - [18/Mar/2026:10:43:13 -0400] "GET /?p=34325 HTTP/1.1" 301 - "-" "Mozilla/5.0 AppleWebKit/537.36 (KHTML, like Gecko; compatible; ClaudeBot/1.0; +claudebot@anthropic.com)"
216.73.216.103 - - [18/Mar/2026:10:43:13 -0400] "GET /intelligent-kitchen-instruments-underneath-15-at-amazon/ HTTP/1.1" 200 55266 "https://planetnewspro.com/?p=25659" "Mozilla/5.0 AppleWebKit/537.36 (KHTML, like Gecko; compatible; ClaudeBot/1.0; +claudebot@anthropic.com)"
216.73.216.103 - - [18/Mar/2026:10:43:14 -0400] "GET /beef-burritos-spend-with-pennies/ HTTP/1.1" 200 58080 "https://planetnewspro.com/?p=34325" "Mozilla/5.0 AppleWebKit/537.36 (KHTML, like Gecko; compatible; ClaudeBot/1.0; +claudebot@anthropic.com)"
216.73.216.103 - - [18/Mar/2026:10:43:14 -0400] "GET /?p=34927 HTTP/1.1" 301 - "-" "Mozilla/5.0 AppleWebKit/537.36 (KHTML, like Gecko; compatible; ClaudeBot/1.0; +claudebot@anthropic.com)"
216.73.216.103 - - [18/Mar/2026:10:43:14 -0400] "GET /meet-dr-shana-walsh-afpas-curriculum-director-chief-behind-our-nbhwc-authorised-well-being-teaching-training/ HTTP/1.1" 200 56244 "https://planetnewspro.com/?p=34927" "Mozilla/5.0 AppleWebKit/537.36 (KHTML, like Gecko; compatible; ClaudeBot/1.0; +claudebot@anthropic.com)"
