HEX
Server: Apache
System: Linux server.forfound.com 5.14.0-611.54.6.el9_7.x86_64 #1 SMP PREEMPT_DYNAMIC Fri May 15 04:23:18 EDT 2026 x86_64
User: planetnewspro23 (1019)
PHP: 8.5.7
Disabled: NONE
Upload Files
File: /home/planetnewspro23/logs/planetnewspro.com-ssl_log.bkup
216.73.216.103 - - [18/Mar/2026:08:04:29 -0400] "GET /learn-how-to-get-yellow-fever-vaccine-icv-within-the-philippines-boq-necessities-faqs HTTP/1.1" 301 - "-" "Mozilla/5.0 AppleWebKit/537.36 (KHTML, like Gecko; compatible; ClaudeBot/1.0; +claudebot@anthropic.com)"
216.73.216.103 - - [18/Mar/2026:08:04:29 -0400] "GET /learn-how-to-get-yellow-fever-vaccine-icv-within-the-philippines-boq-necessities-faqs/ HTTP/1.1" 200 56769 "https://planetnewspro.com/learn-how-to-get-yellow-fever-vaccine-icv-within-the-philippines-boq-necessities-faqs" "Mozilla/5.0 AppleWebKit/537.36 (KHTML, like Gecko; compatible; ClaudeBot/1.0; +claudebot@anthropic.com)"
216.73.216.103 - - [18/Mar/2026:08:04:33 -0400] "GET /gene-hackmans-closing-post-mortem-reveals-surprising-medical-historical-past-after-actor-was-discovered-lifeless-at-95 HTTP/1.1" 301 - "-" "Mozilla/5.0 AppleWebKit/537.36 (KHTML, like Gecko; compatible; ClaudeBot/1.0; +claudebot@anthropic.com)"
17.246.23.99 - - [18/Mar/2026:08:04:34 -0400] "GET /indias-crackdown-on-muslim-charitable-trusts-sparks-fears-for-non-secular-freedom-its-about-management/ HTTP/1.1" 200 58328 "-" "Mozilla/5.0 (Macintosh; Intel Mac OS X 10_15_7) AppleWebKit/605.1.15 (KHTML, like Gecko) Version/17.4 Safari/605.1.15 (Applebot/0.1; +http://www.apple.com/go/applebot)"
216.73.216.103 - - [18/Mar/2026:08:04:34 -0400] "GET /gene-hackmans-closing-post-mortem-reveals-surprising-medical-historical-past-after-actor-was-discovered-lifeless-at-95/ HTTP/1.1" 200 53984 "https://planetnewspro.com/gene-hackmans-closing-post-mortem-reveals-surprising-medical-historical-past-after-actor-was-discovered-lifeless-at-95" "Mozilla/5.0 AppleWebKit/537.36 (KHTML, like Gecko; compatible; ClaudeBot/1.0; +claudebot@anthropic.com)"
216.73.216.103 - - [18/Mar/2026:08:04:35 -0400] "GET /how-the-steele-file-turned-a-politically-fueled-assault-on-trump-the-gateway-pundit HTTP/1.1" 301 - "-" "Mozilla/5.0 AppleWebKit/537.36 (KHTML, like Gecko; compatible; ClaudeBot/1.0; +claudebot@anthropic.com)"
216.73.216.103 - - [18/Mar/2026:08:04:35 -0400] "GET /how-the-steele-file-turned-a-politically-fueled-assault-on-trump-the-gateway-pundit/ HTTP/1.1" 200 53329 "https://planetnewspro.com/how-the-steele-file-turned-a-politically-fueled-assault-on-trump-the-gateway-pundit" "Mozilla/5.0 AppleWebKit/537.36 (KHTML, like Gecko; compatible; ClaudeBot/1.0; +claudebot@anthropic.com)"
17.22.253.122 - - [18/Mar/2026:08:04:36 -0400] "GET /stanley-thermos-evaluation/ HTTP/1.1" 200 54999 "-" "Mozilla/5.0 (Macintosh; Intel Mac OS X 10_15_7) AppleWebKit/605.1.15 (KHTML, like Gecko) Version/17.4 Safari/605.1.15 (Applebot/0.1; +http://www.apple.com/go/applebot)"
216.73.216.103 - - [18/Mar/2026:08:04:40 -0400] "GET /uk-weather-heatwave-returns-as-new-weather-maps-show-four-day-35c-scorcher HTTP/1.1" 301 - "-" "Mozilla/5.0 AppleWebKit/537.36 (KHTML, like Gecko; compatible; ClaudeBot/1.0; +claudebot@anthropic.com)"
216.73.216.103 - - [18/Mar/2026:08:04:40 -0400] "GET /uk-weather-heatwave-returns-as-new-weather-maps-show-four-day-35c-scorcher/ HTTP/1.1" 200 53386 "https://planetnewspro.com/uk-weather-heatwave-returns-as-new-weather-maps-show-four-day-35c-scorcher" "Mozilla/5.0 AppleWebKit/537.36 (KHTML, like Gecko; compatible; ClaudeBot/1.0; +claudebot@anthropic.com)"
17.246.15.11 - - [18/Mar/2026:08:04:42 -0400] "GET /wp-includes/js/jquery/jquery-migrate.min.js?ver=3.4.1 HTTP/1.1" 200 13577 "https://planetnewspro.com/indias-crackdown-on-muslim-charitable-trusts-sparks-fears-for-non-secular-freedom-its-about-management/" "Mozilla/5.0 (Macintosh; Intel Mac OS X 10_15_7) AppleWebKit/605.1.15 (KHTML, like Gecko) Version/17.4 Safari/605.1.15 (Applebot/0.1; +http://www.apple.com/go/applebot)"
216.73.216.103 - - [18/Mar/2026:08:04:45 -0400] "GET /alexandria-ocasio-cortez-working-to-be-prime-democrat-on-home-oversight-committee HTTP/1.1" 301 - "-" "Mozilla/5.0 AppleWebKit/537.36 (KHTML, like Gecko; compatible; ClaudeBot/1.0; +claudebot@anthropic.com)"
50.6.201.88 - - [18/Mar/2026:08:04:46 -0400] "POST /wp-cron.php?doing_wp_cron=1773835486.5100328922271728515625 HTTP/1.1" 200 - "-" "WordPress/6.9.4; https://planetnewspro.com"
216.73.216.103 - - [18/Mar/2026:08:04:45 -0400] "GET /alexandria-ocasio-cortez-working-to-be-prime-democrat-on-home-oversight-committee/ HTTP/1.1" 200 52872 "https://planetnewspro.com/alexandria-ocasio-cortez-working-to-be-prime-democrat-on-home-oversight-committee" "Mozilla/5.0 AppleWebKit/537.36 (KHTML, like Gecko; compatible; ClaudeBot/1.0; +claudebot@anthropic.com)"
50.6.201.88 - - [18/Mar/2026:08:05:00 -0400] "POST /wp-cron.php?doing_wp_cron=1773835500.9849500656127929687500 HTTP/1.1" 200 - "-" "WordPress/6.9.4; https://planetnewspro.com"
185.191.171.3 - - [18/Mar/2026:08:05:00 -0400] "GET /smudge-earlier-than-flight/ HTTP/1.1" 200 53971 "-" "Mozilla/5.0 (compatible; SemrushBot/7~bl; +http://www.semrush.com/bot.html)"
50.6.201.88 - - [18/Mar/2026:08:05:01 -0400] "POST /wp-admin/admin-ajax.php?action=async_litespeed&nonce=6a32a20319&litespeed_type=imgoptm HTTP/1.1" 200 21 "-" "WordPress/6.9.4; https://planetnewspro.com"
50.6.201.88 - - [18/Mar/2026:08:05:11 -0400] "POST /wp-cron.php?doing_wp_cron=1773835511.7386119365692138671875 HTTP/1.1" 200 - "-" "WordPress/6.9.4; https://planetnewspro.com"
43.173.180.246 - - [18/Mar/2026:08:05:11 -0400] "GET /?p=32069 HTTP/1.1" 301 - "-" "Mozilla/5.0 (Windows NT 10.0; Win64; x64) AppleWebKit/537.36 (KHTML, like Gecko) Chrome/108.0.0.0 Safari/537.36"
50.6.201.88 - - [18/Mar/2026:08:05:12 -0400] "POST /wp-cron.php?doing_wp_cron=1773835512.5517909526824951171875 HTTP/1.1" 200 - "-" "WordPress/6.9.4; https://planetnewspro.com"
43.173.179.227 - - [18/Mar/2026:08:05:11 -0400] "GET /kl-rahul-dhruv-jurel-rating-massive-virat-kohlis-identify-dragged-in-bengaluru-stampede/ HTTP/1.1" 200 53273 "-" "Mozilla/5.0 (Windows NT 10.0; Win64; x64) AppleWebKit/537.36 (KHTML, like Gecko) Chrome/131.0.0.0 Safari/537.36"
43.173.177.69 - - [18/Mar/2026:08:05:13 -0400] "GET /justice-ketanji-brown-jackson-points-should-learn-dissent-after-conservative-justices-give-doge-entry-to-social-safety-knowledge/ HTTP/1.1" 200 53563 "-" "Mozilla/5.0 (Windows NT 10.0; Win64; x64) AppleWebKit/537.36 (KHTML, like Gecko) Chrome/108.0.0.0 Safari/537.36"
85.208.96.200 - - [18/Mar/2026:08:05:13 -0400] "GET /meta-and-openai-have-spawned-a-wave-of-ai-intercourse-companions-and-a-few-of-them-are-kids/ HTTP/1.1" 200 58713 "-" "Mozilla/5.0 (compatible; SemrushBot/7~bl; +http://www.semrush.com/bot.html)"
216.73.216.103 - - [18/Mar/2026:08:05:19 -0400] "GET /?p=28642 HTTP/1.1" 301 - "-" "Mozilla/5.0 AppleWebKit/537.36 (KHTML, like Gecko; compatible; ClaudeBot/1.0; +claudebot@anthropic.com)"
216.73.216.103 - - [18/Mar/2026:08:05:19 -0400] "GET /4-nfl-groups-that-blew-the-2025-draft/ HTTP/1.1" 200 53097 "https://planetnewspro.com/?p=28642" "Mozilla/5.0 AppleWebKit/537.36 (KHTML, like Gecko; compatible; ClaudeBot/1.0; +claudebot@anthropic.com)"
216.73.216.103 - - [18/Mar/2026:08:05:21 -0400] "GET /?p=35407 HTTP/1.1" 301 - "-" "Mozilla/5.0 AppleWebKit/537.36 (KHTML, like Gecko; compatible; ClaudeBot/1.0; +claudebot@anthropic.com)"
216.73.216.103 - - [18/Mar/2026:08:05:22 -0400] "GET /girl-who-died-of-coronary-heart-illness-in-ice-custody-reportedly-wasnt-allowed-to-see-physician-for-chest-pains/ HTTP/1.1" 200 53315 "https://planetnewspro.com/?p=35407" "Mozilla/5.0 AppleWebKit/537.36 (KHTML, like Gecko; compatible; ClaudeBot/1.0; +claudebot@anthropic.com)"
43.173.175.226 - - [18/Mar/2026:08:05:25 -0400] "GET /?p=32069 HTTP/1.1" 301 - "-" "Mozilla/5.0 (Windows NT 10.0; Win64; x64) AppleWebKit/537.36 (KHTML, like Gecko) Chrome/131.0.0.0 Safari/537.36"
216.73.216.103 - - [18/Mar/2026:08:05:26 -0400] "GET /?p=34787 HTTP/1.1" 301 - "-" "Mozilla/5.0 AppleWebKit/537.36 (KHTML, like Gecko; compatible; ClaudeBot/1.0; +claudebot@anthropic.com)"
216.73.216.103 - - [18/Mar/2026:08:05:26 -0400] "GET /this-hearty-peak-summer-time-panzanella-is-so-a-lot-extra-than-a-meal-to-me/ HTTP/1.1" 200 59295 "https://planetnewspro.com/?p=34787" "Mozilla/5.0 AppleWebKit/537.36 (KHTML, like Gecko; compatible; ClaudeBot/1.0; +claudebot@anthropic.com)"
43.173.175.226 - - [18/Mar/2026:08:05:26 -0400] "GET /justice-ketanji-brown-jackson-points-should-learn-dissent-after-conservative-justices-give-doge-entry-to-social-safety-knowledge/ HTTP/1.1" 200 53563 "https://planetnewspro.com/?p=32069" "Mozilla/5.0 (Windows NT 10.0; Win64; x64) AppleWebKit/537.36 (KHTML, like Gecko) Chrome/131.0.0.0 Safari/537.36"
216.73.216.103 - - [18/Mar/2026:08:05:31 -0400] "GET /?p=35446 HTTP/1.1" 301 - "-" "Mozilla/5.0 AppleWebKit/537.36 (KHTML, like Gecko; compatible; ClaudeBot/1.0; +claudebot@anthropic.com)"
216.73.216.103 - - [18/Mar/2026:08:05:31 -0400] "GET /188-heal-your-physique-from-the-inside-out-with-dr-jonathan-carp-of-miracle-noodle/ HTTP/1.1" 200 53750 "https://planetnewspro.com/?p=35446" "Mozilla/5.0 AppleWebKit/537.36 (KHTML, like Gecko; compatible; ClaudeBot/1.0; +claudebot@anthropic.com)"
216.73.216.103 - - [18/Mar/2026:08:05:43 -0400] "GET /?p=37951 HTTP/1.1" 301 - "-" "Mozilla/5.0 AppleWebKit/537.36 (KHTML, like Gecko; compatible; ClaudeBot/1.0; +claudebot@anthropic.com)"
216.73.216.103 - - [18/Mar/2026:08:05:43 -0400] "GET /aiming-for-wild-card-catch-up-guardians-enter-key-sequence-vs-ms/ HTTP/1.1" 200 52212 "https://planetnewspro.com/?p=37951" "Mozilla/5.0 AppleWebKit/537.36 (KHTML, like Gecko; compatible; ClaudeBot/1.0; +claudebot@anthropic.com)"
185.191.171.4 - - [18/Mar/2026:08:05:44 -0400] "GET /amanda-interviews-noah-our-latest-addition-to-the-check-kitchen/ HTTP/1.1" 200 61230 "-" "Mozilla/5.0 (compatible; SemrushBot/7~bl; +http://www.semrush.com/bot.html)"
216.73.216.103 - - [18/Mar/2026:08:05:47 -0400] "GET /?p=37519 HTTP/1.1" 301 - "-" "Mozilla/5.0 AppleWebKit/537.36 (KHTML, like Gecko; compatible; ClaudeBot/1.0; +claudebot@anthropic.com)"
216.73.216.103 - - [18/Mar/2026:08:05:47 -0400] "GET /is-there-any-advantage-in-taking-part-in-sanju-samson-within-the-center-order-over-jitesh-sharma/ HTTP/1.1" 200 53125 "https://planetnewspro.com/?p=37519" "Mozilla/5.0 AppleWebKit/537.36 (KHTML, like Gecko; compatible; ClaudeBot/1.0; +claudebot@anthropic.com)"
216.73.216.103 - - [18/Mar/2026:08:05:52 -0400] "GET /?p=35700 HTTP/1.1" 301 - "-" "Mozilla/5.0 AppleWebKit/537.36 (KHTML, like Gecko; compatible; ClaudeBot/1.0; +claudebot@anthropic.com)"
216.73.216.103 - - [18/Mar/2026:08:05:52 -0400] "GET /are-you-lifting-unsuitable-why-heavy-weights-might-not-be-the-solely-key-to-larger-muscle-mass/ HTTP/1.1" 200 55505 "https://planetnewspro.com/?p=35700" "Mozilla/5.0 AppleWebKit/537.36 (KHTML, like Gecko; compatible; ClaudeBot/1.0; +claudebot@anthropic.com)"
216.73.216.103 - - [18/Mar/2026:08:05:53 -0400] "GET /?p=34781 HTTP/1.1" 301 - "-" "Mozilla/5.0 AppleWebKit/537.36 (KHTML, like Gecko; compatible; ClaudeBot/1.0; +claudebot@anthropic.com)"
216.73.216.103 - - [18/Mar/2026:08:05:53 -0400] "GET /delta-angers-congress-with-ai-powered-personalised-airfares/ HTTP/1.1" 200 57507 "https://planetnewspro.com/?p=34781" "Mozilla/5.0 AppleWebKit/537.36 (KHTML, like Gecko; compatible; ClaudeBot/1.0; +claudebot@anthropic.com)"
216.73.216.103 - - [18/Mar/2026:08:05:58 -0400] "GET /?p=30529 HTTP/1.1" 301 - "-" "Mozilla/5.0 AppleWebKit/537.36 (KHTML, like Gecko; compatible; ClaudeBot/1.0; +claudebot@anthropic.com)"
216.73.216.103 - - [18/Mar/2026:08:05:58 -0400] "GET /the-herby-garlicky-butter-cooks-are-slathering-on-all-their-steak-fish-and-greens/ HTTP/1.1" 200 54850 "https://planetnewspro.com/?p=30529" "Mozilla/5.0 AppleWebKit/537.36 (KHTML, like Gecko; compatible; ClaudeBot/1.0; +claudebot@anthropic.com)"
216.73.216.103 - - [18/Mar/2026:08:05:58 -0400] "GET /?p=28909 HTTP/1.1" 301 - "-" "Mozilla/5.0 AppleWebKit/537.36 (KHTML, like Gecko; compatible; ClaudeBot/1.0; +claudebot@anthropic.com)"
216.73.216.103 - - [18/Mar/2026:08:05:58 -0400] "GET /netflix-brings-the-final-vampire-romance-to-streaming-for-a-good-summer-time-with-twilight/ HTTP/1.1" 200 52850 "https://planetnewspro.com/?p=28909" "Mozilla/5.0 AppleWebKit/537.36 (KHTML, like Gecko; compatible; ClaudeBot/1.0; +claudebot@anthropic.com)"
216.73.216.103 - - [18/Mar/2026:08:06:03 -0400] "GET /?p=35212 HTTP/1.1" 301 - "-" "Mozilla/5.0 AppleWebKit/537.36 (KHTML, like Gecko; compatible; ClaudeBot/1.0; +claudebot@anthropic.com)"
216.73.216.103 - - [18/Mar/2026:08:06:03 -0400] "GET /openais-ceo-says-he-is-petrified-of-gpt-5/ HTTP/1.1" 200 52652 "https://planetnewspro.com/?p=35212" "Mozilla/5.0 AppleWebKit/537.36 (KHTML, like Gecko; compatible; ClaudeBot/1.0; +claudebot@anthropic.com)"
185.191.171.13 - - [18/Mar/2026:08:06:03 -0400] "GET /embracing-range-in-literature-e-readers-and-audiobooks/ HTTP/1.1" 200 53387 "-" "Mozilla/5.0 (compatible; SemrushBot/7~bl; +http://www.semrush.com/bot.html)"
216.73.216.103 - - [18/Mar/2026:08:06:08 -0400] "GET /?p=36408 HTTP/1.1" 301 - "-" "Mozilla/5.0 AppleWebKit/537.36 (KHTML, like Gecko; compatible; ClaudeBot/1.0; +claudebot@anthropic.com)"
216.73.216.103 - - [18/Mar/2026:08:06:08 -0400] "GET /sorry-microsoft-your-newest-try-to-get-folks-to-change-over-to-edge-in-home-windows-11-is-crossing-a-line/ HTTP/1.1" 200 54452 "https://planetnewspro.com/?p=36408" "Mozilla/5.0 AppleWebKit/537.36 (KHTML, like Gecko; compatible; ClaudeBot/1.0; +claudebot@anthropic.com)"
43.173.172.3 - - [18/Mar/2026:08:06:12 -0400] "GET /?p=32066 HTTP/1.1" 301 - "-" "Mozilla/5.0 (Windows NT 10.0; Win64; x64) AppleWebKit/537.36 (KHTML, like Gecko) Chrome/131.0.0.0 Safari/537.36"
50.6.201.88 - - [18/Mar/2026:08:06:13 -0400] "POST /wp-cron.php?doing_wp_cron=1773835573.0191590785980224609375 HTTP/1.1" 200 - "-" "WordPress/6.9.4; https://planetnewspro.com"
43.173.180.116 - - [18/Mar/2026:08:06:12 -0400] "GET /crank-the-incline-and-torch-fats-with-this-15-minute-treadmill-exercise/ HTTP/1.1" 200 53186 "-" "Mozilla/5.0 (Windows NT 10.0; Win64; x64) AppleWebKit/537.36 (KHTML, like Gecko) Chrome/104.0.5112.81 Safari/537.36"
50.6.201.88 - - [18/Mar/2026:08:06:13 -0400] "POST /wp-admin/admin-ajax.php?action=async_litespeed&nonce=6a32a20319&litespeed_type=imgoptm HTTP/1.1" 200 21 "-" "WordPress/6.9.4; https://planetnewspro.com"
43.173.181.220 - - [18/Mar/2026:08:06:13 -0400] "GET /kl-rahul-dhruv-jurel-rating-massive-virat-kohlis-identify-dragged-in-bengaluru-stampede/ HTTP/1.1" 200 53272 "-" "Mozilla/5.0 (Windows NT 10.0; Win64; x64) AppleWebKit/537.36 (KHTML, like Gecko) Chrome/131.0.0.0 Safari/537.36"
185.191.171.8 - - [18/Mar/2026:08:06:19 -0400] "GET /eight-injured-in-hammer-assault-spree-at-tokyo-college/ HTTP/1.1" 200 53380 "-" "Mozilla/5.0 (compatible; SemrushBot/7~bl; +http://www.semrush.com/bot.html)"
50.6.201.88 - - [18/Mar/2026:08:06:27 -0400] "POST /wp-cron.php?doing_wp_cron=1773835587.2019898891448974609375 HTTP/1.1" 200 - "-" "WordPress/6.9.4; https://planetnewspro.com"
43.173.180.88 - - [18/Mar/2026:08:06:26 -0400] "GET /crank-the-incline-and-torch-fats-with-this-15-minute-treadmill-exercise/ HTTP/1.1" 200 53187 "-" "Mozilla/5.0 (Windows NT 10.0; Win64; x64) AppleWebKit/537.36 (KHTML, like Gecko) Chrome/116.0.0.0 Safari/537.36"
50.6.201.88 - - [18/Mar/2026:08:06:27 -0400] "POST /wp-cron.php?doing_wp_cron=1773835587.6038970947265625000000 HTTP/1.1" 200 - "-" "WordPress/6.9.4; https://planetnewspro.com"
66.249.87.72 - - [18/Mar/2026:08:06:27 -0400] "GET /kl-rahul-dhruv-jurel-rating-massive-virat-kohlis-identify-dragged-in-bengaluru-stampede/ HTTP/1.1" 200 53273 "-" "Mediapartners-Google"
185.191.171.4 - - [18/Mar/2026:08:06:40 -0400] "GET /is-there-a-chalino-sanchez-venture-beneath-work-at-netflix-right-heres-every-part-to-know/ HTTP/1.1" 200 52747 "-" "Mozilla/5.0 (compatible; SemrushBot/7~bl; +http://www.semrush.com/bot.html)"
185.191.171.12 - - [18/Mar/2026:08:06:47 -0400] "GET /darkish-secret-within-the-final-unsealed-jfk-recordsdata-that-might-make-donald-trump-remorse-his-vow-to-lastly-launch-them-tom-leonard-reveals-explosive-the-explanation-why-the-cia-and-others-need-t/ HTTP/1.1" 200 58089 "-" "Mozilla/5.0 (compatible; SemrushBot/7~bl; +http://www.semrush.com/bot.html)"
85.208.96.209 - - [18/Mar/2026:08:06:56 -0400] "GET /one-of-the-best-time-to-go-to-thailand-away-from-the-crowds-and-at-a-funds-worth/ HTTP/1.1" 200 56244 "-" "Mozilla/5.0 (compatible; SemrushBot/7~bl; +http://www.semrush.com/bot.html)"
43.173.169.174 - - [18/Mar/2026:08:07:13 -0400] "GET /?p=32063 HTTP/1.1" 301 - "-" "Mozilla/5.0 (Windows NT 10.0; Win64; x64) AppleWebKit/537.36 (KHTML, like Gecko) Chrome/117.0.0.0 Safari/537.36"
43.173.176.120 - - [18/Mar/2026:08:07:13 -0400] "GET /rory-mcilroy-makes-shock-change-to-strengthen-his-bid-for-us-open-glory/ HTTP/1.1" 200 53250 "-" "Mozilla/5.0 (Windows NT 10.0; Win64; x64) AppleWebKit/537.36 (KHTML, like Gecko) Chrome/133.0.0.0 Safari/537.36"
43.173.181.32 - - [18/Mar/2026:08:07:14 -0400] "GET /crank-the-incline-and-torch-fats-with-this-15-minute-treadmill-exercise/ HTTP/1.1" 200 53187 "-" "Mozilla/5.0 (Windows NT 10.0; Win64; x64) AppleWebKit/537.36 (KHTML, like Gecko) Chrome/117.0.0.0 Safari/537.36"
50.6.201.88 - - [18/Mar/2026:08:07:47 -0400] "POST /wp-cron.php?doing_wp_cron=1773835667.0580959320068359375000 HTTP/1.1" 200 - "-" "WordPress/6.9.4; https://planetnewspro.com"
85.208.96.203 - - [18/Mar/2026:08:07:46 -0400] "GET /the-2023-authorized-nomads-reward-information/ HTTP/1.1" 200 63534 "-" "Mozilla/5.0 (compatible; SemrushBot/7~bl; +http://www.semrush.com/bot.html)"
50.6.201.88 - - [18/Mar/2026:08:07:47 -0400] "POST /wp-admin/admin-ajax.php?action=async_litespeed&nonce=6a32a20319&litespeed_type=imgoptm HTTP/1.1" 200 21 "-" "WordPress/6.9.4; https://planetnewspro.com"
17.241.227.118 - - [18/Mar/2026:08:07:54 -0400] "GET /supercomputer-predicts-ultimate-premier-league-desk-for-2025-26-season-as-fixtures-launched/ HTTP/1.1" 200 55413 "-" "Mozilla/5.0 (Macintosh; Intel Mac OS X 10_15_7) AppleWebKit/605.1.15 (KHTML, like Gecko) Version/17.4 Safari/605.1.15 (Applebot/0.1; +http://www.apple.com/go/applebot)"
17.241.219.31 - - [18/Mar/2026:08:08:00 -0400] "GET /meta-settles-uk-proper-to-object-to-ad-tracking-lawsuit-by-agreeing-to-not-monitor-plaintiff/ HTTP/1.1" 200 52734 "-" "Mozilla/5.0 (Macintosh; Intel Mac OS X 10_15_7) AppleWebKit/605.1.15 (KHTML, like Gecko) Version/17.4 Safari/605.1.15 (Applebot/0.1; +http://www.apple.com/go/applebot)"
85.208.96.210 - - [18/Mar/2026:08:08:03 -0400] "GET /blake-energetic-brutally-slammed-over-son-olins-confessions-netizens-examine-her-with-meghan-markle/ HTTP/1.1" 200 53050 "-" "Mozilla/5.0 (compatible; SemrushBot/7~bl; +http://www.semrush.com/bot.html)"
43.173.172.148 - - [18/Mar/2026:08:08:13 -0400] "GET /?p=32060 HTTP/1.1" 301 - "-" "Mozilla/5.0 (Windows NT 10.0; Win64; x64) AppleWebKit/537.36 (KHTML, like Gecko) Chrome/120.0.0.0 Safari/537.36"
43.173.179.149 - - [18/Mar/2026:08:08:13 -0400] "GET /disneyland-rolls-out-the-magic-carpet-to-host-meghan-markle-and-prince-harrys-daughter-lilibets-4th-birthday/ HTTP/1.1" 200 52555 "-" "Mozilla/5.0 (Windows NT 10.0; Win64; x64) AppleWebKit/537.36 (KHTML, like Gecko) Chrome/103.0.0.0 Safari/537.36"
43.173.178.144 - - [18/Mar/2026:08:08:13 -0400] "GET /quantum-computing-inventory-jumped-25-on-wednesday-watch-these-key-value-ranges/ HTTP/1.1" 200 53757 "-" "Mozilla/5.0 (Windows NT 10.0; Win64; x64) AppleWebKit/537.36 (KHTML, like Gecko) Chrome/133.0.0.0 Safari/537.36"
43.173.177.195 - - [18/Mar/2026:08:08:15 -0400] "GET /rory-mcilroy-makes-shock-change-to-strengthen-his-bid-for-us-open-glory/ HTTP/1.1" 200 53250 "-" "Mozilla/5.0 (Windows NT 10.0; Win64; x64) AppleWebKit/537.36 (KHTML, like Gecko) Chrome/120.0.0.0 Safari/537.36"
17.241.75.116 - - [18/Mar/2026:08:08:27 -0400] "GET /wp-content/plugins/td-composer/legacy/Newspaper/js/tdModalPostImages.js?ver=12.6.6 HTTP/1.1" 200 8892 "https://planetnewspro.com/meta-settles-uk-proper-to-object-to-ad-tracking-lawsuit-by-agreeing-to-not-monitor-plaintiff/" "Mozilla/5.0 (Macintosh; Intel Mac OS X 10_15_7) AppleWebKit/605.1.15 (KHTML, like Gecko) Version/17.4 Safari/605.1.15 (Applebot/0.1; +http://www.apple.com/go/applebot)"
85.208.98.20 - - [18/Mar/2026:08:08:28 -0400] "GET /grownup-coloring-books-is-the-sizzling-new-phase-in-publishing/ HTTP/1.1" 200 54124 "-" "Mozilla/5.0 (compatible; SemrushBot-BA; +http://www.semrush.com/bot.html)"
17.241.219.78 - - [18/Mar/2026:08:08:32 -0400] "GET /wp-content/plugins/td-composer/legacy/Newspaper/js/tdAnimationSprite.js?ver=12.6.6 HTTP/1.1" 200 3989 "https://planetnewspro.com/meta-settles-uk-proper-to-object-to-ad-tracking-lawsuit-by-agreeing-to-not-monitor-plaintiff/" "Mozilla/5.0 (Macintosh; Intel Mac OS X 10_15_7) AppleWebKit/605.1.15 (KHTML, like Gecko) Version/17.4 Safari/605.1.15 (Applebot/0.1; +http://www.apple.com/go/applebot)"
17.241.75.190 - - [18/Mar/2026:08:08:37 -0400] "GET /wp-content/plugins/td-composer/legacy/Newspaper/js/tdMenu.js?ver=12.6.6 HTTP/1.1" 200 4530 "https://planetnewspro.com/meta-settles-uk-proper-to-object-to-ad-tracking-lawsuit-by-agreeing-to-not-monitor-plaintiff/" "Mozilla/5.0 (Macintosh; Intel Mac OS X 10_15_7) AppleWebKit/605.1.15 (KHTML, like Gecko) Version/17.4 Safari/605.1.15 (Applebot/0.1; +http://www.apple.com/go/applebot)"
85.208.96.207 - - [18/Mar/2026:08:08:38 -0400] "GET /what-to-do-if-u-s-customs-and-border-safety-brokers-ask-to-look-your-cellphone/ HTTP/1.1" 200 57307 "-" "Mozilla/5.0 (compatible; SemrushBot/7~bl; +http://www.semrush.com/bot.html)"
17.241.75.158 - - [18/Mar/2026:08:08:47 -0400] "GET /wp-content/plugins/td-composer/legacy/Newspaper/js/tdWeather.js?ver=12.6.6 HTTP/1.1" 200 9932 "https://planetnewspro.com/meta-settles-uk-proper-to-object-to-ad-tracking-lawsuit-by-agreeing-to-not-monitor-plaintiff/" "Mozilla/5.0 (Macintosh; Intel Mac OS X 10_15_7) AppleWebKit/605.1.15 (KHTML, like Gecko) Version/17.4 Safari/605.1.15 (Applebot/0.1; +http://www.apple.com/go/applebot)"
85.208.96.208 - - [18/Mar/2026:08:08:58 -0400] "GET /50-finest-rei-lengthy-weekend-offers-2025/ HTTP/1.1" 200 58334 "-" "Mozilla/5.0 (compatible; SemrushBot/7~bl; +http://www.semrush.com/bot.html)"
50.6.201.88 - - [18/Mar/2026:08:09:04 -0400] "POST /wp-cron.php?doing_wp_cron=1773835744.4729878902435302734375 HTTP/1.1" 200 - "-" "WordPress/6.9.4; https://planetnewspro.com"
85.208.96.195 - - [18/Mar/2026:08:09:02 -0400] "GET /new-harry-potter-ebook-amid-controversy-from-the-wizarding-archive/ HTTP/1.1" 200 55310 "-" "Mozilla/5.0 (compatible; SemrushBot/7~bl; +http://www.semrush.com/bot.html)"
50.6.201.88 - - [18/Mar/2026:08:09:04 -0400] "POST /wp-admin/admin-ajax.php?action=async_litespeed&nonce=6a32a20319&litespeed_type=imgoptm HTTP/1.1" 200 21 "-" "WordPress/6.9.4; https://planetnewspro.com"
50.6.201.88 - - [18/Mar/2026:08:09:11 -0400] "POST /wp-cron.php?doing_wp_cron=1773835751.7177259922027587890625 HTTP/1.1" 200 - "-" "WordPress/6.9.4; https://planetnewspro.com"
34.230.128.91 - - [18/Mar/2026:08:09:11 -0400] "GET /ads.txt HTTP/1.1" 200 78 "-" "Trade Desk ads.txt & sellers.json crawler"
43.173.177.108 - - [18/Mar/2026:08:09:15 -0400] "GET /?p=32057 HTTP/1.1" 301 - "-" "Mozilla/5.0 (Windows NT 10.0; Win64; x64) AppleWebKit/537.36 (KHTML, like Gecko) Chrome/109.0.0.0 Safari/537.36"
43.173.180.33 - - [18/Mar/2026:08:09:16 -0400] "GET /selfmade-oatmeal-cream-pies-sallys-baking-habit/ HTTP/1.1" 200 59813 "-" "Mozilla/5.0 (Windows NT 10.0; Win64; x64) AppleWebKit/537.36 (KHTML, like Gecko) Chrome/120.0.0.0 Safari/537.36"
43.173.177.9 - - [18/Mar/2026:08:09:16 -0400] "GET /disneyland-rolls-out-the-magic-carpet-to-host-meghan-markle-and-prince-harrys-daughter-lilibets-4th-birthday/ HTTP/1.1" 200 52554 "-" "Mozilla/5.0 (Windows NT 10.0; Win64; x64) AppleWebKit/537.36 (KHTML, like Gecko) Chrome/109.0.0.0 Safari/537.36"
50.6.201.88 - - [18/Mar/2026:08:09:24 -0400] "POST /wp-cron.php?doing_wp_cron=1773835764.3697149753570556640625 HTTP/1.1" 200 - "-" "WordPress/6.9.4; https://planetnewspro.com"
85.208.96.195 - - [18/Mar/2026:08:09:23 -0400] "GET /be-taught-when-and-the-best-way-to-see/ HTTP/1.1" 200 52433 "-" "Mozilla/5.0 (compatible; SemrushBot/7~bl; +http://www.semrush.com/bot.html)"
43.173.174.208 - - [18/Mar/2026:08:09:26 -0400] "GET /selfmade-oatmeal-cream-pies-sallys-baking-habit/ HTTP/1.1" 200 59814 "-" "Mozilla/5.0 (Windows NT 10.0; Win64; x64) AppleWebKit/537.36 (KHTML, like Gecko) Chrome/124.0.0.0 Safari/537.36"
43.173.182.141 - - [18/Mar/2026:08:09:33 -0400] "GET /?p=32057 HTTP/1.1" 301 - "-" "Mozilla/5.0 (Windows NT 10.0; Win64; x64) AppleWebKit/537.36 (KHTML, like Gecko) Chrome/108.0.0.0 Safari/537.36"
185.191.171.16 - - [18/Mar/2026:08:09:43 -0400] "GET /is-monk-fruit-sweetener-wholesome/ HTTP/1.1" 200 53063 "-" "Mozilla/5.0 (compatible; SemrushBot/7~bl; +http://www.semrush.com/bot.html)"
50.6.201.88 - - [18/Mar/2026:08:10:09 -0400] "POST /wp-cron.php?doing_wp_cron=1773835809.4551808834075927734375 HTTP/1.1" 200 - "-" "WordPress/6.9.4; https://planetnewspro.com"
17.246.19.77 - - [18/Mar/2026:08:10:08 -0400] "GET /ai-may-unleash-deep-societal-upheavals-that-many-elites-are-ignoring-palantir-ceo-alex-karp-warns/ HTTP/1.1" 200 53205 "-" "Mozilla/5.0 (Macintosh; Intel Mac OS X 10_15_7) AppleWebKit/605.1.15 (KHTML, like Gecko) Version/17.4 Safari/605.1.15 (Applebot/0.1; +http://www.apple.com/go/applebot)"
50.6.201.88 - - [18/Mar/2026:08:10:10 -0400] "POST /wp-admin/admin-ajax.php?action=async_litespeed&nonce=6a32a20319&litespeed_type=imgoptm HTTP/1.1" 200 21 "-" "WordPress/6.9.4; https://planetnewspro.com"
85.208.96.201 - - [18/Mar/2026:08:10:10 -0400] "GET /luigi-mangione-pouts-as-hes-escorted-out-of-court-docket-after-fiery-meltdown-over-ceo-capturing-stay-updates/ HTTP/1.1" 200 80366 "-" "Mozilla/5.0 (compatible; SemrushBot/7~bl; +http://www.semrush.com/bot.html)"
50.6.201.88 - - [18/Mar/2026:08:10:35 -0400] "POST /wp-cron.php?doing_wp_cron=1773835835.7092549800872802734375 HTTP/1.1" 200 - "-" "WordPress/6.9.4; https://planetnewspro.com"
85.208.96.200 - - [18/Mar/2026:08:10:34 -0400] "GET /regardless-of-california-opposition-ice-federal-brokers-arresting-violent-criminals/ HTTP/1.1" 200 53251 "-" "Mozilla/5.0 (compatible; SemrushBot/7~bl; +http://www.semrush.com/bot.html)"
17.241.75.51 - - [18/Mar/2026:08:10:46 -0400] "GET /rating-each-winnie-the-pooh-film-ever-made/ HTTP/1.1" 200 54525 "-" "Mozilla/5.0 (Macintosh; Intel Mac OS X 10_15_7) AppleWebKit/605.1.15 (KHTML, like Gecko) Version/17.4 Safari/605.1.15 (Applebot/0.1; +http://www.apple.com/go/applebot)"
85.208.96.199 - - [18/Mar/2026:08:10:48 -0400] "GET /cnn-introduced-syrian-jailer-salama-mohammad-salama-as-a-torture-survivor/ HTTP/1.1" 200 54335 "-" "Mozilla/5.0 (compatible; SemrushBot/7~bl; +http://www.semrush.com/bot.html)"
51.68.111.199 - - [18/Mar/2026:08:10:53 -0400] "GET /robots.txt HTTP/1.1" 200 128 "-" "Mozilla/5.0 (compatible; MJ12bot/v2.0.5; http://mj12bot.com/)"
51.68.111.199 - - [18/Mar/2026:08:10:53 -0400] "GET / HTTP/1.1" 200 64323 "-" "Mozilla/5.0 (compatible; MJ12bot/v2.0.5; http://mj12bot.com/)"
50.6.201.88 - - [18/Mar/2026:08:10:59 -0400] "POST /wp-cron.php?doing_wp_cron=1773835859.4235980510711669921875 HTTP/1.1" 200 - "-" "WordPress/6.9.4; https://planetnewspro.com"
85.208.96.200 - - [18/Mar/2026:08:10:59 -0400] "GET /take-5-early-candidates-to-be-saints-subsequent-head-coach/ HTTP/1.1" 200 52551 "-" "Mozilla/5.0 (compatible; SemrushBot/7~bl; +http://www.semrush.com/bot.html)"
50.6.201.88 - - [18/Mar/2026:08:10:59 -0400] "POST /wp-admin/admin-ajax.php?action=async_litespeed&nonce=6a32a20319&litespeed_type=imgoptm HTTP/1.1" 200 21 "-" "WordPress/6.9.4; https://planetnewspro.com"
85.208.96.199 - - [18/Mar/2026:08:11:00 -0400] "GET /hong-kong-nationwide-safety-police-provide-bounties-for-six-fugitives/ HTTP/1.1" 200 53703 "-" "Mozilla/5.0 (compatible; SemrushBot/7~bl; +http://www.semrush.com/bot.html)"
50.6.201.88 - - [18/Mar/2026:08:11:07 -0400] "POST /wp-cron.php?doing_wp_cron=1773835867.9291269779205322265625 HTTP/1.1" 200 - "-" "WordPress/6.9.4; https://planetnewspro.com"
85.208.96.210 - - [18/Mar/2026:08:11:04 -0400] "GET /bhopal-gasoline-tragedy-poisonous-waste-from-indias-deadliest-industrial-catastrophe-taken-away-for-disposal-after-40-years/ HTTP/1.1" 200 53806 "-" "Mozilla/5.0 (compatible; SemrushBot/7~bl; +http://www.semrush.com/bot.html)"
85.208.96.199 - - [18/Mar/2026:08:11:48 -0400] "GET /20-greatest-mac-equipment-2025-examined-and-reviewed/ HTTP/1.1" 200 55745 "-" "Mozilla/5.0 (compatible; SemrushBot/7~bl; +http://www.semrush.com/bot.html)"
148.135.200.3 - - [18/Mar/2026:08:12:07 -0400] "POST /wp-login.php HTTP/1.1" 200 6333 "-" "Mozilla/5.0"
216.73.216.103 - - [18/Mar/2026:08:12:22 -0400] "GET /palace-fires-worker-for-stealing-money-from-japans-royal-household HTTP/1.1" 301 - "-" "Mozilla/5.0 AppleWebKit/537.36 (KHTML, like Gecko; compatible; ClaudeBot/1.0; +claudebot@anthropic.com)"
216.73.216.103 - - [18/Mar/2026:08:12:22 -0400] "GET /palace-fires-worker-for-stealing-money-from-japans-royal-household/ HTTP/1.1" 200 52930 "https://planetnewspro.com/palace-fires-worker-for-stealing-money-from-japans-royal-household" "Mozilla/5.0 AppleWebKit/537.36 (KHTML, like Gecko; compatible; ClaudeBot/1.0; +claudebot@anthropic.com)"
85.208.98.19 - - [18/Mar/2026:08:12:28 -0400] "GET /3-myths-about-tariffs/ HTTP/1.1" 200 53007 "-" "Mozilla/5.0 (compatible; SemrushBot-BA; +http://www.semrush.com/bot.html)"
85.208.96.207 - - [18/Mar/2026:08:12:42 -0400] "GET /sheikh-hasinas-household-residence-razed-by-protesters-in-bangladesh/ HTTP/1.1" 200 54218 "-" "Mozilla/5.0 (compatible; SemrushBot/7~bl; +http://www.semrush.com/bot.html)"
85.208.96.193 - - [18/Mar/2026:08:12:49 -0400] "GET /did-taylor-swift-break-up-with-travis-kelce-what-are-the-rumors-all-about-here-is-the-reality/ HTTP/1.1" 200 52664 "-" "Mozilla/5.0 (compatible; SemrushBot/7~bl; +http://www.semrush.com/bot.html)"
50.6.201.88 - - [18/Mar/2026:08:13:01 -0400] "POST /wp-cron.php?doing_wp_cron=1773835981.6340320110321044921875 HTTP/1.1" 200 - "-" "WordPress/6.9.4; https://planetnewspro.com"
216.73.216.103 - - [18/Mar/2026:08:13:01 -0400] "GET /cinnamon-swirl-cheesecake-sallys-baking-dependancy HTTP/1.1" 301 - "-" "Mozilla/5.0 AppleWebKit/537.36 (KHTML, like Gecko; compatible; ClaudeBot/1.0; +claudebot@anthropic.com)"
216.73.216.103 - - [18/Mar/2026:08:13:01 -0400] "GET /cinnamon-swirl-cheesecake-sallys-baking-dependancy/ HTTP/1.1" 200 61482 "https://planetnewspro.com/cinnamon-swirl-cheesecake-sallys-baking-dependancy" "Mozilla/5.0 AppleWebKit/537.36 (KHTML, like Gecko; compatible; ClaudeBot/1.0; +claudebot@anthropic.com)"
50.6.201.88 - - [18/Mar/2026:08:13:02 -0400] "POST /wp-admin/admin-ajax.php?action=async_litespeed&nonce=6a32a20319&litespeed_type=imgoptm HTTP/1.1" 200 21 "-" "WordPress/6.9.4; https://planetnewspro.com"
185.191.171.1 - - [18/Mar/2026:08:13:05 -0400] "GET /followers-slam-millie-bobby-brown-being-pregnant-calls-in-help-for-the-younger-stranger-issues-actress/ HTTP/1.1" 200 52690 "-" "Mozilla/5.0 (compatible; SemrushBot/7~bl; +http://www.semrush.com/bot.html)"
50.6.201.88 - - [18/Mar/2026:08:13:16 -0400] "POST /wp-cron.php?doing_wp_cron=1773835996.6692059040069580078125 HTTP/1.1" 200 - "-" "WordPress/6.9.4; https://planetnewspro.com"
185.191.171.1 - - [18/Mar/2026:08:13:16 -0400] "GET /kamala-harris-attracts-large-crowd-in-pittsburgh-as-trump-curtains-off-seats/ HTTP/1.1" 200 54295 "-" "Mozilla/5.0 (compatible; SemrushBot/7~bl; +http://www.semrush.com/bot.html)"
43.173.176.210 - - [18/Mar/2026:08:13:17 -0400] "GET /?p=21986 HTTP/1.1" 301 - "-" "Mozilla/5.0 (Windows NT 10.0; Win64; x64) AppleWebKit/537.36 (KHTML, like Gecko) Chrome/131.0.0.0 Safari/537.36"
50.6.201.88 - - [18/Mar/2026:08:13:19 -0400] "POST /wp-cron.php?doing_wp_cron=1773835999.1332240104675292968750 HTTP/1.1" 200 - "-" "WordPress/6.9.4; https://planetnewspro.com"
43.173.182.77 - - [18/Mar/2026:08:13:18 -0400] "GET /crimson-velvet-cake-combine-cookies/ HTTP/1.1" 200 57834 "-" "Mozilla/5.0 (Windows NT 10.0; Win64; x64) AppleWebKit/537.36 (KHTML, like Gecko) Chrome/131.0.0.0 Safari/537.36"
50.6.201.88 - - [18/Mar/2026:08:13:43 -0400] "POST /wp-cron.php?doing_wp_cron=1773836023.7068541049957275390625 HTTP/1.1" 200 - "-" "WordPress/6.9.4; https://planetnewspro.com"
185.191.171.4 - - [18/Mar/2026:08:13:41 -0400] "GET /amazon-pulls-diddy-inform-all-amid-controversy/ HTTP/1.1" 200 53687 "-" "Mozilla/5.0 (compatible; SemrushBot/7~bl; +http://www.semrush.com/bot.html)"
85.208.96.210 - - [18/Mar/2026:08:13:45 -0400] "GET /sperm-donor-who-fathered-180-youngsters-lacks-empathy-and-seeks-to-regulate-others/ HTTP/1.1" 200 54332 "-" "Mozilla/5.0 (compatible; SemrushBot/7~bl; +http://www.semrush.com/bot.html)"
85.208.96.200 - - [18/Mar/2026:08:13:48 -0400] "GET /the-20-finest-early-walmart-black-friday-offers-kitchenaid-lodge/ HTTP/1.1" 200 53431 "-" "Mozilla/5.0 (compatible; SemrushBot/7~bl; +http://www.semrush.com/bot.html)"
216.73.216.103 - - [18/Mar/2026:08:13:51 -0400] "GET /?p=28951 HTTP/1.1" 301 - "-" "Mozilla/5.0 AppleWebKit/537.36 (KHTML, like Gecko; compatible; ClaudeBot/1.0; +claudebot@anthropic.com)"
216.73.216.103 - - [18/Mar/2026:08:13:51 -0400] "GET /?p=35787 HTTP/1.1" 301 - "-" "Mozilla/5.0 AppleWebKit/537.36 (KHTML, like Gecko; compatible; ClaudeBot/1.0; +claudebot@anthropic.com)"
216.73.216.103 - - [18/Mar/2026:08:13:52 -0400] "GET /netflix-set-to-convey-an-iconic-ryan-gosling-and-emma-stone-flick-from-2011-to-streaming/ HTTP/1.1" 200 52463 "https://planetnewspro.com/?p=28951" "Mozilla/5.0 AppleWebKit/537.36 (KHTML, like Gecko; compatible; ClaudeBot/1.0; +claudebot@anthropic.com)"
216.73.216.103 - - [18/Mar/2026:08:13:52 -0400] "GET /6-nba-groups-falling-behind-their-rivals-for-subsequent-season/ HTTP/1.1" 200 55679 "https://planetnewspro.com/?p=35787" "Mozilla/5.0 AppleWebKit/537.36 (KHTML, like Gecko; compatible; ClaudeBot/1.0; +claudebot@anthropic.com)"
216.73.216.103 - - [18/Mar/2026:08:13:52 -0400] "GET /?p=35922 HTTP/1.1" 301 - "-" "Mozilla/5.0 AppleWebKit/537.36 (KHTML, like Gecko; compatible; ClaudeBot/1.0; +claudebot@anthropic.com)"
216.73.216.103 - - [18/Mar/2026:08:13:53 -0400] "GET /uttarkashi-villagers-spared-as-pageant-attracts-them-away-from-lethal-himalayan-flash-flood/ HTTP/1.1" 200 53584 "https://planetnewspro.com/?p=35922" "Mozilla/5.0 AppleWebKit/537.36 (KHTML, like Gecko; compatible; ClaudeBot/1.0; +claudebot@anthropic.com)"
50.6.201.88 - - [18/Mar/2026:08:14:14 -0400] "POST /wp-cron.php?doing_wp_cron=1773836054.8218829631805419921875 HTTP/1.1" 200 - "-" "WordPress/6.9.4; https://planetnewspro.com"
185.191.171.16 - - [18/Mar/2026:08:14:13 -0400] "GET /fact-check-in-presidential-debate-harris-deflects-on-border-document/ HTTP/1.1" 200 53925 "-" "Mozilla/5.0 (compatible; SemrushBot/7~bl; +http://www.semrush.com/bot.html)"
50.6.201.88 - - [18/Mar/2026:08:14:14 -0400] "POST /wp-admin/admin-ajax.php?action=async_litespeed&nonce=6a32a20319&litespeed_type=imgoptm HTTP/1.1" 200 21 "-" "WordPress/6.9.4; https://planetnewspro.com"
50.6.201.88 - - [18/Mar/2026:08:14:21 -0400] "POST /wp-cron.php?doing_wp_cron=1773836061.1501789093017578125000 HTTP/1.1" 200 - "-" "WordPress/6.9.4; https://planetnewspro.com"
92.222.108.117 - - [18/Mar/2026:08:14:20 -0400] "GET /meghan-markles-netflix-present-outshines-prince-harrys-invictus-documentary-reveal-us-polls-and-report/ HTTP/1.1" 200 52843 "-" "Mozilla/5.0 (compatible; AhrefsBot/7.0; +http://ahrefs.com/robot/)"
185.191.171.14 - - [18/Mar/2026:08:14:31 -0400] "GET /amazon-kuiper-takes-on-starlink-in-satellite-tv-for-pc-web-race/ HTTP/1.1" 200 57505 "-" "Mozilla/5.0 (compatible; SemrushBot/7~bl; +http://www.semrush.com/bot.html)"
216.73.216.103 - - [18/Mar/2026:08:14:43 -0400] "GET /?p=28657 HTTP/1.1" 301 - "-" "Mozilla/5.0 AppleWebKit/537.36 (KHTML, like Gecko; compatible; ClaudeBot/1.0; +claudebot@anthropic.com)"
216.73.216.103 - - [18/Mar/2026:08:14:44 -0400] "GET /?p=37069 HTTP/1.1" 301 - "-" "Mozilla/5.0 AppleWebKit/537.36 (KHTML, like Gecko; compatible; ClaudeBot/1.0; +claudebot@anthropic.com)"
216.73.216.103 - - [18/Mar/2026:08:14:44 -0400] "GET /the-accountant-2-star-ben-affleck-names-his-goat-wwe-wrestlers/ HTTP/1.1" 200 52794 "https://planetnewspro.com/?p=28657" "Mozilla/5.0 AppleWebKit/537.36 (KHTML, like Gecko; compatible; ClaudeBot/1.0; +claudebot@anthropic.com)"
216.73.216.103 - - [18/Mar/2026:08:14:44 -0400] "GET /pakistan-flooding-demise-toll-rises-to-358-after-flash-floods-engulf-houses/ HTTP/1.1" 200 55793 "https://planetnewspro.com/?p=37069" "Mozilla/5.0 AppleWebKit/537.36 (KHTML, like Gecko; compatible; ClaudeBot/1.0; +claudebot@anthropic.com)"
216.73.216.103 - - [18/Mar/2026:08:14:45 -0400] "GET /?p=28822 HTTP/1.1" 301 - "-" "Mozilla/5.0 AppleWebKit/537.36 (KHTML, like Gecko; compatible; ClaudeBot/1.0; +claudebot@anthropic.com)"
216.73.216.103 - - [18/Mar/2026:08:14:45 -0400] "GET /video-games-of-thrones-equipment-harington-narrates-a-highly-effective-bella-ramsey-story-amidst-continued-success-of-the-final-of-us/ HTTP/1.1" 200 52831 "https://planetnewspro.com/?p=28822" "Mozilla/5.0 AppleWebKit/537.36 (KHTML, like Gecko; compatible; ClaudeBot/1.0; +claudebot@anthropic.com)"
85.208.96.193 - - [18/Mar/2026:08:14:53 -0400] "GET /anthropic-google-rating-win-by-nabbing-openai-backed-harvey-as-a-person/ HTTP/1.1" 200 53176 "-" "Mozilla/5.0 (compatible; SemrushBot/7~bl; +http://www.semrush.com/bot.html)"
216.73.216.103 - - [18/Mar/2026:08:14:58 -0400] "GET /?p=36847 HTTP/1.1" 301 - "-" "Mozilla/5.0 AppleWebKit/537.36 (KHTML, like Gecko; compatible; ClaudeBot/1.0; +claudebot@anthropic.com)"
216.73.216.103 - - [18/Mar/2026:08:14:58 -0400] "GET /?p=28870 HTTP/1.1" 301 - "-" "Mozilla/5.0 AppleWebKit/537.36 (KHTML, like Gecko; compatible; ClaudeBot/1.0; +claudebot@anthropic.com)"
216.73.216.103 - - [18/Mar/2026:08:14:58 -0400] "GET /putin-agreed-to-let-us-europe-supply-nato-style-safety-protections-for-ukraine-trump-envoy-says/ HTTP/1.1" 200 52814 "https://planetnewspro.com/?p=36847" "Mozilla/5.0 AppleWebKit/537.36 (KHTML, like Gecko; compatible; ClaudeBot/1.0; +claudebot@anthropic.com)"
50.6.201.88 - - [18/Mar/2026:08:14:59 -0400] "POST /wp-cron.php?doing_wp_cron=1773836099.2960050106048583984375 HTTP/1.1" 200 - "-" "WordPress/6.9.4; https://planetnewspro.com"
216.73.216.103 - - [18/Mar/2026:08:14:59 -0400] "GET /?p=28738 HTTP/1.1" 301 - "-" "Mozilla/5.0 AppleWebKit/537.36 (KHTML, like Gecko; compatible; ClaudeBot/1.0; +claudebot@anthropic.com)"
216.73.216.103 - - [18/Mar/2026:08:14:58 -0400] "GET /who-is-jennifer-garners-boyfriend-all-the-things-to-know-about-john-miller/ HTTP/1.1" 200 53660 "https://planetnewspro.com/?p=28870" "Mozilla/5.0 AppleWebKit/537.36 (KHTML, like Gecko; compatible; ClaudeBot/1.0; +claudebot@anthropic.com)"
50.6.201.88 - - [18/Mar/2026:08:14:59 -0400] "POST /wp-admin/admin-ajax.php?action=async_litespeed&nonce=6a32a20319&litespeed_type=imgoptm HTTP/1.1" 200 21 "-" "WordPress/6.9.4; https://planetnewspro.com"
216.73.216.103 - - [18/Mar/2026:08:14:59 -0400] "GET /who-is-brandon-sklenar-and-is-he-relationship-sydney-sweeney/ HTTP/1.1" 200 52860 "https://planetnewspro.com/?p=28738" "Mozilla/5.0 AppleWebKit/537.36 (KHTML, like Gecko; compatible; ClaudeBot/1.0; +claudebot@anthropic.com)"
50.6.201.88 - - [18/Mar/2026:08:15:13 -0400] "POST /wp-cron.php?doing_wp_cron=1773836113.8922219276428222656250 HTTP/1.1" 200 - "-" "WordPress/6.9.4; https://planetnewspro.com"
85.208.96.197 - - [18/Mar/2026:08:15:13 -0400] "GET /the-place-to-purchase-professional-kabaddi-tickets/ HTTP/1.1" 200 52242 "-" "Mozilla/5.0 (compatible; SemrushBot/7~bl; +http://www.semrush.com/bot.html)"
216.73.216.103 - - [18/Mar/2026:08:15:13 -0400] "GET /?p=37492 HTTP/1.1" 301 - "-" "Mozilla/5.0 AppleWebKit/537.36 (KHTML, like Gecko; compatible; ClaudeBot/1.0; +claudebot@anthropic.com)"
216.73.216.103 - - [18/Mar/2026:08:15:13 -0400] "GET /?p=38979 HTTP/1.1" 301 - "-" "Mozilla/5.0 AppleWebKit/537.36 (KHTML, like Gecko; compatible; ClaudeBot/1.0; +claudebot@anthropic.com)"
216.73.216.103 - - [18/Mar/2026:08:15:14 -0400] "GET /greek-sheet-pan-hen-spend-with-pennies/ HTTP/1.1" 200 58303 "https://planetnewspro.com/?p=37492" "Mozilla/5.0 AppleWebKit/537.36 (KHTML, like Gecko; compatible; ClaudeBot/1.0; +claudebot@anthropic.com)"
216.73.216.103 - - [18/Mar/2026:08:15:14 -0400] "GET /?p=37165 HTTP/1.1" 301 - "-" "Mozilla/5.0 AppleWebKit/537.36 (KHTML, like Gecko; compatible; ClaudeBot/1.0; +claudebot@anthropic.com)"
216.73.216.103 - - [18/Mar/2026:08:15:14 -0400] "GET /bmw-pga-championship-2025-tv-schedule-immediately-the-best-way-to-watch-stream-all-of-the-golf-from-anyplace/ HTTP/1.1" 200 56930 "https://planetnewspro.com/?p=38979" "Mozilla/5.0 AppleWebKit/537.36 (KHTML, like Gecko; compatible; ClaudeBot/1.0; +claudebot@anthropic.com)"
216.73.216.103 - - [18/Mar/2026:08:15:15 -0400] "GET /trump-doj-corruption-fired-aide-alleges-funds-for-merger-approvals/ HTTP/1.1" 200 54348 "https://planetnewspro.com/?p=37165" "Mozilla/5.0 AppleWebKit/537.36 (KHTML, like Gecko; compatible; ClaudeBot/1.0; +claudebot@anthropic.com)"
50.6.201.88 - - [18/Mar/2026:08:15:32 -0400] "POST /wp-cron.php?doing_wp_cron=1773836132.7482249736785888671875 HTTP/1.1" 200 - "-" "WordPress/6.9.4; https://planetnewspro.com"
185.191.171.17 - - [18/Mar/2026:08:15:32 -0400] "GET /author/admin-pnp-171/page/1016/ HTTP/1.1" 200 43918 "-" "Mozilla/5.0 (compatible; SemrushBot/7~bl; +http://www.semrush.com/bot.html)"
85.208.96.201 - - [18/Mar/2026:08:15:34 -0400] "GET /23-greatest-nordstrom-rack-cyber-monday-offers/ HTTP/1.1" 200 57113 "-" "Mozilla/5.0 (compatible; SemrushBot/7~bl; +http://www.semrush.com/bot.html)"
216.73.216.103 - - [18/Mar/2026:08:15:48 -0400] "GET /?p=36510 HTTP/1.1" 301 - "-" "Mozilla/5.0 AppleWebKit/537.36 (KHTML, like Gecko; compatible; ClaudeBot/1.0; +claudebot@anthropic.com)"
216.73.216.103 - - [18/Mar/2026:08:15:48 -0400] "GET /?p=36850 HTTP/1.1" 301 - "-" "Mozilla/5.0 AppleWebKit/537.36 (KHTML, like Gecko; compatible; ClaudeBot/1.0; +claudebot@anthropic.com)"
216.73.216.103 - - [18/Mar/2026:08:15:48 -0400] "GET /tremendous-cup-2025-betting-preview-psg-vs-spurs/ HTTP/1.1" 200 53319 "https://planetnewspro.com/?p=36510" "Mozilla/5.0 AppleWebKit/537.36 (KHTML, like Gecko; compatible; ClaudeBot/1.0; +claudebot@anthropic.com)"
216.73.216.103 - - [18/Mar/2026:08:15:48 -0400] "GET /?p=36357 HTTP/1.1" 301 - "-" "Mozilla/5.0 AppleWebKit/537.36 (KHTML, like Gecko; compatible; ClaudeBot/1.0; +claudebot@anthropic.com)"
216.73.216.103 - - [18/Mar/2026:08:15:48 -0400] "GET /the-best-quickest-solution-to-crispy-juicy-rooster-thighs/ HTTP/1.1" 200 55771 "https://planetnewspro.com/?p=36850" "Mozilla/5.0 AppleWebKit/537.36 (KHTML, like Gecko; compatible; ClaudeBot/1.0; +claudebot@anthropic.com)"
216.73.216.103 - - [18/Mar/2026:08:15:49 -0400] "GET /travis-hunter-fantasy-soccer-two-way-star-presents-enormous-worth-as-no-1-idp-participant/ HTTP/1.1" 200 53032 "https://planetnewspro.com/?p=36357" "Mozilla/5.0 AppleWebKit/537.36 (KHTML, like Gecko; compatible; ClaudeBot/1.0; +claudebot@anthropic.com)"
185.191.171.14 - - [18/Mar/2026:08:15:53 -0400] "GET /nbas-longest-undefeated-begins-ever-now-together-with-cleveland-cavaliers-10-0-mark/ HTTP/1.1" 200 53618 "-" "Mozilla/5.0 (compatible; SemrushBot/7~bl; +http://www.semrush.com/bot.html)"
85.208.96.211 - - [18/Mar/2026:08:15:57 -0400] "GET /outstanding-hindu-temple-in-california-vandalised-with-anti-modi-graffiti-despicable-act/ HTTP/1.1" 200 53719 "-" "Mozilla/5.0 (compatible; SemrushBot/7~bl; +http://www.semrush.com/bot.html)"
50.6.201.88 - - [18/Mar/2026:08:16:18 -0400] "POST /wp-cron.php?doing_wp_cron=1773836178.0099890232086181640625 HTTP/1.1" 200 - "-" "WordPress/6.9.4; https://planetnewspro.com"
216.73.216.103 - - [18/Mar/2026:08:16:17 -0400] "GET /?p=36750 HTTP/1.1" 301 - "-" "Mozilla/5.0 AppleWebKit/537.36 (KHTML, like Gecko; compatible; ClaudeBot/1.0; +claudebot@anthropic.com)"
50.6.201.88 - - [18/Mar/2026:08:16:18 -0400] "POST /wp-admin/admin-ajax.php?action=async_litespeed&nonce=6a32a20319&litespeed_type=imgoptm HTTP/1.1" 200 21 "-" "WordPress/6.9.4; https://planetnewspro.com"
216.73.216.103 - - [18/Mar/2026:08:16:19 -0400] "GET /?p=38095 HTTP/1.1" 301 - "-" "Mozilla/5.0 AppleWebKit/537.36 (KHTML, like Gecko; compatible; ClaudeBot/1.0; +claudebot@anthropic.com)"
216.73.216.103 - - [18/Mar/2026:08:16:18 -0400] "GET /researcher-turns-gpt-oss-20b-right-into-a-non-reasoning-base-mannequin/ HTTP/1.1" 200 57551 "https://planetnewspro.com/?p=36750" "Mozilla/5.0 AppleWebKit/537.36 (KHTML, like Gecko; compatible; ClaudeBot/1.0; +claudebot@anthropic.com)"
50.6.201.88 - - [18/Mar/2026:08:16:20 -0400] "POST /wp-cron.php?doing_wp_cron=1773836180.3210721015930175781250 HTTP/1.1" 200 - "-" "WordPress/6.9.4; https://planetnewspro.com"
216.73.216.103 - - [18/Mar/2026:08:16:19 -0400] "GET /2-ladies-belongings-injured-suspect-escapes/ HTTP/1.1" 200 53555 "https://planetnewspro.com/?p=38095" "Mozilla/5.0 AppleWebKit/537.36 (KHTML, like Gecko; compatible; ClaudeBot/1.0; +claudebot@anthropic.com)"
216.73.216.103 - - [18/Mar/2026:08:16:20 -0400] "GET /?p=38594 HTTP/1.1" 301 - "-" "Mozilla/5.0 AppleWebKit/537.36 (KHTML, like Gecko; compatible; ClaudeBot/1.0; +claudebot@anthropic.com)"
216.73.216.103 - - [18/Mar/2026:08:16:20 -0400] "GET /novak-djokovic-stance-completely-explains-carlos-alcaraz-and-jannik-sinner-relationship/ HTTP/1.1" 200 54155 "https://planetnewspro.com/?p=38594" "Mozilla/5.0 AppleWebKit/537.36 (KHTML, like Gecko; compatible; ClaudeBot/1.0; +claudebot@anthropic.com)"
50.6.201.88 - - [18/Mar/2026:08:16:24 -0400] "POST /wp-cron.php?doing_wp_cron=1773836184.4212079048156738281250 HTTP/1.1" 200 - "-" "WordPress/6.9.4; https://planetnewspro.com"
85.208.96.205 - - [18/Mar/2026:08:16:23 -0400] "GET /prime-cultural-locations-to-go-to-in-europe/ HTTP/1.1" 200 55930 "-" "Mozilla/5.0 (compatible; SemrushBot/7~bl; +http://www.semrush.com/bot.html)"
85.208.96.198 - - [18/Mar/2026:08:16:25 -0400] "GET /this-colorado-mountain-city-is-residence-to-a-few-of-the-greatest-wildflowers-blooms-within-the-state-here-is-easy-methods-to-see-them/ HTTP/1.1" 200 53631 "-" "Mozilla/5.0 (compatible; SemrushBot/7~bl; +http://www.semrush.com/bot.html)"
216.73.216.103 - - [18/Mar/2026:08:16:49 -0400] "GET /elon-musk-broadens-his-long-running-feud-with-openais-sam-altman-by-bringing-in-a-3rd-celebration-apple HTTP/1.1" 301 - "-" "Mozilla/5.0 AppleWebKit/537.36 (KHTML, like Gecko; compatible; ClaudeBot/1.0; +claudebot@anthropic.com)"
216.73.216.103 - - [18/Mar/2026:08:16:49 -0400] "GET /is-ash-ruder-sydney-sweeneys-cousin-right-heres-the-fact-behind-the-wild-claims HTTP/1.1" 301 - "-" "Mozilla/5.0 AppleWebKit/537.36 (KHTML, like Gecko; compatible; ClaudeBot/1.0; +claudebot@anthropic.com)"
216.73.216.103 - - [18/Mar/2026:08:16:50 -0400] "GET /elon-musk-broadens-his-long-running-feud-with-openais-sam-altman-by-bringing-in-a-3rd-celebration-apple/ HTTP/1.1" 200 53397 "https://planetnewspro.com/elon-musk-broadens-his-long-running-feud-with-openais-sam-altman-by-bringing-in-a-3rd-celebration-apple" "Mozilla/5.0 AppleWebKit/537.36 (KHTML, like Gecko; compatible; ClaudeBot/1.0; +claudebot@anthropic.com)"
216.73.216.103 - - [18/Mar/2026:08:16:51 -0400] "GET /is-ash-ruder-sydney-sweeneys-cousin-right-heres-the-fact-behind-the-wild-claims/ HTTP/1.1" 200 52496 "https://planetnewspro.com/is-ash-ruder-sydney-sweeneys-cousin-right-heres-the-fact-behind-the-wild-claims" "Mozilla/5.0 AppleWebKit/537.36 (KHTML, like Gecko; compatible; ClaudeBot/1.0; +claudebot@anthropic.com)"
216.73.216.103 - - [18/Mar/2026:08:16:53 -0400] "GET /5-classes-on-vitality-suggestions-hustle-from-the-founders-of-happypop HTTP/1.1" 301 - "-" "Mozilla/5.0 AppleWebKit/537.36 (KHTML, like Gecko; compatible; ClaudeBot/1.0; +claudebot@anthropic.com)"
216.73.216.103 - - [18/Mar/2026:08:16:53 -0400] "GET /5-classes-on-vitality-suggestions-hustle-from-the-founders-of-happypop/ HTTP/1.1" 200 57931 "https://planetnewspro.com/5-classes-on-vitality-suggestions-hustle-from-the-founders-of-happypop" "Mozilla/5.0 AppleWebKit/537.36 (KHTML, like Gecko; compatible; ClaudeBot/1.0; +claudebot@anthropic.com)"
216.73.216.103 - - [18/Mar/2026:08:17:05 -0400] "GET /the-white-home-celebrates-star-wars-day-with-but-one-other-weird-warrior-donald-trump HTTP/1.1" 301 - "-" "Mozilla/5.0 AppleWebKit/537.36 (KHTML, like Gecko; compatible; ClaudeBot/1.0; +claudebot@anthropic.com)"
216.73.216.103 - - [18/Mar/2026:08:17:05 -0400] "GET /former-googlers-ai-startup-openart-now-creates-mind-rot-movies-in-only-one-click-on HTTP/1.1" 301 - "-" "Mozilla/5.0 AppleWebKit/537.36 (KHTML, like Gecko; compatible; ClaudeBot/1.0; +claudebot@anthropic.com)"
216.73.216.103 - - [18/Mar/2026:08:17:06 -0400] "GET /the-white-home-celebrates-star-wars-day-with-but-one-other-weird-warrior-donald-trump/ HTTP/1.1" 200 52994 "https://planetnewspro.com/the-white-home-celebrates-star-wars-day-with-but-one-other-weird-warrior-donald-trump" "Mozilla/5.0 AppleWebKit/537.36 (KHTML, like Gecko; compatible; ClaudeBot/1.0; +claudebot@anthropic.com)"
216.73.216.103 - - [18/Mar/2026:08:17:06 -0400] "GET /former-googlers-ai-startup-openart-now-creates-mind-rot-movies-in-only-one-click-on/ HTTP/1.1" 200 53628 "https://planetnewspro.com/former-googlers-ai-startup-openart-now-creates-mind-rot-movies-in-only-one-click-on" "Mozilla/5.0 AppleWebKit/537.36 (KHTML, like Gecko; compatible; ClaudeBot/1.0; +claudebot@anthropic.com)"
216.73.216.103 - - [18/Mar/2026:08:17:07 -0400] "GET /moms-day-presents-for-mothers-who-simply-need-to-loosen-up HTTP/1.1" 301 - "-" "Mozilla/5.0 AppleWebKit/537.36 (KHTML, like Gecko; compatible; ClaudeBot/1.0; +claudebot@anthropic.com)"
216.73.216.103 - - [18/Mar/2026:08:17:07 -0400] "GET /moms-day-presents-for-mothers-who-simply-need-to-loosen-up/ HTTP/1.1" 200 74001 "https://planetnewspro.com/moms-day-presents-for-mothers-who-simply-need-to-loosen-up" "Mozilla/5.0 AppleWebKit/537.36 (KHTML, like Gecko; compatible; ClaudeBot/1.0; +claudebot@anthropic.com)"
