144.76.32.236 - - [18/Mar/2026:20:43:03 -0400] "GET /unhappy-ideas-about-american-politics/ HTTP/1.1" 200 53700 "-" "Mozilla/5.0 (compatible; SERankingBacklinksBot/1.0; +https://seranking.com/backlinks-crawler)"
50.6.201.88 - - [18/Mar/2026:20:43:08 -0400] "POST /wp-cron.php?doing_wp_cron=1773880988.3968169689178466796875 HTTP/1.1" 301 333 "-" "WordPress/6.9.4; https://planetnewspro.com"
144.76.32.236 - - [18/Mar/2026:20:43:07 -0400] "GET /of-the-billions-in-questioned-usaid-spending-hundreds-of-thousands-went-to-fund-al-qaeda-tied-terrorists-in-syria/ HTTP/1.1" 200 53454 "-" "Mozilla/5.0 (compatible; SERankingBacklinksBot/1.0; +https://seranking.com/backlinks-crawler)"
144.76.32.236 - - [18/Mar/2026:20:43:11 -0400] "GET /zucchini-pasta-recipe-love-and-lemons/ HTTP/1.1" 200 54748 "-" "Mozilla/5.0 (compatible; SERankingBacklinksBot/1.0; +https://seranking.com/backlinks-crawler)"
144.76.32.236 - - [18/Mar/2026:20:43:19 -0400] "GET /develop-into-a-nutritionist-in-florida/ HTTP/1.1" 200 58165 "-" "Mozilla/5.0 (compatible; SERankingBacklinksBot/1.0; +https://seranking.com/backlinks-crawler)"
144.76.32.236 - - [18/Mar/2026:20:43:27 -0400] "GET /june-2024-e-book-recap-the-fitnessista/ HTTP/1.1" 200 55954 "-" "Mozilla/5.0 (compatible; SERankingBacklinksBot/1.0; +https://seranking.com/backlinks-crawler)"
144.76.32.236 - - [18/Mar/2026:20:43:40 -0400] "GET /methods-to-assemble-a-layer-cake-video/ HTTP/1.1" 200 59682 "-" "Mozilla/5.0 (compatible; SERankingBacklinksBot/1.0; +https://seranking.com/backlinks-crawler)"
144.76.32.236 - - [18/Mar/2026:20:43:48 -0400] "GET /my-massive-updates-from-a-yr-of-change/ HTTP/1.1" 200 61018 "-" "Mozilla/5.0 (compatible; SERankingBacklinksBot/1.0; +https://seranking.com/backlinks-crawler)"
144.76.32.236 - - [18/Mar/2026:20:44:01 -0400] "GET /poppy-seed-dressing-spend-with-pennies/ HTTP/1.1" 200 57272 "-" "Mozilla/5.0 (compatible; SERankingBacklinksBot/1.0; +https://seranking.com/backlinks-crawler)"
144.76.32.236 - - [18/Mar/2026:20:44:14 -0400] "GET /tips-on-how-to-cook-dinner-duck-breast/ HTTP/1.1" 200 59815 "-" "Mozilla/5.0 (compatible; SERankingBacklinksBot/1.0; +https://seranking.com/backlinks-crawler)"
50.6.201.88 - - [18/Mar/2026:20:44:23 -0400] "POST /wp-cron.php?doing_wp_cron=1773881063.4395580291748046875000 HTTP/1.1" 301 333 "-" "WordPress/6.9.4; https://planetnewspro.com"
144.76.32.236 - - [18/Mar/2026:20:44:23 -0400] "GET /a-few-of-my-mountaineering-should-haves/ HTTP/1.1" 200 58911 "-" "Mozilla/5.0 (compatible; SERankingBacklinksBot/1.0; +https://seranking.com/backlinks-crawler)"
144.76.32.236 - - [18/Mar/2026:20:44:26 -0400] "GET /issues-to-do-in-sevilla-with-youngsters/ HTTP/1.1" 200 58894 "-" "Mozilla/5.0 (compatible; SERankingBacklinksBot/1.0; +https://seranking.com/backlinks-crawler)"
144.76.32.236 - - [18/Mar/2026:20:44:34 -0400] "GET /made-ins-grilling-gear-has-turn-into-a-staple-in-my-cooking-and-a-few-of-my-favourite-items-are-on-sale-proper-now/ HTTP/1.1" 200 53823 "-" "Mozilla/5.0 (compatible; SERankingBacklinksBot/1.0; +https://seranking.com/backlinks-crawler)"
144.76.32.236 - - [18/Mar/2026:20:44:42 -0400] "GET /marry-me-shrimp-pasta-the-recipe-critic/ HTTP/1.1" 200 57597 "-" "Mozilla/5.0 (compatible; SERankingBacklinksBot/1.0; +https://seranking.com/backlinks-crawler)"
144.76.32.236 - - [18/Mar/2026:20:44:51 -0400] "GET /visa-required-two-monkeys-journey-group/ HTTP/1.1" 200 55945 "-" "Mozilla/5.0 (compatible; SERankingBacklinksBot/1.0; +https://seranking.com/backlinks-crawler)"
144.76.32.236 - - [18/Mar/2026:20:44:55 -0400] "GET /1st-ph-queer-barbershop-thrives-in-binan/ HTTP/1.1" 200 55451 "-" "Mozilla/5.0 (compatible; SERankingBacklinksBot/1.0; +https://seranking.com/backlinks-crawler)"
144.76.32.236 - - [18/Mar/2026:20:45:03 -0400] "GET /now-yall-gotta-go-akademiks-brutally-calls-out-kendrick-lamar-and-his-associates-from-the-pop-out-over-the-drake-beef/ HTTP/1.1" 200 52817 "-" "Mozilla/5.0 (compatible; SERankingBacklinksBot/1.0; +https://seranking.com/backlinks-crawler)"
144.76.32.236 - - [18/Mar/2026:20:45:11 -0400] "GET /finest-web-suppliers-in-savannah-georgia/ HTTP/1.1" 200 57898 "-" "Mozilla/5.0 (compatible; SERankingBacklinksBot/1.0; +https://seranking.com/backlinks-crawler)"
144.76.32.236 - - [18/Mar/2026:20:45:15 -0400] "GET /finest-wholesome-consuming-diet-podcasts/ HTTP/1.1" 200 60625 "-" "Mozilla/5.0 (compatible; SERankingBacklinksBot/1.0; +https://seranking.com/backlinks-crawler)"
50.6.201.88 - - [18/Mar/2026:20:45:23 -0400] "POST /wp-cron.php?doing_wp_cron=1773881123.8376569747924804687500 HTTP/1.1" 301 333 "-" "WordPress/6.9.4; https://planetnewspro.com"
144.76.32.236 - - [18/Mar/2026:20:45:23 -0400] "GET /smitten-kitchens-blondies-recipetin-eats/ HTTP/1.1" 200 59901 "-" "Mozilla/5.0 (compatible; SERankingBacklinksBot/1.0; +https://seranking.com/backlinks-crawler)"
144.76.32.236 - - [18/Mar/2026:20:45:35 -0400] "GET /fbs-video-suggestions-maven-ieee-spectrum/ HTTP/1.1" 200 55461 "-" "Mozilla/5.0 (compatible; SERankingBacklinksBot/1.0; +https://seranking.com/backlinks-crawler)"
144.76.32.236 - - [18/Mar/2026:20:45:49 -0400] "GET /full-overview-of-the-onyx-boox-go-7-shade/ HTTP/1.1" 200 58656 "-" "Mozilla/5.0 (compatible; SERankingBacklinksBot/1.0; +https://seranking.com/backlinks-crawler)"
144.76.32.236 - - [18/Mar/2026:20:45:57 -0400] "GET /home-windows-on-arm-is-right-here-to-keep/ HTTP/1.1" 200 54933 "-" "Mozilla/5.0 (compatible; SERankingBacklinksBot/1.0; +https://seranking.com/backlinks-crawler)"
144.76.32.236 - - [18/Mar/2026:20:46:01 -0400] "GET /who-dies-in-stranger-issues-season-5-right-here-are-5-characters-who-may-doubtlessly-shatter-followers-coronary-heart/ HTTP/1.1" 200 54361 "-" "Mozilla/5.0 (compatible; SERankingBacklinksBot/1.0; +https://seranking.com/backlinks-crawler)"
144.76.32.236 - - [18/Mar/2026:20:46:05 -0400] "GET /parisian-booksellers-win-olympic-standoff/ HTTP/1.1" 200 53614 "-" "Mozilla/5.0 (compatible; SERankingBacklinksBot/1.0; +https://seranking.com/backlinks-crawler)"
144.76.32.236 - - [18/Mar/2026:20:46:16 -0400] "GET /the-r-in-rag-stands-for-royalties-oreilly/ HTTP/1.1" 200 56599 "-" "Mozilla/5.0 (compatible; SERankingBacklinksBot/1.0; +https://seranking.com/backlinks-crawler)"
50.6.201.88 - - [18/Mar/2026:20:46:24 -0400] "POST /wp-cron.php?doing_wp_cron=1773881184.4894618988037109375000 HTTP/1.1" 301 333 "-" "WordPress/6.9.4; https://planetnewspro.com"
144.76.32.236 - - [18/Mar/2026:20:46:24 -0400] "GET /chapter-on-the-dawn-aspect-of-the-mountain/ HTTP/1.1" 200 52078 "-" "Mozilla/5.0 (compatible; SERankingBacklinksBot/1.0; +https://seranking.com/backlinks-crawler)"
144.76.32.236 - - [18/Mar/2026:20:46:36 -0400] "GET /xian-acrobatic-swans-make-splash-in-london/ HTTP/1.1" 200 52483 "-" "Mozilla/5.0 (compatible; SERankingBacklinksBot/1.0; +https://seranking.com/backlinks-crawler)"
144.76.32.236 - - [18/Mar/2026:20:46:48 -0400] "GET /flight-attendants-love-this-8-baggage-strap/ HTTP/1.1" 200 54032 "-" "Mozilla/5.0 (compatible; SERankingBacklinksBot/1.0; +https://seranking.com/backlinks-crawler)"
144.76.32.236 - - [18/Mar/2026:20:46:52 -0400] "GET /historical-past-of-tattoo-artwork-in-jordan/ HTTP/1.1" 200 53896 "-" "Mozilla/5.0 (compatible; SERankingBacklinksBot/1.0; +https://seranking.com/backlinks-crawler)"
85.208.98.23 - - [18/Mar/2026:20:46:54 -0400] "GET /robots.txt HTTP/1.1" 200 128 "-" "Mozilla/5.0 (compatible; SemrushBot-BA; +http://www.semrush.com/bot.html)"
144.76.32.236 - - [18/Mar/2026:20:47:01 -0400] "GET /bodycam-footage-provides-extra-questions-about-secret-services-consciousness-of-trump-assassination-menace-this-is-him/ HTTP/1.1" 200 53640 "-" "Mozilla/5.0 (compatible; SERankingBacklinksBot/1.0; +https://seranking.com/backlinks-crawler)"
144.76.32.236 - - [18/Mar/2026:20:47:06 -0400] "GET /the-best-way-to-boil-corn-on-the-cob-recipe/ HTTP/1.1" 200 54797 "-" "Mozilla/5.0 (compatible; SERankingBacklinksBot/1.0; +https://seranking.com/backlinks-crawler)"
144.76.32.236 - - [18/Mar/2026:20:47:19 -0400] "GET /barcelona-in-september-occasions-and-actions/ HTTP/1.1" 200 56418 "-" "Mozilla/5.0 (compatible; SERankingBacklinksBot/1.0; +https://seranking.com/backlinks-crawler)"
144.76.32.236 - - [18/Mar/2026:20:47:28 -0400] "GET /profession-progress-why-managers-rise-sooner/ HTTP/1.1" 200 53531 "-" "Mozilla/5.0 (compatible; SERankingBacklinksBot/1.0; +https://seranking.com/backlinks-crawler)"
144.76.32.236 - - [18/Mar/2026:20:47:36 -0400] "GET /sheet-pan-ratatouille-with-crispy-baked-tofu/ HTTP/1.1" 200 55701 "-" "Mozilla/5.0 (compatible; SERankingBacklinksBot/1.0; +https://seranking.com/backlinks-crawler)"
144.76.32.236 - - [18/Mar/2026:20:47:44 -0400] "GET /southwest-airways-will-supply-assigned-seats/ HTTP/1.1" 200 52707 "-" "Mozilla/5.0 (compatible; SERankingBacklinksBot/1.0; +https://seranking.com/backlinks-crawler)"
144.76.32.236 - - [18/Mar/2026:20:47:52 -0400] "GET /what-are-ai-brokers-mit-expertise-assessment/ HTTP/1.1" 200 52118 "-" "Mozilla/5.0 (compatible; SERankingBacklinksBot/1.0; +https://seranking.com/backlinks-crawler)"
85.208.98.23 - - [18/Mar/2026:20:47:56 -0400] "GET /robots.txt HTTP/1.1" 200 128 "-" "Mozilla/5.0 (compatible; SemrushBot-BA; +http://www.semrush.com/bot.html)"
144.76.32.236 - - [18/Mar/2026:20:48:00 -0400] "GET /singapore-pip-new-delhi-chennai-to-win-internet-hosting-bid-for-fide-world-chess-championship-between-gukesh-ding-liren/ HTTP/1.1" 200 52919 "-" "Mozilla/5.0 (compatible; SERankingBacklinksBot/1.0; +https://seranking.com/backlinks-crawler)"
144.76.32.236 - - [18/Mar/2026:20:48:04 -0400] "GET /anna-mcmanameys-3-phases-for-a-dream-physique/ HTTP/1.1" 200 52400 "-" "Mozilla/5.0 (compatible; SERankingBacklinksBot/1.0; +https://seranking.com/backlinks-crawler)"
144.76.32.236 - - [18/Mar/2026:20:48:12 -0400] "GET /boy-abunda-launches-phs-first-satisfaction-ep/ HTTP/1.1" 200 54032 "-" "Mozilla/5.0 (compatible; SERankingBacklinksBot/1.0; +https://seranking.com/backlinks-crawler)"
144.76.32.236 - - [18/Mar/2026:20:48:21 -0400] "GET /creamy-rooster-noodle-soup-with-mini-croutons/ HTTP/1.1" 200 63637 "-" "Mozilla/5.0 (compatible; SERankingBacklinksBot/1.0; +https://seranking.com/backlinks-crawler)"
50.6.201.88 - - [18/Mar/2026:20:48:34 -0400] "POST /wp-cron.php?doing_wp_cron=1773881314.0643579959869384765625 HTTP/1.1" 301 333 "-" "WordPress/6.9.4; https://planetnewspro.com"
144.76.32.236 - - [18/Mar/2026:20:48:33 -0400] "GET /issues-to-do-in-nepal-in-addition-to-trekking/ HTTP/1.1" 200 61577 "-" "Mozilla/5.0 (compatible; SERankingBacklinksBot/1.0; +https://seranking.com/backlinks-crawler)"
144.76.32.236 - - [18/Mar/2026:20:48:41 -0400] "GET /joe-biden-drops-out-of-2024-presidential-race/ HTTP/1.1" 200 53270 "-" "Mozilla/5.0 (compatible; SERankingBacklinksBot/1.0; +https://seranking.com/backlinks-crawler)"
144.76.32.236 - - [18/Mar/2026:20:48:49 -0400] "GET /okpad-lcd-pill-or-e-reader-or-each-a-overview/ HTTP/1.1" 200 55512 "-" "Mozilla/5.0 (compatible; SERankingBacklinksBot/1.0; +https://seranking.com/backlinks-crawler)"
144.76.32.236 - - [18/Mar/2026:20:49:04 -0400] "GET /the-best-way-to-repair-ais-unique-sin-oreilly/ HTTP/1.1" 200 66742 "-" "Mozilla/5.0 (compatible; SERankingBacklinksBot/1.0; +https://seranking.com/backlinks-crawler)"
144.76.32.236 - - [18/Mar/2026:20:49:17 -0400] "GET /tips-on-how-to-do-tree-pose-in-yoga-vrksasana/ HTTP/1.1" 200 53712 "-" "Mozilla/5.0 (compatible; SERankingBacklinksBot/1.0; +https://seranking.com/backlinks-crawler)"
144.76.32.236 - - [18/Mar/2026:20:49:25 -0400] "GET /how-one-can-delete-your-knowledge-from-23andme/ HTTP/1.1" 200 52391 "-" "Mozilla/5.0 (compatible; SERankingBacklinksBot/1.0; +https://seranking.com/backlinks-crawler)"
144.76.32.236 - - [18/Mar/2026:20:49:28 -0400] "GET /mainly-eight-motion-pictures-stranger-issues-season-5-goes-to-check-my-runtime-limits-and-i-watch-netflix-for-a-dwelling/ HTTP/1.1" 200 53767 "-" "Mozilla/5.0 (compatible; SERankingBacklinksBot/1.0; +https://seranking.com/backlinks-crawler)"
144.76.32.236 - - [18/Mar/2026:20:49:32 -0400] "GET /portobello-mushroom-burgers-spend-with-pennies/ HTTP/1.1" 200 57600 "-" "Mozilla/5.0 (compatible; SERankingBacklinksBot/1.0; +https://seranking.com/backlinks-crawler)"
144.76.32.236 - - [18/Mar/2026:20:49:41 -0400] "GET /the-11-finest-grilling-accent-offers-on-amazon/ HTTP/1.1" 200 55674 "-" "Mozilla/5.0 (compatible; SERankingBacklinksBot/1.0; +https://seranking.com/backlinks-crawler)"
50.6.201.88 - - [18/Mar/2026:20:49:49 -0400] "POST /wp-cron.php?doing_wp_cron=1773881389.7876870632171630859375 HTTP/1.1" 301 333 "-" "WordPress/6.9.4; https://planetnewspro.com"
144.76.32.236 - - [18/Mar/2026:20:49:49 -0400] "GET /the-lesser-known-seashores-of-the-aegean-coast/ HTTP/1.1" 200 54011 "-" "Mozilla/5.0 (compatible; SERankingBacklinksBot/1.0; +https://seranking.com/backlinks-crawler)"
144.76.32.236 - - [18/Mar/2026:20:49:57 -0400] "GET /kamala-harris-already-panicking-over-jd-vance-as-trumps-energy-duo-strikes-concern-in-biden-white-home-the-gateway-pundit/ HTTP/1.1" 200 53084 "-" "Mozilla/5.0 (compatible; SERankingBacklinksBot/1.0; +https://seranking.com/backlinks-crawler)"
144.76.32.236 - - [18/Mar/2026:20:50:01 -0400] "GET /the-professional-employee-gop-is-anti-employee/ HTTP/1.1" 200 53123 "-" "Mozilla/5.0 (compatible; SERankingBacklinksBot/1.0; +https://seranking.com/backlinks-crawler)"
144.76.32.236 - - [18/Mar/2026:20:50:09 -0400] "GET /creamy-and-scrumptious-crockpot-mashed-potatoes/ HTTP/1.1" 200 55969 "-" "Mozilla/5.0 (compatible; SERankingBacklinksBot/1.0; +https://seranking.com/backlinks-crawler)"
144.76.32.236 - - [18/Mar/2026:20:50:17 -0400] "GET /fashionable-fusion-japanese-menu-recipetin-eats/ HTTP/1.1" 200 56057 "-" "Mozilla/5.0 (compatible; SERankingBacklinksBot/1.0; +https://seranking.com/backlinks-crawler)"
144.76.32.236 - - [18/Mar/2026:20:50:34 -0400] "GET /selfmade-orange-candy-rolls-sallys-baking-habit/ HTTP/1.1" 200 61897 "-" "Mozilla/5.0 (compatible; SERankingBacklinksBot/1.0; +https://seranking.com/backlinks-crawler)"
144.76.32.236 - - [18/Mar/2026:20:50:38 -0400] "GET /spinach-and-artichoke-pan-pizza-smitten-kitchen/ HTTP/1.1" 200 52668 "-" "Mozilla/5.0 (compatible; SERankingBacklinksBot/1.0; +https://seranking.com/backlinks-crawler)"
144.76.32.236 - - [18/Mar/2026:20:50:46 -0400] "GET /the-good-storm-to-create-an-imperial-presidency/ HTTP/1.1" 200 52928 "-" "Mozilla/5.0 (compatible; SERankingBacklinksBot/1.0; +https://seranking.com/backlinks-crawler)"
144.76.32.236 - - [18/Mar/2026:20:50:55 -0400] "GET /the-sandman-season-2-will-get-a-giant-solid-replace-as-9-new-faces-rouse-from-their-sleep-to-affix-the-hit-netflix-present/ HTTP/1.1" 200 54200 "-" "Mozilla/5.0 (compatible; SERankingBacklinksBot/1.0; +https://seranking.com/backlinks-crawler)"
50.6.201.88 - - [18/Mar/2026:20:50:59 -0400] "POST /wp-cron.php?doing_wp_cron=1773881459.9624950885772705078125 HTTP/1.1" 301 333 "-" "WordPress/6.9.4; https://planetnewspro.com"
144.76.32.236 - - [18/Mar/2026:20:50:59 -0400] "GET /what-does-the-2026-f1-driver-lineup-appear-like/ HTTP/1.1" 200 56838 "-" "Mozilla/5.0 (compatible; SERankingBacklinksBot/1.0; +https://seranking.com/backlinks-crawler)"
144.76.32.236 - - [18/Mar/2026:20:51:07 -0400] "GET /afpa-vs-nasm-pre-and-publish-natal-certification/ HTTP/1.1" 200 59081 "-" "Mozilla/5.0 (compatible; SERankingBacklinksBot/1.0; +https://seranking.com/backlinks-crawler)"
144.76.32.236 - - [18/Mar/2026:20:51:16 -0400] "GET /cloudstrike-huge-it-outage-just-isnt-cyberattack/ HTTP/1.1" 200 55079 "-" "Mozilla/5.0 (compatible; SERankingBacklinksBot/1.0; +https://seranking.com/backlinks-crawler)"
144.76.32.236 - - [18/Mar/2026:20:51:32 -0400] "GET /digital-nomad-information-to-dwelling-in-albania/ HTTP/1.1" 200 64068 "-" "Mozilla/5.0 (compatible; SERankingBacklinksBot/1.0; +https://seranking.com/backlinks-crawler)"
216.244.66.196 - - [18/Mar/2026:20:51:37 -0400] "GET /bologna-italy-is-the-birthplace-of-lasagna-alla-bolognese-tips-on-how-to-go-to/ HTTP/1.1" 200 331758 "-" "Mozilla/5.0 (compatible; DotBot/1.2; +https://opensiteexplorer.org/dotbot; help@moz.com)"
144.76.32.236 - - [18/Mar/2026:20:51:40 -0400] "GET /do-it-yourself-cherry-pie-recipe-love-and-lemons/ HTTP/1.1" 200 58244 "-" "Mozilla/5.0 (compatible; SERankingBacklinksBot/1.0; +https://seranking.com/backlinks-crawler)"
144.76.32.236 - - [18/Mar/2026:20:51:44 -0400] "GET /10-questions-with-wine-professional-karen-macneil/ HTTP/1.1" 200 53420 "-" "Mozilla/5.0 (compatible; SERankingBacklinksBot/1.0; +https://seranking.com/backlinks-crawler)"
216.244.66.196 - - [18/Mar/2026:20:51:48 -0400] "GET /crock-pot-sloppy-joes-spend-with-pennies/feed/ HTTP/1.1" 200 828 "-" "Mozilla/5.0 (compatible; DotBot/1.2; +https://opensiteexplorer.org/dotbot; help@moz.com)"
144.76.32.236 - - [18/Mar/2026:20:51:52 -0400] "GET /six-our-bodies-have-been-present-in-a-locked-bangkok-resort-room-with-no-indicators-of-violence-police-assume-they-know-why/ HTTP/1.1" 200 54799 "-" "Mozilla/5.0 (compatible; SERankingBacklinksBot/1.0; +https://seranking.com/backlinks-crawler)"
216.244.66.196 - - [18/Mar/2026:20:51:54 -0400] "GET /russian-authorities-confirms-uncommon-felony-prices-in-opposition-to-ransomware-hacker/ HTTP/1.1" 200 321312 "-" "Mozilla/5.0 (compatible; DotBot/1.2; +https://opensiteexplorer.org/dotbot; help@moz.com)"
144.76.32.236 - - [18/Mar/2026:20:51:56 -0400] "GET /straightforward-basque-cheesecake-smitten-kitchen/ HTTP/1.1" 200 52510 "-" "Mozilla/5.0 (compatible; SERankingBacklinksBot/1.0; +https://seranking.com/backlinks-crawler)"
50.6.201.88 - - [18/Mar/2026:20:52:08 -0400] "POST /wp-cron.php?doing_wp_cron=1773881528.8618600368499755859375 HTTP/1.1" 301 333 "-" "WordPress/6.9.4; https://planetnewspro.com"
144.76.32.236 - - [18/Mar/2026:20:52:08 -0400] "GET /the-5-greatest-motels-in-medellin-up-to-date-2024/ HTTP/1.1" 200 55475 "-" "Mozilla/5.0 (compatible; SERankingBacklinksBot/1.0; +https://seranking.com/backlinks-crawler)"
144.76.32.236 - - [18/Mar/2026:20:52:12 -0400] "GET /the-tenting-meals-and-campgrounds-our-group-loves/ HTTP/1.1" 200 62936 "-" "Mozilla/5.0 (compatible; SERankingBacklinksBot/1.0; +https://seranking.com/backlinks-crawler)"
144.76.32.236 - - [18/Mar/2026:20:52:29 -0400] "GET /9-conservative-giants-who-outlined-trendy-politics/ HTTP/1.1" 200 52982 "-" "Mozilla/5.0 (compatible; SERankingBacklinksBot/1.0; +https://seranking.com/backlinks-crawler)"
144.76.32.236 - - [18/Mar/2026:20:52:37 -0400] "GET /apple-cider-hen-thighs-straightforward-fall-dinner/ HTTP/1.1" 200 56171 "-" "Mozilla/5.0 (compatible; SERankingBacklinksBot/1.0; +https://seranking.com/backlinks-crawler)"
144.76.32.236 - - [18/Mar/2026:20:52:41 -0400] "GET /publish-a-ebook-for-free-and-maximize-your-revenue/ HTTP/1.1" 200 56073 "-" "Mozilla/5.0 (compatible; SERankingBacklinksBot/1.0; +https://seranking.com/backlinks-crawler)"
144.76.32.236 - - [18/Mar/2026:20:52:57 -0400] "GET /straightforward-beef-stroganoff-spend-with-pennies/ HTTP/1.1" 200 57704 "-" "Mozilla/5.0 (compatible; SERankingBacklinksBot/1.0; +https://seranking.com/backlinks-crawler)"
144.76.32.236 - - [18/Mar/2026:20:53:06 -0400] "GET /study-the-chaos-pallof-press-for-whole-core-energy/ HTTP/1.1" 200 53237 "-" "Mozilla/5.0 (compatible; SERankingBacklinksBot/1.0; +https://seranking.com/backlinks-crawler)"
50.6.201.88 - - [18/Mar/2026:20:53:12 -0400] "POST /wp-cron.php?doing_wp_cron=1773881592.1848049163818359375000 HTTP/1.1" 301 333 "-" "WordPress/6.9.4; https://planetnewspro.com"
144.76.32.236 - - [18/Mar/2026:20:53:11 -0400] "GET /what-are-kamala-harris-commerce-insurance-policies/ HTTP/1.1" 200 53837 "-" "Mozilla/5.0 (compatible; SERankingBacklinksBot/1.0; +https://seranking.com/backlinks-crawler)"
144.76.32.236 - - [18/Mar/2026:20:53:20 -0400] "GET /wimbledon-followers-taunt-novak-djokovic-in-unison-as-lorenzo-musetti-turns-into-a-spectator-to-centre-courtrooms-rowdy-act/ HTTP/1.1" 200 53752 "-" "Mozilla/5.0 (compatible; SERankingBacklinksBot/1.0; +https://seranking.com/backlinks-crawler)"
144.76.32.236 - - [18/Mar/2026:20:53:24 -0400] "GET /a-patreon-a-new-publication-and-a-web-site-redesign/ HTTP/1.1" 200 55677 "-" "Mozilla/5.0 (compatible; SERankingBacklinksBot/1.0; +https://seranking.com/backlinks-crawler)"
144.76.32.236 - - [18/Mar/2026:20:53:36 -0400] "GET /biden-marketing-campaign-instantly-hammers-j-d-vance/ HTTP/1.1" 200 52750 "-" "Mozilla/5.0 (compatible; SERankingBacklinksBot/1.0; +https://seranking.com/backlinks-crawler)"
144.76.32.236 - - [18/Mar/2026:20:53:41 -0400] "GET /how-to-turn-into-a-skilled-nanny-and-reside-overseas/ HTTP/1.1" 200 57686 "-" "Mozilla/5.0 (compatible; SERankingBacklinksBot/1.0; +https://seranking.com/backlinks-crawler)"
144.76.32.236 - - [18/Mar/2026:20:53:53 -0400] "GET /nerdio-nabs-500m-to-energy-digital-desktops-on-azure/ HTTP/1.1" 200 52736 "-" "Mozilla/5.0 (compatible; SERankingBacklinksBot/1.0; +https://seranking.com/backlinks-crawler)"
144.76.32.236 - - [18/Mar/2026:20:54:05 -0400] "GET /the-right-way-to-begin-a-well-being-coach-enterprise/ HTTP/1.1" 200 59358 "-" "Mozilla/5.0 (compatible; SERankingBacklinksBot/1.0; +https://seranking.com/backlinks-crawler)"
144.76.32.236 - - [18/Mar/2026:20:54:09 -0400] "GET /9-nice-horror-motion-pictures-to-watch-on-prime-video/ HTTP/1.1" 200 56462 "-" "Mozilla/5.0 (compatible; SERankingBacklinksBot/1.0; +https://seranking.com/backlinks-crawler)"
50.6.201.88 - - [18/Mar/2026:20:54:18 -0400] "POST /wp-cron.php?doing_wp_cron=1773881658.3234128952026367187500 HTTP/1.1" 301 333 "-" "WordPress/6.9.4; https://planetnewspro.com"
144.76.32.236 - - [18/Mar/2026:20:54:17 -0400] "GET /pleasure-reid-has-meltdown-over-supreme-court-docket-immunity-ruling-do-not-care-if-biden-is-in-a-wheelchair-trump-cannot-win/ HTTP/1.1" 200 53331 "-" "Mozilla/5.0 (compatible; SERankingBacklinksBot/1.0; +https://seranking.com/backlinks-crawler)"
144.76.32.236 - - [18/Mar/2026:20:54:21 -0400] "GET /a-information-to-visiting-mount-elgon-nationwide-park/ HTTP/1.1" 200 57571 "-" "Mozilla/5.0 (compatible; SERankingBacklinksBot/1.0; +https://seranking.com/backlinks-crawler)"
144.76.32.236 - - [18/Mar/2026:20:54:30 -0400] "GET /breaking-down-the-600-million-ambani-wedding-ceremony/ HTTP/1.1" 200 54028 "-" "Mozilla/5.0 (compatible; SERankingBacklinksBot/1.0; +https://seranking.com/backlinks-crawler)"
144.76.32.236 - - [18/Mar/2026:20:54:43 -0400] "GET /finest-journey-excursions-in-italy-for-thrill-seekers/ HTTP/1.1" 200 55845 "-" "Mozilla/5.0 (compatible; SERankingBacklinksBot/1.0; +https://seranking.com/backlinks-crawler)"
144.76.32.236 - - [18/Mar/2026:20:54:47 -0400] "GET /lastly-netflix-reveals-launch-date-for-a-brand-new-real-life-courting-present-that-i-have-been-ready-months-for-and-i-am-so-excited/ HTTP/1.1" 200 55628 "-" "Mozilla/5.0 (compatible; SERankingBacklinksBot/1.0; +https://seranking.com/backlinks-crawler)"
144.76.32.236 - - [18/Mar/2026:20:54:51 -0400] "GET /full-assessment-of-the-onyx-boox-go-10-3-with-300-ppi/ HTTP/1.1" 200 61365 "-" "Mozilla/5.0 (compatible; SERankingBacklinksBot/1.0; +https://seranking.com/backlinks-crawler)"
144.76.32.236 - - [18/Mar/2026:20:55:01 -0400] "GET /greatest-web-suppliers-in-fayetteville-north-carolina/ HTTP/1.1" 200 58107 "-" "Mozilla/5.0 (compatible; SERankingBacklinksBot/1.0; +https://seranking.com/backlinks-crawler)"
144.76.32.236 - - [18/Mar/2026:20:55:09 -0400] "GET /taming-chaos-with-antifragile-genai-structure-oreilly/ HTTP/1.1" 200 57704 "-" "Mozilla/5.0 (compatible; SERankingBacklinksBot/1.0; +https://seranking.com/backlinks-crawler)"
85.208.98.23 - - [18/Mar/2026:20:55:15 -0400] "GET /robots.txt HTTP/1.1" 200 128 "-" "Mozilla/5.0 (compatible; SemrushBot-BA; +http://www.semrush.com/bot.html)"
144.76.32.236 - - [18/Mar/2026:20:55:25 -0400] "GET /the-5-finest-ice-dice-trays-of-2024-examined-reviewed/ HTTP/1.1" 200 64525 "-" "Mozilla/5.0 (compatible; SERankingBacklinksBot/1.0; +https://seranking.com/backlinks-crawler)"
50.6.201.88 - - [18/Mar/2026:20:55:31 -0400] "POST /wp-cron.php?doing_wp_cron=1773881731.9078769683837890625000 HTTP/1.1" 301 333 "-" "WordPress/6.9.4; https://planetnewspro.com"
144.76.32.236 - - [18/Mar/2026:20:55:29 -0400] "GET /web-archive-launches-mtvs-460000-information-articles/ HTTP/1.1" 200 53720 "-" "Mozilla/5.0 (compatible; SERankingBacklinksBot/1.0; +https://seranking.com/backlinks-crawler)"
144.76.32.236 - - [18/Mar/2026:20:55:39 -0400] "GET /when-you-see-j-d-vance-suppose-marjorie-taylor-greene/ HTTP/1.1" 200 54994 "-" "Mozilla/5.0 (compatible; SERankingBacklinksBot/1.0; +https://seranking.com/backlinks-crawler)"
144.76.32.236 - - [18/Mar/2026:20:55:52 -0400] "GET /10-necessary-suggestions-plus-errors-to-keep-away-from/ HTTP/1.1" 200 58676 "-" "Mozilla/5.0 (compatible; SERankingBacklinksBot/1.0; +https://seranking.com/backlinks-crawler)"
144.76.32.236 - - [18/Mar/2026:20:56:00 -0400] "GET /baby-welfare-programs-are-trapping-harmless-households/ HTTP/1.1" 200 64324 "-" "Mozilla/5.0 (compatible; SERankingBacklinksBot/1.0; +https://seranking.com/backlinks-crawler)"
144.76.32.236 - - [18/Mar/2026:20:56:12 -0400] "GET /coaching-ai-music-fashions-is-about-to-get-very-costly/ HTTP/1.1" 200 52843 "-" "Mozilla/5.0 (compatible; SERankingBacklinksBot/1.0; +https://seranking.com/backlinks-crawler)"
144.76.32.236 - - [18/Mar/2026:20:56:16 -0400] "GET /bureaucrats-defy-trumps-cuts-practically-40-transgender-animal-experiments-400m-in-tax-dollars-nonetheless-energetic-the-gateway-pundit/ HTTP/1.1" 200 52811 "-" "Mozilla/5.0 (compatible; SERankingBacklinksBot/1.0; +https://seranking.com/backlinks-crawler)"
144.76.32.236 - - [18/Mar/2026:20:56:25 -0400] "GET /kempinski-palace-engelberg-switzerland-resort-evaluate/ HTTP/1.1" 200 56767 "-" "Mozilla/5.0 (compatible; SERankingBacklinksBot/1.0; +https://seranking.com/backlinks-crawler)"
50.6.201.88 - - [18/Mar/2026:20:56:34 -0400] "POST /wp-cron.php?doing_wp_cron=1773881794.2297260761260986328125 HTTP/1.1" 301 333 "-" "WordPress/6.9.4; https://planetnewspro.com"
144.76.32.236 - - [18/Mar/2026:20:56:33 -0400] "GET /the-greatest-pixel-10-circumstances-and-equipment-2025/ HTTP/1.1" 200 58768 "-" "Mozilla/5.0 (compatible; SERankingBacklinksBot/1.0; +https://seranking.com/backlinks-crawler)"
144.76.32.236 - - [18/Mar/2026:20:56:41 -0400] "GET /3-methods-to-infuse-your-days-with-magic-and-that-means/ HTTP/1.1" 200 54543 "-" "Mozilla/5.0 (compatible; SERankingBacklinksBot/1.0; +https://seranking.com/backlinks-crawler)"
144.76.32.236 - - [18/Mar/2026:20:56:49 -0400] "GET /paul-george-will-depart-clippers-caldwell-pope-to-magic/ HTTP/1.1" 200 54660 "-" "Mozilla/5.0 (compatible; SERankingBacklinksBot/1.0; +https://seranking.com/backlinks-crawler)"
144.76.32.236 - - [18/Mar/2026:20:56:57 -0400] "GET /skyesports-championship-2024-cs2-groups-venue-and-extra/ HTTP/1.1" 200 52651 "-" "Mozilla/5.0 (compatible; SERankingBacklinksBot/1.0; +https://seranking.com/backlinks-crawler)"
144.76.32.236 - - [18/Mar/2026:20:57:05 -0400] "GET /what-to-prepare-dinner-this-july-fourth-of-july-recipes/ HTTP/1.1" 200 57599 "-" "Mozilla/5.0 (compatible; SERankingBacklinksBot/1.0; +https://seranking.com/backlinks-crawler)"
144.76.32.236 - - [18/Mar/2026:20:57:13 -0400] "GET /jill-reveals-what-joe-stated-to-her-after-automotive-crash-debate-as-she-is-urged-to-do-the-suitable-factor-and-inform-him-to-step-down/ HTTP/1.1" 200 54553 "-" "Mozilla/5.0 (compatible; SERankingBacklinksBot/1.0; +https://seranking.com/backlinks-crawler)"
144.76.32.236 - - [18/Mar/2026:20:57:17 -0400] "GET /3-new-tv-exhibits-on-netflix-with-100-on-rotten-tomatoes/ HTTP/1.1" 200 55959 "-" "Mozilla/5.0 (compatible; SERankingBacklinksBot/1.0; +https://seranking.com/backlinks-crawler)"
144.76.32.236 - - [18/Mar/2026:20:57:29 -0400] "GET /37-finest-j-crew-fall-sale-journey-offers-september-2025/ HTTP/1.1" 200 54877 "-" "Mozilla/5.0 (compatible; SERankingBacklinksBot/1.0; +https://seranking.com/backlinks-crawler)"
144.76.32.236 - - [18/Mar/2026:20:57:33 -0400] "GET /candied-pistachios-4-substances-minimalist-baker-recipes/ HTTP/1.1" 200 55056 "-" "Mozilla/5.0 (compatible; SERankingBacklinksBot/1.0; +https://seranking.com/backlinks-crawler)"
50.6.201.88 - - [18/Mar/2026:20:57:47 -0400] "POST /wp-cron.php?doing_wp_cron=1773881867.6890690326690673828125 HTTP/1.1" 301 333 "-" "WordPress/6.9.4; https://planetnewspro.com"
144.76.32.236 - - [18/Mar/2026:20:57:45 -0400] "GET /openai-provides-extra-management-over-chatgpt-enterprise/ HTTP/1.1" 200 52967 "-" "Mozilla/5.0 (compatible; SERankingBacklinksBot/1.0; +https://seranking.com/backlinks-crawler)"
144.76.32.236 - - [18/Mar/2026:20:58:02 -0400] "GET /prime-day-predictions-for-gross-sales-on-kindle-ereaders/ HTTP/1.1" 200 52621 "-" "Mozilla/5.0 (compatible; SERankingBacklinksBot/1.0; +https://seranking.com/backlinks-crawler)"
144.76.32.236 - - [18/Mar/2026:20:58:10 -0400] "GET /an-extended-overdue-replace-patreon-publication-and-extra/ HTTP/1.1" 200 58272 "-" "Mozilla/5.0 (compatible; SERankingBacklinksBot/1.0; +https://seranking.com/backlinks-crawler)"
144.76.32.236 - - [18/Mar/2026:20:58:14 -0400] "GET /new-tv-present-from-child-reindeers-richard-gadd-will-get-an-official-title-however-you-will-not-have-the-ability-to-watch-it-on-netflix/ HTTP/1.1" 200 55564 "-" "Mozilla/5.0 (compatible; SERankingBacklinksBot/1.0; +https://seranking.com/backlinks-crawler)"
144.76.32.236 - - [18/Mar/2026:20:58:18 -0400] "GET /continuously-requested-questions-about-deadlift-equipment/ HTTP/1.1" 200 53228 "-" "Mozilla/5.0 (compatible; SERankingBacklinksBot/1.0; +https://seranking.com/backlinks-crawler)"
144.76.32.236 - - [18/Mar/2026:20:58:26 -0400] "GET /dan-carlin-on-podcasting-historical-past-and-hero-worship/ HTTP/1.1" 200 59603 "-" "Mozilla/5.0 (compatible; SERankingBacklinksBot/1.0; +https://seranking.com/backlinks-crawler)"
144.76.32.236 - - [18/Mar/2026:20:58:34 -0400] "GET /ought-to-you-spiralize-your-sizzling-canines-and-sausages/ HTTP/1.1" 200 54733 "-" "Mozilla/5.0 (compatible; SERankingBacklinksBot/1.0; +https://seranking.com/backlinks-crawler)"
144.76.32.236 - - [18/Mar/2026:20:58:42 -0400] "GET /ambani-marriage-ceremony-right-this-moment-son-of-asias-richest-man-is-about-to-marry-in-certainly-one-of-indias-most-extravagant-weddings/ HTTP/1.1" 200 55018 "-" "Mozilla/5.0 (compatible; SERankingBacklinksBot/1.0; +https://seranking.com/backlinks-crawler)"
144.76.32.236 - - [18/Mar/2026:20:58:46 -0400] "GET /reds-experience-sizzling-streak-into-collection-vs-tigers/ HTTP/1.1" 200 52277 "-" "Mozilla/5.0 (compatible; SERankingBacklinksBot/1.0; +https://seranking.com/backlinks-crawler)"
144.76.32.236 - - [18/Mar/2026:20:58:54 -0400] "GET /the-ten-greatest-smith-machine-workouts-you-are-not-doing/ HTTP/1.1" 200 53996 "-" "Mozilla/5.0 (compatible; SERankingBacklinksBot/1.0; +https://seranking.com/backlinks-crawler)"
144.76.32.236 - - [18/Mar/2026:20:59:06 -0400] "GET /uncover-turkeys-lesser-identified-gems-for-the-adventurer/ HTTP/1.1" 200 54865 "-" "Mozilla/5.0 (compatible; SERankingBacklinksBot/1.0; +https://seranking.com/backlinks-crawler)"
144.76.32.236 - - [18/Mar/2026:20:59:18 -0400] "GET /desk-manners-and-eating-etiquette-guidelines-you-can-break/ HTTP/1.1" 200 53642 "-" "Mozilla/5.0 (compatible; SERankingBacklinksBot/1.0; +https://seranking.com/backlinks-crawler)"
144.76.32.236 - - [18/Mar/2026:20:59:22 -0400] "GET /finest-recipes-with-baguette-sandwiches-soups-and-crostini/ HTTP/1.1" 200 53874 "-" "Mozilla/5.0 (compatible; SERankingBacklinksBot/1.0; +https://seranking.com/backlinks-crawler)"
144.76.32.236 - - [18/Mar/2026:20:59:35 -0400] "GET /hungarian-grand-prix-ferraris-struggles-lead-f1-storylines/ HTTP/1.1" 200 57572 "-" "Mozilla/5.0 (compatible; SERankingBacklinksBot/1.0; +https://seranking.com/backlinks-crawler)"
144.76.32.236 - - [18/Mar/2026:20:59:39 -0400] "GET /jude-bellingham-nonetheless-has-a-profile-on-movie-star-courting-app-regardless-of-introducing-mannequin-girlfriend-to-his-mother-and-father/ HTTP/1.1" 200 53898 "-" "Mozilla/5.0 (compatible; SERankingBacklinksBot/1.0; +https://seranking.com/backlinks-crawler)"
144.76.32.236 - - [18/Mar/2026:20:59:47 -0400] "GET /straightforward-ricotta-gnocchi-with-creamy-mushroom-sauce/ HTTP/1.1" 200 62908 "-" "Mozilla/5.0 (compatible; SERankingBacklinksBot/1.0; +https://seranking.com/backlinks-crawler)"
144.76.32.236 - - [18/Mar/2026:20:59:52 -0400] "GET /3-day-victoria-falls-itinerary-zambia-zimbabwe-and-botswana/ HTTP/1.1" 200 54868 "-" "Mozilla/5.0 (compatible; SERankingBacklinksBot/1.0; +https://seranking.com/backlinks-crawler)"
144.76.32.236 - - [18/Mar/2026:21:00:04 -0400] "GET /bgmis-malayalam-ad-turns-into-most-viral-gaming-model-piece/ HTTP/1.1" 200 53565 "-" "Mozilla/5.0 (compatible; SERankingBacklinksBot/1.0; +https://seranking.com/backlinks-crawler)"
50.6.201.88 - - [18/Mar/2026:21:00:13 -0400] "POST /wp-cron.php?doing_wp_cron=1773882013.5852580070495605468750 HTTP/1.1" 301 333 "-" "WordPress/6.9.4; https://planetnewspro.com"
144.76.32.236 - - [18/Mar/2026:21:00:12 -0400] "GET /discovering-the-continents-hidden-gems-and-iconic-landmarks/ HTTP/1.1" 200 54211 "-" "Mozilla/5.0 (compatible; SERankingBacklinksBot/1.0; +https://seranking.com/backlinks-crawler)"
144.76.32.236 - - [18/Mar/2026:21:00:21 -0400] "GET /ebook-royalties-what-they-are-and-earn-the-greatest-charges/ HTTP/1.1" 200 55520 "-" "Mozilla/5.0 (compatible; SERankingBacklinksBot/1.0; +https://seranking.com/backlinks-crawler)"
144.76.32.236 - - [18/Mar/2026:21:00:33 -0400] "GET /john-cena-broadcasts-his-retirement-from-wwe-after-22-years/ HTTP/1.1" 200 53240 "-" "Mozilla/5.0 (compatible; SERankingBacklinksBot/1.0; +https://seranking.com/backlinks-crawler)"
144.76.32.236 - - [18/Mar/2026:21:00:41 -0400] "GET /mexico-digital-nomad-visa-necessities-find-out-how-to-apply/ HTTP/1.1" 200 59441 "-" "Mozilla/5.0 (compatible; SERankingBacklinksBot/1.0; +https://seranking.com/backlinks-crawler)"
144.76.32.236 - - [18/Mar/2026:21:00:49 -0400] "GET /north-korean-diplomat-posted-in-cuba-defects-to-south-korea/ HTTP/1.1" 200 53395 "-" "Mozilla/5.0 (compatible; SERankingBacklinksBot/1.0; +https://seranking.com/backlinks-crawler)"
144.76.32.236 - - [18/Mar/2026:21:00:57 -0400] "GET /the-right-way-to-correctly-archive-your-digital-information/ HTTP/1.1" 200 52517 "-" "Mozilla/5.0 (compatible; SERankingBacklinksBot/1.0; +https://seranking.com/backlinks-crawler)"
144.76.32.236 - - [18/Mar/2026:21:01:06 -0400] "GET /lewis-hamilton-wins-the-british-grand-prix-to-assert-his-first-race-victory-since-2021-as-mercedes-driver-beats-max-verstappen-and-lando-norris/ HTTP/1.1" 200 56227 "-" "Mozilla/5.0 (compatible; SERankingBacklinksBot/1.0; +https://seranking.com/backlinks-crawler)"
144.76.32.236 - - [18/Mar/2026:21:01:10 -0400] "GET /good-eating-places-close-to-main-points-of-interest-in-paris/ HTTP/1.1" 200 61179 "-" "Mozilla/5.0 (compatible; SERankingBacklinksBot/1.0; +https://seranking.com/backlinks-crawler)"
144.76.32.236 - - [18/Mar/2026:21:01:19 -0400] "GET /open-mannequin-licenses-usually-carry-regarding-restrictions/ HTTP/1.1" 200 53911 "-" "Mozilla/5.0 (compatible; SERankingBacklinksBot/1.0; +https://seranking.com/backlinks-crawler)"
144.76.32.236 - - [18/Mar/2026:21:01:27 -0400] "GET /raymond-blows-high-over-studies-on-palaro-billeting-quarters/ HTTP/1.1" 200 55296 "-" "Mozilla/5.0 (compatible; SERankingBacklinksBot/1.0; +https://seranking.com/backlinks-crawler)"
50.6.201.88 - - [18/Mar/2026:21:01:36 -0400] "POST /wp-cron.php?doing_wp_cron=1773882096.4273009300231933593750 HTTP/1.1" 301 333 "-" "WordPress/6.9.4; https://planetnewspro.com"
144.76.32.236 - - [18/Mar/2026:21:01:35 -0400] "GET /secret-service-had-eyes-on-suspicious-trump-shooter-hours-earlier-than-he-took-first-shot-then-misplaced-him-when-he-went-to-get-his-rifle-report/ HTTP/1.1" 200 54171 "-" "Mozilla/5.0 (compatible; SERankingBacklinksBot/1.0; +https://seranking.com/backlinks-crawler)"
144.76.32.236 - - [18/Mar/2026:21:01:39 -0400] "GET /the-totally-different-forms-of-characters-in-a-story-defined/ HTTP/1.1" 200 57044 "-" "Mozilla/5.0 (compatible; SERankingBacklinksBot/1.0; +https://seranking.com/backlinks-crawler)"
144.76.32.236 - - [18/Mar/2026:21:01:52 -0400] "GET /what-enjoying-poker-in-amsterdam-taught-me-about-making-pals/ HTTP/1.1" 200 56791 "-" "Mozilla/5.0 (compatible; SERankingBacklinksBot/1.0; +https://seranking.com/backlinks-crawler)"
144.76.32.236 - - [18/Mar/2026:21:02:00 -0400] "GET /what-modi-and-putin-hope-to-achieve-from-their-moscow-summit/ HTTP/1.1" 200 55011 "-" "Mozilla/5.0 (compatible; SERankingBacklinksBot/1.0; +https://seranking.com/backlinks-crawler)"
144.76.32.236 - - [18/Mar/2026:21:02:08 -0400] "GET /why-a-second-trump-presidency-would-imply-turmoil-for-taiwan/ HTTP/1.1" 200 55469 "-" "Mozilla/5.0 (compatible; SERankingBacklinksBot/1.0; +https://seranking.com/backlinks-crawler)"
144.76.32.236 - - [18/Mar/2026:21:02:16 -0400] "GET /folie-a-deux-steal-the-present-as-2024s-highest-grossing-film/ HTTP/1.1" 200 53211 "-" "Mozilla/5.0 (compatible; SERankingBacklinksBot/1.0; +https://seranking.com/backlinks-crawler)"
144.76.32.236 - - [18/Mar/2026:21:02:24 -0400] "GET /how-the-fbis-seek-for-charlie-kirks-killer-went-off-the-rails/ HTTP/1.1" 200 54133 "-" "Mozilla/5.0 (compatible; SERankingBacklinksBot/1.0; +https://seranking.com/backlinks-crawler)"
144.76.32.236 - - [18/Mar/2026:21:02:32 -0400] "GET /paris-is-burning-again-new-prime-minister-lecornu-has-a-first-day-of-hell-with-widespread-protests-violence-and-destruction-videos-the-gateway-pundit/ HTTP/1.1" 200 53731 "-" "Mozilla/5.0 (compatible; SERankingBacklinksBot/1.0; +https://seranking.com/backlinks-crawler)"
144.76.32.236 - - [18/Mar/2026:21:02:40 -0400] "GET /kachelman-this-historic-dei-vs-the-new-dei-the-gateway-pundit/ HTTP/1.1" 200 55659 "-" "Mozilla/5.0 (compatible; SERankingBacklinksBot/1.0; +https://seranking.com/backlinks-crawler)"
144.76.32.236 - - [18/Mar/2026:21:02:49 -0400] "GET /meta-rolls-again-restrictions-on-trumps-social-media-accounts/ HTTP/1.1" 200 52979 "-" "Mozilla/5.0 (compatible; SERankingBacklinksBot/1.0; +https://seranking.com/backlinks-crawler)"
144.76.32.236 - - [18/Mar/2026:21:02:57 -0400] "GET /the-2024-gop-platform-barely-mentions-the-second-modification/ HTTP/1.1" 200 55516 "-" "Mozilla/5.0 (compatible; SERankingBacklinksBot/1.0; +https://seranking.com/backlinks-crawler)"
50.6.201.88 - - [18/Mar/2026:21:03:09 -0400] "POST /wp-cron.php?doing_wp_cron=1773882189.8935461044311523437500 HTTP/1.1" 301 333 "-" "WordPress/6.9.4; https://planetnewspro.com"
144.76.32.236 - - [18/Mar/2026:21:03:09 -0400] "GET /11-greatest-issues-to-do-in-marbella-spain-hand-baggage-solely/ HTTP/1.1" 200 57576 "-" "Mozilla/5.0 (compatible; SERankingBacklinksBot/1.0; +https://seranking.com/backlinks-crawler)"
144.76.32.236 - - [18/Mar/2026:21:03:13 -0400] "GET /15-causes-why-thailand-is-a-digital-nomads-dream-vacation-spot/ HTTP/1.1" 200 61183 "-" "Mozilla/5.0 (compatible; SERankingBacklinksBot/1.0; +https://seranking.com/backlinks-crawler)"
144.76.32.236 - - [18/Mar/2026:21:03:25 -0400] "GET /jimmy-lais-son-urges-international-judges-to-give-up-hong-kong/ HTTP/1.1" 200 53603 "-" "Mozilla/5.0 (compatible; SERankingBacklinksBot/1.0; +https://seranking.com/backlinks-crawler)"
144.76.32.236 - - [18/Mar/2026:21:03:29 -0400] "GET /terrifying-new-theft-rip-off-sees-victims-have-paint-thrown-at-them-as-devastated-made-in-chelsea-star-has-jewelry-digital-camera-and-garments-stolen/ HTTP/1.1" 200 54764 "-" "Mozilla/5.0 (compatible; SERankingBacklinksBot/1.0; +https://seranking.com/backlinks-crawler)"
144.76.32.236 - - [18/Mar/2026:21:03:34 -0400] "GET /jose-miranda-ties-consecutive-hits-file-twins-deal-with-astros/ HTTP/1.1" 200 52058 "-" "Mozilla/5.0 (compatible; SERankingBacklinksBot/1.0; +https://seranking.com/backlinks-crawler)"
144.76.32.236 - - [18/Mar/2026:21:03:46 -0400] "GET /prime-locations-to-go-to-to-see-penguins-in-their-pure-habitat/ HTTP/1.1" 200 54906 "-" "Mozilla/5.0 (compatible; SERankingBacklinksBot/1.0; +https://seranking.com/backlinks-crawler)"
144.76.32.236 - - [18/Mar/2026:21:03:50 -0400] "GET /the-mysterious-discovery-of-darkish-oxygen-on-the-ocean-ground/ HTTP/1.1" 200 52834 "-" "Mozilla/5.0 (compatible; SERankingBacklinksBot/1.0; +https://seranking.com/backlinks-crawler)"
144.76.32.236 - - [18/Mar/2026:21:04:06 -0400] "GET /unlocking-the-energy-of-ai-pushed-growth-with-sudolang-oreilly/ HTTP/1.1" 200 57277 "-" "Mozilla/5.0 (compatible; SERankingBacklinksBot/1.0; +https://seranking.com/backlinks-crawler)"
144.76.32.236 - - [18/Mar/2026:21:04:14 -0400] "GET /ateneo-la-salle-rivalry-not-the-identical-since-alyssa-left-rdj/ HTTP/1.1" 200 54449 "-" "Mozilla/5.0 (compatible; SERankingBacklinksBot/1.0; +https://seranking.com/backlinks-crawler)"
50.6.201.88 - - [18/Mar/2026:21:04:18 -0400] "POST /wp-cron.php?doing_wp_cron=1773882258.9768159389495849609375 HTTP/1.1" 301 333 "-" "WordPress/6.9.4; https://planetnewspro.com"
144.76.32.236 - - [18/Mar/2026:21:04:18 -0400] "GET /democrats-start-calling-on-joe-biden-to-withdraw-from-2020-race/ HTTP/1.1" 200 53239 "-" "Mozilla/5.0 (compatible; SERankingBacklinksBot/1.0; +https://seranking.com/backlinks-crawler)"
144.76.32.236 - - [18/Mar/2026:21:04:26 -0400] "GET /holidaymakers-hunker-down-for-the-evening-at-heathrow-after-torrential-rain-and-storms-throughout-the-atlantic-pressured-dozens-of-flights-to-be-cancelled/ HTTP/1.1" 200 57701 "-" "Mozilla/5.0 (compatible; SERankingBacklinksBot/1.0; +https://seranking.com/backlinks-crawler)"
144.76.32.236 - - [18/Mar/2026:21:04:30 -0400] "GET /exploring-the-entrance-matter-of-a-guide-with-sensible-examples/ HTTP/1.1" 200 59077 "-" "Mozilla/5.0 (compatible; SERankingBacklinksBot/1.0; +https://seranking.com/backlinks-crawler)"
144.76.32.236 - - [18/Mar/2026:21:04:38 -0400] "GET /how-filipino-digital-nomads-can-thrive-in-non-tropical-climates/ HTTP/1.1" 200 55853 "-" "Mozilla/5.0 (compatible; SERankingBacklinksBot/1.0; +https://seranking.com/backlinks-crawler)"
144.76.32.236 - - [18/Mar/2026:21:04:50 -0400] "GET /designing-a-permaculture-backyard-suggestions-methods-advantages/ HTTP/1.1" 200 59968 "-" "Mozilla/5.0 (compatible; SERankingBacklinksBot/1.0; +https://seranking.com/backlinks-crawler)"
144.76.32.236 - - [18/Mar/2026:21:05:03 -0400] "GET /how-a-lot-will-taylor-swift-sza-and-extra-make-from-the-ceremony/ HTTP/1.1" 200 52589 "-" "Mozilla/5.0 (compatible; SERankingBacklinksBot/1.0; +https://seranking.com/backlinks-crawler)"
144.76.32.236 - - [18/Mar/2026:21:05:07 -0400] "GET /masa-mexicos-iconic-corn-dough-is-having-a-second-within-the-u-s/ HTTP/1.1" 200 55700 "-" "Mozilla/5.0 (compatible; SERankingBacklinksBot/1.0; +https://seranking.com/backlinks-crawler)"
50.6.201.88 - - [18/Mar/2026:21:05:20 -0400] "POST /wp-cron.php?doing_wp_cron=1773882320.6906569004058837890625 HTTP/1.1" 301 333 "-" "WordPress/6.9.4; https://planetnewspro.com"
144.76.32.236 - - [18/Mar/2026:21:05:20 -0400] "GET /pelosi-calls-out-the-new-york-occasions-for-making-up-information/ HTTP/1.1" 200 55079 "-" "Mozilla/5.0 (compatible; SERankingBacklinksBot/1.0; +https://seranking.com/backlinks-crawler)"
144.76.32.236 - - [18/Mar/2026:21:05:24 -0400] "GET /scuffle-with-a-burly-jap-european-over-a-stolen-rolex-that-might-clarify-jay-slaters-disappearance-a-model-new-lead-is-revealed-by-guy-adamss-investigation/ HTTP/1.1" 200 58758 "-" "Mozilla/5.0 (compatible; SERankingBacklinksBot/1.0; +https://seranking.com/backlinks-crawler)"
144.76.32.236 - - [18/Mar/2026:21:05:32 -0400] "GET /salvadoran-president-says-he-will-not-return-kilmar-abrego-garcia/ HTTP/1.1" 200 53359 "-" "Mozilla/5.0 (compatible; SERankingBacklinksBot/1.0; +https://seranking.com/backlinks-crawler)"
144.76.32.236 - - [18/Mar/2026:21:05:36 -0400] "GET /christians-in-thailand-memorialize-charlie-kirk-the-gateway-pundit/ HTTP/1.1" 200 53644 "-" "Mozilla/5.0 (compatible; SERankingBacklinksBot/1.0; +https://seranking.com/backlinks-crawler)"
144.76.32.236 - - [18/Mar/2026:21:05:44 -0400] "GET /gaikwads-9-5-10-sundars-10-10-efficiency-take-guests-to-23-run-win/ HTTP/1.1" 200 53238 "-" "Mozilla/5.0 (compatible; SERankingBacklinksBot/1.0; +https://seranking.com/backlinks-crawler)"
144.76.32.236 - - [18/Mar/2026:21:05:56 -0400] "GET /6-indicators-you-are-able-to-begin-your-personal-on-line-enterprise/ HTTP/1.1" 200 54859 "-" "Mozilla/5.0 (compatible; SERankingBacklinksBot/1.0; +https://seranking.com/backlinks-crawler)"
144.76.32.236 - - [18/Mar/2026:21:06:08 -0400] "GET /joey-swoll-will-get-poisonous-influencer-banned-from-24-hour-health/ HTTP/1.1" 200 52443 "-" "Mozilla/5.0 (compatible; SERankingBacklinksBot/1.0; +https://seranking.com/backlinks-crawler)"
144.76.32.236 - - [18/Mar/2026:21:06:15 -0400] "GET /make-2-ingredient-chocolate-truffles-with-this-useless-easy-ganache/ HTTP/1.1" 200 57468 "-" "Mozilla/5.0 (compatible; SERankingBacklinksBot/1.0; +https://seranking.com/backlinks-crawler)"
50.6.201.88 - - [18/Mar/2026:21:06:20 -0400] "POST /wp-cron.php?doing_wp_cron=1773882380.7292680740356445312500 HTTP/1.1" 301 333 "-" "WordPress/6.9.4; https://planetnewspro.com"
144.76.32.236 - - [18/Mar/2026:21:06:19 -0400] "GET /wimbledon-2024-day-three-dwell-scores-order-of-play-and-updates-as-emma-raducanu-gears-up-for-her-second-spherical-match-with-jannik-sinner-in-motion-after-carlos-alcarazs-victory/ HTTP/1.1" 200 68935 "-" "Mozilla/5.0 (compatible; SERankingBacklinksBot/1.0; +https://seranking.com/backlinks-crawler)"
144.76.32.236 - - [18/Mar/2026:21:06:24 -0400] "GET /uncover-the-camino-portugal-coastal-stroll-from-bilbao-to-santander/ HTTP/1.1" 200 53171 "-" "Mozilla/5.0 (compatible; SERankingBacklinksBot/1.0; +https://seranking.com/backlinks-crawler)"
144.76.32.236 - - [18/Mar/2026:21:06:32 -0400] "GET /cheatle-says-secret-service-prefers-sterile-rooftops-to-sloped-roofs/ HTTP/1.1" 200 59234 "-" "Mozilla/5.0 (compatible; SERankingBacklinksBot/1.0; +https://seranking.com/backlinks-crawler)"
144.76.32.236 - - [18/Mar/2026:21:06:42 -0400] "GET /fifth-circuit-nixes-ban-on-gun-gross-sales-to-18-to-twenty-age-group/ HTTP/1.1" 200 55808 "-" "Mozilla/5.0 (compatible; SERankingBacklinksBot/1.0; +https://seranking.com/backlinks-crawler)"
144.76.32.236 - - [18/Mar/2026:21:06:55 -0400] "GET /malayan-tiger-on-brink-of-extinction-as-spate-of-deaths-sparks-alarm/ HTTP/1.1" 200 52948 "-" "Mozilla/5.0 (compatible; SERankingBacklinksBot/1.0; +https://seranking.com/backlinks-crawler)"
144.76.32.236 - - [18/Mar/2026:21:07:03 -0400] "GET /pcos-weight-reduction-plan-what-to-eat-what-to-keep-away-from-weblog/ HTTP/1.1" 200 53027 "-" "Mozilla/5.0 (compatible; SERankingBacklinksBot/1.0; +https://seranking.com/backlinks-crawler)"
144.76.32.236 - - [18/Mar/2026:21:07:11 -0400] "GET /8-prime-broadway-exhibits-in-new-york-not-to-miss-hand-baggage-solely/ HTTP/1.1" 200 56575 "-" "Mozilla/5.0 (compatible; SERankingBacklinksBot/1.0; +https://seranking.com/backlinks-crawler)"
144.76.32.236 - - [18/Mar/2026:21:07:24 -0400] "GET /do-probiotics-make-you-poop-exploring-intestine-well-being-advantages/ HTTP/1.1" 200 58889 "-" "Mozilla/5.0 (compatible; SERankingBacklinksBot/1.0; +https://seranking.com/backlinks-crawler)"
144.76.32.236 - - [18/Mar/2026:21:07:36 -0400] "GET /googles-environmental-report-pointedly-avoids-ais-precise-power-price/ HTTP/1.1" 200 53530 "-" "Mozilla/5.0 (compatible; SERankingBacklinksBot/1.0; +https://seranking.com/backlinks-crawler)"
144.76.32.236 - - [18/Mar/2026:21:07:40 -0400] "GET /how-llamaindex-is-ushering-in-the-way-forward-for-rag-for-enterprises/ HTTP/1.1" 200 53919 "-" "Mozilla/5.0 (compatible; SERankingBacklinksBot/1.0; +https://seranking.com/backlinks-crawler)"
144.76.32.236 - - [18/Mar/2026:21:07:51 -0400] "GET /dod-reluctantly-reality-checks-joe-bidens-insult-to-the-army-heroes-killed-beneath-his-watch-we-have-actually-had-service-members-go-throughout-this-administration-the-gateway-pundit/ HTTP/1.1" 200 53788 "-" "Mozilla/5.0 (compatible; SERankingBacklinksBot/1.0; +https://seranking.com/backlinks-crawler)"
144.76.32.236 - - [18/Mar/2026:21:08:01 -0400] "GET /tcl-50-xe-nxtpaper-5g-and-50-xl-nxtpaper-5g-now-on-sale-within-the-us/ HTTP/1.1" 200 52951 "-" "Mozilla/5.0 (compatible; SERankingBacklinksBot/1.0; +https://seranking.com/backlinks-crawler)"
144.76.32.236 - - [18/Mar/2026:21:08:05 -0400] "GET /19-wonderful-issues-to-do-in-rudesheim-what-to-do-in-rudesheim-germany/ HTTP/1.1" 200 60722 "-" "Mozilla/5.0 (compatible; SERankingBacklinksBot/1.0; +https://seranking.com/backlinks-crawler)"
144.76.32.236 - - [18/Mar/2026:21:08:13 -0400] "GET /a-weekday-lunch-for-scorching-summer-time-days-schoolhouse-sneak-peeks/ HTTP/1.1" 200 63741 "-" "Mozilla/5.0 (compatible; SERankingBacklinksBot/1.0; +https://seranking.com/backlinks-crawler)"
144.76.32.236 - - [18/Mar/2026:21:08:22 -0400] "GET /what-it-actually-prices-to-pack-up-and-transfer-to-portugal-your-pension-and-financial-savings-will-go-a-lot-additional-whilst-youll-pay-a-fraction-of-the-tax-learn-our-detailed-information/ HTTP/1.1" 200 57674 "-" "Mozilla/5.0 (compatible; SERankingBacklinksBot/1.0; +https://seranking.com/backlinks-crawler)"
144.76.32.236 - - [18/Mar/2026:21:08:26 -0400] "GET /archaeologists-unearth-centuries-old-statue-in-cambodias-angkor-temple/ HTTP/1.1" 200 53334 "-" "Mozilla/5.0 (compatible; SERankingBacklinksBot/1.0; +https://seranking.com/backlinks-crawler)"
144.76.32.236 - - [18/Mar/2026:21:08:34 -0400] "GET /barbie-hsu-loss-of-life-taiwanese-star-of-meteor-backyard-dies-aged-48/ HTTP/1.1" 200 54571 "-" "Mozilla/5.0 (compatible; SERankingBacklinksBot/1.0; +https://seranking.com/backlinks-crawler)"
144.76.32.236 - - [18/Mar/2026:21:08:52 -0400] "GET /lpga-nelly-korda-overcomes-canine-chew-prepared-for-an-additional-main/ HTTP/1.1" 200 55331 "-" "Mozilla/5.0 (compatible; SERankingBacklinksBot/1.0; +https://seranking.com/backlinks-crawler)"
144.76.32.236 - - [18/Mar/2026:21:09:00 -0400] "GET /new-viwoods-aipaper-10-65-inch-300ppi-e-ink-pill-set-to-launch-quickly/ HTTP/1.1" 200 53328 "-" "Mozilla/5.0 (compatible; SERankingBacklinksBot/1.0; +https://seranking.com/backlinks-crawler)"
