20.220.232.240 - - [18/Mar/2026:23:43:49 -0400] "GET /varb.php HTTP/1.1" 404 201634 "-" "-"
20.220.232.240 - - [18/Mar/2026:23:43:49 -0400] "GET /tt.php HTTP/1.1" 404 201634 "-" "-"
20.220.232.240 - - [18/Mar/2026:23:43:50 -0400] "GET /gettest.php HTTP/1.1" 404 201634 "-" "-"
20.220.232.240 - - [18/Mar/2026:23:43:50 -0400] "GET /vx.php HTTP/1.1" 404 201634 "-" "-"
20.220.232.240 - - [18/Mar/2026:23:43:51 -0400] "GET /abrand.php HTTP/1.1" 404 201634 "-" "-"
20.220.232.240 - - [18/Mar/2026:23:43:51 -0400] "GET /8573.php HTTP/1.1" 404 201634 "-" "-"
20.220.232.240 - - [18/Mar/2026:23:43:52 -0400] "GET /bolt.php HTTP/1.1" 404 201634 "-" "-"
20.220.232.240 - - [18/Mar/2026:23:43:52 -0400] "GET /tfm.php HTTP/1.1" 404 201634 "-" "-"
20.220.232.240 - - [18/Mar/2026:23:43:53 -0400] "GET /lm15.php HTTP/1.1" 404 201634 "-" "-"
20.220.232.240 - - [18/Mar/2026:23:43:53 -0400] "GET /wp-admin/css/bolt.php HTTP/1.1" 404 201634 "-" "-"
20.220.232.240 - - [18/Mar/2026:23:43:54 -0400] "GET //nw.php HTTP/1.1" 301 - "-" "-"
20.220.232.240 - - [18/Mar/2026:23:43:54 -0400] "GET /nw.php HTTP/1.1" 404 201634 "-" "-"
20.220.232.240 - - [18/Mar/2026:23:43:54 -0400] "GET /bnm.php HTTP/1.1" 404 201634 "-" "-"
20.220.232.240 - - [18/Mar/2026:23:43:55 -0400] "GET /nw.php HTTP/1.1" 404 201634 "-" "-"
20.220.232.240 - - [18/Mar/2026:23:43:55 -0400] "GET /s.php HTTP/1.1" 404 201634 "-" "-"
20.220.232.240 - - [18/Mar/2026:23:43:55 -0400] "GET /hplfuns.php HTTP/1.1" 404 201634 "-" "-"
20.220.232.240 - - [18/Mar/2026:23:43:56 -0400] "GET /jp.php HTTP/1.1" 404 201634 "-" "-"
20.220.232.240 - - [18/Mar/2026:23:43:56 -0400] "GET /xsas.php HTTP/1.1" 404 201634 "-" "-"
20.220.232.240 - - [18/Mar/2026:23:43:57 -0400] "GET /5b9ac.php HTTP/1.1" 404 201634 "-" "-"
20.220.232.240 - - [18/Mar/2026:23:43:58 -0400] "GET /okxh.php HTTP/1.1" 404 201634 "-" "-"
20.220.232.240 - - [18/Mar/2026:23:43:58 -0400] "GET /rzki.php HTTP/1.1" 404 201634 "-" "-"
20.220.232.240 - - [18/Mar/2026:23:43:59 -0400] "GET /edit.php HTTP/1.1" 404 201634 "-" "-"
20.220.232.240 - - [18/Mar/2026:23:43:59 -0400] "GET /t.php HTTP/1.1" 404 201634 "-" "-"
20.220.232.240 - - [18/Mar/2026:23:44:00 -0400] "GET /file.php HTTP/1.1" 404 201634 "-" "-"
20.220.232.240 - - [18/Mar/2026:23:44:00 -0400] "GET /66.php HTTP/1.1" 404 201634 "-" "-"
20.220.232.240 - - [18/Mar/2026:23:44:01 -0400] "GET /amax.php HTTP/1.1" 404 201634 "-" "-"
20.220.232.240 - - [18/Mar/2026:23:44:01 -0400] "GET /ioxi-o.php HTTP/1.1" 404 201634 "-" "-"
20.220.232.240 - - [18/Mar/2026:23:44:02 -0400] "GET /admin/index.php HTTP/1.1" 301 - "-" "-"
20.220.232.240 - - [18/Mar/2026:23:44:02 -0400] "GET /admin/ HTTP/1.1" 302 - "-" "-"
20.220.232.240 - - [18/Mar/2026:23:44:03 -0400] "GET /sid3.php HTTP/1.1" 404 201634 "-" "-"
20.220.232.240 - - [18/Mar/2026:23:44:03 -0400] "GET /d12.php HTTP/1.1" 404 201634 "-" "-"
20.220.232.240 - - [18/Mar/2026:23:44:04 -0400] "GET /wp-blog.php HTTP/1.1" 404 201634 "-" "-"
20.220.232.240 - - [18/Mar/2026:23:44:04 -0400] "GET /wp-blog-header.php HTTP/1.1" 301 292 "-" "-"
20.220.232.240 - - [18/Mar/2026:23:44:05 -0400] "GET /abc.php HTTP/1.1" 404 201634 "-" "-"
20.220.232.240 - - [18/Mar/2026:23:44:06 -0400] "GET /55b76.php HTTP/1.1" 404 201634 "-" "-"
20.220.232.240 - - [18/Mar/2026:23:44:06 -0400] "GET /admin-footer.php HTTP/1.1" 404 201634 "-" "-"
20.220.232.240 - - [18/Mar/2026:23:44:07 -0400] "GET /wp-good.php HTTP/1.1" 404 201634 "-" "-"
20.220.232.240 - - [18/Mar/2026:23:44:08 -0400] "GET /ccs.php HTTP/1.1" 404 201634 "-" "-"
20.220.232.240 - - [18/Mar/2026:23:44:08 -0400] "GET /ws83.php HTTP/1.1" 404 201634 "-" "-"
20.220.232.240 - - [18/Mar/2026:23:44:09 -0400] "GET /inputs.php HTTP/1.1" 404 201634 "-" "-"
20.220.232.240 - - [18/Mar/2026:23:44:09 -0400] "GET /drhunthq.php HTTP/1.1" 404 201634 "-" "-"
20.220.232.240 - - [18/Mar/2026:23:44:10 -0400] "GET /a5e0a.php HTTP/1.1" 404 201634 "-" "-"
20.220.232.240 - - [18/Mar/2026:23:44:10 -0400] "GET /lib.php HTTP/1.1" 404 201634 "-" "-"
20.220.232.240 - - [18/Mar/2026:23:44:11 -0400] "GET /gfd.php HTTP/1.1" 404 201634 "-" "-"
20.220.232.240 - - [18/Mar/2026:23:44:11 -0400] "GET /ws81.php HTTP/1.1" 404 201634 "-" "-"
20.220.232.240 - - [18/Mar/2026:23:44:12 -0400] "GET /domains.php HTTP/1.1" 404 201634 "-" "-"
20.220.232.240 - - [18/Mar/2026:23:44:12 -0400] "GET /byypas.php HTTP/1.1" 404 201634 "-" "-"
20.220.232.240 - - [18/Mar/2026:23:44:13 -0400] "GET /install.php HTTP/1.1" 404 201634 "-" "-"
20.220.232.240 - - [18/Mar/2026:23:44:13 -0400] "GET /myfile.php HTTP/1.1" 404 201634 "-" "-"
20.220.232.240 - - [18/Mar/2026:23:44:14 -0400] "GET /grsiuk.php HTTP/1.1" 404 201634 "-" "-"
20.220.232.240 - - [18/Mar/2026:23:44:14 -0400] "GET /wp-p2r3q9c8k4.php HTTP/1.1" 404 201634 "-" "-"
20.220.232.240 - - [18/Mar/2026:23:44:14 -0400] "GET /wp-access.php HTTP/1.1" 404 201634 "-" "-"
20.220.232.240 - - [18/Mar/2026:23:44:15 -0400] "GET /inege.php HTTP/1.1" 404 201634 "-" "-"
20.220.232.240 - - [18/Mar/2026:23:44:15 -0400] "GET /bgymj.php HTTP/1.1" 404 201634 "-" "-"
20.220.232.240 - - [18/Mar/2026:23:44:16 -0400] "GET /6kDPjgFTmvS.php HTTP/1.1" 404 201634 "-" "-"
20.220.232.240 - - [18/Mar/2026:23:44:16 -0400] "GET /tx78.php HTTP/1.1" 404 201634 "-" "-"
20.220.232.240 - - [18/Mar/2026:23:44:17 -0400] "GET /init.php HTTP/1.1" 404 201634 "-" "-"
20.220.232.240 - - [18/Mar/2026:23:44:17 -0400] "GET /ws49.php HTTP/1.1" 404 201634 "-" "-"
20.220.232.240 - - [18/Mar/2026:23:44:18 -0400] "GET /56c53.php HTTP/1.1" 404 201634 "-" "-"
20.220.232.240 - - [18/Mar/2026:23:44:18 -0400] "GET /public/file.php HTTP/1.1" 404 201634 "-" "-"
50.6.201.88 - - [18/Mar/2026:23:44:20 -0400] "POST /wp-cron.php?doing_wp_cron=1773891860.6117620468139648437500 HTTP/1.1" 301 333 "-" "WordPress/6.9.4; https://planetnewspro.com"
20.220.232.240 - - [18/Mar/2026:23:44:20 -0400] "GET /144.php HTTP/1.1" 404 201634 "-" "-"
20.220.232.240 - - [18/Mar/2026:23:44:20 -0400] "GET /clss.php HTTP/1.1" 404 201634 "-" "-"
20.220.232.240 - - [18/Mar/2026:23:44:21 -0400] "GET /motu.php HTTP/1.1" 404 201634 "-" "-"
20.220.232.240 - - [18/Mar/2026:23:44:21 -0400] "GET /ajax.php HTTP/1.1" 404 201634 "-" "-"
20.220.232.240 - - [18/Mar/2026:23:44:22 -0400] "GET /maul.php HTTP/1.1" 404 201634 "-" "-"
20.220.232.240 - - [18/Mar/2026:23:44:22 -0400] "GET /public/wp-blog.php HTTP/1.1" 404 201634 "-" "-"
20.220.232.240 - - [18/Mar/2026:23:44:23 -0400] "GET /wp-content/radio.php HTTP/1.1" 404 201634 "-" "-"
20.220.232.240 - - [18/Mar/2026:23:44:23 -0400] "GET /callback.php HTTP/1.1" 404 201634 "-" "-"
20.220.232.240 - - [18/Mar/2026:23:44:24 -0400] "GET /166.php HTTP/1.1" 404 201634 "-" "-"
66.249.69.166 - - [18/Mar/2026:23:45:44 -0400] "GET /ads.txt HTTP/1.1" 200 78 "-" "Google-adstxt"
89.248.172.183 - - [18/Mar/2026:23:47:06 -0400] "POST /wp-json/tdw/save_css HTTP/1.1" 403 715 "-" "Mozilla/5.0 (Windows NT 10.0) AppleWebKit/537.36 (KHTML, like Gecko) Chrome/104.0.0.0 Safari/537.36"
89.248.172.183 - - [18/Mar/2026:23:47:06 -0400] "POST /wp-json/tdw/save_css HTTP/1.1" 403 715 "-" "Mozilla/5.0 (Windows NT 10.0) AppleWebKit/537.36 (KHTML, like Gecko) Chrome/104.0.0.0 Safari/537.36"
89.248.172.183 - - [18/Mar/2026:23:47:08 -0400] "POST /wp-json/tdw/save_css HTTP/1.1" 403 715 "-" "Mozilla/5.0 (Windows NT 10.0) AppleWebKit/537.36 (KHTML, like Gecko) Chrome/104.0.0.0 Safari/537.36"
89.248.172.183 - - [18/Mar/2026:23:47:13 -0400] "POST /wp-json/tdw/save_css HTTP/1.1" 403 715 "-" "Mozilla/5.0 (Windows NT 10.0) AppleWebKit/537.36 (KHTML, like Gecko) Chrome/104.0.0.0 Safari/537.36"
89.248.172.183 - - [18/Mar/2026:23:47:17 -0400] "POST /wp-json/tdw/save_css HTTP/1.1" 403 715 "-" "Mozilla/5.0 (Windows NT 10.0) AppleWebKit/537.36 (KHTML, like Gecko) Chrome/104.0.0.0 Safari/537.36"
216.244.66.196 - - [18/Mar/2026:23:49:16 -0400] "GET /evaluating-trumps-pardon-of-arpaio-and-bidens-pardon-of-biden/ HTTP/1.1" 200 326182 "-" "Mozilla/5.0 (compatible; DotBot/1.2; +https://opensiteexplorer.org/dotbot; help@moz.com)"
50.6.201.88 - - [18/Mar/2026:23:49:24 -0400] "POST /wp-cron.php?doing_wp_cron=1773892164.4163689613342285156250 HTTP/1.1" 301 333 "-" "WordPress/6.9.4; https://planetnewspro.com"
216.244.66.196 - - [18/Mar/2026:23:49:23 -0400] "GET /trumps-fbi-director-nominee-kash-patel-hints-at-releasing-epstein-and-diddy-consumer-lists/ HTTP/1.1" 200 321885 "-" "Mozilla/5.0 (compatible; DotBot/1.2; +https://opensiteexplorer.org/dotbot; help@moz.com)"
50.6.201.88 - - [18/Mar/2026:23:53:45 -0400] "POST /wp-cron.php?doing_wp_cron=1773892425.9576320648193359375000 HTTP/1.1" 301 333 "-" "WordPress/6.9.4; https://planetnewspro.com"
216.244.66.196 - - [18/Mar/2026:23:53:43 -0400] "GET /kodansha-usa-launching-kodansha-print-membership/ HTTP/1.1" 200 321898 "-" "Mozilla/5.0 (compatible; DotBot/1.2; +https://opensiteexplorer.org/dotbot; help@moz.com)"
216.244.66.196 - - [18/Mar/2026:23:53:51 -0400] "GET /the-greatest-self-care-mistake-that-makes-self-care-not-useful/ HTTP/1.1" 200 334236 "-" "Mozilla/5.0 (compatible; DotBot/1.2; +https://opensiteexplorer.org/dotbot; help@moz.com)"
85.208.98.23 - - [18/Mar/2026:23:55:35 -0400] "GET /robots.txt HTTP/1.1" 200 128 "-" "Mozilla/5.0 (compatible; SemrushBot-BA; +http://www.semrush.com/bot.html)"
50.6.201.88 - - [19/Mar/2026:00:09:01 -0400] "POST /wp-cron.php?doing_wp_cron=1773893341.9867379665374755859375 HTTP/1.1" 301 333 "-" "WordPress/6.9.4; https://planetnewspro.com"
216.244.66.196 - - [19/Mar/2026:00:09:01 -0400] "GET /robots.txt HTTP/1.1" 200 175 "-" "Mozilla/5.0 (compatible; DotBot/1.2; +https://opensiteexplorer.org/dotbot; help@moz.com)"
216.244.66.196 - - [19/Mar/2026:00:14:38 -0400] "GET /pilots-urge-grounding-of-all-boeing-787s-in-india-after-uk-flights-emergency-energy-gadget-deploys-mid-air/ HTTP/1.1" 200 322618 "-" "Mozilla/5.0 (compatible; DotBot/1.2; +https://opensiteexplorer.org/dotbot; help@moz.com)"
50.6.201.88 - - [19/Mar/2026:00:21:24 -0400] "POST /wp-cron.php?doing_wp_cron=1773894084.3755369186401367187500 HTTP/1.1" 301 333 "-" "WordPress/6.9.4; https://planetnewspro.com"
85.208.98.23 - - [19/Mar/2026:00:21:24 -0400] "GET /robots.txt HTTP/1.1" 200 128 "-" "Mozilla/5.0 (compatible; SemrushBot-BA; +http://www.semrush.com/bot.html)"
216.244.66.196 - - [19/Mar/2026:00:39:57 -0400] "GET /trump-can-not-prohibit-birthright-citizenship-by-presidential-edict/ HTTP/1.1" 200 319196 "-" "Mozilla/5.0 (compatible; DotBot/1.2; +https://opensiteexplorer.org/dotbot; help@moz.com)"
43.157.170.13 - - [19/Mar/2026:00:41:18 -0400] "GET / HTTP/1.1" 301 274 "-" "Mozilla/5.0 (iPhone; CPU iPhone OS 13_2_3 like Mac OS X) AppleWebKit/605.1.15 (KHTML, like Gecko) Version/13.0.3 Mobile/15E148 Safari/604.1"
216.244.66.196 - - [19/Mar/2026:00:53:34 -0400] "GET /robots.txt HTTP/1.1" 200 175 "-" "Mozilla/5.0 (compatible; DotBot/1.2; +https://opensiteexplorer.org/dotbot; help@moz.com)"
85.208.98.23 - - [19/Mar/2026:01:00:42 -0400] "GET /robots.txt HTTP/1.1" 200 128 "-" "Mozilla/5.0 (compatible; SemrushBot-BA; +http://www.semrush.com/bot.html)"
43.131.32.36 - - [19/Mar/2026:01:00:52 -0400] "GET / HTTP/1.1" 301 278 "-" "Mozilla/5.0 (iPhone; CPU iPhone OS 13_2_3 like Mac OS X) AppleWebKit/605.1.15 (KHTML, like Gecko) Version/13.0.3 Mobile/15E148 Safari/604.1"
50.6.201.88 - - [19/Mar/2026:01:22:49 -0400] "POST /wp-cron.php?doing_wp_cron=1773897769.8381760120391845703125 HTTP/1.1" 301 333 "-" "WordPress/6.9.4; https://planetnewspro.com"
85.208.98.23 - - [19/Mar/2026:01:22:48 -0400] "GET /robots.txt HTTP/1.1" 200 128 "-" "Mozilla/5.0 (compatible; SemrushBot-BA; +http://www.semrush.com/bot.html)"
216.244.66.196 - - [19/Mar/2026:01:25:42 -0400] "GET /actual-madrid-vs-pachuca-reside-streaming-prediction-match-preview-december-18-2024/ HTTP/1.1" 200 340965 "-" "Mozilla/5.0 (compatible; DotBot/1.2; +https://opensiteexplorer.org/dotbot; help@moz.com)"
216.244.66.196 - - [19/Mar/2026:01:25:47 -0400] "GET /did-doge-contribute-to-the-bls-jobs-report-that-trump-hated-economist-mark-zandi-thinks-so/ HTTP/1.1" 200 317808 "-" "Mozilla/5.0 (compatible; DotBot/1.2; +https://opensiteexplorer.org/dotbot; help@moz.com)"
216.244.66.196 - - [19/Mar/2026:01:25:53 -0400] "GET /mother-and-father-can-elevate-youngsters-whore-able-to-make-the-world-higher/ HTTP/1.1" 200 328735 "-" "Mozilla/5.0 (compatible; DotBot/1.2; +https://opensiteexplorer.org/dotbot; help@moz.com)"
216.244.66.196 - - [19/Mar/2026:01:26:16 -0400] "GET /the-foot-coaching-blueprint-construct-stronger-ft-to-enhance-efficiency-and-stop-accidents/ HTTP/1.1" 200 325427 "-" "Mozilla/5.0 (compatible; DotBot/1.2; +https://opensiteexplorer.org/dotbot; help@moz.com)"
216.244.66.196 - - [19/Mar/2026:01:26:35 -0400] "GET /veteran-indian-politician-is-definitely-german-citizen-courtroom-guidelines/ HTTP/1.1" 200 320273 "-" "Mozilla/5.0 (compatible; DotBot/1.2; +https://opensiteexplorer.org/dotbot; help@moz.com)"
85.208.98.23 - - [19/Mar/2026:01:28:32 -0400] "GET /robots.txt HTTP/1.1" 200 128 "-" "Mozilla/5.0 (compatible; SemrushBot-BA; +http://www.semrush.com/bot.html)"
89.248.172.183 - - [19/Mar/2026:01:31:39 -0400] "POST /wp-json/tdw/save_css HTTP/1.1" 403 715 "-" "Mozilla/5.0 (Windows NT 10.0) AppleWebKit/537.36 (KHTML, like Gecko) Chrome/104.0.0.0 Safari/537.36"
89.248.172.183 - - [19/Mar/2026:01:31:41 -0400] "POST /wp-json/tdw/save_css HTTP/1.1" 403 715 "-" "Mozilla/5.0 (Windows NT 10.0) AppleWebKit/537.36 (KHTML, like Gecko) Chrome/104.0.0.0 Safari/537.36"
89.248.172.183 - - [19/Mar/2026:01:31:43 -0400] "POST /wp-json/tdw/save_css HTTP/1.1" 403 715 "-" "Mozilla/5.0 (Windows NT 10.0) AppleWebKit/537.36 (KHTML, like Gecko) Chrome/104.0.0.0 Safari/537.36"
89.248.172.183 - - [19/Mar/2026:01:31:47 -0400] "POST /wp-json/tdw/save_css HTTP/1.1" 403 715 "-" "Mozilla/5.0 (Windows NT 10.0) AppleWebKit/537.36 (KHTML, like Gecko) Chrome/104.0.0.0 Safari/537.36"
89.248.172.183 - - [19/Mar/2026:01:31:51 -0400] "POST /wp-json/tdw/save_css HTTP/1.1" 403 715 "-" "Mozilla/5.0 (Windows NT 10.0) AppleWebKit/537.36 (KHTML, like Gecko) Chrome/104.0.0.0 Safari/537.36"
216.244.66.196 - - [19/Mar/2026:01:37:50 -0400] "GET /robots.txt HTTP/1.1" 200 175 "-" "Mozilla/5.0 (compatible; DotBot/1.2; +https://opensiteexplorer.org/dotbot; help@moz.com)"
85.208.98.23 - - [19/Mar/2026:01:38:30 -0400] "GET /robots.txt HTTP/1.1" 200 128 "-" "Mozilla/5.0 (compatible; SemrushBot-BA; +http://www.semrush.com/bot.html)"
216.244.66.196 - - [19/Mar/2026:01:41:43 -0400] "GET /why-ai-pushed-consumer-apps-dont-perceive-your-api-oreilly/feed/ HTTP/1.1" 200 884 "-" "Mozilla/5.0 (compatible; DotBot/1.2; +https://opensiteexplorer.org/dotbot; help@moz.com)"
178.217.98.153 - - [19/Mar/2026:01:59:19 -0400] "GET /radar-tendencies-to-watch-june-2024-oreilly/ HTTP/1.0" 200 337787 "http://planetnewspro.com/radar-tendencies-to-watch-june-2024-oreilly/" "Mozilla/5.0 (Windows NT 10.0; Win64; x64) AppleWebKit/537.36 (KHTML, like Gecko) Chrome/130.0.0.0 Safari/537.36"
50.6.201.88 - - [19/Mar/2026:02:03:27 -0400] "POST /wp-cron.php?doing_wp_cron=1773900207.4999189376831054687500 HTTP/1.1" 301 333 "-" "WordPress/6.9.4; https://planetnewspro.com"
91.84.114.45 - - [19/Mar/2026:02:03:26 -0400] "GET /why-your-metabolism-isnt-slowing-after-30-whats-actually-going-on/ HTTP/1.0" 200 318744 "http://planetnewspro.com/why-your-metabolism-isnt-slowing-after-30-whats-actually-going-on/" "Mozilla/5.0 (Windows NT 10.0; Win64; x64) AppleWebKit/537.36 (KHTML, like Gecko) Chrome/130.0.0.0 Safari/537.36"
91.84.114.150 - - [19/Mar/2026:02:04:01 -0400] "GET /why-your-metabolism-isnt-slowing-after-30-whats-actually-going-on/ HTTP/1.0" 200 318744 "http://planetnewspro.com/why-your-metabolism-isnt-slowing-after-30-whats-actually-going-on/" "Mozilla/5.0 (Windows NT 10.0; Win64; x64) AppleWebKit/537.36 (KHTML, like Gecko) Chrome/130.0.0.0 Safari/537.36 CCleaner/130.0.0.0"
146.103.115.7 - - [19/Mar/2026:02:04:39 -0400] "GET /why-your-metabolism-isnt-slowing-after-30-whats-actually-going-on/ HTTP/1.0" 200 318744 "http://planetnewspro.com/why-your-metabolism-isnt-slowing-after-30-whats-actually-going-on/" "Mozilla/5.0 (Windows NT 10.0; Win64; x64) AppleWebKit/537.36 (KHTML, like Gecko) Chrome/131.0.0.0 Safari/537.36"
5.35.37.26 - - [19/Mar/2026:02:04:54 -0400] "GET /why-your-metabolism-isnt-slowing-after-30-whats-actually-going-on/ HTTP/1.0" 200 318744 "http://planetnewspro.com/why-your-metabolism-isnt-slowing-after-30-whats-actually-going-on/" "Mozilla/5.0 (Windows NT 10.0; Win64; x64) AppleWebKit/537.36 (KHTML, like Gecko) Chrome/129.0.0.0 Safari/537.36"
50.6.201.88 - - [19/Mar/2026:02:07:13 -0400] "POST /wp-cron.php?doing_wp_cron=1773900433.0597469806671142578125 HTTP/1.1" 301 333 "-" "WordPress/6.9.4; https://planetnewspro.com"
89.110.64.239 - - [19/Mar/2026:02:07:11 -0400] "GET /why-your-metabolism-isnt-slowing-after-30-whats-actually-going-on/ HTTP/1.0" 200 318744 "http://planetnewspro.com/why-your-metabolism-isnt-slowing-after-30-whats-actually-going-on/" "Mozilla/5.0 (Windows NT 10.0; Win64; x64) AppleWebKit/537.36 (KHTML, like Gecko) Chrome/129.0.0.0 Safari/537.36"
212.34.141.234 - - [19/Mar/2026:02:07:42 -0400] "GET /why-your-metabolism-isnt-slowing-after-30-whats-actually-going-on/ HTTP/1.0" 200 318744 "http://planetnewspro.com/why-your-metabolism-isnt-slowing-after-30-whats-actually-going-on/" "Mozilla/5.0 (Windows NT 10.0; Win64; x64) AppleWebKit/537.36 (KHTML, like Gecko) Chrome/130.0.0.0 Safari/537.36"
216.244.66.196 - - [19/Mar/2026:02:08:36 -0400] "GET /a-temporary-historical-past-of-the-oyster-cracker/ HTTP/1.1" 200 334992 "-" "Mozilla/5.0 (compatible; DotBot/1.2; +https://opensiteexplorer.org/dotbot; help@moz.com)"
216.244.66.196 - - [19/Mar/2026:02:08:41 -0400] "GET /easy-methods-to-crush-the-crossfit-open-25-2-exercise-ideas-and-requirements/ HTTP/1.1" 200 325878 "-" "Mozilla/5.0 (compatible; DotBot/1.2; +https://opensiteexplorer.org/dotbot; help@moz.com)"
50.6.201.88 - - [19/Mar/2026:02:09:01 -0400] "POST /wp-cron.php?doing_wp_cron=1773900541.3350839614868164062500 HTTP/1.1" 301 333 "-" "WordPress/6.9.4; https://planetnewspro.com"
216.244.66.196 - - [19/Mar/2026:02:09:00 -0400] "GET /right-here-are-the-variations-that-matter/ HTTP/1.1" 200 327557 "-" "Mozilla/5.0 (compatible; DotBot/1.2; +https://opensiteexplorer.org/dotbot; help@moz.com)"
50.6.201.88 - - [19/Mar/2026:02:11:17 -0400] "POST /wp-cron.php?doing_wp_cron=1773900677.8390789031982421875000 HTTP/1.1" 301 333 "-" "WordPress/6.9.4; https://planetnewspro.com"
85.208.98.23 - - [19/Mar/2026:02:11:17 -0400] "GET /robots.txt HTTP/1.1" 200 128 "-" "Mozilla/5.0 (compatible; SemrushBot-BA; +http://www.semrush.com/bot.html)"
50.6.201.88 - - [19/Mar/2026:02:18:03 -0400] "POST /wp-cron.php?doing_wp_cron=1773901083.0539109706878662109375 HTTP/1.1" 301 333 "-" "WordPress/6.9.4; https://planetnewspro.com"
85.208.98.23 - - [19/Mar/2026:02:18:02 -0400] "GET /robots.txt HTTP/1.1" 200 128 "-" "Mozilla/5.0 (compatible; SemrushBot-BA; +http://www.semrush.com/bot.html)"
50.6.201.88 - - [19/Mar/2026:02:21:13 -0400] "POST /wp-cron.php?doing_wp_cron=1773901273.3890209197998046875000 HTTP/1.1" 301 333 "-" "WordPress/6.9.4; https://planetnewspro.com"
216.244.66.196 - - [19/Mar/2026:02:21:13 -0400] "GET /robots.txt HTTP/1.1" 200 175 "-" "Mozilla/5.0 (compatible; DotBot/1.2; +https://opensiteexplorer.org/dotbot; help@moz.com)"
159.89.23.245 - - [19/Mar/2026:02:25:27 -0400] "GET / HTTP/1.1" 301 274 "-" "Mozilla/5.0 (Windows NT 6.1; WOW64; rv:40.0) Gecko/20100101 Firefox/40.1"
50.6.201.88 - - [19/Mar/2026:02:31:27 -0400] "POST /wp-cron.php?doing_wp_cron=1773901887.7984740734100341796875 HTTP/1.1" 301 333 "-" "WordPress/6.9.4; https://planetnewspro.com"
85.208.98.23 - - [19/Mar/2026:02:31:27 -0400] "GET /robots.txt HTTP/1.1" 200 128 "-" "Mozilla/5.0 (compatible; SemrushBot-BA; +http://www.semrush.com/bot.html)"
50.6.201.88 - - [19/Mar/2026:02:42:23 -0400] "POST /wp-cron.php?doing_wp_cron=1773902543.8576970100402832031250 HTTP/1.1" 301 333 "-" "WordPress/6.9.4; https://planetnewspro.com"
91.84.114.45 - - [19/Mar/2026:02:42:23 -0400] "GET /why-your-metabolism-isnt-slowing-after-30-whats-actually-going-on/ HTTP/1.0" 200 318744 "http://planetnewspro.com/why-your-metabolism-isnt-slowing-after-30-whats-actually-going-on/" "Mozilla/5.0 (Windows NT 10.0; Win64; x64) AppleWebKit/537.36 (KHTML, like Gecko) Chrome/131.0.0.0 Safari/537.36"
91.84.114.150 - - [19/Mar/2026:02:44:21 -0400] "GET /why-your-metabolism-isnt-slowing-after-30-whats-actually-going-on/ HTTP/1.0" 200 318744 "http://planetnewspro.com/why-your-metabolism-isnt-slowing-after-30-whats-actually-going-on/" "Mozilla/5.0 (Windows NT 10.0; Win64; x64) AppleWebKit/537.36 (KHTML, like Gecko) Chrome/131.0.0.0 Safari/537.36 Avast/131.0.0.0"
50.6.201.88 - - [19/Mar/2026:02:51:14 -0400] "POST /wp-cron.php?doing_wp_cron=1773903074.7017700672149658203125 HTTP/1.1" 301 333 "-" "WordPress/6.9.4; https://planetnewspro.com"
212.34.141.234 - - [19/Mar/2026:02:51:13 -0400] "GET /why-your-metabolism-isnt-slowing-after-30-whats-actually-going-on/ HTTP/1.0" 200 318744 "http://planetnewspro.com/why-your-metabolism-isnt-slowing-after-30-whats-actually-going-on/" "Mozilla/5.0 (Windows NT 10.0; Win64; x64) AppleWebKit/537.36 (KHTML, like Gecko) Chrome/130.0.0.0 Safari/537.36 CCleaner/130.0.0.0"
216.244.66.196 - - [19/Mar/2026:02:52:12 -0400] "GET /the-greatest-esims-for-vacationers/ HTTP/1.1" 200 325863 "-" "Mozilla/5.0 (compatible; DotBot/1.2; +https://opensiteexplorer.org/dotbot; help@moz.com)"
5.35.37.26 - - [19/Mar/2026:02:52:43 -0400] "GET /why-your-metabolism-isnt-slowing-after-30-whats-actually-going-on/ HTTP/1.0" 200 318744 "http://planetnewspro.com/why-your-metabolism-isnt-slowing-after-30-whats-actually-going-on/" "Mozilla/5.0 (Windows NT 10.0; Win64; x64) AppleWebKit/537.36 (KHTML, like Gecko) Chrome/130.0.0.0 Safari/537.36"
50.6.201.88 - - [19/Mar/2026:02:54:18 -0400] "POST /wp-cron.php?doing_wp_cron=1773903258.5869579315185546875000 HTTP/1.1" 301 333 "-" "WordPress/6.9.4; https://planetnewspro.com"
216.244.66.196 - - [19/Mar/2026:02:54:17 -0400] "GET /claude-followers-threw-a-funeral-for-anthropics-retired-ai-mannequin/ HTTP/1.1" 200 332206 "-" "Mozilla/5.0 (compatible; DotBot/1.2; +https://opensiteexplorer.org/dotbot; help@moz.com)"
216.244.66.196 - - [19/Mar/2026:02:54:22 -0400] "GET /mapped-the-place-are-border-clashes-between-thailand-and-cambodia-going-down/ HTTP/1.1" 200 326119 "-" "Mozilla/5.0 (compatible; DotBot/1.2; +https://opensiteexplorer.org/dotbot; help@moz.com)"
216.244.66.196 - - [19/Mar/2026:02:54:27 -0400] "GET /ought-to-bcci-recall-shreyas-iyer-for-asia-cup-2025/feed/ HTTP/1.1" 200 854 "-" "Mozilla/5.0 (compatible; DotBot/1.2; +https://opensiteexplorer.org/dotbot; help@moz.com)"
146.103.115.7 - - [19/Mar/2026:02:54:30 -0400] "GET /why-your-metabolism-isnt-slowing-after-30-whats-actually-going-on/ HTTP/1.0" 200 318744 "http://planetnewspro.com/why-your-metabolism-isnt-slowing-after-30-whats-actually-going-on/" "Mozilla/5.0 (Windows NT 10.0; Win64; x64) AppleWebKit/537.36 (KHTML, like Gecko) Chrome/130.0.0.0 Safari/537.36 CCleaner/130.0.0.0"
50.6.201.88 - - [19/Mar/2026:02:57:07 -0400] "POST /wp-cron.php?doing_wp_cron=1773903427.2830009460449218750000 HTTP/1.1" 301 333 "-" "WordPress/6.9.4; https://planetnewspro.com"
85.208.98.23 - - [19/Mar/2026:02:57:07 -0400] "GET /robots.txt HTTP/1.1" 200 128 "-" "Mozilla/5.0 (compatible; SemrushBot-BA; +http://www.semrush.com/bot.html)"
89.110.64.239 - - [19/Mar/2026:02:58:27 -0400] "GET /why-your-metabolism-isnt-slowing-after-30-whats-actually-going-on/ HTTP/1.0" 200 318744 "http://planetnewspro.com/why-your-metabolism-isnt-slowing-after-30-whats-actually-going-on/" "Mozilla/5.0 (Windows NT 10.0; Win64; x64) AppleWebKit/537.36 (KHTML, like Gecko) Chrome/129.0.0.0 Safari/537.36"
216.244.66.196 - - [19/Mar/2026:03:04:44 -0400] "GET /robots.txt HTTP/1.1" 200 175 "-" "Mozilla/5.0 (compatible; DotBot/1.2; +https://opensiteexplorer.org/dotbot; help@moz.com)"
50.6.201.88 - - [19/Mar/2026:03:08:02 -0400] "POST /wp-cron.php?doing_wp_cron=1773904082.2564799785614013671875 HTTP/1.1" 301 333 "-" "WordPress/6.9.4; https://planetnewspro.com"
141.11.250.40 - - [19/Mar/2026:03:08:01 -0400] "GET /wp-json/wp/v2/posts HTTP/1.1" 200 75375 "-" "Mozilla/5.0 (Windows NT 10.0; Win64; x64) AppleWebKit/537.36 (KHTML, like Gecko) Chrome/120.0.0.0 Safari/537.36"
216.244.66.196 - - [19/Mar/2026:03:08:27 -0400] "GET /ncaa-girlss-basketball-5-breakout-gamers-in-2025-26-together-with-south-carolinas-joyce-edwards/feed/ HTTP/1.1" 200 993 "-" "Mozilla/5.0 (compatible; DotBot/1.2; +https://opensiteexplorer.org/dotbot; help@moz.com)"
50.6.201.88 - - [19/Mar/2026:03:09:33 -0400] "POST /wp-cron.php?doing_wp_cron=1773904173.5045299530029296875000 HTTP/1.1" 301 333 "-" "WordPress/6.9.4; https://planetnewspro.com"
216.244.66.196 - - [19/Mar/2026:03:09:33 -0400] "GET /ranveer-allahbadia-indias-high-court-docket-pulls-up-podcaster-for-incest-joke-it-exhibits-a-perverted-thoughts/feed/ HTTP/1.1" 200 1044 "-" "Mozilla/5.0 (compatible; DotBot/1.2; +https://opensiteexplorer.org/dotbot; help@moz.com)"
66.249.83.38 - - [19/Mar/2026:03:11:47 -0400] "GET / HTTP/1.1" 301 274 "-" "Google-Display-Ads-Bot"
89.248.172.183 - - [19/Mar/2026:03:18:43 -0400] "POST /wp-json/tdw/save_css HTTP/1.1" 403 715 "-" "Mozilla/5.0 (Windows NT 10.0) AppleWebKit/537.36 (KHTML, like Gecko) Chrome/104.0.0.0 Safari/537.36"
89.248.172.183 - - [19/Mar/2026:03:18:43 -0400] "POST /wp-json/tdw/save_css HTTP/1.1" 403 715 "-" "Mozilla/5.0 (Windows NT 10.0) AppleWebKit/537.36 (KHTML, like Gecko) Chrome/104.0.0.0 Safari/537.36"
89.248.172.183 - - [19/Mar/2026:03:18:43 -0400] "POST /wp-json/tdw/save_css HTTP/1.1" 403 715 "-" "Mozilla/5.0 (Windows NT 10.0) AppleWebKit/537.36 (KHTML, like Gecko) Chrome/104.0.0.0 Safari/537.36"
89.248.172.183 - - [19/Mar/2026:03:18:43 -0400] "POST /wp-json/tdw/save_css HTTP/1.1" 403 715 "-" "Mozilla/5.0 (Windows NT 10.0) AppleWebKit/537.36 (KHTML, like Gecko) Chrome/104.0.0.0 Safari/537.36"
89.248.172.183 - - [19/Mar/2026:03:18:47 -0400] "POST /wp-json/tdw/save_css HTTP/1.1" 403 715 "-" "Mozilla/5.0 (Windows NT 10.0) AppleWebKit/537.36 (KHTML, like Gecko) Chrome/104.0.0.0 Safari/537.36"
50.6.201.88 - - [19/Mar/2026:03:22:24 -0400] "POST /wp-cron.php?doing_wp_cron=1773904944.3521480560302734375000 HTTP/1.1" 301 333 "-" "WordPress/6.9.4; https://planetnewspro.com"
91.84.114.45 - - [19/Mar/2026:03:22:23 -0400] "GET /why-your-metabolism-isnt-slowing-after-30-whats-actually-going-on/ HTTP/1.0" 200 318744 "http://planetnewspro.com/why-your-metabolism-isnt-slowing-after-30-whats-actually-going-on/" "Mozilla/5.0 (Windows NT 10.0; Win64; x64) AppleWebKit/537.36 (KHTML, like Gecko) Chrome/129.0.0.0 Safari/537.36"
50.6.201.88 - - [19/Mar/2026:03:27:13 -0400] "POST /wp-cron.php?doing_wp_cron=1773905233.2172710895538330078125 HTTP/1.1" 301 333 "-" "WordPress/6.9.4; https://planetnewspro.com"
85.208.98.23 - - [19/Mar/2026:03:27:13 -0400] "GET /robots.txt HTTP/1.1" 200 128 "-" "Mozilla/5.0 (compatible; SemrushBot-BA; +http://www.semrush.com/bot.html)"
91.84.114.150 - - [19/Mar/2026:03:27:56 -0400] "GET /why-your-metabolism-isnt-slowing-after-30-whats-actually-going-on/ HTTP/1.0" 200 318744 "http://planetnewspro.com/why-your-metabolism-isnt-slowing-after-30-whats-actually-going-on/" "Mozilla/5.0 (Windows NT 10.0; Win64; x64) AppleWebKit/537.36 (KHTML, like Gecko) Chrome/129.0.0.0 Safari/537.36"
50.6.201.88 - - [19/Mar/2026:03:30:08 -0400] "POST /wp-cron.php?doing_wp_cron=1773905408.2458450794219970703125 HTTP/1.1" 301 333 "-" "WordPress/6.9.4; https://planetnewspro.com"
85.208.98.23 - - [19/Mar/2026:03:30:08 -0400] "GET /robots.txt HTTP/1.1" 200 128 "-" "Mozilla/5.0 (compatible; SemrushBot-BA; +http://www.semrush.com/bot.html)"
216.244.66.196 - - [19/Mar/2026:03:33:52 -0400] "GET /25-finest-labor-day-recipes/ HTTP/1.1" 200 363696 "-" "Mozilla/5.0 (compatible; DotBot/1.2; +https://opensiteexplorer.org/dotbot; help@moz.com)"
85.208.98.23 - - [19/Mar/2026:03:38:57 -0400] "GET /robots.txt HTTP/1.1" 200 128 "-" "Mozilla/5.0 (compatible; SemrushBot-BA; +http://www.semrush.com/bot.html)"
5.35.37.26 - - [19/Mar/2026:03:43:02 -0400] "GET /why-your-metabolism-isnt-slowing-after-30-whats-actually-going-on/ HTTP/1.0" 200 318744 "http://planetnewspro.com/why-your-metabolism-isnt-slowing-after-30-whats-actually-going-on/" "Mozilla/5.0 (Windows NT 10.0; Win64; x64) AppleWebKit/537.36 (KHTML, like Gecko) Chrome/130.0.0.0 Safari/537.36"
66.249.69.166 - - [19/Mar/2026:03:45:44 -0400] "GET /ads.txt HTTP/1.1" 200 78 "-" "Google-adstxt"
50.6.201.88 - - [19/Mar/2026:03:49:02 -0400] "POST /wp-cron.php?doing_wp_cron=1773906542.6352679729461669921875 HTTP/1.1" 301 333 "-" "WordPress/6.9.4; https://planetnewspro.com"
216.244.66.196 - - [19/Mar/2026:03:49:02 -0400] "GET /robots.txt HTTP/1.1" 200 175 "-" "Mozilla/5.0 (compatible; DotBot/1.2; +https://opensiteexplorer.org/dotbot; help@moz.com)"
85.208.98.23 - - [19/Mar/2026:03:50:37 -0400] "GET /robots.txt HTTP/1.1" 200 128 "-" "Mozilla/5.0 (compatible; SemrushBot-BA; +http://www.semrush.com/bot.html)"
91.84.114.45 - - [19/Mar/2026:03:55:49 -0400] "GET /why-your-metabolism-isnt-slowing-after-30-whats-actually-going-on/ HTTP/1.0" 200 318744 "http://planetnewspro.com/why-your-metabolism-isnt-slowing-after-30-whats-actually-going-on/" "Mozilla/5.0 (Windows NT 10.0; Win64; x64) AppleWebKit/537.36 (KHTML, like Gecko) Chrome/129.0.0.0 Safari/537.36"
50.6.201.88 - - [19/Mar/2026:03:56:17 -0400] "POST /wp-cron.php?doing_wp_cron=1773906977.2078280448913574218750 HTTP/1.1" 301 333 "-" "WordPress/6.9.4; https://planetnewspro.com"
85.208.98.23 - - [19/Mar/2026:03:56:17 -0400] "GET /robots.txt HTTP/1.1" 200 128 "-" "Mozilla/5.0 (compatible; SemrushBot-BA; +http://www.semrush.com/bot.html)"
50.6.201.88 - - [19/Mar/2026:04:05:26 -0400] "POST /wp-cron.php?doing_wp_cron=1773907526.2857708930969238281250 HTTP/1.1" 301 333 "-" "WordPress/6.9.4; https://planetnewspro.com"
91.84.114.150 - - [19/Mar/2026:04:05:25 -0400] "GET /why-your-metabolism-isnt-slowing-after-30-whats-actually-going-on/ HTTP/1.0" 200 318744 "http://planetnewspro.com/why-your-metabolism-isnt-slowing-after-30-whats-actually-going-on/" "Mozilla/5.0 (Windows NT 10.0; Win64; x64) AppleWebKit/537.36 (KHTML, like Gecko) Chrome/131.0.0.0 Safari/537.36 Avast/131.0.0.0"
216.244.66.196 - - [19/Mar/2026:04:20:28 -0400] "GET /generative-logic-oreilly/ HTTP/1.1" 200 326622 "-" "Mozilla/5.0 (compatible; DotBot/1.2; +https://opensiteexplorer.org/dotbot; help@moz.com)"
216.244.66.196 - - [19/Mar/2026:04:20:33 -0400] "GET /one-gesture-suggests-anti-trump-dissatisfaction-is-brewing-at-the-fbi/ HTTP/1.1" 200 322343 "-" "Mozilla/5.0 (compatible; DotBot/1.2; +https://opensiteexplorer.org/dotbot; help@moz.com)"
216.244.66.196 - - [19/Mar/2026:04:20:38 -0400] "GET /the-one-movie-he-is-pleased-with-amongst-all-his-works/ HTTP/1.1" 200 319344 "-" "Mozilla/5.0 (compatible; DotBot/1.2; +https://opensiteexplorer.org/dotbot; help@moz.com)"
216.244.66.196 - - [19/Mar/2026:04:20:42 -0400] "GET /trump-is-openly-using-the-presidency-to-enrich-the-trump-brand/ HTTP/1.1" 200 321412 "-" "Mozilla/5.0 (compatible; DotBot/1.2; +https://opensiteexplorer.org/dotbot; help@moz.com)"
216.244.66.196 - - [19/Mar/2026:04:20:45 -0400] "GET /voici-ten-minute-time-machine-ton-secret-pour-inverser-les-effets-du-temps/ HTTP/1.1" 200 321132 "-" "Mozilla/5.0 (compatible; DotBot/1.2; +https://opensiteexplorer.org/dotbot; help@moz.com)"
5.35.37.26 - - [19/Mar/2026:04:27:53 -0400] "GET /why-your-metabolism-isnt-slowing-after-30-whats-actually-going-on/ HTTP/1.0" 200 318744 "http://planetnewspro.com/why-your-metabolism-isnt-slowing-after-30-whats-actually-going-on/" "Mozilla/5.0 (Windows NT 10.0; Win64; x64) AppleWebKit/537.36 (KHTML, like Gecko) Chrome/131.0.0.0 Safari/537.36 Avast/131.0.0.0"
171.83.122.120 - - [19/Mar/2026:04:28:18 -0400] "GET /wp-json/wp/v2/posts HTTP/1.1" 200 75375 "-" "Mozilla/5.0 (Windows NT 10.0; Win64; x64) AppleWebKit/537.36 (KHTML, like Gecko) Chrome/120.0.0.0 Safari/537.36"
216.244.66.196 - - [19/Mar/2026:04:32:40 -0400] "GET /robots.txt HTTP/1.1" 200 175 "-" "Mozilla/5.0 (compatible; DotBot/1.2; +https://opensiteexplorer.org/dotbot; help@moz.com)"
216.244.66.196 - - [19/Mar/2026:04:36:44 -0400] "GET /category/finance/page/107/ HTTP/1.1" 200 269435 "-" "Mozilla/5.0 (compatible; DotBot/1.2; +https://opensiteexplorer.org/dotbot; help@moz.com)"
125.75.66.97 - - [19/Mar/2026:05:02:35 -0400] "GET / HTTP/1.1" 301 274 "-" "Mozilla/5.0 (iPhone; CPU iPhone OS 13_2_3 like Mac OS X) AppleWebKit/605.1.15 (KHTML, like Gecko) Version/13.0.3 Mobile/15E148 Safari/604.1"
216.244.66.196 - - [19/Mar/2026:05:03:29 -0400] "GET /the-web-propers-fairy-tale-gender-politics/ HTTP/1.1" 200 325368 "-" "Mozilla/5.0 (compatible; DotBot/1.2; +https://opensiteexplorer.org/dotbot; help@moz.com)"
85.208.98.23 - - [19/Mar/2026:05:05:40 -0400] "GET /robots.txt HTTP/1.1" 200 128 "-" "Mozilla/5.0 (compatible; SemrushBot-BA; +http://www.semrush.com/bot.html)"
216.244.66.196 - - [19/Mar/2026:05:05:55 -0400] "GET /category/netflix/page/134/ HTTP/1.1" 200 283047 "-" "Mozilla/5.0 (compatible; DotBot/1.2; +https://opensiteexplorer.org/dotbot; help@moz.com)"
216.244.66.196 - - [19/Mar/2026:05:06:16 -0400] "GET /luigi-mangione-pouts-as-hes-escorted-out-of-court-docket-after-fiery-meltdown-over-ceo-capturing-stay-updates/ HTTP/1.1" 200 446687 "-" "Mozilla/5.0 (compatible; DotBot/1.2; +https://opensiteexplorer.org/dotbot; help@moz.com)"
180.153.236.4 - - [19/Mar/2026:05:15:29 -0400] "GET / HTTP/1.1" 301 274 "http://planetnewspro.com/" "User-Agent:Mozilla/5.0 (Windows NT 10.0; Win64; x64) AppleWebKit/537.36 (KHTML, like Gecko) Chrome/140.0.0.0 Safari/537.36 Edg/140.0.0.0; 360Spider"
43.130.15.147 - - [19/Mar/2026:05:30:35 -0400] "GET / HTTP/1.1" 301 274 "-" "Mozilla/5.0 (iPhone; CPU iPhone OS 13_2_3 like Mac OS X) AppleWebKit/605.1.15 (KHTML, like Gecko) Version/13.0.3 Mobile/15E148 Safari/604.1"
49.51.195.195 - - [19/Mar/2026:05:49:47 -0400] "GET / HTTP/1.1" 301 278 "-" "Mozilla/5.0 (iPhone; CPU iPhone OS 13_2_3 like Mac OS X) AppleWebKit/605.1.15 (KHTML, like Gecko) Version/13.0.3 Mobile/15E148 Safari/604.1"
85.208.98.23 - - [19/Mar/2026:06:04:47 -0400] "GET /robots.txt HTTP/1.1" 200 128 "-" "Mozilla/5.0 (compatible; SemrushBot-BA; +http://www.semrush.com/bot.html)"
85.208.98.23 - - [19/Mar/2026:06:07:59 -0400] "GET /robots.txt HTTP/1.1" 200 128 "-" "Mozilla/5.0 (compatible; SemrushBot-BA; +http://www.semrush.com/bot.html)"
85.208.98.23 - - [19/Mar/2026:06:24:28 -0400] "GET /robots.txt HTTP/1.1" 200 128 "-" "Mozilla/5.0 (compatible; SemrushBot-BA; +http://www.semrush.com/bot.html)"
50.6.201.88 - - [19/Mar/2026:06:34:37 -0400] "POST /wp-cron.php?doing_wp_cron=1773916477.6310000419616699218750 HTTP/1.1" 301 333 "-" "WordPress/6.9.4; https://planetnewspro.com"
85.208.98.23 - - [19/Mar/2026:06:34:37 -0400] "GET /robots.txt HTTP/1.1" 200 128 "-" "Mozilla/5.0 (compatible; SemrushBot-BA; +http://www.semrush.com/bot.html)"
31.133.32.102 - - [19/Mar/2026:06:35:29 -0400] "GET /protocols-and-energy-oreilly/ HTTP/1.0" 200 347706 "http://planetnewspro.com/protocols-and-energy-oreilly/" "Mozilla/5.0 (Windows NT 10.0; Win64; x64) AppleWebKit/537.36 (KHTML, like Gecko) Chrome/130.0.0.0 Safari/537.36 CCleaner/130.0.0.0"
85.208.98.23 - - [19/Mar/2026:06:41:00 -0400] "GET /robots.txt HTTP/1.1" 200 128 "-" "Mozilla/5.0 (compatible; SemrushBot-BA; +http://www.semrush.com/bot.html)"
85.208.98.23 - - [19/Mar/2026:06:43:04 -0400] "GET /robots.txt HTTP/1.1" 200 128 "-" "Mozilla/5.0 (compatible; SemrushBot-BA; +http://www.semrush.com/bot.html)"
216.244.66.196 - - [19/Mar/2026:06:43:13 -0400] "GET /robots.txt HTTP/1.1" 200 175 "-" "Mozilla/5.0 (compatible; DotBot/1.2; +https://opensiteexplorer.org/dotbot; help@moz.com)"
85.208.98.23 - - [19/Mar/2026:06:48:23 -0400] "GET /robots.txt HTTP/1.1" 200 128 "-" "Mozilla/5.0 (compatible; SemrushBot-BA; +http://www.semrush.com/bot.html)"
220.181.108.92 - - [19/Mar/2026:06:48:38 -0400] "GET /5-causes-deadpool-wolverine-can-be-part-of-the-1-billion-membership/ HTTP/1.1" 200 53862 "-" "Mozilla/5.0 (Linux;u;Android 4.2.2;zh-cn;) AppleWebKit/534.46 (KHTML,like Gecko) Version/5.1 Mobile Safari/10600.6.3 (compatible; Baiduspider/2.0; +http://www.baidu.com/search/spider.html)"
116.179.37.157 - - [19/Mar/2026:06:48:46 -0400] "GET /wp-content/plugins/td-composer/legacy/Newspaper/js/tagdiv_theme.min.js?ver=12.6.6 HTTP/1.1" 301 355 "http://planetnewspro.com/5-causes-deadpool-wolverine-can-be-part-of-the-1-billion-membership/" "Mozilla/5.0 (iPhone; CPU iPhone OS 9_1 like Mac OS X) AppleWebKit/601.1.46 (KHTML, like Gecko) Version/9.0 Mobile/13B143 Safari/601.1 (compatible; Baiduspider-render/2.0; +http://www.baidu.com/search/spider.html)"
85.208.98.23 - - [19/Mar/2026:06:56:56 -0400] "GET /robots.txt HTTP/1.1" 200 128 "-" "Mozilla/5.0 (compatible; SemrushBot-BA; +http://www.semrush.com/bot.html)"
89.248.172.183 - - [19/Mar/2026:07:00:27 -0400] "POST /wp-json/tdw/save_css HTTP/1.1" 403 715 "-" "Mozilla/5.0 (Windows NT 10.0) AppleWebKit/537.36 (KHTML, like Gecko) Chrome/104.0.0.0 Safari/537.36"
89.248.172.183 - - [19/Mar/2026:07:00:28 -0400] "POST /wp-json/tdw/save_css HTTP/1.1" 403 715 "-" "Mozilla/5.0 (Windows NT 10.0) AppleWebKit/537.36 (KHTML, like Gecko) Chrome/104.0.0.0 Safari/537.36"
89.248.172.183 - - [19/Mar/2026:07:00:29 -0400] "POST /wp-json/tdw/save_css HTTP/1.1" 403 715 "-" "Mozilla/5.0 (Windows NT 10.0) AppleWebKit/537.36 (KHTML, like Gecko) Chrome/104.0.0.0 Safari/537.36"
89.248.172.183 - - [19/Mar/2026:07:00:31 -0400] "POST /wp-json/tdw/save_css HTTP/1.1" 403 715 "-" "Mozilla/5.0 (Windows NT 10.0) AppleWebKit/537.36 (KHTML, like Gecko) Chrome/104.0.0.0 Safari/537.36"
216.244.66.196 - - [19/Mar/2026:07:03:12 -0400] "GET /meet-emily-christopherson-the-maker-behind-emris-ceramics/ HTTP/1.1" 200 349142 "-" "Mozilla/5.0 (compatible; DotBot/1.2; +https://opensiteexplorer.org/dotbot; help@moz.com)"
216.244.66.196 - - [19/Mar/2026:07:03:19 -0400] "GET /meghan-markles-court-docket-drama-might-put-royal-reconciliation-at-threat-this-is-how/feed/ HTTP/1.1" 200 962 "-" "Mozilla/5.0 (compatible; DotBot/1.2; +https://opensiteexplorer.org/dotbot; help@moz.com)"
216.244.66.196 - - [19/Mar/2026:07:04:26 -0400] "GET /bertrand-piccards-hydrogen-gas-cell-plane/ HTTP/1.1" 200 334682 "-" "Mozilla/5.0 (compatible; DotBot/1.2; +https://opensiteexplorer.org/dotbot; help@moz.com)"
85.208.98.23 - - [19/Mar/2026:07:09:35 -0400] "GET /robots.txt HTTP/1.1" 200 128 "-" "Mozilla/5.0 (compatible; SemrushBot-BA; +http://www.semrush.com/bot.html)"
50.6.201.88 - - [19/Mar/2026:07:26:36 -0400] "POST /wp-cron.php?doing_wp_cron=1773919596.2621979713439941406250 HTTP/1.1" 301 333 "-" "WordPress/6.9.4; https://planetnewspro.com"
216.244.66.196 - - [19/Mar/2026:07:26:36 -0400] "GET /robots.txt HTTP/1.1" 200 175 "-" "Mozilla/5.0 (compatible; DotBot/1.2; +https://opensiteexplorer.org/dotbot; help@moz.com)"
85.208.98.23 - - [19/Mar/2026:07:31:18 -0400] "GET /robots.txt HTTP/1.1" 200 128 "-" "Mozilla/5.0 (compatible; SemrushBot-BA; +http://www.semrush.com/bot.html)"
66.249.69.166 - - [19/Mar/2026:07:45:44 -0400] "GET /ads.txt HTTP/1.1" 200 78 "-" "Google-adstxt"
216.244.66.196 - - [19/Mar/2026:07:47:29 -0400] "GET /category/technology/page/229/ HTTP/1.1" 200 281409 "-" "Mozilla/5.0 (compatible; DotBot/1.2; +https://opensiteexplorer.org/dotbot; help@moz.com)"
50.6.201.88 - - [19/Mar/2026:07:51:10 -0400] "POST /wp-cron.php?doing_wp_cron=1773921070.8503870964050292968750 HTTP/1.1" 301 333 "-" "WordPress/6.9.4; https://planetnewspro.com"
216.244.66.196 - - [19/Mar/2026:07:51:09 -0400] "GET /china-says-us-ought-to-have-mentioned-massive-thanks-over-fentanyl-crackdown/ HTTP/1.1" 200 320259 "-" "Mozilla/5.0 (compatible; DotBot/1.2; +https://opensiteexplorer.org/dotbot; help@moz.com)"
85.208.98.23 - - [19/Mar/2026:08:01:56 -0400] "GET /robots.txt HTTP/1.1" 200 128 "-" "Mozilla/5.0 (compatible; SemrushBot-BA; +http://www.semrush.com/bot.html)"
185.17.153.178 - - [19/Mar/2026:08:07:08 -0400] "GET //wp-json/wp/v2/posts HTTP/1.0" 200 75375 "-" "Mozilla/5.0 (Windows NT 10.0; Win64; x64) AppleWebKit/537.36 (KHTML, like Gecko) Chrome/120.0.0.0 Safari/537.36"