HEX
Server: Apache
System: Linux server.forfound.com 5.14.0-611.54.6.el9_7.x86_64 #1 SMP PREEMPT_DYNAMIC Fri May 15 04:23:18 EDT 2026 x86_64
User: planetnewspro23 (1019)
PHP: 8.5.7
Disabled: NONE
Upload Files
File: //home/planetnewspro23/logs/planetnewspro.com.bkup
50.6.201.88 - - [18/Mar/2026:08:07:59 -0400] "POST /wp-cron.php?doing_wp_cron=1773835679.8641641139984130859375 HTTP/1.1" 301 333 "-" "WordPress/6.9.4; https://planetnewspro.com"
85.208.98.23 - - [18/Mar/2026:08:07:59 -0400] "GET /robots.txt HTTP/1.1" 200 128 "-" "Mozilla/5.0 (compatible; SemrushBot-BA; +http://www.semrush.com/bot.html)"
50.6.201.88 - - [18/Mar/2026:08:11:50 -0400] "POST /wp-cron.php?doing_wp_cron=1773835910.4931890964508056640625 HTTP/1.1" 301 333 "-" "WordPress/6.9.4; https://planetnewspro.com"
85.208.98.23 - - [18/Mar/2026:08:11:50 -0400] "GET /robots.txt HTTP/1.1" 200 128 "-" "Mozilla/5.0 (compatible; SemrushBot-BA; +http://www.semrush.com/bot.html)"
216.244.66.196 - - [18/Mar/2026:08:14:15 -0400] "GET /how-you-can-create-participating-digital-brochures-for-small-companies/ HTTP/1.1" 200 328021 "-" "Mozilla/5.0 (compatible; DotBot/1.2; +https://opensiteexplorer.org/dotbot; help@moz.com)"
216.244.66.196 - - [18/Mar/2026:08:15:14 -0400] "GET /one-arrested-one-sought-after-feds-cost-medical-staff-who-blocked-ice-brokers-attempting-to-arrest-unlawful-alien-who-fled-inside-california-surgical-middle-the-gateway-pundit/ HTTP/1.1" 200 324305 "-" "Mozilla/5.0 (compatible; DotBot/1.2; +https://opensiteexplorer.org/dotbot; help@moz.com)"
50.6.201.88 - - [18/Mar/2026:08:16:24 -0400] "POST /wp-cron.php?doing_wp_cron=1773836184.8807361125946044921875 HTTP/1.1" 301 333 "-" "WordPress/6.9.4; https://planetnewspro.com"
216.244.66.196 - - [18/Mar/2026:08:16:24 -0400] "GET /culinary-consultants-reveal-thanksgiving-2025-meals-tendencies/ HTTP/1.1" 200 331847 "-" "Mozilla/5.0 (compatible; DotBot/1.2; +https://opensiteexplorer.org/dotbot; help@moz.com)"
188.187.48.66 - - [18/Mar/2026:08:25:11 -0400] "GET /wp-comments-post.php HTTP/1.0" 301 294 "http://planetnewspro.com/wp-comments-post.php" "Mozilla/5.0 (Windows NT 10.0; Win64; x64) AppleWebKit/537.36 (KHTML, like Gecko) Chrome/130.0.0.0 Safari/537.36 CCleaner/130.0.0.0"
216.244.66.196 - - [18/Mar/2026:08:32:56 -0400] "GET /robots.txt HTTP/1.1" 200 175 "-" "Mozilla/5.0 (compatible; DotBot/1.2; +https://opensiteexplorer.org/dotbot; help@moz.com)"
209.25.232.227 - - [18/Mar/2026:08:42:04 -0400] "GET /ads.txt HTTP/1.1" 200 78 "-" "Centro Ads.txt Crawler/1.0"
209.25.232.229 - - [18/Mar/2026:08:42:04 -0400] "GET /ads.txt HTTP/1.1" 200 78 "-" "Centro Ads.txt Crawler/1.0"
50.6.201.88 - - [18/Mar/2026:08:45:24 -0400] "POST /wp-cron.php?doing_wp_cron=1773837924.2303619384765625000000 HTTP/1.1" 301 333 "-" "WordPress/6.9.4; https://planetnewspro.com"
3.217.168.199 - - [18/Mar/2026:08:45:24 -0400] "GET /robots.txt HTTP/1.1" 200 128 "-" "IAS Crawler (ias_crawler; http://integralads.com/site-indexing-policy/)"
216.244.66.196 - - [18/Mar/2026:08:57:31 -0400] "GET /the-obtain-the-agi-fantasy-and-us-china-ai-competitors/ HTTP/1.1" 200 326415 "-" "Mozilla/5.0 (compatible; DotBot/1.2; +https://opensiteexplorer.org/dotbot; help@moz.com)"
216.244.66.196 - - [18/Mar/2026:08:58:29 -0400] "GET /roasted-fennel-recipe-love-and-lemons/ HTTP/1.1" 200 331963 "-" "Mozilla/5.0 (compatible; DotBot/1.2; +https://opensiteexplorer.org/dotbot; help@moz.com)"
85.208.98.23 - - [18/Mar/2026:08:58:39 -0400] "GET /robots.txt HTTP/1.1" 200 128 "-" "Mozilla/5.0 (compatible; SemrushBot-BA; +http://www.semrush.com/bot.html)"
50.6.201.88 - - [18/Mar/2026:08:59:23 -0400] "POST /wp-cron.php?doing_wp_cron=1773838763.6985158920288085937500 HTTP/1.1" 301 333 "-" "WordPress/6.9.4; https://planetnewspro.com"
216.244.66.196 - - [18/Mar/2026:08:59:22 -0400] "GET /second-us-circuit-court-docket-of-appeals-rejects-ghislaine-maxwells-request-to-have-her-denied-attraction-in-opposition-to-intercourse-trafficking-conviction-reconsidered-the-gateway-pundi/ HTTP/1.1" 200 321972 "-" "Mozilla/5.0 (compatible; DotBot/1.2; +https://opensiteexplorer.org/dotbot; help@moz.com)"
216.244.66.196 - - [18/Mar/2026:08:59:34 -0400] "GET /teenager-handed-an-indefinite-sentence-after-shaking-his-companions-child-to-dying/feed/ HTTP/1.1" 200 953 "-" "Mozilla/5.0 (compatible; DotBot/1.2; +https://opensiteexplorer.org/dotbot; help@moz.com)"
50.6.201.88 - - [18/Mar/2026:09:01:10 -0400] "POST /wp-cron.php?doing_wp_cron=1773838870.4231350421905517578125 HTTP/1.1" 301 333 "-" "WordPress/6.9.4; https://planetnewspro.com"
216.244.66.196 - - [18/Mar/2026:09:01:09 -0400] "GET /author/admin-pnp-171/page/1383/ HTTP/1.1" 200 269098 "-" "Mozilla/5.0 (compatible; DotBot/1.2; +https://opensiteexplorer.org/dotbot; help@moz.com)"
85.208.98.23 - - [18/Mar/2026:09:16:44 -0400] "GET /robots.txt HTTP/1.1" 200 128 "-" "Mozilla/5.0 (compatible; SemrushBot-BA; +http://www.semrush.com/bot.html)"
216.244.66.196 - - [18/Mar/2026:09:26:32 -0400] "GET /robots.txt HTTP/1.1" 200 175 "-" "Mozilla/5.0 (compatible; DotBot/1.2; +https://opensiteexplorer.org/dotbot; help@moz.com)"
170.106.193.108 - - [18/Mar/2026:09:31:35 -0400] "GET / HTTP/1.1" 301 274 "-" "Mozilla/5.0 (iPhone; CPU iPhone OS 13_2_3 like Mac OS X) AppleWebKit/605.1.15 (KHTML, like Gecko) Version/13.0.3 Mobile/15E148 Safari/604.1"
103.131.71.72 - - [18/Mar/2026:09:37:23 -0400] "GET /robots.txt HTTP/1.1" 200 128 "-" "Mozilla/5.0 (compatible; coccocbot-web/1.0; +http://help.coccoc.com/searchengine)"
50.6.201.88 - - [18/Mar/2026:09:42:01 -0400] "POST /wp-cron.php?doing_wp_cron=1773841321.4928710460662841796875 HTTP/1.1" 301 333 "-" "WordPress/6.9.4; https://planetnewspro.com"
85.208.98.23 - - [18/Mar/2026:09:42:01 -0400] "GET /robots.txt HTTP/1.1" 200 128 "-" "Mozilla/5.0 (compatible; SemrushBot-BA; +http://www.semrush.com/bot.html)"
36.41.75.167 - - [18/Mar/2026:09:42:35 -0400] "GET / HTTP/1.1" 301 278 "-" "Mozilla/5.0 (iPhone; CPU iPhone OS 13_2_3 like Mac OS X) AppleWebKit/605.1.15 (KHTML, like Gecko) Version/13.0.3 Mobile/15E148 Safari/604.1"
85.208.98.23 - - [18/Mar/2026:09:45:43 -0400] "GET /robots.txt HTTP/1.1" 200 128 "-" "Mozilla/5.0 (compatible; SemrushBot-BA; +http://www.semrush.com/bot.html)"
43.167.239.66 - - [18/Mar/2026:09:52:39 -0400] "GET / HTTP/1.1" 301 278 "-" "Mozilla/5.0 (iPhone; CPU iPhone OS 13_2_3 like Mac OS X) AppleWebKit/605.1.15 (KHTML, like Gecko) Version/13.0.3 Mobile/15E148 Safari/604.1"
50.6.201.88 - - [18/Mar/2026:09:53:00 -0400] "POST /wp-cron.php?doing_wp_cron=1773841980.8635110855102539062500 HTTP/1.1" 301 333 "-" "WordPress/6.9.4; https://planetnewspro.com"
216.244.66.196 - - [18/Mar/2026:09:53:00 -0400] "GET /followers-of-angelina-jolies-new-netflix-film-maria-have-to-keep-in-this-maria-callas-inspired-resort/ HTTP/1.1" 200 325294 "-" "Mozilla/5.0 (compatible; DotBot/1.2; +https://opensiteexplorer.org/dotbot; help@moz.com)"
89.163.146.197 - - [18/Mar/2026:09:54:18 -0400] "GET /txets.php HTTP/1.1" 404 201334 "www.google.com" "Mozlila/5.0 (Linux; Android 7.0; SM-G892A Bulid/NRD90M; wv) AppleWebKit/537.36 (KHTML, like Gecko) Version/4.0 Chrome/60.0.3112.107 Moblie Safari/537.36"
216.244.66.196 - - [18/Mar/2026:09:55:29 -0400] "GET /iphone-17-air-each-new-characteristic-we-know/feed/ HTTP/1.1" 200 836 "-" "Mozilla/5.0 (compatible; DotBot/1.2; +https://opensiteexplorer.org/dotbot; help@moz.com)"
216.244.66.196 - - [18/Mar/2026:09:57:26 -0400] "GET /author/admin-pnp-171/page/1663/ HTTP/1.1" 200 269274 "-" "Mozilla/5.0 (compatible; DotBot/1.2; +https://opensiteexplorer.org/dotbot; help@moz.com)"
85.208.98.23 - - [18/Mar/2026:10:05:11 -0400] "GET /robots.txt HTTP/1.1" 200 128 "-" "Mozilla/5.0 (compatible; SemrushBot-BA; +http://www.semrush.com/bot.html)"
50.6.201.88 - - [18/Mar/2026:10:12:55 -0400] "POST /wp-cron.php?doing_wp_cron=1773843175.2068059444427490234375 HTTP/1.1" 301 333 "-" "WordPress/6.9.4; https://planetnewspro.com"
216.244.66.196 - - [18/Mar/2026:10:12:55 -0400] "GET /robots.txt HTTP/1.1" 200 175 "-" "Mozilla/5.0 (compatible; DotBot/1.2; +https://opensiteexplorer.org/dotbot; help@moz.com)"
104.131.186.189 - - [18/Mar/2026:10:20:20 -0400] "GET / HTTP/1.1" 301 274 "-" "Mozilla/5.0 (X11; Linux x86_64) AppleWebKit/537.36 (KHTML, like Gecko) Chrome/142.0.0.0 Safari/537.36"
50.6.201.88 - - [18/Mar/2026:10:20:21 -0400] "POST /wp-cron.php?doing_wp_cron=1773843621.2529680728912353515625 HTTP/1.1" 301 333 "-" "WordPress/6.9.4; https://planetnewspro.com"
104.131.186.189 - - [18/Mar/2026:10:20:21 -0400] "GET /favicon.ico HTTP/1.1" 302 - "http://planetnewspro.com/" "Mozilla/5.0 (X11; Linux x86_64) AppleWebKit/537.36 (KHTML, like Gecko) Chrome/142.0.0.0 Safari/537.36"
91.84.114.45 - - [18/Mar/2026:10:23:13 -0400] "GET /why-your-metabolism-isnt-slowing-after-30-whats-actually-going-on/ HTTP/1.0" 200 318731 "http://planetnewspro.com/why-your-metabolism-isnt-slowing-after-30-whats-actually-going-on/" "Mozilla/5.0 (Windows NT 10.0; Win64; x64) AppleWebKit/537.36 (KHTML, like Gecko) Chrome/130.0.0.0 Safari/537.36 CCleaner/130.0.0.0"
50.6.201.88 - - [18/Mar/2026:10:24:21 -0400] "POST /wp-cron.php?doing_wp_cron=1773843861.8310539722442626953125 HTTP/1.1" 301 333 "-" "WordPress/6.9.4; https://planetnewspro.com"
91.84.114.150 - - [18/Mar/2026:10:24:21 -0400] "GET /why-your-metabolism-isnt-slowing-after-30-whats-actually-going-on/ HTTP/1.0" 200 318731 "http://planetnewspro.com/why-your-metabolism-isnt-slowing-after-30-whats-actually-going-on/" "Mozilla/5.0 (Windows NT 10.0; Win64; x64) AppleWebKit/537.36 (KHTML, like Gecko) Chrome/129.0.0.0 Safari/537.36"
50.6.201.88 - - [18/Mar/2026:10:34:21 -0400] "POST /wp-cron.php?doing_wp_cron=1773844461.1288390159606933593750 HTTP/1.1" 301 333 "-" "WordPress/6.9.4; https://planetnewspro.com"
85.208.98.23 - - [18/Mar/2026:10:34:20 -0400] "GET /robots.txt HTTP/1.1" 200 128 "-" "Mozilla/5.0 (compatible; SemrushBot-BA; +http://www.semrush.com/bot.html)"
34.158.190.128 - - [18/Mar/2026:10:34:28 -0400] "GET / HTTP/1.1" 301 274 "-" "Mozilla/5.0 (Windows NT 10.0; Win64; x64) AppleWebKit/537.36 (KHTML, like Gecko) Chrome/93.0.4577.63 Safari/537.36"
150.241.76.35 - - [18/Mar/2026:10:38:02 -0400] "GET /wp-json/wp/v2/posts HTTP/1.1" 200 75375 "-" "Mozilla/5.0 (Windows NT 10.0; Win64; x64) AppleWebKit/537.36 (KHTML, like Gecko) Chrome/120.0.0.0 Safari/537.36"
50.6.201.88 - - [18/Mar/2026:10:41:24 -0400] "POST /wp-cron.php?doing_wp_cron=1773844884.2165160179138183593750 HTTP/1.1" 301 333 "-" "WordPress/6.9.4; https://planetnewspro.com"
216.244.66.196 - - [18/Mar/2026:10:41:22 -0400] "GET /5-massive-surprises-within-the-nfl-govt-prime-10-wr-listing/feed/ HTTP/1.1" 200 877 "-" "Mozilla/5.0 (compatible; DotBot/1.2; +https://opensiteexplorer.org/dotbot; help@moz.com)"
216.244.66.196 - - [18/Mar/2026:10:41:29 -0400] "GET /can-an-ai-doppelganger-assist-me-do-my-job/feed/ HTTP/1.1" 200 828 "-" "Mozilla/5.0 (compatible; DotBot/1.2; +https://opensiteexplorer.org/dotbot; help@moz.com)"
216.244.66.196 - - [18/Mar/2026:10:42:00 -0400] "GET /category/food/page/220/ HTTP/1.1" 200 280082 "-" "Mozilla/5.0 (compatible; DotBot/1.2; +https://opensiteexplorer.org/dotbot; help@moz.com)"
216.244.66.196 - - [18/Mar/2026:10:42:22 -0400] "GET /thailand-and-cambodia-clashes-escalating-and-will-turn-into-all-out-warfare-pm-warns/feed/ HTTP/1.1" 200 953 "-" "Mozilla/5.0 (compatible; DotBot/1.2; +https://opensiteexplorer.org/dotbot; help@moz.com)"
50.6.201.88 - - [18/Mar/2026:10:56:23 -0400] "POST /wp-cron.php?doing_wp_cron=1773845783.7384829521179199218750 HTTP/1.1" 301 333 "-" "WordPress/6.9.4; https://planetnewspro.com"
216.244.66.196 - - [18/Mar/2026:10:56:23 -0400] "GET /robots.txt HTTP/1.1" 200 175 "-" "Mozilla/5.0 (compatible; DotBot/1.2; +https://opensiteexplorer.org/dotbot; help@moz.com)"
91.84.114.45 - - [18/Mar/2026:11:03:52 -0400] "GET /why-your-metabolism-isnt-slowing-after-30-whats-actually-going-on/ HTTP/1.0" 200 318771 "http://planetnewspro.com/why-your-metabolism-isnt-slowing-after-30-whats-actually-going-on/" "Mozilla/5.0 (Windows NT 10.0; Win64; x64) AppleWebKit/537.36 (KHTML, like Gecko) Chrome/130.0.0.0 Safari/537.36 CCleaner/130.0.0.0"
50.6.201.88 - - [18/Mar/2026:11:07:51 -0400] "POST /wp-cron.php?doing_wp_cron=1773846471.7353930473327636718750 HTTP/1.1" 301 333 "-" "WordPress/6.9.4; https://planetnewspro.com"
162.211.125.6 - - [18/Mar/2026:11:07:51 -0400] "GET /category/travel/page/4 HTTP/1.1" 301 - "-" "ias-va/3.3 (former https://www.admantx.com + https://integralads.com/about-ias/)"
162.211.125.6 - - [18/Mar/2026:11:07:51 -0400] "GET /category/travel/page/4/ HTTP/1.1" 200 44687 "-" "ias-va/3.3 (former https://www.admantx.com + https://integralads.com/about-ias/)"
91.84.114.150 - - [18/Mar/2026:11:09:38 -0400] "GET /why-your-metabolism-isnt-slowing-after-30-whats-actually-going-on/ HTTP/1.0" 200 318771 "http://planetnewspro.com/why-your-metabolism-isnt-slowing-after-30-whats-actually-going-on/" "Mozilla/5.0 (Windows NT 10.0; Win64; x64) AppleWebKit/537.36 (KHTML, like Gecko) Chrome/131.0.0.0 Safari/537.36 Avast/131.0.0.0"
216.244.66.196 - - [18/Mar/2026:11:25:22 -0400] "GET /crazed-purple-haired-rep-rosa-delauro-melts-down-over-president-elon-musk-blames-him-for-looming-authorities-shutdown-elon-claps-again-video-the-gateway-pundit/ HTTP/1.1" 200 321887 "-" "Mozilla/5.0 (compatible; DotBot/1.2; +https://opensiteexplorer.org/dotbot; help@moz.com)"
216.244.66.196 - - [18/Mar/2026:11:25:30 -0400] "GET /why-yoga-isnt-sufficient-to-enhance-bone-density/feed/ HTTP/1.1" 200 847 "-" "Mozilla/5.0 (compatible; DotBot/1.2; +https://opensiteexplorer.org/dotbot; help@moz.com)"
54.208.193.209 - - [18/Mar/2026:11:25:41 -0400] "GET / HTTP/1.1" 301 274 "-" "Mozilla/5.0 (Windows NT 6.1; WOW64) AppleWebKit/537.36 (KHTML, like Gecko) Chrome/32.0.1700.76 Safari/537.36 OPR/19.0.1326.56"
216.244.66.196 - - [18/Mar/2026:11:26:10 -0400] "GET /category/fitness/page/28/ HTTP/1.1" 200 281270 "-" "Mozilla/5.0 (compatible; DotBot/1.2; +https://opensiteexplorer.org/dotbot; help@moz.com)"
216.244.66.196 - - [18/Mar/2026:11:26:16 -0400] "GET /chinese-language-networks-use-u-s-to-launder-billions-for-mexican-cartels/feed/ HTTP/1.1" 200 920 "-" "Mozilla/5.0 (compatible; DotBot/1.2; +https://opensiteexplorer.org/dotbot; help@moz.com)"
216.244.66.196 - - [18/Mar/2026:11:26:45 -0400] "GET /author/admin-pnp-171/page/1691/ HTTP/1.1" 200 269660 "-" "Mozilla/5.0 (compatible; DotBot/1.2; +https://opensiteexplorer.org/dotbot; help@moz.com)"
216.244.66.196 - - [18/Mar/2026:11:39:57 -0400] "GET /robots.txt HTTP/1.1" 200 175 "-" "Mozilla/5.0 (compatible; DotBot/1.2; +https://opensiteexplorer.org/dotbot; help@moz.com)"
66.249.69.165 - - [18/Mar/2026:11:45:43 -0400] "GET /ads.txt HTTP/1.1" 200 78 "-" "Google-adstxt"
66.249.69.167 - - [18/Mar/2026:11:45:43 -0400] "GET /robots.txt HTTP/1.1" 200 128 "-" "Mozilla/5.0 (compatible; Googlebot/2.1; +http://www.google.com/bot.html)"
50.6.201.88 - - [18/Mar/2026:11:56:24 -0400] "POST /wp-cron.php?doing_wp_cron=1773849384.5720539093017578125000 HTTP/1.1" 301 333 "-" "WordPress/6.9.4; https://planetnewspro.com"
66.90.98.146 - - [18/Mar/2026:11:56:24 -0400] "GET /wp-json/wp/v2/posts HTTP/1.1" 200 75375 "-" "Mozilla/5.0 (Windows NT 10.0; Win64; x64) AppleWebKit/537.36 (KHTML, like Gecko) Chrome/120.0.0.0 Safari/537.36"
112.211.141.27 - - [18/Mar/2026:12:06:09 -0400] "GET /wp-json/wp/v2/posts HTTP/1.1" 200 75375 "-" "Mozilla/5.0 (Windows NT 10.0; Win64; x64) AppleWebKit/537.36 (KHTML, like Gecko) Chrome/120.0.0.0 Safari/537.36"
50.6.201.88 - - [18/Mar/2026:12:07:07 -0400] "POST /wp-cron.php?doing_wp_cron=1773850027.6191639900207519531250 HTTP/1.1" 301 333 "-" "WordPress/6.9.4; https://planetnewspro.com"
216.244.66.196 - - [18/Mar/2026:12:07:07 -0400] "GET /is-monk-fruit-sweetener-wholesome/ HTTP/1.1" 200 320048 "-" "Mozilla/5.0 (compatible; DotBot/1.2; +https://opensiteexplorer.org/dotbot; help@moz.com)"
216.244.66.196 - - [18/Mar/2026:12:07:15 -0400] "GET /neiman-marcus-rooster-casserole-recipe/feed/ HTTP/1.1" 200 814 "-" "Mozilla/5.0 (compatible; DotBot/1.2; +https://opensiteexplorer.org/dotbot; help@moz.com)"
216.244.66.196 - - [18/Mar/2026:12:07:20 -0400] "GET /what-day-does-gradual-horses-come-out/ HTTP/1.1" 200 327384 "-" "Mozilla/5.0 (compatible; DotBot/1.2; +https://opensiteexplorer.org/dotbot; help@moz.com)"
85.208.98.23 - - [18/Mar/2026:12:12:45 -0400] "GET /robots.txt HTTP/1.1" 200 128 "-" "Mozilla/5.0 (compatible; SemrushBot-BA; +http://www.semrush.com/bot.html)"
85.208.98.23 - - [18/Mar/2026:12:14:21 -0400] "GET /robots.txt HTTP/1.1" 200 128 "-" "Mozilla/5.0 (compatible; SemrushBot-BA; +http://www.semrush.com/bot.html)"
50.6.201.88 - - [18/Mar/2026:12:17:25 -0400] "POST /wp-cron.php?doing_wp_cron=1773850645.7165958881378173828125 HTTP/1.1" 301 333 "-" "WordPress/6.9.4; https://planetnewspro.com"
85.208.98.23 - - [18/Mar/2026:12:17:25 -0400] "GET /robots.txt HTTP/1.1" 200 128 "-" "Mozilla/5.0 (compatible; SemrushBot-BA; +http://www.semrush.com/bot.html)"
50.6.201.88 - - [18/Mar/2026:12:30:03 -0400] "POST /wp-cron.php?doing_wp_cron=1773851403.4765379428863525390625 HTTP/1.1" 301 333 "-" "WordPress/6.9.4; https://planetnewspro.com"
5.35.37.26 - - [18/Mar/2026:12:30:03 -0400] "GET /why-your-metabolism-isnt-slowing-after-30-whats-actually-going-on/ HTTP/1.0" 200 318771 "http://planetnewspro.com/why-your-metabolism-isnt-slowing-after-30-whats-actually-going-on/" "Mozilla/5.0 (Windows NT 10.0; Win64; x64) AppleWebKit/537.36 (KHTML, like Gecko) Chrome/131.0.0.0 Safari/537.36"
216.244.66.196 - - [18/Mar/2026:12:31:55 -0400] "GET /is-monk-fruit-sweetener-wholesome/ HTTP/1.1" 200 320048 "-" "Mozilla/5.0 (compatible; DotBot/1.2; +https://opensiteexplorer.org/dotbot; help@moz.com)"
216.244.66.196 - - [18/Mar/2026:12:32:01 -0400] "GET /neiman-marcus-rooster-casserole-recipe/feed/ HTTP/1.1" 200 814 "-" "Mozilla/5.0 (compatible; DotBot/1.2; +https://opensiteexplorer.org/dotbot; help@moz.com)"
216.244.66.196 - - [18/Mar/2026:12:32:05 -0400] "GET /what-day-does-gradual-horses-come-out/ HTTP/1.1" 200 327384 "-" "Mozilla/5.0 (compatible; DotBot/1.2; +https://opensiteexplorer.org/dotbot; help@moz.com)"
85.208.98.23 - - [18/Mar/2026:12:41:00 -0400] "GET /robots.txt HTTP/1.1" 200 128 "-" "Mozilla/5.0 (compatible; SemrushBot-BA; +http://www.semrush.com/bot.html)"
82.147.85.86 - - [18/Mar/2026:12:41:24 -0400] "GET /protocols-and-energy-oreilly/ HTTP/1.0" 200 347800 "http://planetnewspro.com/protocols-and-energy-oreilly/" "Mozilla/5.0 (Windows NT 10.0; Win64; x64) AppleWebKit/537.36 (KHTML, like Gecko) Chrome/129.0.0.0 Safari/537.36"
216.244.66.196 - - [18/Mar/2026:12:49:40 -0400] "GET /robots.txt HTTP/1.1" 200 175 "-" "Mozilla/5.0 (compatible; DotBot/1.2; +https://opensiteexplorer.org/dotbot; help@moz.com)"
216.244.66.196 - - [18/Mar/2026:12:54:12 -0400] "GET /choose-rejects-authorities-bid-to-unseal-materials-associated-to-jeffrey-epstein/feed/ HTTP/1.1" 200 940 "-" "Mozilla/5.0 (compatible; DotBot/1.2; +https://opensiteexplorer.org/dotbot; help@moz.com)"
213.111.157.176 - - [18/Mar/2026:12:58:32 -0400] "GET / HTTP/1.1" 301 274 "-" "Mozilla/5.0 (Windows NT 10.0; Win64; x64; rv:123.0) Gecko/20100101 Firefox/123"
31.220.103.141 - - [18/Mar/2026:13:09:36 -0400] "GET / HTTP/1.1" 301 274 "-" "Mozilla/5.0 (Linux; Android 7.0; Moto G (4)) AppleWebKit/537.36 (KHTML, like Gecko) Chrome/94.0.4590.2 Mobile Safari/537.36 Chrome-Lighthouse"
85.208.98.23 - - [18/Mar/2026:13:13:08 -0400] "GET /robots.txt HTTP/1.1" 200 128 "-" "Mozilla/5.0 (compatible; SemrushBot-BA; +http://www.semrush.com/bot.html)"
50.6.201.88 - - [18/Mar/2026:13:13:18 -0400] "POST /wp-cron.php?doing_wp_cron=1773853998.0685529708862304687500 HTTP/1.1" 301 333 "-" "WordPress/6.9.4; https://planetnewspro.com"
85.208.98.23 - - [18/Mar/2026:13:13:17 -0400] "GET /robots.txt HTTP/1.1" 200 128 "-" "Mozilla/5.0 (compatible; SemrushBot-BA; +http://www.semrush.com/bot.html)"
50.6.201.88 - - [18/Mar/2026:13:16:22 -0400] "POST /wp-cron.php?doing_wp_cron=1773854182.3484029769897460937500 HTTP/1.1" 301 333 "-" "WordPress/6.9.4; https://planetnewspro.com"
216.244.66.196 - - [18/Mar/2026:13:16:21 -0400] "GET /democrat-los-angeles-metropolis-councilman-charged-with-corruption-for-embezzling-800000-the-gateway-pundit/ HTTP/1.1" 200 318822 "-" "Mozilla/5.0 (compatible; DotBot/1.2; +https://opensiteexplorer.org/dotbot; help@moz.com)"
216.244.66.196 - - [18/Mar/2026:13:16:27 -0400] "GET /uttarkashi-villagers-spared-as-pageant-attracts-them-away-from-lethal-himalayan-flash-flood/feed/ HTTP/1.1" 200 973 "-" "Mozilla/5.0 (compatible; DotBot/1.2; +https://opensiteexplorer.org/dotbot; help@moz.com)"
216.244.66.196 - - [18/Mar/2026:13:16:54 -0400] "GET /author/admin-pnp-171/page/920/ HTTP/1.1" 200 268791 "-" "Mozilla/5.0 (compatible; DotBot/1.2; +https://opensiteexplorer.org/dotbot; help@moz.com)"
216.244.66.196 - - [18/Mar/2026:13:17:00 -0400] "GET /road-artist-ernest-zacharevic-calls-out-airasia-over-after-his-work-finally-ends-up-on-plane-with-out-permission-we-have-to-speak/ HTTP/1.1" 200 322602 "-" "Mozilla/5.0 (compatible; DotBot/1.2; +https://opensiteexplorer.org/dotbot; help@moz.com)"
50.6.201.88 - - [18/Mar/2026:13:25:28 -0400] "POST /wp-cron.php?doing_wp_cron=1773854728.1359589099884033203125 HTTP/1.1" 301 333 "-" "WordPress/6.9.4; https://planetnewspro.com"
5.35.37.26 - - [18/Mar/2026:13:25:27 -0400] "GET /why-your-metabolism-isnt-slowing-after-30-whats-actually-going-on/ HTTP/1.0" 200 318771 "http://planetnewspro.com/why-your-metabolism-isnt-slowing-after-30-whats-actually-going-on/" "Mozilla/5.0 (Windows NT 10.0; Win64; x64) AppleWebKit/537.36 (KHTML, like Gecko) Chrome/131.0.0.0 Safari/537.36"
85.208.98.23 - - [18/Mar/2026:13:31:56 -0400] "GET /robots.txt HTTP/1.1" 200 128 "-" "Mozilla/5.0 (compatible; SemrushBot-BA; +http://www.semrush.com/bot.html)"
216.244.66.196 - - [18/Mar/2026:13:34:14 -0400] "GET /robots.txt HTTP/1.1" 200 175 "-" "Mozilla/5.0 (compatible; DotBot/1.2; +https://opensiteexplorer.org/dotbot; help@moz.com)"
50.6.201.88 - - [18/Mar/2026:13:40:13 -0400] "POST /wp-cron.php?doing_wp_cron=1773855613.5728480815887451171875 HTTP/1.1" 301 333 "-" "WordPress/6.9.4; https://planetnewspro.com"
216.244.66.196 - - [18/Mar/2026:13:40:13 -0400] "GET /natca-sabotages-secretary-duffys-plan-to-restore-air-internet-web-web-web-web-web-web-web-web-web-web-web-web-web-web-web-web-web-web-web-web-web-web-web-web-web-web-web-web-web-web-web-web-w/ HTTP/1.1" 500 132413 "-" "Mozilla/5.0 (compatible; DotBot/1.2; +https://opensiteexplorer.org/dotbot; help@moz.com)"
34.135.206.20 - - [18/Mar/2026:13:42:06 -0400] "GET / HTTP/1.1" 301 279 "-" "Mozilla/5.0 (Windows NT 6.1) AppleWebKit/537.36 (KHTML, like Gecko) Chrome/41.0.2228.0 Safari/537.36"
85.208.98.23 - - [18/Mar/2026:14:00:34 -0400] "GET /robots.txt HTTP/1.1" 200 128 "-" "Mozilla/5.0 (compatible; SemrushBot-BA; +http://www.semrush.com/bot.html)"
216.244.66.196 - - [18/Mar/2026:14:01:22 -0400] "GET /category/fitness/page/131/ HTTP/1.1" 200 280661 "-" "Mozilla/5.0 (compatible; DotBot/1.2; +https://opensiteexplorer.org/dotbot; help@moz.com)"
50.6.201.88 - - [18/Mar/2026:14:01:59 -0400] "POST /wp-cron.php?doing_wp_cron=1773856919.4921579360961914062500 HTTP/1.1" 301 333 "-" "WordPress/6.9.4; https://planetnewspro.com"
216.244.66.196 - - [18/Mar/2026:14:01:59 -0400] "GET /shares-shut-sharply-greater-as-market-rebounds-from-promote-off-nvidia-amd-lead-chip-sector-rally/feed/ HTTP/1.1" 200 993 "-" "Mozilla/5.0 (compatible; DotBot/1.2; +https://opensiteexplorer.org/dotbot; help@moz.com)"
85.208.98.23 - - [18/Mar/2026:14:21:52 -0400] "GET /robots.txt HTTP/1.1" 200 128 "-" "Mozilla/5.0 (compatible; SemrushBot-BA; +http://www.semrush.com/bot.html)"
43.153.71.12 - - [18/Mar/2026:14:22:23 -0400] "GET / HTTP/1.1" 301 274 "-" "Mozilla/5.0 (iPhone; CPU iPhone OS 13_2_3 like Mac OS X) AppleWebKit/605.1.15 (KHTML, like Gecko) Version/13.0.3 Mobile/15E148 Safari/604.1"
43.166.128.86 - - [18/Mar/2026:14:51:54 -0400] "GET / HTTP/1.1" 301 278 "-" "Mozilla/5.0 (iPhone; CPU iPhone OS 13_2_3 like Mac OS X) AppleWebKit/605.1.15 (KHTML, like Gecko) Version/13.0.3 Mobile/15E148 Safari/604.1"
85.208.98.23 - - [18/Mar/2026:14:53:34 -0400] "GET /robots.txt HTTP/1.1" 200 128 "-" "Mozilla/5.0 (compatible; SemrushBot-BA; +http://www.semrush.com/bot.html)"
85.208.98.23 - - [18/Mar/2026:14:55:16 -0400] "GET /robots.txt HTTP/1.1" 200 128 "-" "Mozilla/5.0 (compatible; SemrushBot-BA; +http://www.semrush.com/bot.html)"
102.129.223.92 - - [18/Mar/2026:14:56:12 -0400] "GET / HTTP/1.1" 301 274 "-" "Mozilla/5.0 (X11; Ubuntu; Linux x86_64; rv:114.0) Gecko/20100101 Firefox/114.0"
216.244.66.196 - - [18/Mar/2026:15:02:55 -0400] "GET /robots.txt HTTP/1.1" 200 175 "-" "Mozilla/5.0 (compatible; DotBot/1.2; +https://opensiteexplorer.org/dotbot; help@moz.com)"
216.244.66.196 - - [18/Mar/2026:15:08:05 -0400] "GET /visa-free-locations-for-filipino-digital-nomads/feed/ HTTP/1.1" 200 841 "-" "Mozilla/5.0 (compatible; DotBot/1.2; +https://opensiteexplorer.org/dotbot; help@moz.com)"
203.95.196.106 - - [18/Mar/2026:15:14:20 -0400] "GET //wp-json/wp/v2/posts HTTP/1.0" 200 75375 "-" "Mozilla/5.0 (Windows NT 10.0; Win64; x64) AppleWebKit/537.36 (KHTML, like Gecko) Chrome/120.0.0.0 Safari/537.36"
85.208.98.23 - - [18/Mar/2026:15:25:13 -0400] "GET /robots.txt HTTP/1.1" 200 128 "-" "Mozilla/5.0 (compatible; SemrushBot-BA; +http://www.semrush.com/bot.html)"
50.6.201.88 - - [18/Mar/2026:15:27:07 -0400] "POST /wp-cron.php?doing_wp_cron=1773862027.7642030715942382812500 HTTP/1.1" 301 333 "-" "WordPress/6.9.4; https://planetnewspro.com"
216.244.66.196 - - [18/Mar/2026:15:27:07 -0400] "GET /main-the-manner-for-a-novel-nanosheet-chip-fab-course-of/feed/ HTTP/1.1" 200 868 "-" "Mozilla/5.0 (compatible; DotBot/1.2; +https://opensiteexplorer.org/dotbot; help@moz.com)"
216.244.66.196 - - [18/Mar/2026:15:28:33 -0400] "GET /two-large-banks-simply-raised-their-sp-500-targets-right-heres-why/feed/ HTTP/1.1" 200 909 "-" "Mozilla/5.0 (compatible; DotBot/1.2; +https://opensiteexplorer.org/dotbot; help@moz.com)"
216.244.66.196 - - [18/Mar/2026:15:28:37 -0400] "GET /unique-hasbros-subsequent-star-wars-haslab-undertaking-is-an-enormous-detailed-laat-i-ship-from-the-clone-wars-this-is-your-first-look/ HTTP/1.1" 200 362450 "-" "Mozilla/5.0 (compatible; DotBot/1.2; +https://opensiteexplorer.org/dotbot; help@moz.com)"
66.249.69.167 - - [18/Mar/2026:15:45:43 -0400] "GET /ads.txt HTTP/1.1" 200 78 "-" "Google-adstxt"
216.244.66.196 - - [18/Mar/2026:15:46:14 -0400] "GET /robots.txt HTTP/1.1" 200 175 "-" "Mozilla/5.0 (compatible; DotBot/1.2; +https://opensiteexplorer.org/dotbot; help@moz.com)"
89.248.172.183 - - [18/Mar/2026:15:51:09 -0400] "POST /wp-json/tdw/save_css HTTP/1.1" 403 715 "-" "Mozilla/5.0 (Windows NT 10.0) AppleWebKit/537.36 (KHTML, like Gecko) Chrome/104.0.0.0 Safari/537.36"
89.248.172.183 - - [18/Mar/2026:15:51:12 -0400] "POST /wp-json/tdw/save_css HTTP/1.1" 403 715 "-" "Mozilla/5.0 (Windows NT 10.0) AppleWebKit/537.36 (KHTML, like Gecko) Chrome/104.0.0.0 Safari/537.36"
89.248.172.183 - - [18/Mar/2026:15:51:13 -0400] "POST /wp-json/tdw/save_css HTTP/1.1" 403 715 "-" "Mozilla/5.0 (Windows NT 10.0) AppleWebKit/537.36 (KHTML, like Gecko) Chrome/104.0.0.0 Safari/537.36"
89.248.172.183 - - [18/Mar/2026:15:51:18 -0400] "POST /wp-json/tdw/save_css HTTP/1.1" 403 715 "-" "Mozilla/5.0 (Windows NT 10.0) AppleWebKit/537.36 (KHTML, like Gecko) Chrome/104.0.0.0 Safari/537.36"
89.248.172.183 - - [18/Mar/2026:15:51:20 -0400] "POST /wp-json/tdw/save_css HTTP/1.1" 403 715 "-" "Mozilla/5.0 (Windows NT 10.0) AppleWebKit/537.36 (KHTML, like Gecko) Chrome/104.0.0.0 Safari/537.36"
34.126.166.186 - - [18/Mar/2026:15:56:40 -0400] "GET /wp-json/wp/v2/posts HTTP/1.1" 200 75375 "-" "Mozilla/5.0 (Windows NT 10.0; Win64; x64) AppleWebKit/537.36 (KHTML, like Gecko) Chrome/120.0.0.0 Safari/537.36"
85.208.98.23 - - [18/Mar/2026:15:58:15 -0400] "GET /robots.txt HTTP/1.1" 200 128 "-" "Mozilla/5.0 (compatible; SemrushBot-BA; +http://www.semrush.com/bot.html)"
119.249.100.177 - - [18/Mar/2026:16:02:40 -0400] "GET /robots.txt HTTP/1.1" 200 128 "-" "Mozilla/5.0 (Windows NT 10.0; WOW64) AppleWebKit/537.36 (KHTML, like Gecko) Chrome/48.0.2564.116 Safari/537.36"
119.249.100.238 - - [18/Mar/2026:16:02:42 -0400] "GET /robots.txt HTTP/1.1" 200 128 "-" "Mozilla/5.0 (Windows NT 10.0; WOW64) AppleWebKit/537.36 (KHTML, like Gecko) Chrome/48.0.2564.116 Safari/537.36"
50.6.201.88 - - [18/Mar/2026:16:09:37 -0400] "POST /wp-cron.php?doing_wp_cron=1773864577.0981109142303466796875 HTTP/1.1" 301 333 "-" "WordPress/6.9.4; https://planetnewspro.com"
85.208.98.23 - - [18/Mar/2026:16:09:36 -0400] "GET /robots.txt HTTP/1.1" 200 128 "-" "Mozilla/5.0 (compatible; SemrushBot-BA; +http://www.semrush.com/bot.html)"
50.6.201.88 - - [18/Mar/2026:16:10:40 -0400] "POST /wp-cron.php?doing_wp_cron=1773864640.0110878944396972656250 HTTP/1.1" 301 333 "-" "WordPress/6.9.4; https://planetnewspro.com"
216.244.66.196 - - [18/Mar/2026:16:10:38 -0400] "GET /aurora-police-chief-goes-scorched-earth-on-biden-admin-after-arrest-of-14-violent-unlawful-immigrant-gang-members/ HTTP/1.1" 200 321421 "-" "Mozilla/5.0 (compatible; DotBot/1.2; +https://opensiteexplorer.org/dotbot; help@moz.com)"
216.244.66.196 - - [18/Mar/2026:16:10:45 -0400] "GET /chocolate-chip-muffins-cookie-and-kate/feed/ HTTP/1.1" 200 822 "-" "Mozilla/5.0 (compatible; DotBot/1.2; +https://opensiteexplorer.org/dotbot; help@moz.com)"
216.244.66.196 - - [18/Mar/2026:16:11:51 -0400] "GET /chinese-language-agency-ubtech-unveils-worlds-first-humanoid-robotic-that-runs-by-itself-and-swaps-batteries-by-itself/ HTTP/1.1" 200 322577 "-" "Mozilla/5.0 (compatible; DotBot/1.2; +https://opensiteexplorer.org/dotbot; help@moz.com)"
216.244.66.196 - - [18/Mar/2026:16:11:56 -0400] "GET /senate-democrats-did-one-thing-vital-for-democracy-and-the-mainstream-media-ignored-it/feed/ HTTP/1.1" 200 958 "-" "Mozilla/5.0 (compatible; DotBot/1.2; +https://opensiteexplorer.org/dotbot; help@moz.com)"
36.111.67.189 - - [18/Mar/2026:16:20:41 -0400] "GET / HTTP/1.1" 301 274 "-" "Mozilla/5.0 (iPhone; CPU iPhone OS 13_2_3 like Mac OS X) AppleWebKit/605.1.15 (KHTML, like Gecko) Version/13.0.3 Mobile/15E148 Safari/604.1"
85.208.98.23 - - [18/Mar/2026:16:21:41 -0400] "GET /robots.txt HTTP/1.1" 200 128 "-" "Mozilla/5.0 (compatible; SemrushBot-BA; +http://www.semrush.com/bot.html)"
98.98.134.118 - - [18/Mar/2026:16:22:40 -0400] "GET /ads.txt HTTP/1.1" 200 78 "-" "Centro Ads.txt Crawler/1.0"
98.98.134.117 - - [18/Mar/2026:16:24:43 -0400] "GET /ads.txt HTTP/1.1" 200 78 "-" "Centro Ads.txt Crawler/1.0"
50.6.201.88 - - [18/Mar/2026:16:32:08 -0400] "POST /wp-cron.php?doing_wp_cron=1773865928.9375710487365722656250 HTTP/1.1" 301 333 "-" "WordPress/6.9.4; https://planetnewspro.com"
216.244.66.196 - - [18/Mar/2026:16:32:08 -0400] "GET /robots.txt HTTP/1.1" 200 175 "-" "Mozilla/5.0 (compatible; DotBot/1.2; +https://opensiteexplorer.org/dotbot; help@moz.com)"
85.208.98.23 - - [18/Mar/2026:16:34:51 -0400] "GET /robots.txt HTTP/1.1" 200 128 "-" "Mozilla/5.0 (compatible; SemrushBot-BA; +http://www.semrush.com/bot.html)"
85.208.98.23 - - [18/Mar/2026:16:38:58 -0400] "GET /robots.txt HTTP/1.1" 200 128 "-" "Mozilla/5.0 (compatible; SemrushBot-BA; +http://www.semrush.com/bot.html)"
146.190.171.7 - - [18/Mar/2026:16:47:11 -0400] "GET / HTTP/1.1" 301 274 "-" "Mozilla/5.0 (X11; Linux x86_64) AppleWebKit/537.36 (KHTML, like Gecko) Chrome/142.0.0.0 Safari/537.36"
146.190.171.7 - - [18/Mar/2026:16:47:11 -0400] "GET /favicon.ico HTTP/1.1" 302 - "http://planetnewspro.com/" "Mozilla/5.0 (X11; Linux x86_64) AppleWebKit/537.36 (KHTML, like Gecko) Chrome/142.0.0.0 Safari/537.36"
34.96.49.17 - - [18/Mar/2026:17:03:19 -0400] "GET /ads.txt HTTP/1.1" 200 78 "-" "bidswitchbot/1.0"
50.6.201.88 - - [18/Mar/2026:17:07:46 -0400] "POST /wp-cron.php?doing_wp_cron=1773868066.3076159954071044921875 HTTP/1.1" 301 333 "-" "WordPress/6.9.4; https://planetnewspro.com"
85.208.98.23 - - [18/Mar/2026:17:07:46 -0400] "GET /robots.txt HTTP/1.1" 200 128 "-" "Mozilla/5.0 (compatible; SemrushBot-BA; +http://www.semrush.com/bot.html)"
216.244.66.196 - - [18/Mar/2026:17:14:07 -0400] "GET /7-new-motion-pictures-and-tv-reveals-to-observe-on-netflix-prime-video-max-and-extra-this-weekend-december-13/ HTTP/1.1" 200 365893 "-" "Mozilla/5.0 (compatible; DotBot/1.2; +https://opensiteexplorer.org/dotbot; help@moz.com)"
85.208.98.23 - - [18/Mar/2026:17:22:42 -0400] "GET /robots.txt HTTP/1.1" 200 128 "-" "Mozilla/5.0 (compatible; SemrushBot-BA; +http://www.semrush.com/bot.html)"
216.244.66.196 - - [18/Mar/2026:17:28:25 -0400] "GET /robots.txt HTTP/1.1" 200 175 "-" "Mozilla/5.0 (compatible; DotBot/1.2; +https://opensiteexplorer.org/dotbot; help@moz.com)"
216.244.66.196 - - [18/Mar/2026:17:32:04 -0400] "GET /russia-earthquake-mapped-what-nations-are-affected-by-the-huge-seismic-tremors/feed/ HTTP/1.1" 200 936 "-" "Mozilla/5.0 (compatible; DotBot/1.2; +https://opensiteexplorer.org/dotbot; help@moz.com)"
50.6.201.88 - - [18/Mar/2026:17:37:09 -0400] "POST /wp-cron.php?doing_wp_cron=1773869829.7365109920501708984375 HTTP/1.1" 301 333 "-" "WordPress/6.9.4; https://planetnewspro.com"
85.208.98.23 - - [18/Mar/2026:17:37:09 -0400] "GET /robots.txt HTTP/1.1" 200 128 "-" "Mozilla/5.0 (compatible; SemrushBot-BA; +http://www.semrush.com/bot.html)"
50.6.201.88 - - [18/Mar/2026:17:50:33 -0400] "POST /wp-cron.php?doing_wp_cron=1773870633.6264760494232177734375 HTTP/1.1" 301 333 "-" "WordPress/6.9.4; https://planetnewspro.com"
85.208.98.23 - - [18/Mar/2026:17:50:33 -0400] "GET /robots.txt HTTP/1.1" 200 128 "-" "Mozilla/5.0 (compatible; SemrushBot-BA; +http://www.semrush.com/bot.html)"
85.208.98.23 - - [18/Mar/2026:18:03:55 -0400] "GET /robots.txt HTTP/1.1" 200 128 "-" "Mozilla/5.0 (compatible; SemrushBot-BA; +http://www.semrush.com/bot.html)"
35.173.201.178 - - [18/Mar/2026:18:25:32 -0400] "GET / HTTP/1.1" 301 274 "-" "Go-http-client/1.1"
35.173.201.178 - - [18/Mar/2026:18:25:33 -0400] "GET /wp-includes/css/buttons.css HTTP/1.1" 301 301 "-" "Go-http-client/1.1"
13.58.219.244 - - [18/Mar/2026:18:26:43 -0400] "GET / HTTP/1.1" 301 274 "-" "curl/8.3.0"
216.244.66.196 - - [18/Mar/2026:18:57:44 -0400] "GET /robots.txt HTTP/1.1" 200 175 "-" "Mozilla/5.0 (compatible; DotBot/1.2; +https://opensiteexplorer.org/dotbot; help@moz.com)"
85.208.98.23 - - [18/Mar/2026:19:08:19 -0400] "GET /robots.txt HTTP/1.1" 200 128 "-" "Mozilla/5.0 (compatible; SemrushBot-BA; +http://www.semrush.com/bot.html)"
216.244.66.196 - - [18/Mar/2026:19:22:07 -0400] "GET /barrons-shock-contribution-in-donald-and-melania-trumps-2024-christmas-card/ HTTP/1.1" 200 327414 "-" "Mozilla/5.0 (compatible; DotBot/1.2; +https://opensiteexplorer.org/dotbot; help@moz.com)"
216.244.66.196 - - [18/Mar/2026:19:23:44 -0400] "GET /5-ai-instruments-to-get-your-smb-on-line-quick/ HTTP/1.1" 200 331619 "-" "Mozilla/5.0 (compatible; DotBot/1.2; +https://opensiteexplorer.org/dotbot; help@moz.com)"
44.197.218.167 - - [18/Mar/2026:19:24:29 -0400] "GET /?ezoic_domain_verify=1&qL7KGNrJOW HTTP/1.1" 301 311 "-" "Mozilla/5.0 (Windows NT 10.0; Win64; x64) AppleWebKit/537.36 (KHTML, like Gecko) Chrome/90.0.4430.85 Safari/537.36 X-Middleton/1 (compatible; EzoicBot-IntegrationCheck; +https://www.ezoic.com/bot/)"
216.244.66.196 - - [18/Mar/2026:19:28:51 -0400] "GET /2-ingredient-pumpkin-cake-straightforward-fall-dessert-recipe/ HTTP/1.1" 200 344035 "-" "Mozilla/5.0 (compatible; DotBot/1.2; +https://opensiteexplorer.org/dotbot; help@moz.com)"
216.244.66.196 - - [18/Mar/2026:19:28:57 -0400] "GET /cash-saving-professional-shares-how-drivers-can-speedily-save-350/ HTTP/1.1" 200 327950 "-" "Mozilla/5.0 (compatible; DotBot/1.2; +https://opensiteexplorer.org/dotbot; help@moz.com)"
50.6.201.88 - - [18/Mar/2026:19:31:20 -0400] "POST /wp-cron.php?doing_wp_cron=1773876680.4212059974670410156250 HTTP/1.1" 301 333 "-" "WordPress/6.9.4; https://planetnewspro.com"
216.244.66.196 - - [18/Mar/2026:19:31:19 -0400] "GET /category/finance/page/105/ HTTP/1.1" 200 282212 "-" "Mozilla/5.0 (compatible; DotBot/1.2; +https://opensiteexplorer.org/dotbot; help@moz.com)"
216.244.66.196 - - [18/Mar/2026:19:41:28 -0400] "GET /robots.txt HTTP/1.1" 200 175 "-" "Mozilla/5.0 (compatible; DotBot/1.2; +https://opensiteexplorer.org/dotbot; help@moz.com)"
85.208.98.23 - - [18/Mar/2026:19:44:10 -0400] "GET /robots.txt HTTP/1.1" 200 128 "-" "Mozilla/5.0 (compatible; SemrushBot-BA; +http://www.semrush.com/bot.html)"
50.6.201.88 - - [18/Mar/2026:19:45:44 -0400] "POST /wp-cron.php?doing_wp_cron=1773877544.3399860858917236328125 HTTP/1.1" 301 333 "-" "WordPress/6.9.4; https://planetnewspro.com"
66.249.69.167 - - [18/Mar/2026:19:45:44 -0400] "GET /ads.txt HTTP/1.1" 200 78 "-" "Google-adstxt"
101.32.49.171 - - [18/Mar/2026:19:50:14 -0400] "GET / HTTP/1.1" 301 274 "-" "Mozilla/5.0 (iPhone; CPU iPhone OS 13_2_3 like Mac OS X) AppleWebKit/605.1.15 (KHTML, like Gecko) Version/13.0.3 Mobile/15E148 Safari/604.1"
85.208.98.23 - - [18/Mar/2026:20:01:23 -0400] "GET /robots.txt HTTP/1.1" 200 128 "-" "Mozilla/5.0 (compatible; SemrushBot-BA; +http://www.semrush.com/bot.html)"
50.6.201.88 - - [18/Mar/2026:20:06:00 -0400] "POST /wp-cron.php?doing_wp_cron=1773878760.9962689876556396484375 HTTP/1.1" 301 333 "-" "WordPress/6.9.4; https://planetnewspro.com"
216.244.66.196 - - [18/Mar/2026:20:06:00 -0400] "GET /pga-tour-daniel-berger-lastly-100-contending-at-sanderson-farms/ HTTP/1.1" 200 319170 "-" "Mozilla/5.0 (compatible; DotBot/1.2; +https://opensiteexplorer.org/dotbot; help@moz.com)"
50.6.201.88 - - [18/Mar/2026:20:07:55 -0400] "POST /wp-cron.php?doing_wp_cron=1773878875.3018178939819335937500 HTTP/1.1" 301 333 "-" "WordPress/6.9.4; https://planetnewspro.com"
216.244.66.196 - - [18/Mar/2026:20:07:54 -0400] "GET /hp-elitebook-extremely-g1i-enterprise-laptop-computer-evaluation/ HTTP/1.1" 200 375855 "-" "Mozilla/5.0 (compatible; DotBot/1.2; +https://opensiteexplorer.org/dotbot; help@moz.com)"
216.244.66.196 - - [18/Mar/2026:20:07:59 -0400] "GET /trump-bombs-iranian-nuclear-websites-with-out-congressional-authorization/ HTTP/1.1" 200 323212 "-" "Mozilla/5.0 (compatible; DotBot/1.2; +https://opensiteexplorer.org/dotbot; help@moz.com)"
216.244.66.196 - - [18/Mar/2026:20:08:04 -0400] "GET /viral-tiktok-cucumber-and-bell-pepper-salad-recipe/ HTTP/1.1" 200 342464 "-" "Mozilla/5.0 (compatible; DotBot/1.2; +https://opensiteexplorer.org/dotbot; help@moz.com)"
43.153.26.165 - - [18/Mar/2026:20:11:36 -0400] "GET / HTTP/1.1" 301 278 "-" "Mozilla/5.0 (iPhone; CPU iPhone OS 13_2_3 like Mac OS X) AppleWebKit/605.1.15 (KHTML, like Gecko) Version/13.0.3 Mobile/15E148 Safari/604.1"
216.244.66.196 - - [18/Mar/2026:20:25:02 -0400] "GET /robots.txt HTTP/1.1" 200 175 "-" "Mozilla/5.0 (compatible; DotBot/1.2; +https://opensiteexplorer.org/dotbot; help@moz.com)"
85.208.98.23 - - [18/Mar/2026:20:32:42 -0400] "GET /robots.txt HTTP/1.1" 200 128 "-" "Mozilla/5.0 (compatible; SemrushBot-BA; +http://www.semrush.com/bot.html)"
50.6.201.88 - - [18/Mar/2026:20:37:14 -0400] "POST /wp-cron.php?doing_wp_cron=1773880634.6301128864288330078125 HTTP/1.1" 301 333 "-" "WordPress/6.9.4; https://planetnewspro.com"
85.208.98.23 - - [18/Mar/2026:20:37:14 -0400] "GET /robots.txt HTTP/1.1" 200 128 "-" "Mozilla/5.0 (compatible; SemrushBot-BA; +http://www.semrush.com/bot.html)"
144.76.32.236 - - [18/Mar/2026:20:37:57 -0400] "GET /robots.txt HTTP/1.1" 200 128 "-" "Mozilla/5.0 (compatible; SERankingBacklinksBot/1.0; +https://seranking.com/backlinks-crawler)"
144.76.32.236 - - [18/Mar/2026:20:37:57 -0400] "GET / HTTP/1.1" 301 274 "-" "Mozilla/5.0 (compatible; SERankingBacklinksBot/1.0; +https://seranking.com/backlinks-crawler)"
144.76.32.236 - - [18/Mar/2026:20:38:02 -0400] "GET /robots.txt HTTP/1.1" 200 128 "-" "Mozilla/5.0 (compatible; SERankingBacklinksBot/1.0; +https://seranking.com/backlinks-crawler)"
144.76.32.236 - - [18/Mar/2026:20:38:02 -0400] "GET /disclaimer/ HTTP/1.1" 200 31810 "-" "Mozilla/5.0 (compatible; SERankingBacklinksBot/1.0; +https://seranking.com/backlinks-crawler)"
144.76.32.236 - - [18/Mar/2026:20:38:11 -0400] "GET /robots.txt HTTP/1.1" 200 128 "-" "Mozilla/5.0 (compatible; SERankingBacklinksBot/1.0; +https://seranking.com/backlinks-crawler)"
144.76.32.236 - - [18/Mar/2026:20:38:11 -0400] "GET /category/travel/ HTTP/1.1" 200 44600 "-" "Mozilla/5.0 (compatible; SERankingBacklinksBot/1.0; +https://seranking.com/backlinks-crawler)"
144.76.32.236 - - [18/Mar/2026:20:38:19 -0400] "GET /robots.txt HTTP/1.1" 200 128 "-" "Mozilla/5.0 (compatible; SERankingBacklinksBot/1.0; +https://seranking.com/backlinks-crawler)"
50.6.201.88 - - [18/Mar/2026:20:38:21 -0400] "POST /wp-cron.php?doing_wp_cron=1773880701.0788640975952148437500 HTTP/1.1" 301 333 "-" "WordPress/6.9.4; https://planetnewspro.com"
144.76.32.236 - - [18/Mar/2026:20:38:20 -0400] "GET /infowars-reporter-jamie-white-brutally-murdered-exterior-dwelling-in-austin-as-alex-jones-blames-soros-backed-da/ HTTP/1.1" 200 54683 "-" "Mozilla/5.0 (compatible; SERankingBacklinksBot/1.0; +https://seranking.com/backlinks-crawler)"
144.76.32.236 - - [18/Mar/2026:20:38:30 -0400] "GET /robots.txt HTTP/1.1" 200 128 "-" "Mozilla/5.0 (compatible; SERankingBacklinksBot/1.0; +https://seranking.com/backlinks-crawler)"
144.76.32.236 - - [18/Mar/2026:20:38:31 -0400] "GET /category/fitness/ HTTP/1.1" 200 44706 "-" "Mozilla/5.0 (compatible; SERankingBacklinksBot/1.0; +https://seranking.com/backlinks-crawler)"
144.76.32.236 - - [18/Mar/2026:20:38:39 -0400] "GET /robots.txt HTTP/1.1" 200 128 "-" "Mozilla/5.0 (compatible; SERankingBacklinksBot/1.0; +https://seranking.com/backlinks-crawler)"
144.76.32.236 - - [18/Mar/2026:20:38:39 -0400] "GET /privacy-policy-2/ HTTP/1.1" 200 36928 "-" "Mozilla/5.0 (compatible; SERankingBacklinksBot/1.0; +https://seranking.com/backlinks-crawler)"
144.76.32.236 - - [18/Mar/2026:20:38:43 -0400] "GET /robots.txt HTTP/1.1" 200 128 "-" "Mozilla/5.0 (compatible; SERankingBacklinksBot/1.0; +https://seranking.com/backlinks-crawler)"
144.76.32.236 - - [18/Mar/2026:20:38:43 -0400] "GET /mississippi-pot-roast/ HTTP/1.1" 200 57458 "-" "Mozilla/5.0 (compatible; SERankingBacklinksBot/1.0; +https://seranking.com/backlinks-crawler)"
144.76.32.236 - - [18/Mar/2026:20:38:55 -0400] "GET /robots.txt HTTP/1.1" 200 128 "-" "Mozilla/5.0 (compatible; SERankingBacklinksBot/1.0; +https://seranking.com/backlinks-crawler)"
144.76.32.236 - - [18/Mar/2026:20:38:55 -0400] "GET /category/current-affairs/ HTTP/1.1" 200 45078 "-" "Mozilla/5.0 (compatible; SERankingBacklinksBot/1.0; +https://seranking.com/backlinks-crawler)"
144.76.32.236 - - [18/Mar/2026:20:39:08 -0400] "GET /robots.txt HTTP/1.1" 200 128 "-" "Mozilla/5.0 (compatible; SERankingBacklinksBot/1.0; +https://seranking.com/backlinks-crawler)"
144.76.32.236 - - [18/Mar/2026:20:39:08 -0400] "GET /robots.txt HTTP/1.1" 200 128 "-" "Mozilla/5.0 (compatible; SERankingBacklinksBot/1.0; +https://seranking.com/backlinks-crawler)"
144.76.32.236 - - [18/Mar/2026:20:39:08 -0400] "GET /robots.txt HTTP/1.1" 200 128 "-" "Mozilla/5.0 (compatible; SERankingBacklinksBot/1.0; +https://seranking.com/backlinks-crawler)"
144.76.32.236 - - [18/Mar/2026:20:39:08 -0400] "GET /robots.txt HTTP/1.1" 200 128 "-" "Mozilla/5.0 (compatible; SERankingBacklinksBot/1.0; +https://seranking.com/backlinks-crawler)"
144.76.32.236 - - [18/Mar/2026:20:39:08 -0400] "GET /robots.txt HTTP/1.1" 200 128 "-" "Mozilla/5.0 (compatible; SERankingBacklinksBot/1.0; +https://seranking.com/backlinks-crawler)"
144.76.32.236 - - [18/Mar/2026:20:39:09 -0400] "GET /the-finest-books-of-2022/ HTTP/1.1" 200 61760 "-" "Mozilla/5.0 (compatible; SERankingBacklinksBot/1.0; +https://seranking.com/backlinks-crawler)"
144.76.32.236 - - [18/Mar/2026:20:39:17 -0400] "GET /has-obama-turned-on-biden/ HTTP/1.1" 200 52523 "-" "Mozilla/5.0 (compatible; SERankingBacklinksBot/1.0; +https://seranking.com/backlinks-crawler)"
50.6.201.88 - - [18/Mar/2026:20:39:22 -0400] "POST /wp-cron.php?doing_wp_cron=1773880762.0501060485839843750000 HTTP/1.1" 301 333 "-" "WordPress/6.9.4; https://planetnewspro.com"
144.76.32.236 - - [18/Mar/2026:20:39:21 -0400] "GET /7-new-motion-pictures-and-tv-exhibits-to-stream-on-netflix-prime-video-disney-plus-and-extra-this-weekend-july-19/ HTTP/1.1" 200 60441 "-" "Mozilla/5.0 (compatible; SERankingBacklinksBot/1.0; +https://seranking.com/backlinks-crawler)"
144.76.32.236 - - [18/Mar/2026:20:39:25 -0400] "GET /author/admin-pnp-171/page/3/ HTTP/1.1" 200 43969 "-" "Mozilla/5.0 (compatible; SERankingBacklinksBot/1.0; +https://seranking.com/backlinks-crawler)"
144.76.32.236 - - [18/Mar/2026:20:39:33 -0400] "GET /pea-salad-spend-with-pennies/ HTTP/1.1" 200 56795 "-" "Mozilla/5.0 (compatible; SERankingBacklinksBot/1.0; +https://seranking.com/backlinks-crawler)"
144.76.32.236 - - [18/Mar/2026:20:39:45 -0400] "GET /spicy-edamame-recipetin-eats/ HTTP/1.1" 200 58585 "-" "Mozilla/5.0 (compatible; SERankingBacklinksBot/1.0; +https://seranking.com/backlinks-crawler)"
144.76.32.236 - - [18/Mar/2026:20:39:57 -0400] "GET /cookbook-recipe-testing-vol-4/ HTTP/1.1" 200 55782 "-" "Mozilla/5.0 (compatible; SERankingBacklinksBot/1.0; +https://seranking.com/backlinks-crawler)"
144.76.32.236 - - [18/Mar/2026:20:40:01 -0400] "GET /kalamata-white-bean-dip-recipe/ HTTP/1.1" 200 54236 "-" "Mozilla/5.0 (compatible; SERankingBacklinksBot/1.0; +https://seranking.com/backlinks-crawler)"
144.76.32.236 - - [18/Mar/2026:20:40:09 -0400] "GET /well-being-coach-vs-life-coach/ HTTP/1.1" 200 61586 "-" "Mozilla/5.0 (compatible; SERankingBacklinksBot/1.0; +https://seranking.com/backlinks-crawler)"
144.76.32.236 - - [18/Mar/2026:20:40:17 -0400] "GET /eminem-stands-within-the-method-as-taylor-swift-inches-nearer-to-this-loopy-file-with-the-tortured-poets-division/ HTTP/1.1" 200 52526 "-" "Mozilla/5.0 (compatible; SERankingBacklinksBot/1.0; +https://seranking.com/backlinks-crawler)"
144.76.32.236 - - [18/Mar/2026:20:40:21 -0400] "GET /sherbet-punch-the-recipe-critic/ HTTP/1.1" 200 56583 "-" "Mozilla/5.0 (compatible; SERankingBacklinksBot/1.0; +https://seranking.com/backlinks-crawler)"
144.76.32.236 - - [18/Mar/2026:20:40:33 -0400] "GET /7-12-friday-faves-and-a-giveaway/ HTTP/1.1" 200 54185 "-" "Mozilla/5.0 (compatible; SERankingBacklinksBot/1.0; +https://seranking.com/backlinks-crawler)"
144.76.32.236 - - [18/Mar/2026:20:40:37 -0400] "GET /chocolate-cake-pops-recipe-video/ HTTP/1.1" 200 62639 "-" "Mozilla/5.0 (compatible; SERankingBacklinksBot/1.0; +https://seranking.com/backlinks-crawler)"
144.76.32.236 - - [18/Mar/2026:20:40:56 -0400] "GET /watermelon-salad-with-feta-recipe/ HTTP/1.1" 200 54399 "-" "Mozilla/5.0 (compatible; SERankingBacklinksBot/1.0; +https://seranking.com/backlinks-crawler)"
144.76.32.236 - - [18/Mar/2026:20:41:04 -0400] "GET /americano-cocktail-cookie-and-kate/ HTTP/1.1" 200 55039 "-" "Mozilla/5.0 (compatible; SERankingBacklinksBot/1.0; +https://seranking.com/backlinks-crawler)"
144.76.32.236 - - [18/Mar/2026:20:41:07 -0400] "GET /crispy-potato-straws-pommes-paille/ HTTP/1.1" 200 58807 "-" "Mozilla/5.0 (compatible; SERankingBacklinksBot/1.0; +https://seranking.com/backlinks-crawler)"
144.76.32.236 - - [18/Mar/2026:20:41:15 -0400] "GET /flight-reservation-for-visa-tips-on-how-to-get-dummy-ticket-for-schengen-canada-china-and-different-visa-purposes/ HTTP/1.1" 200 57745 "-" "Mozilla/5.0 (compatible; SERankingBacklinksBot/1.0; +https://seranking.com/backlinks-crawler)"
144.76.32.236 - - [18/Mar/2026:20:41:19 -0400] "GET /fish-taco-sauce-spend-with-pennies/ HTTP/1.1" 200 56813 "-" "Mozilla/5.0 (compatible; SERankingBacklinksBot/1.0; +https://seranking.com/backlinks-crawler)"
144.76.32.236 - - [18/Mar/2026:20:41:31 -0400] "GET /launch-date-solid-and-all-you-want/ HTTP/1.1" 200 52438 "-" "Mozilla/5.0 (compatible; SERankingBacklinksBot/1.0; +https://seranking.com/backlinks-crawler)"
144.76.32.236 - - [18/Mar/2026:20:41:39 -0400] "GET /sugar-cream-pie-hoosier-pie-recipe/ HTTP/1.1" 200 58857 "-" "Mozilla/5.0 (compatible; SERankingBacklinksBot/1.0; +https://seranking.com/backlinks-crawler)"
144.76.32.236 - - [18/Mar/2026:20:41:51 -0400] "GET /understanding-protocol-alien-to-ph/ HTTP/1.1" 200 58048 "-" "Mozilla/5.0 (compatible; SERankingBacklinksBot/1.0; +https://seranking.com/backlinks-crawler)"
50.6.201.88 - - [18/Mar/2026:20:41:59 -0400] "POST /wp-cron.php?doing_wp_cron=1773880919.9784870147705078125000 HTTP/1.1" 301 333 "-" "WordPress/6.9.4; https://planetnewspro.com"
144.76.32.236 - - [18/Mar/2026:20:41:59 -0400] "GET /february-2025-reads-the-fitnessista/ HTTP/1.1" 200 55371 "-" "Mozilla/5.0 (compatible; SERankingBacklinksBot/1.0; +https://seranking.com/backlinks-crawler)"
144.76.32.236 - - [18/Mar/2026:20:42:03 -0400] "GET /health-suggestions-for-busy-mothers/ HTTP/1.1" 200 55751 "-" "Mozilla/5.0 (compatible; SERankingBacklinksBot/1.0; +https://seranking.com/backlinks-crawler)"
144.76.32.236 - - [18/Mar/2026:20:42:15 -0400] "GET /tropical-smoothie-the-recipe-critic/ HTTP/1.1" 200 55484 "-" "Mozilla/5.0 (compatible; SERankingBacklinksBot/1.0; +https://seranking.com/backlinks-crawler)"
144.76.32.236 - - [18/Mar/2026:20:42:23 -0400] "GET /a-non-secular-freedom-case-for-yigby/ HTTP/1.1" 200 54953 "-" "Mozilla/5.0 (compatible; SERankingBacklinksBot/1.0; +https://seranking.com/backlinks-crawler)"
144.76.32.236 - - [18/Mar/2026:20:42:31 -0400] "GET /boursin-pork-chops-the-recipe-critic/ HTTP/1.1" 200 57136 "-" "Mozilla/5.0 (compatible; SERankingBacklinksBot/1.0; +https://seranking.com/backlinks-crawler)"
144.76.32.236 - - [18/Mar/2026:20:42:39 -0400] "GET /new-report-exhibits-trump-advised-a-large-fats-lie-when-he-claimed-to-have-no-thought-who-was-behind-mission-2025/ HTTP/1.1" 200 53293 "-" "Mozilla/5.0 (compatible; SERankingBacklinksBot/1.0; +https://seranking.com/backlinks-crawler)"
144.76.32.236 - - [18/Mar/2026:20:42:47 -0400] "GET /baked-huli-huli-hen-the-recipe-critic/ HTTP/1.1" 200 56712 "-" "Mozilla/5.0 (compatible; SERankingBacklinksBot/1.0; +https://seranking.com/backlinks-crawler)"
144.76.32.236 - - [18/Mar/2026:20:42:51 -0400] "GET /class-suspensions-for-tuesday-july-23/ HTTP/1.1" 200 53865 "-" "Mozilla/5.0 (compatible; SERankingBacklinksBot/1.0; +https://seranking.com/backlinks-crawler)"
