144.76.32.236 - - [18/Mar/2026:21:09:15 -0400] "GET /2024-naia-departure-information-for-worldwide-passengers-manila-flights/ HTTP/1.1" 200 59996 "-" "Mozilla/5.0 (compatible; SERankingBacklinksBot/1.0; +https://seranking.com/backlinks-crawler)"
144.76.32.236 - - [18/Mar/2026:21:09:19 -0400] "GET /construct-a-fuller-stronger-butt-with-these-11-gluteus-maximus-workouts/ HTTP/1.1" 200 56449 "-" "Mozilla/5.0 (compatible; SERankingBacklinksBot/1.0; +https://seranking.com/backlinks-crawler)"
144.76.32.236 - - [18/Mar/2026:21:09:31 -0400] "GET /england-tackle-slovakia-spain-face-underdogs-georgia-in-spherical-of-16/ HTTP/1.1" 200 52981 "-" "Mozilla/5.0 (compatible; SERankingBacklinksBot/1.0; +https://seranking.com/backlinks-crawler)"
144.76.32.236 - - [18/Mar/2026:21:09:39 -0400] "GET /eugenio-suarez-seems-to-be-to-assist-d-backs-salvage-break-up-vs-braves/ HTTP/1.1" 200 52738 "-" "Mozilla/5.0 (compatible; SERankingBacklinksBot/1.0; +https://seranking.com/backlinks-crawler)"
144.76.32.236 - - [18/Mar/2026:21:09:47 -0400] "GET /greatest-journey-insurance-coverage-corporations-in-2023-opinions-ideas/ HTTP/1.1" 200 58524 "-" "Mozilla/5.0 (compatible; SERankingBacklinksBot/1.0; +https://seranking.com/backlinks-crawler)"
50.6.201.88 - - [18/Mar/2026:21:09:56 -0400] "POST /wp-cron.php?doing_wp_cron=1773882596.4351959228515625000000 HTTP/1.1" 301 333 "-" "WordPress/6.9.4; https://planetnewspro.com"
144.76.32.236 - - [18/Mar/2026:21:09:55 -0400] "GET /freed-air-stewardesss-emotional-message-as-she-arrives-again-from-dubai-following-nightmare-ordeal-of-being-charged-with-tried-suicide-after-struggling-home-abuse-by-the-hands-of-her-husband/ HTTP/1.1" 200 54063 "-" "Mozilla/5.0 (compatible; SERankingBacklinksBot/1.0; +https://seranking.com/backlinks-crawler)"
144.76.32.236 - - [18/Mar/2026:21:09:59 -0400] "GET /two-of-the-german-armys-new-spy-satellites-seem-to-have-failed-in-orbit/ HTTP/1.1" 200 52690 "-" "Mozilla/5.0 (compatible; SERankingBacklinksBot/1.0; +https://seranking.com/backlinks-crawler)"
144.76.32.236 - - [18/Mar/2026:21:10:14 -0400] "GET /huma-raises-80m-to-show-textual-content-into-healthcare-apps-with-gen-ai/ HTTP/1.1" 200 55108 "-" "Mozilla/5.0 (compatible; SERankingBacklinksBot/1.0; +https://seranking.com/backlinks-crawler)"
216.244.66.196 - - [18/Mar/2026:21:10:18 -0400] "GET /robots.txt HTTP/1.1" 200 175 "-" "Mozilla/5.0 (compatible; DotBot/1.2; +https://opensiteexplorer.org/dotbot; help@moz.com)"
144.76.32.236 - - [18/Mar/2026:21:10:19 -0400] "GET /hyundai-and-samsung-unveil-non-public-5g-for-good-manufacturing-facility/ HTTP/1.1" 200 53110 "-" "Mozilla/5.0 (compatible; SERankingBacklinksBot/1.0; +https://seranking.com/backlinks-crawler)"
144.76.32.236 - - [18/Mar/2026:21:10:28 -0400] "GET /completely-humiliated-biden-lectured-us-from-the-oval-workplace-about-honesty-however-the-sick-truth-is-that-he-is-lied-to-the-world-and-everyone-knows-whos-actually-in-cost-now-maureen-callah/ HTTP/1.1" 200 54212 "-" "Mozilla/5.0 (compatible; SERankingBacklinksBot/1.0; +https://seranking.com/backlinks-crawler)"
144.76.32.236 - - [18/Mar/2026:21:10:32 -0400] "GET /watch-fa-cup-soccer-livestream-exeter-vs-nottingham-forest-from-anyplace/ HTTP/1.1" 200 59450 "-" "Mozilla/5.0 (compatible; SERankingBacklinksBot/1.0; +https://seranking.com/backlinks-crawler)"
144.76.32.236 - - [18/Mar/2026:21:10:44 -0400] "GET /will-self-driving-automobiles-make-the-roads-safer-cyclists-are-break-up/ HTTP/1.1" 200 58131 "-" "Mozilla/5.0 (compatible; SERankingBacklinksBot/1.0; +https://seranking.com/backlinks-crawler)"
144.76.32.236 - - [18/Mar/2026:21:10:48 -0400] "GET /from-hogwarts-to-self-discovery-the-pleasure-and-snag-of-revisiting-books/ HTTP/1.1" 200 54669 "-" "Mozilla/5.0 (compatible; SERankingBacklinksBot/1.0; +https://seranking.com/backlinks-crawler)"
50.6.201.88 - - [18/Mar/2026:21:11:03 -0400] "POST /wp-cron.php?doing_wp_cron=1773882663.4610619544982910156250 HTTP/1.1" 301 333 "-" "WordPress/6.9.4; https://planetnewspro.com"
144.76.32.236 - - [18/Mar/2026:21:11:02 -0400] "GET /how-you-can-discover-victoria-falls-from-the-zambian-and-zimbabwean-sides/ HTTP/1.1" 200 58229 "-" "Mozilla/5.0 (compatible; SERankingBacklinksBot/1.0; +https://seranking.com/backlinks-crawler)"
144.76.32.236 - - [18/Mar/2026:21:11:11 -0400] "GET /kamala-harris-to-maintain-her-first-marketing-campaign-rally-in-wisconsin/ HTTP/1.1" 200 52616 "-" "Mozilla/5.0 (compatible; SERankingBacklinksBot/1.0; +https://seranking.com/backlinks-crawler)"
144.76.32.236 - - [18/Mar/2026:21:11:19 -0400] "GET /lionel-messi-and-co-to-maintain-their-profitable-run-in-copa-america-2024/ HTTP/1.1" 200 52767 "-" "Mozilla/5.0 (compatible; SERankingBacklinksBot/1.0; +https://seranking.com/backlinks-crawler)"
144.76.32.236 - - [18/Mar/2026:21:11:27 -0400] "GET /inside-story-of-alice-evans-bombshell-declare-ioan-gruffudds-left-her-so-poor-she-will-be-able-tot-afford-to-feed-her-daughters-reveals-alison-boshoff-however-his-associates-name-it-nonsense-a/ HTTP/1.1" 200 58397 "-" "Mozilla/5.0 (compatible; SERankingBacklinksBot/1.0; +https://seranking.com/backlinks-crawler)"
144.76.32.236 - - [18/Mar/2026:21:11:31 -0400] "GET /ukraine-struggle-why-china-is-conducting-navy-workout-routines-in-belarus/ HTTP/1.1" 200 53909 "-" "Mozilla/5.0 (compatible; SERankingBacklinksBot/1.0; +https://seranking.com/backlinks-crawler)"
144.76.32.236 - - [18/Mar/2026:21:11:39 -0400] "GET /billionaire-minimal-tax-the-biden-proposal-driving-silicon-valley-to-trump/ HTTP/1.1" 200 56974 "-" "Mozilla/5.0 (compatible; SERankingBacklinksBot/1.0; +https://seranking.com/backlinks-crawler)"
144.76.32.236 - - [18/Mar/2026:21:11:47 -0400] "GET /employment-figures-a-blow-for-modi-forward-of-funds-as-1-6m-jobs-misplaced/ HTTP/1.1" 200 54827 "-" "Mozilla/5.0 (compatible; SERankingBacklinksBot/1.0; +https://seranking.com/backlinks-crawler)"
144.76.32.236 - - [18/Mar/2026:21:11:59 -0400] "GET /pilot-is-sole-survivor-in-nepal-aircraft-crash-that-killed-18-officers-say/ HTTP/1.1" 200 53421 "-" "Mozilla/5.0 (compatible; SERankingBacklinksBot/1.0; +https://seranking.com/backlinks-crawler)"
50.6.201.88 - - [18/Mar/2026:21:12:08 -0400] "POST /wp-cron.php?doing_wp_cron=1773882728.7239909172058105468750 HTTP/1.1" 301 333 "-" "WordPress/6.9.4; https://planetnewspro.com"
144.76.32.236 - - [18/Mar/2026:21:12:07 -0400] "GET /prime-5-wholesome-chinese-language-meals-takeout-choices-you-ought-to-know/ HTTP/1.1" 200 55111 "-" "Mozilla/5.0 (compatible; SERankingBacklinksBot/1.0; +https://seranking.com/backlinks-crawler)"
144.76.32.236 - - [18/Mar/2026:21:12:16 -0400] "GET /store-50-of-the-greatest-early-july-4th-gross-sales-with-as-much-as-70-off/ HTTP/1.1" 200 69738 "-" "Mozilla/5.0 (compatible; SERankingBacklinksBot/1.0; +https://seranking.com/backlinks-crawler)"
144.76.32.236 - - [18/Mar/2026:21:12:29 -0400] "GET /this-insulated-tumbler-by-no-means-spills-a-drop-even-when-its-upside-down/ HTTP/1.1" 200 53704 "-" "Mozilla/5.0 (compatible; SERankingBacklinksBot/1.0; +https://seranking.com/backlinks-crawler)"
144.76.32.236 - - [18/Mar/2026:21:12:37 -0400] "GET /boston-bruins-vs-ottawa-senators-betting-picks-predictions-march-thirteenth/ HTTP/1.1" 200 54007 "-" "Mozilla/5.0 (compatible; SERankingBacklinksBot/1.0; +https://seranking.com/backlinks-crawler)"
144.76.32.236 - - [18/Mar/2026:21:12:47 -0400] "GET /a-forceful-biden-exhibits-the-world-and-nato-allies-he-can-deal-with-the-job/ HTTP/1.1" 200 52657 "-" "Mozilla/5.0 (compatible; SERankingBacklinksBot/1.0; +https://seranking.com/backlinks-crawler)"
144.76.32.236 - - [18/Mar/2026:21:12:55 -0400] "GET /preserve-the-religion-weird-biden-marketing-campaign-e-mail-despatched-to-buck-up-bedwetting-supporters-consists-of-ballot-exhibiting-trump-beating-biden-and-each-different-democrat-the-gateway/ HTTP/1.1" 200 53540 "-" "Mozilla/5.0 (compatible; SERankingBacklinksBot/1.0; +https://seranking.com/backlinks-crawler)"
144.76.32.236 - - [18/Mar/2026:21:12:59 -0400] "GET /the-obtain-testing-new-ai-agent-manus-and-waabis-digital-robotruck-ambitions/ HTTP/1.1" 200 56396 "-" "Mozilla/5.0 (compatible; SERankingBacklinksBot/1.0; +https://seranking.com/backlinks-crawler)"
144.76.32.236 - - [18/Mar/2026:21:13:07 -0400] "GET /ai-artwork-creates-danger-of-ethical-damage-not-simply-copyright-infringement/ HTTP/1.1" 200 56343 "-" "Mozilla/5.0 (compatible; SERankingBacklinksBot/1.0; +https://seranking.com/backlinks-crawler)"
50.6.201.88 - - [18/Mar/2026:21:13:16 -0400] "POST /wp-cron.php?doing_wp_cron=1773882796.2304379940032958984375 HTTP/1.1" 301 333 "-" "WordPress/6.9.4; https://planetnewspro.com"
144.76.32.236 - - [18/Mar/2026:21:13:15 -0400] "GET /biden-doe-investing-1-7-billion-to-assist-auto-employees-and-ev-manufacturing/ HTTP/1.1" 200 53140 "-" "Mozilla/5.0 (compatible; SERankingBacklinksBot/1.0; +https://seranking.com/backlinks-crawler)"
85.208.98.23 - - [18/Mar/2026:21:13:32 -0400] "GET /robots.txt HTTP/1.1" 200 128 "-" "Mozilla/5.0 (compatible; SemrushBot-BA; +http://www.semrush.com/bot.html)"
144.76.32.236 - - [18/Mar/2026:21:13:32 -0400] "GET /china-hits-out-at-trump-because-it-takes-over-presidency-of-un-safety-council/ HTTP/1.1" 200 53420 "-" "Mozilla/5.0 (compatible; SERankingBacklinksBot/1.0; +https://seranking.com/backlinks-crawler)"
144.76.32.236 - - [18/Mar/2026:21:13:35 -0400] "GET /egypts-khazna-banks-16m-for-its-monetary-tremendous-app-and-growth-into-saudi/ HTTP/1.1" 200 53730 "-" "Mozilla/5.0 (compatible; SERankingBacklinksBot/1.0; +https://seranking.com/backlinks-crawler)"
144.76.32.236 - - [18/Mar/2026:21:13:44 -0400] "GET /half-a-dozen-pregnant-girls-contaminated-as-india-suffers-zika-virus-outbreak/ HTTP/1.1" 200 53033 "-" "Mozilla/5.0 (compatible; SERankingBacklinksBot/1.0; +https://seranking.com/backlinks-crawler)"
144.76.32.236 - - [18/Mar/2026:21:13:52 -0400] "GET /amandas-strictly-hell-laid-naked-sobbing-star-says-there-are-as-much-as-50-hours-of-poisonous-footage-of-giovanni-pernice-and-humiliating-behaviour-of-a-sexual-nature-so-dangerous-producers-have/ HTTP/1.1" 200 59539 "-" "Mozilla/5.0 (compatible; SERankingBacklinksBot/1.0; +https://seranking.com/backlinks-crawler)"
144.76.32.236 - - [18/Mar/2026:21:13:56 -0400] "GET /home-committee-calls-on-crowdstrike-ceo-to-testify-on-international-it-outage/ HTTP/1.1" 200 54202 "-" "Mozilla/5.0 (compatible; SERankingBacklinksBot/1.0; +https://seranking.com/backlinks-crawler)"
144.76.32.236 - - [18/Mar/2026:21:14:08 -0400] "GET /researchers-discovered-rinsing-your-mouth-with-this-can-enhance-your-exercise/ HTTP/1.1" 200 52347 "-" "Mozilla/5.0 (compatible; SERankingBacklinksBot/1.0; +https://seranking.com/backlinks-crawler)"
144.76.32.236 - - [18/Mar/2026:21:14:12 -0400] "GET /two-writers-sue-chatgpt-for-allegedly-stealing-and-and-repurposing-their-work/ HTTP/1.1" 200 54843 "-" "Mozilla/5.0 (compatible; SERankingBacklinksBot/1.0; +https://seranking.com/backlinks-crawler)"
50.6.201.88 - - [18/Mar/2026:21:14:22 -0400] "POST /wp-cron.php?doing_wp_cron=1773882862.2330629825592041015625 HTTP/1.1" 301 333 "-" "WordPress/6.9.4; https://planetnewspro.com"
144.76.32.236 - - [18/Mar/2026:21:14:21 -0400] "GET /is-that-this-proof-that-intelligence-is-set-the-day-were-born-equivalent-twins-separated-at-beginning-have-near-identical-iqs-fascinating-research-from-the-worlds-main-professional-in-twins-reve/ HTTP/1.1" 200 57850 "-" "Mozilla/5.0 (compatible; SERankingBacklinksBot/1.0; +https://seranking.com/backlinks-crawler)"
144.76.32.236 - - [18/Mar/2026:21:14:25 -0400] "GET /2024-stilts-calatagan-seashore-resort-journey-information-with-itinerary-funds/ HTTP/1.1" 200 65345 "-" "Mozilla/5.0 (compatible; SERankingBacklinksBot/1.0; +https://seranking.com/backlinks-crawler)"
144.76.32.236 - - [18/Mar/2026:21:14:33 -0400] "GET /hyundai-employees-arrive-again-in-south-korea-after-us-immigration-raid-ordeal/ HTTP/1.1" 200 54482 "-" "Mozilla/5.0 (compatible; SERankingBacklinksBot/1.0; +https://seranking.com/backlinks-crawler)"
144.76.32.236 - - [18/Mar/2026:21:14:43 -0400] "GET /i-spent-2-5k-to-remain-in-one-among-uks-prime-motels-and-was-floored-by-my-room/ HTTP/1.1" 200 55150 "-" "Mozilla/5.0 (compatible; SERankingBacklinksBot/1.0; +https://seranking.com/backlinks-crawler)"
144.76.32.236 - - [18/Mar/2026:21:14:56 -0400] "GET /microsoft-hack-affected-veterans-affairs-and-state-departments-authorities-says/ HTTP/1.1" 200 52645 "-" "Mozilla/5.0 (compatible; SERankingBacklinksBot/1.0; +https://seranking.com/backlinks-crawler)"
144.76.32.236 - - [18/Mar/2026:21:15:04 -0400] "GET /monos-hybrid-examine-in-baggage-evaluation-the-good-mix-of-model-and-performance/ HTTP/1.1" 200 57305 "-" "Mozilla/5.0 (compatible; SERankingBacklinksBot/1.0; +https://seranking.com/backlinks-crawler)"
144.76.32.236 - - [18/Mar/2026:21:15:17 -0400] "GET /nba-2k26-assessment-a-basketball-sim-with-a-starring-function-for-attacking-play/ HTTP/1.1" 200 58210 "-" "Mozilla/5.0 (compatible; SERankingBacklinksBot/1.0; +https://seranking.com/backlinks-crawler)"
144.76.32.236 - - [18/Mar/2026:21:15:21 -0400] "GET /it-is-an-actual-love-tory-boris-johnson-makes-triumphant-return-to-conservative-entrance-line-to-reply-rishis-name-cheered-on-by-celebration-trustworthy-earlier-than-taking-purpose-at-starmer-and/ HTTP/1.1" 200 61730 "-" "Mozilla/5.0 (compatible; SERankingBacklinksBot/1.0; +https://seranking.com/backlinks-crawler)"
144.76.32.236 - - [18/Mar/2026:21:15:25 -0400] "GET /overview-catching-up-with-physician-who-and-ncuti-gatwas-stellar-freshman-season/ HTTP/1.1" 200 54122 "-" "Mozilla/5.0 (compatible; SERankingBacklinksBot/1.0; +https://seranking.com/backlinks-crawler)"
50.6.201.88 - - [18/Mar/2026:21:15:35 -0400] "POST /wp-cron.php?doing_wp_cron=1773882935.9336919784545898437500 HTTP/1.1" 301 333 "-" "WordPress/6.9.4; https://planetnewspro.com"
144.76.32.236 - - [18/Mar/2026:21:15:33 -0400] "GET /salesforce-proves-much-less-is-extra-xlam-1b-tiny-large-beats-larger-ai-fashions/ HTTP/1.1" 200 55190 "-" "Mozilla/5.0 (compatible; SERankingBacklinksBot/1.0; +https://seranking.com/backlinks-crawler)"
144.76.32.236 - - [18/Mar/2026:21:15:45 -0400] "GET /early-crypto-merchants-had-speedy-revenue-on-trump-coin-as-others-suffered-losses/ HTTP/1.1" 200 57743 "-" "Mozilla/5.0 (compatible; SERankingBacklinksBot/1.0; +https://seranking.com/backlinks-crawler)"
144.76.32.236 - - [18/Mar/2026:21:15:58 -0400] "GET /us-sends-again-116-chinese-language-migrants-in-first-mass-deportation-in-5-years/ HTTP/1.1" 200 52942 "-" "Mozilla/5.0 (compatible; SERankingBacklinksBot/1.0; +https://seranking.com/backlinks-crawler)"
144.76.32.236 - - [18/Mar/2026:21:16:06 -0400] "GET /ryan-reynolds-admits-to-a-low-grade-panic-assault-over-this-stunning-wolverine-woe/ HTTP/1.1" 200 52852 "-" "Mozilla/5.0 (compatible; SERankingBacklinksBot/1.0; +https://seranking.com/backlinks-crawler)"
144.76.32.236 - - [18/Mar/2026:21:16:14 -0400] "GET /vice-president-kamala-harris-publicizes-historic-funding-to-decrease-housing-costs/ HTTP/1.1" 200 52792 "-" "Mozilla/5.0 (compatible; SERankingBacklinksBot/1.0; +https://seranking.com/backlinks-crawler)"
144.76.32.236 - - [18/Mar/2026:21:16:23 -0400] "GET /misstiano-penaldo-john-terry-labels-bbc-a-shame-as-they-intention-dig-at-portugal-legend-after-he-misses-extra-time-penalty-earlier-than-having-the-ultimate-snort-by-scoring-in-last-16-shootout-w/ HTTP/1.1" 200 55346 "-" "Mozilla/5.0 (compatible; SERankingBacklinksBot/1.0; +https://seranking.com/backlinks-crawler)"
144.76.32.236 - - [18/Mar/2026:21:16:27 -0400] "GET /amazon-faces-extra-eu-scrutiny-over-recommender-algorithms-and-adverts-transparency/ HTTP/1.1" 200 54042 "-" "Mozilla/5.0 (compatible; SERankingBacklinksBot/1.0; +https://seranking.com/backlinks-crawler)"
50.6.201.88 - - [18/Mar/2026:21:16:36 -0400] "POST /wp-cron.php?doing_wp_cron=1773882996.5477280616760253906250 HTTP/1.1" 301 333 "-" "WordPress/6.9.4; https://planetnewspro.com"
144.76.32.236 - - [18/Mar/2026:21:16:35 -0400] "GET /the-4-greatest-flat-high-grills-and-out-of-doors-griddles-of-2024-examined-reviewed/ HTTP/1.1" 200 60196 "-" "Mozilla/5.0 (compatible; SERankingBacklinksBot/1.0; +https://seranking.com/backlinks-crawler)"
144.76.32.236 - - [18/Mar/2026:21:16:44 -0400] "GET /amazon-july-4th-offers-are-nonetheless-right-here-53-offers-you-can-seize-proper-now/ HTTP/1.1" 200 61387 "-" "Mozilla/5.0 (compatible; SERankingBacklinksBot/1.0; +https://seranking.com/backlinks-crawler)"
144.76.32.236 - - [18/Mar/2026:21:17:01 -0400] "GET /construct-your-personal-chatbot-to-advertise-your-e-book-classes-from-my-scandalsbot/ HTTP/1.1" 200 56488 "-" "Mozilla/5.0 (compatible; SERankingBacklinksBot/1.0; +https://seranking.com/backlinks-crawler)"
144.76.32.236 - - [18/Mar/2026:21:17:05 -0400] "GET /donald-trumps-debate-reelection-bid-relied-on-a-callback-to-reagans-eighties-america/ HTTP/1.1" 200 53365 "-" "Mozilla/5.0 (compatible; SERankingBacklinksBot/1.0; +https://seranking.com/backlinks-crawler)"
144.76.32.236 - - [18/Mar/2026:21:17:14 -0400] "GET /is-downton-abbey-3-coming-to-netflix-how-can-you-watch-the-grand-finale-at-residence/ HTTP/1.1" 200 52656 "-" "Mozilla/5.0 (compatible; SERankingBacklinksBot/1.0; +https://seranking.com/backlinks-crawler)"
144.76.32.236 - - [18/Mar/2026:21:17:22 -0400] "GET /have-scientists-discovered-the-key-to-creating-lab-grown-meat-extra-interesting-new-analysis-reveals-make-cultured-steak-and-meatballs-style-meatier-nevertheless-it-appears-nothing-like-the-actual/ HTTP/1.1" 200 55685 "-" "Mozilla/5.0 (compatible; SERankingBacklinksBot/1.0; +https://seranking.com/backlinks-crawler)"
144.76.32.236 - - [18/Mar/2026:21:17:27 -0400] "GET /aoc-threatens-to-impeach-supreme-courtroom-justices-after-they-rule-on-trump-immunity/ HTTP/1.1" 200 53096 "-" "Mozilla/5.0 (compatible; SERankingBacklinksBot/1.0; +https://seranking.com/backlinks-crawler)"
50.6.201.88 - - [18/Mar/2026:21:17:36 -0400] "POST /wp-cron.php?doing_wp_cron=1773883056.8811819553375244140625 HTTP/1.1" 301 333 "-" "WordPress/6.9.4; https://planetnewspro.com"
144.76.32.236 - - [18/Mar/2026:21:17:36 -0400] "GET /katie-phang-says-requires-biden-to-withdraw-low-cost-his-first-time-periods-successes/ HTTP/1.1" 200 53159 "-" "Mozilla/5.0 (compatible; SERankingBacklinksBot/1.0; +https://seranking.com/backlinks-crawler)"
144.76.32.236 - - [18/Mar/2026:21:17:44 -0400] "GET /watch-these-u-s-greenback-index-value-ranges-as-dollar-benchmark-hits-3-12-months-low/ HTTP/1.1" 200 54045 "-" "Mozilla/5.0 (compatible; SERankingBacklinksBot/1.0; +https://seranking.com/backlinks-crawler)"
144.76.32.236 - - [18/Mar/2026:21:17:56 -0400] "GET /decided-to-keep-away-from-presidential-paralysis-scotus-endorses-presidential-impunity/ HTTP/1.1" 200 53103 "-" "Mozilla/5.0 (compatible; SERankingBacklinksBot/1.0; +https://seranking.com/backlinks-crawler)"
144.76.32.236 - - [18/Mar/2026:21:18:05 -0400] "GET /gpus-go-organic-bbb-unveils-bionode-lab-grown-residing-neuron-compute-for-ai-functions/ HTTP/1.1" 200 55238 "-" "Mozilla/5.0 (compatible; SERankingBacklinksBot/1.0; +https://seranking.com/backlinks-crawler)"
144.76.32.236 - - [18/Mar/2026:21:18:20 -0400] "GET /mukesh-ambani-to-throw-lavish-wedding-ceremony-for-scions-of-indian-enterprise-empires/ HTTP/1.1" 200 53308 "-" "Mozilla/5.0 (compatible; SERankingBacklinksBot/1.0; +https://seranking.com/backlinks-crawler)"
144.76.32.236 - - [18/Mar/2026:21:18:28 -0400] "GET /sevilla-vs-barcelona-dwell-streaming-prediction-match-preview-10-february-2025-la-liga/ HTTP/1.1" 200 55367 "-" "Mozilla/5.0 (compatible; SERankingBacklinksBot/1.0; +https://seranking.com/backlinks-crawler)"
50.6.201.88 - - [18/Mar/2026:21:18:40 -0400] "POST /wp-cron.php?doing_wp_cron=1773883120.7593870162963867187500 HTTP/1.1" 301 333 "-" "WordPress/6.9.4; https://planetnewspro.com"
144.76.32.236 - - [18/Mar/2026:21:18:40 -0400] "GET /taliban-criticised-for-becoming-a-member-of-un-led-talks-in-doha-with-out-afghan-girls/ HTTP/1.1" 200 54496 "-" "Mozilla/5.0 (compatible; SERankingBacklinksBot/1.0; +https://seranking.com/backlinks-crawler)"
144.76.32.236 - - [18/Mar/2026:21:18:44 -0400] "GET /hongdae-purchasing-avenue-the-place-to-store-and-what-to-purchase-in-hongdae-seoul-2024/ HTTP/1.1" 200 60915 "-" "Mozilla/5.0 (compatible; SERankingBacklinksBot/1.0; +https://seranking.com/backlinks-crawler)"
144.76.32.236 - - [18/Mar/2026:21:18:52 -0400] "GET /how-bushey-crossbow-killer-kyle-clifford-terrorised-quiet-cul-de-sac-by-slaying-his-ex-girlfriend-her-sister-and-her-mom-after-a-messy-breakup-earlier-than-seemingly-capturing-himself-in-a-cemetery/ HTTP/1.1" 200 57067 "-" "Mozilla/5.0 (compatible; SERankingBacklinksBot/1.0; +https://seranking.com/backlinks-crawler)"
144.76.32.236 - - [18/Mar/2026:21:18:56 -0400] "GET /lawrence-odonnell-reveals-how-the-mainstream-media-allows-trump-by-chasing-distractions/ HTTP/1.1" 200 53325 "-" "Mozilla/5.0 (compatible; SERankingBacklinksBot/1.0; +https://seranking.com/backlinks-crawler)"
144.76.32.236 - - [18/Mar/2026:21:19:08 -0400] "GET /prime-3-meme-cash-primed-for-takeoff-as-market-shifts-bullish-dawgz-pepu-and-shibashoot/ HTTP/1.1" 200 54537 "-" "Mozilla/5.0 (compatible; SERankingBacklinksBot/1.0; +https://seranking.com/backlinks-crawler)"
144.76.32.236 - - [18/Mar/2026:21:19:16 -0400] "GET /love-island-couple-in-disaster-as-villa-favorite-noticed-holding-arms-with-traitors-star/ HTTP/1.1" 200 55375 "-" "Mozilla/5.0 (compatible; SERankingBacklinksBot/1.0; +https://seranking.com/backlinks-crawler)"
144.76.32.236 - - [18/Mar/2026:21:19:21 -0400] "GET /elina-svitolina-is-lowered-to-tears-and-admits-she-discovered-it-exhausting-to-focus-on-her-newest-wimbledon-match-as-dozens-had-been-killed-in-a-single-day-in-her-native-ukraine-after-a-russian-mis/ HTTP/1.1" 200 54912 "-" "Mozilla/5.0 (compatible; SERankingBacklinksBot/1.0; +https://seranking.com/backlinks-crawler)"
144.76.32.236 - - [18/Mar/2026:21:19:30 -0400] "GET /rfk-jr-affirmation-listening-to-far-right-environmentalists-see-hope-in-trump-hhs-decide/ HTTP/1.1" 200 72564 "-" "Mozilla/5.0 (compatible; SERankingBacklinksBot/1.0; +https://seranking.com/backlinks-crawler)"
144.76.32.236 - - [18/Mar/2026:21:19:33 -0400] "GET /spot-6-planets-within-the-sky-at-as-soon-as-throughout-this-upcoming-aug-23-planet-parade/ HTTP/1.1" 200 54887 "-" "Mozilla/5.0 (compatible; SERankingBacklinksBot/1.0; +https://seranking.com/backlinks-crawler)"
50.6.201.88 - - [18/Mar/2026:21:19:42 -0400] "POST /wp-cron.php?doing_wp_cron=1773883182.4703259468078613281250 HTTP/1.1" 301 333 "-" "WordPress/6.9.4; https://planetnewspro.com"
144.76.32.236 - - [18/Mar/2026:21:19:41 -0400] "GET /whore-the-ambanis-asias-richest-man-is-about-to-throw-the-wedding-of-the-year-for-his-son/ HTTP/1.1" 200 55676 "-" "Mozilla/5.0 (compatible; SERankingBacklinksBot/1.0; +https://seranking.com/backlinks-crawler)"
144.76.32.236 - - [18/Mar/2026:21:19:53 -0400] "GET /gamers-have-a-tendency-to-love-video-games-that-give-them-rewards-almedia-examine-exhibits/ HTTP/1.1" 200 52472 "-" "Mozilla/5.0 (compatible; SERankingBacklinksBot/1.0; +https://seranking.com/backlinks-crawler)"
144.76.32.236 - - [18/Mar/2026:21:20:05 -0400] "GET /how-irresponsible-olympic-committee-faces-criticism-after-uswnt-names-paris-olympics-squad/ HTTP/1.1" 200 53048 "-" "Mozilla/5.0 (compatible; SERankingBacklinksBot/1.0; +https://seranking.com/backlinks-crawler)"
144.76.32.236 - - [18/Mar/2026:21:20:13 -0400] "GET /ingesting-white-wine-might-elevate-pores-and-skin-most-cancers-threat-new-examine-suggests/ HTTP/1.1" 200 53710 "-" "Mozilla/5.0 (compatible; SERankingBacklinksBot/1.0; +https://seranking.com/backlinks-crawler)"
144.76.32.236 - - [18/Mar/2026:21:20:28 -0400] "GET /why-are-1000s-of-scholars-protesting-in-opposition-to-the-federal-government-in-bangladesh/ HTTP/1.1" 200 55677 "-" "Mozilla/5.0 (compatible; SERankingBacklinksBot/1.0; +https://seranking.com/backlinks-crawler)"
144.76.32.236 - - [18/Mar/2026:21:20:33 -0400] "GET /with-out-apple-intelligence-ios-18-beta-seems-like-a-tv-present-thats-ready-for-the-finale/ HTTP/1.1" 200 56590 "-" "Mozilla/5.0 (compatible; SERankingBacklinksBot/1.0; +https://seranking.com/backlinks-crawler)"
144.76.32.236 - - [18/Mar/2026:21:20:41 -0400] "GET /delhi-airport-roof-collapse-one-particular-person-lifeless-as-heavy-rains-hit-india-capital/ HTTP/1.1" 200 52629 "-" "Mozilla/5.0 (compatible; SERankingBacklinksBot/1.0; +https://seranking.com/backlinks-crawler)"
50.6.201.88 - - [18/Mar/2026:21:20:50 -0400] "POST /wp-cron.php?doing_wp_cron=1773883250.5358428955078125000000 HTTP/1.1" 301 333 "-" "WordPress/6.9.4; https://planetnewspro.com"
144.76.32.236 - - [18/Mar/2026:21:20:49 -0400] "GET /nonetheless-many-extra-years-of-harm-spain-defeat-england-2-1-in-euros-ultimate-as-devastated-followers-are-left-crestfallen-after-hundreds-of-thousands-throughout-the-nation-packed-into-pubs-and-bar/ HTTP/1.1" 200 72490 "-" "Mozilla/5.0 (compatible; SERankingBacklinksBot/1.0; +https://seranking.com/backlinks-crawler)"
85.208.98.18 - - [18/Mar/2026:21:20:53 -0400] "GET /robots.txt HTTP/1.1" 200 128 "-" "Mozilla/5.0 (compatible; SemrushBot; +http://www.semrush.com/bot.html)"
144.76.32.236 - - [18/Mar/2026:21:20:55 -0400] "GET /kerala-cricket-affiliation-accused-of-harboring-coach-who-sexually-abused-ladies-cricketers/ HTTP/1.1" 200 53066 "-" "Mozilla/5.0 (compatible; SERankingBacklinksBot/1.0; +https://seranking.com/backlinks-crawler)"
144.76.32.236 - - [18/Mar/2026:21:21:03 -0400] "GET /supreme-court-docket-declines-to-rule-on-social-media-legal-guidelines-in-florida-and-texas/ HTTP/1.1" 200 55328 "-" "Mozilla/5.0 (compatible; SERankingBacklinksBot/1.0; +https://seranking.com/backlinks-crawler)"
144.76.32.236 - - [18/Mar/2026:21:21:11 -0400] "GET /whats-the-notorious-ye-and-jeffree-star-connection-why-is-the-useless-rumor-alive-once-more/ HTTP/1.1" 200 52734 "-" "Mozilla/5.0 (compatible; SERankingBacklinksBot/1.0; +https://seranking.com/backlinks-crawler)"
144.76.32.236 - - [18/Mar/2026:21:21:19 -0400] "GET /microsoft-reveal-the-crowdstrike-outage-which-paralysed-the-world-affected-8-5million-of-their-gadgets-as-specialists-warn-disruption-to-programs-will-proceed-into-subsequent-week-sparking-extra-fears/ HTTP/1.1" 200 55972 "-" "Mozilla/5.0 (compatible; SERankingBacklinksBot/1.0; +https://seranking.com/backlinks-crawler)"
144.76.32.236 - - [18/Mar/2026:21:21:27 -0400] "GET /white-home-promise-to-decrease-housing-prices-will-finish-in-catastrophe-the-gateway-pundit/ HTTP/1.1" 200 53942 "-" "Mozilla/5.0 (compatible; SERankingBacklinksBot/1.0; +https://seranking.com/backlinks-crawler)"
144.76.32.236 - - [18/Mar/2026:21:21:36 -0400] "GET /friday-july-12-greatest-sports-activities-betting-picks-predictions-for-mlb-wnba-video-games/ HTTP/1.1" 200 55236 "-" "Mozilla/5.0 (compatible; SERankingBacklinksBot/1.0; +https://seranking.com/backlinks-crawler)"
144.76.32.236 - - [18/Mar/2026:21:21:40 -0400] "GET /nra-and-different-gun-teams-oppose-plan-to-ban-trans-individuals-from-proudly-owning-weapons/ HTTP/1.1" 200 52648 "-" "Mozilla/5.0 (compatible; SERankingBacklinksBot/1.0; +https://seranking.com/backlinks-crawler)"
50.6.201.88 - - [18/Mar/2026:21:21:52 -0400] "POST /wp-cron.php?doing_wp_cron=1773883312.9637510776519775390625 HTTP/1.1" 301 333 "-" "WordPress/6.9.4; https://planetnewspro.com"
144.76.32.236 - - [18/Mar/2026:21:21:52 -0400] "GET /downpour-deluge-to-hit-uk-as-met-workplace-points-nine-hour-rain-climate-warning-for-40-areas/ HTTP/1.1" 200 53692 "-" "Mozilla/5.0 (compatible; SERankingBacklinksBot/1.0; +https://seranking.com/backlinks-crawler)"
144.76.32.236 - - [18/Mar/2026:21:22:05 -0400] "GET /the-sudden-ingredient-our-cookbook-membership-cherished-from-the-international-pantry-cookbook/ HTTP/1.1" 200 59574 "-" "Mozilla/5.0 (compatible; SERankingBacklinksBot/1.0; +https://seranking.com/backlinks-crawler)"
144.76.32.236 - - [18/Mar/2026:21:22:13 -0400] "GET /7-new-films-and-tv-exhibits-to-stream-on-netflix-prime-video-max-and-extra-this-weekend-june-28/ HTTP/1.1" 200 56645 "-" "Mozilla/5.0 (compatible; SERankingBacklinksBot/1.0; +https://seranking.com/backlinks-crawler)"
144.76.32.236 - - [18/Mar/2026:21:22:17 -0400] "GET /tons-of-of-individuals-descend-on-streets-of-leeds-for-the-second-night-time-in-a-row-demanding-that-kids-who-have-been-filmed-being-hauled-from-their-household-house-yesterday-are-returned-with-their/ HTTP/1.1" 200 58021 "-" "Mozilla/5.0 (compatible; SERankingBacklinksBot/1.0; +https://seranking.com/backlinks-crawler)"
144.76.32.236 - - [18/Mar/2026:21:22:26 -0400] "GET /chelsea-could-possibly-be-pressured-into-large-asset-sale-as-monetary-considerations-laid-naked/ HTTP/1.1" 200 55130 "-" "Mozilla/5.0 (compatible; SERankingBacklinksBot/1.0; +https://seranking.com/backlinks-crawler)"
144.76.32.236 - - [18/Mar/2026:21:22:31 -0400] "GET /charles-leclerc-and-ferrari-in-search-of-solutions-to-a-gradual-automotive-at-british-grand-prix/ HTTP/1.1" 200 52840 "-" "Mozilla/5.0 (compatible; SERankingBacklinksBot/1.0; +https://seranking.com/backlinks-crawler)"
144.76.32.236 - - [18/Mar/2026:21:22:43 -0400] "GET /leftwing-protesters-reply-to-bidens-pleas-for-civility-by-marching-on-rnc-evaluating-them-to-kkk/ HTTP/1.1" 200 53377 "-" "Mozilla/5.0 (compatible; SERankingBacklinksBot/1.0; +https://seranking.com/backlinks-crawler)"
144.76.32.236 - - [18/Mar/2026:21:22:51 -0400] "GET /document-variety-of-individuals-are-retiring-overseas-as-a-result-of-the-u-s-is-simply-too-costly/ HTTP/1.1" 200 55743 "-" "Mozilla/5.0 (compatible; SERankingBacklinksBot/1.0; +https://seranking.com/backlinks-crawler)"
50.6.201.88 - - [18/Mar/2026:21:23:00 -0400] "POST /wp-cron.php?doing_wp_cron=1773883380.4818980693817138671875 HTTP/1.1" 301 333 "-" "WordPress/6.9.4; https://planetnewspro.com"
144.76.32.236 - - [18/Mar/2026:21:23:00 -0400] "GET /deadpool-wolverine-opinions-echo-ryan-reynolds-sentiments-of-cameos-and-surprises-in-blazing-style/ HTTP/1.1" 200 52786 "-" "Mozilla/5.0 (compatible; SERankingBacklinksBot/1.0; +https://seranking.com/backlinks-crawler)"
144.76.32.236 - - [18/Mar/2026:21:23:08 -0400] "GET /followers-cant-cease-gushing-over-this-younger-taylor-swift-fan-together-with-the-pop-star-herself/ HTTP/1.1" 200 52536 "-" "Mozilla/5.0 (compatible; SERankingBacklinksBot/1.0; +https://seranking.com/backlinks-crawler)"
144.76.32.236 - - [18/Mar/2026:21:23:16 -0400] "GET /zendaya-adopts-preppy-fashion-in-a-tweed-blazer-and-blue-shirt-whereas-kate-beckinsale-and-hugh-jackman-share-fun-within-the-royal-field-as-the-celebs-descend-on-sw19-for-the-penultimate-day-of-wimble/ HTTP/1.1" 200 57888 "-" "Mozilla/5.0 (compatible; SERankingBacklinksBot/1.0; +https://seranking.com/backlinks-crawler)"
144.76.32.236 - - [18/Mar/2026:21:23:20 -0400] "GET /kara-swisher-says-silicon-valleys-rising-focus-of-energy-in-washington-d-c-is-actually-problematic/ HTTP/1.1" 200 53036 "-" "Mozilla/5.0 (compatible; SERankingBacklinksBot/1.0; +https://seranking.com/backlinks-crawler)"
144.76.32.236 - - [18/Mar/2026:21:23:32 -0400] "GET /netflix-film-of-the-day-daniel-craigs-enigmatic-sleuth-returns-in-glass-onion-a-knives-out-thriller/ HTTP/1.1" 200 55698 "-" "Mozilla/5.0 (compatible; SERankingBacklinksBot/1.0; +https://seranking.com/backlinks-crawler)"
144.76.32.236 - - [18/Mar/2026:21:23:37 -0400] "GET /revisiting-14-yr-previous-millie-bobby-browns-final-supply-for-leonardo-dicaprio-on-stranger-issues/ HTTP/1.1" 200 52943 "-" "Mozilla/5.0 (compatible; SERankingBacklinksBot/1.0; +https://seranking.com/backlinks-crawler)"
144.76.32.236 - - [18/Mar/2026:21:23:54 -0400] "GET /dozens-of-home-democrats-getting-ready-to-urge-biden-to-finish-re-election-marketing-campaign-report/ HTTP/1.1" 200 53953 "-" "Mozilla/5.0 (compatible; SERankingBacklinksBot/1.0; +https://seranking.com/backlinks-crawler)"
50.6.201.88 - - [18/Mar/2026:21:24:03 -0400] "POST /wp-cron.php?doing_wp_cron=1773883443.6732211112976074218750 HTTP/1.1" 301 333 "-" "WordPress/6.9.4; https://planetnewspro.com"
144.76.32.236 - - [18/Mar/2026:21:24:03 -0400] "GET /japan-hikes-charges-and-limits-guests-to-deal-with-overcrowding-as-mount-fuji-climbing-season-begins/ HTTP/1.1" 200 53183 "-" "Mozilla/5.0 (compatible; SERankingBacklinksBot/1.0; +https://seranking.com/backlinks-crawler)"
144.76.32.236 - - [18/Mar/2026:21:24:11 -0400] "GET /why-does-it-at-lest-seem-that-justice-barrett-applies-new-heightened-and-elevated-standing-guidelines/ HTTP/1.1" 200 56336 "-" "Mozilla/5.0 (compatible; SERankingBacklinksBot/1.0; +https://seranking.com/backlinks-crawler)"
144.76.32.236 - - [18/Mar/2026:21:24:15 -0400] "GET /hollywood-insider-simply-confirmed-the-largest-deadpool-wolverine-rumor-involving-one-of-many-avengers/ HTTP/1.1" 200 52625 "-" "Mozilla/5.0 (compatible; SERankingBacklinksBot/1.0; +https://seranking.com/backlinks-crawler)"
144.76.32.236 - - [18/Mar/2026:21:24:27 -0400] "GET /california-ag-hospitals-should-proceed-transitioning-minors-citing-anti-discrimination-legal-guidelines/ HTTP/1.1" 200 52843 "-" "Mozilla/5.0 (compatible; SERankingBacklinksBot/1.0; +https://seranking.com/backlinks-crawler)"
144.76.32.236 - - [18/Mar/2026:21:24:36 -0400] "GET /ryan-reynolds-cheeky-dig-at-marvel-boss-as-deadpool-wolverine-promotions-in-korea-take-a-hilarious-flip/ HTTP/1.1" 200 52812 "-" "Mozilla/5.0 (compatible; SERankingBacklinksBot/1.0; +https://seranking.com/backlinks-crawler)"
144.76.32.236 - - [18/Mar/2026:21:24:44 -0400] "GET /yo-trump-is-a-gangsta-he-is-teflon-don-rnc-interview-with-rapper-forgiato-blow-video-the-gateway-pundit/ HTTP/1.1" 200 53764 "-" "Mozilla/5.0 (compatible; SERankingBacklinksBot/1.0; +https://seranking.com/backlinks-crawler)"
144.76.32.236 - - [18/Mar/2026:21:24:48 -0400] "GET /a-information-to-broadway-in-new-york-reveals-and-tickets-and-what-to-keep-away-from-hand-baggage-solely/ HTTP/1.1" 200 56429 "-" "Mozilla/5.0 (compatible; SERankingBacklinksBot/1.0; +https://seranking.com/backlinks-crawler)"
144.76.32.236 - - [18/Mar/2026:21:24:56 -0400] "GET /meltdown-joe-scarborough-says-biden-can-not-beat-trump-suggests-he-wants-to-be-changed-to-save-democracy/ HTTP/1.1" 200 53693 "-" "Mozilla/5.0 (compatible; SERankingBacklinksBot/1.0; +https://seranking.com/backlinks-crawler)"
50.6.201.88 - - [18/Mar/2026:21:25:05 -0400] "POST /wp-cron.php?doing_wp_cron=1773883505.8759949207305908203125 HTTP/1.1" 301 333 "-" "WordPress/6.9.4; https://planetnewspro.com"
144.76.32.236 - - [18/Mar/2026:21:25:05 -0400] "GET /watergate-reporter-says-aides-have-witnessed-examples-of-bidens-cognitive-decline-up-to-twenty-occasions/ HTTP/1.1" 200 53880 "-" "Mozilla/5.0 (compatible; SERankingBacklinksBot/1.0; +https://seranking.com/backlinks-crawler)"
144.76.32.236 - - [18/Mar/2026:21:25:13 -0400] "GET /dow-slips-as-nasdaq-hits-new-document-excessive-warner-bros-discovery-extends-good-points-on-paramount-bid/ HTTP/1.1" 200 54546 "-" "Mozilla/5.0 (compatible; SERankingBacklinksBot/1.0; +https://seranking.com/backlinks-crawler)"
144.76.32.236 - - [18/Mar/2026:21:25:25 -0400] "GET /cobra-kai-season-6-half-1-is-lastly-on-netflix-tomorrow-listed-here-are-3-related-reveals-that-pack-a-punch/ HTTP/1.1" 200 56550 "-" "Mozilla/5.0 (compatible; SERankingBacklinksBot/1.0; +https://seranking.com/backlinks-crawler)"
144.76.32.236 - - [18/Mar/2026:21:25:29 -0400] "GET /lakshya-sen-optimistic-about-olympic-medal-probabilities-prepared-for-potential-conflict-towards-hs-prannoy/ HTTP/1.1" 200 53418 "-" "Mozilla/5.0 (compatible; SERankingBacklinksBot/1.0; +https://seranking.com/backlinks-crawler)"
144.76.32.236 - - [18/Mar/2026:21:25:41 -0400] "GET /meghan-markle-will-get-a-gratitude-letter-as-royal-highness-after-prince-harrys-newest-humanitarian-trigger/ HTTP/1.1" 200 52859 "-" "Mozilla/5.0 (compatible; SERankingBacklinksBot/1.0; +https://seranking.com/backlinks-crawler)"
50.6.201.88 - - [18/Mar/2026:21:25:51 -0400] "POST /wp-cron.php?doing_wp_cron=1773883551.1008501052856445312500 HTTP/1.1" 301 333 "-" "WordPress/6.9.4; https://planetnewspro.com"
144.76.32.236 - - [18/Mar/2026:21:25:50 -0400] "GET /former-obama-advisor-van-jones-says-pleasure-at-rnc-is-related-to-baracks-in-2008-theres-one-thing-occurring/ HTTP/1.1" 200 53774 "-" "Mozilla/5.0 (compatible; SERankingBacklinksBot/1.0; +https://seranking.com/backlinks-crawler)"
144.76.32.236 - - [18/Mar/2026:21:25:54 -0400] "GET /ryan-reynolds-places-a-twist-on-taylor-swifts-involvement-in-deadpool-wolverine-phrases-it-a-shock-not-cameo/ HTTP/1.1" 200 52810 "-" "Mozilla/5.0 (compatible; SERankingBacklinksBot/1.0; +https://seranking.com/backlinks-crawler)"
144.76.32.236 - - [18/Mar/2026:21:26:06 -0400] "GET /prince-harry-straightens-out-one-other-explosive-interview-with-eyes-on-britains-tabloids-backed-by-hugh-grant/ HTTP/1.1" 200 52827 "-" "Mozilla/5.0 (compatible; SERankingBacklinksBot/1.0; +https://seranking.com/backlinks-crawler)"
85.208.98.23 - - [18/Mar/2026:21:26:10 -0400] "GET /robots.txt HTTP/1.1" 200 128 "-" "Mozilla/5.0 (compatible; SemrushBot-BA; +http://www.semrush.com/bot.html)"
144.76.32.236 - - [18/Mar/2026:21:26:14 -0400] "GET /i-am-a-colon-most-cancers-surgeon-i-banned-two-rest-room-cupboard-staples-to-guard-my-household-from-the-illness/ HTTP/1.1" 200 53840 "-" "Mozilla/5.0 (compatible; SERankingBacklinksBot/1.0; +https://seranking.com/backlinks-crawler)"
50.6.201.88 - - [18/Mar/2026:21:33:11 -0400] "POST /wp-cron.php?doing_wp_cron=1773883991.8874809741973876953125 HTTP/1.1" 301 333 "-" "WordPress/6.9.4; https://planetnewspro.com"
216.244.66.196 - - [18/Mar/2026:21:33:11 -0400] "GET /cauliflower-mashed-potatoes-cookie-and-kate/ HTTP/1.1" 200 326070 "-" "Mozilla/5.0 (compatible; DotBot/1.2; +https://opensiteexplorer.org/dotbot; help@moz.com)"
50.6.201.88 - - [18/Mar/2026:21:34:33 -0400] "POST /wp-cron.php?doing_wp_cron=1773884073.9096009731292724609375 HTTP/1.1" 301 333 "-" "WordPress/6.9.4; https://planetnewspro.com"
216.244.66.196 - - [18/Mar/2026:21:34:33 -0400] "GET /5-methods-to-make-day-by-day-motion-simpler-for-mothers/ HTTP/1.1" 200 320258 "-" "Mozilla/5.0 (compatible; DotBot/1.2; +https://opensiteexplorer.org/dotbot; help@moz.com)"
85.208.98.23 - - [18/Mar/2026:21:35:09 -0400] "GET /robots.txt HTTP/1.1" 200 128 "-" "Mozilla/5.0 (compatible; SemrushBot-BA; +http://www.semrush.com/bot.html)"
216.244.66.196 - - [18/Mar/2026:21:53:51 -0400] "GET /robots.txt HTTP/1.1" 200 175 "-" "Mozilla/5.0 (compatible; DotBot/1.2; +https://opensiteexplorer.org/dotbot; help@moz.com)"
104.248.226.85 - - [18/Mar/2026:21:54:12 -0400] "GET /wp-admin/css/ HTTP/1.1" 301 287 "binance.com" "Mozilla/5.0 (Windows NT 10.0; Win64; x64) AppleWebKit/537.36 (KHTML, like Gecko) Chrome/90.0.4430.85 Safari/537.36"
104.248.226.85 - - [18/Mar/2026:21:54:17 -0400] "GET /.well-known/ HTTP/1.1" 301 286 "binance.com" "Mozilla/5.0 (Windows NT 10.0; Win64; x64) AppleWebKit/537.36 (KHTML, like Gecko) Chrome/90.0.4430.85 Safari/537.36"
104.248.226.85 - - [18/Mar/2026:21:54:25 -0400] "GET /sites/default/files/ HTTP/1.1" 404 201626 "binance.com" "Mozilla/5.0 (Windows NT 10.0; Win64; x64) AppleWebKit/537.36 (KHTML, like Gecko) Chrome/90.0.4430.85 Safari/537.36"
104.248.226.85 - - [18/Mar/2026:21:54:29 -0400] "GET /admin/controller/extension/extension/ HTTP/1.1" 404 201626 "binance.com" "Mozilla/5.0 (Windows NT 10.0; Win64; x64) AppleWebKit/537.36 (KHTML, like Gecko) Chrome/90.0.4430.85 Safari/537.36"
104.248.226.85 - - [18/Mar/2026:21:54:32 -0400] "GET /uploads/ HTTP/1.1" 404 201626 "binance.com" "Mozilla/5.0 (Windows NT 10.0; Win64; x64) AppleWebKit/537.36 (KHTML, like Gecko) Chrome/90.0.4430.85 Safari/537.36"
104.248.226.85 - - [18/Mar/2026:21:54:33 -0400] "GET /images/ HTTP/1.1" 404 201626 "binance.com" "Mozilla/5.0 (Windows NT 10.0; Win64; x64) AppleWebKit/537.36 (KHTML, like Gecko) Chrome/90.0.4430.85 Safari/537.36"
104.248.226.85 - - [18/Mar/2026:21:54:35 -0400] "GET /files/ HTTP/1.1" 404 201626 "binance.com" "Mozilla/5.0 (Windows NT 10.0; Win64; x64) AppleWebKit/537.36 (KHTML, like Gecko) Chrome/90.0.4430.85 Safari/537.36"
85.137.48.167 - - [18/Mar/2026:22:08:46 -0400] "GET /txets.php HTTP/1.1" 403 714 "-" "Mozilla/4.0 (compatible; MSIE 6.0; Windows NT 5.1; SV1)"
216.244.66.196 - - [18/Mar/2026:22:19:32 -0400] "GET /oleksandr-usyk-baffles-daniel-dubois-with-four-word-message/feed/ HTTP/1.1" 200 877 "-" "Mozilla/5.0 (compatible; DotBot/1.2; +https://opensiteexplorer.org/dotbot; help@moz.com)"
50.6.201.88 - - [18/Mar/2026:22:19:59 -0400] "POST /wp-cron.php?doing_wp_cron=1773886799.2724459171295166015625 HTTP/1.1" 301 333 "-" "WordPress/6.9.4; https://planetnewspro.com"
103.131.71.231 - - [18/Mar/2026:22:19:59 -0400] "GET /robots.txt HTTP/1.1" 200 128 "-" "Mozilla/5.0 (compatible; coccocbot-web/1.0; +http://help.coccoc.com/searchengine)"
216.244.66.196 - - [18/Mar/2026:22:20:52 -0400] "GET /christopher-stevens-critiques-immigration-how-british-politics-failed-on-bbc2-chill-out-everybody-the-beeb-insists-that-it-is-not-an-issue/ HTTP/1.1" 200 323892 "-" "Mozilla/5.0 (compatible; DotBot/1.2; +https://opensiteexplorer.org/dotbot; help@moz.com)"
216.244.66.196 - - [18/Mar/2026:22:20:57 -0400] "GET /i-am-a-professional-chef-this-is-the-knife-ability-most-house-cooks-do-not-have-however-ought-to/ HTTP/1.1" 200 338852 "-" "Mozilla/5.0 (compatible; DotBot/1.2; +https://opensiteexplorer.org/dotbot; help@moz.com)"
50.6.201.88 - - [18/Mar/2026:22:21:33 -0400] "POST /wp-cron.php?doing_wp_cron=1773886893.5113029479980468750000 HTTP/1.1" 301 333 "-" "WordPress/6.9.4; https://planetnewspro.com"
85.208.98.23 - - [18/Mar/2026:22:21:33 -0400] "GET /robots.txt HTTP/1.1" 200 128 "-" "Mozilla/5.0 (compatible; SemrushBot-BA; +http://www.semrush.com/bot.html)"
110.166.71.39 - - [18/Mar/2026:22:25:59 -0400] "GET / HTTP/1.1" 301 278 "-" "Mozilla/5.0 (iPhone; CPU iPhone OS 13_2_3 like Mac OS X) AppleWebKit/605.1.15 (KHTML, like Gecko) Version/13.0.3 Mobile/15E148 Safari/604.1"
85.208.98.23 - - [18/Mar/2026:22:26:40 -0400] "GET /robots.txt HTTP/1.1" 200 128 "-" "Mozilla/5.0 (compatible; SemrushBot-BA; +http://www.semrush.com/bot.html)"
85.208.98.23 - - [18/Mar/2026:22:28:06 -0400] "GET /robots.txt HTTP/1.1" 200 128 "-" "Mozilla/5.0 (compatible; SemrushBot-BA; +http://www.semrush.com/bot.html)"
85.208.98.18 - - [18/Mar/2026:22:34:28 -0400] "GET /robots.txt HTTP/1.1" 200 128 "-" "Mozilla/5.0 (compatible; SemrushBot; +http://www.semrush.com/bot.html)"
216.244.66.196 - - [18/Mar/2026:22:38:11 -0400] "GET /robots.txt HTTP/1.1" 200 175 "-" "Mozilla/5.0 (compatible; DotBot/1.2; +https://opensiteexplorer.org/dotbot; help@moz.com)"
50.6.201.88 - - [18/Mar/2026:22:42:02 -0400] "POST /wp-cron.php?doing_wp_cron=1773888122.9423971176147460937500 HTTP/1.1" 301 333 "-" "WordPress/6.9.4; https://planetnewspro.com"
216.244.66.196 - - [18/Mar/2026:22:42:02 -0400] "GET /the-galaxy-s26-edge-could-possibly-be-even-thinner-with-an-even-bigger-battery-which-sounds-too-good-to-be-true-however-i-hope-its/feed/ HTTP/1.1" 200 1102 "-" "Mozilla/5.0 (compatible; DotBot/1.2; +https://opensiteexplorer.org/dotbot; help@moz.com)"
216.244.66.196 - - [18/Mar/2026:23:03:11 -0400] "GET /elon-musk-holds-the-report-for-largest-private-fortune-misplaced-here-is-how-a-lot-is-gone/ HTTP/1.1" 200 323205 "-" "Mozilla/5.0 (compatible; DotBot/1.2; +https://opensiteexplorer.org/dotbot; help@moz.com)"
216.244.66.196 - - [18/Mar/2026:23:04:55 -0400] "GET /new-appeals-courtroom-says-trumps-birthright-citizenship-govt-order-unconstitutional-the-gateway-pundit/ HTTP/1.1" 200 318515 "-" "Mozilla/5.0 (compatible; DotBot/1.2; +https://opensiteexplorer.org/dotbot; help@moz.com)"
50.6.201.88 - - [18/Mar/2026:23:11:26 -0400] "POST /wp-cron.php?doing_wp_cron=1773889886.0373010635375976562500 HTTP/1.1" 301 333 "-" "WordPress/6.9.4; https://planetnewspro.com"
85.208.98.23 - - [18/Mar/2026:23:11:25 -0400] "GET /robots.txt HTTP/1.1" 200 128 "-" "Mozilla/5.0 (compatible; SemrushBot-BA; +http://www.semrush.com/bot.html)"
85.208.98.23 - - [18/Mar/2026:23:12:57 -0400] "GET /robots.txt HTTP/1.1" 200 128 "-" "Mozilla/5.0 (compatible; SemrushBot-BA; +http://www.semrush.com/bot.html)"
50.6.201.88 - - [18/Mar/2026:23:24:14 -0400] "POST /wp-cron.php?doing_wp_cron=1773890654.8040540218353271484375 HTTP/1.1" 301 333 "-" "WordPress/6.9.4; https://planetnewspro.com"
216.244.66.196 - - [18/Mar/2026:23:24:14 -0400] "GET /robots.txt HTTP/1.1" 200 175 "-" "Mozilla/5.0 (compatible; DotBot/1.2; +https://opensiteexplorer.org/dotbot; help@moz.com)"
85.208.98.23 - - [18/Mar/2026:23:35:41 -0400] "GET /robots.txt HTTP/1.1" 200 128 "-" "Mozilla/5.0 (compatible; SemrushBot-BA; +http://www.semrush.com/bot.html)"
20.220.232.240 - - [18/Mar/2026:23:43:17 -0400] "GET /wp-content/plugins/hellopress/wp_filemanager.php HTTP/1.1" 404 201634 "-" "-"
20.220.232.240 - - [18/Mar/2026:23:43:18 -0400] "GET /wp-blogs.php HTTP/1.1" 404 201634 "-" "-"
20.220.232.240 - - [18/Mar/2026:23:43:18 -0400] "GET //tfm.php HTTP/1.1" 301 - "-" "-"
20.220.232.240 - - [18/Mar/2026:23:43:18 -0400] "GET /tfm.php HTTP/1.1" 404 201634 "-" "-"
20.220.232.240 - - [18/Mar/2026:23:43:19 -0400] "GET /8xyz.php HTTP/1.1" 404 201634 "-" "-"
50.6.201.88 - - [18/Mar/2026:23:43:20 -0400] "POST /wp-cron.php?doing_wp_cron=1773891800.5579850673675537109375 HTTP/1.1" 301 333 "-" "WordPress/6.9.4; https://planetnewspro.com"
20.220.232.240 - - [18/Mar/2026:23:43:20 -0400] "GET /RIP.php HTTP/1.1" 404 201634 "-" "-"
20.220.232.240 - - [18/Mar/2026:23:43:20 -0400] "GET /ioxi.php HTTP/1.1" 404 201634 "-" "-"
20.220.232.240 - - [18/Mar/2026:23:43:21 -0400] "GET /nc4.php HTTP/1.1" 404 201634 "-" "-"
20.220.232.240 - - [18/Mar/2026:23:43:21 -0400] "GET /wp-ssfc.php HTTP/1.1" 404 201634 "-" "-"
20.220.232.240 - - [18/Mar/2026:23:43:22 -0400] "GET /ws75.php HTTP/1.1" 404 201634 "-" "-"
20.220.232.240 - - [18/Mar/2026:23:43:22 -0400] "GET /ws78.php HTTP/1.1" 404 201634 "-" "-"
20.220.232.240 - - [18/Mar/2026:23:43:23 -0400] "GET /wp-png.php HTTP/1.1" 404 201634 "-" "-"
20.220.232.240 - - [18/Mar/2026:23:43:23 -0400] "GET /000.php HTTP/1.1" 404 201634 "-" "-"
20.220.232.240 - - [18/Mar/2026:23:43:23 -0400] "GET /w3lls.php HTTP/1.1" 404 201634 "-" "-"
20.220.232.240 - - [18/Mar/2026:23:43:24 -0400] "GET /ws86.php HTTP/1.1" 404 201634 "-" "-"
20.220.232.240 - - [18/Mar/2026:23:43:24 -0400] "GET /xwx1.php HTTP/1.1" 404 201634 "-" "-"
20.220.232.240 - - [18/Mar/2026:23:43:25 -0400] "GET /ggb.php HTTP/1.1" 404 201634 "-" "-"
20.220.232.240 - - [18/Mar/2026:23:43:26 -0400] "GET /xff.php HTTP/1.1" 404 201634 "-" "-"
20.220.232.240 - - [18/Mar/2026:23:43:26 -0400] "GET /wwx.php HTTP/1.1" 404 201634 "-" "-"
20.220.232.240 - - [18/Mar/2026:23:43:27 -0400] "GET /term.php HTTP/1.1" 404 201634 "-" "-"
20.220.232.240 - - [18/Mar/2026:23:43:28 -0400] "GET /ws77.php HTTP/1.1" 404 201634 "-" "-"
20.220.232.240 - - [18/Mar/2026:23:43:28 -0400] "GET /gifclass.php HTTP/1.1" 404 201634 "-" "-"
20.220.232.240 - - [18/Mar/2026:23:43:28 -0400] "GET /8.php HTTP/1.1" 404 201634 "-" "-"
20.220.232.240 - - [18/Mar/2026:23:43:29 -0400] "GET /155.php HTTP/1.1" 404 201634 "-" "-"
20.220.232.240 - - [18/Mar/2026:23:43:29 -0400] "GET /mh.php HTTP/1.1" 404 201634 "-" "-"
20.220.232.240 - - [18/Mar/2026:23:43:30 -0400] "GET /222.php HTTP/1.1" 404 201634 "-" "-"
20.220.232.240 - - [18/Mar/2026:23:43:30 -0400] "GET /hehe.php HTTP/1.1" 404 201634 "-" "-"
20.220.232.240 - - [18/Mar/2026:23:43:31 -0400] "GET /tool.php HTTP/1.1" 404 201634 "-" "-"
20.220.232.240 - - [18/Mar/2026:23:43:31 -0400] "GET /wp-act.php HTTP/1.1" 404 201634 "-" "-"
20.220.232.240 - - [18/Mar/2026:23:43:32 -0400] "GET /cu.php HTTP/1.1" 404 201634 "-" "-"
20.220.232.240 - - [18/Mar/2026:23:43:32 -0400] "GET /fs.php HTTP/1.1" 404 201634 "-" "-"
20.220.232.240 - - [18/Mar/2026:23:43:33 -0400] "GET /asd.php HTTP/1.1" 404 201634 "-" "-"
20.220.232.240 - - [18/Mar/2026:23:43:33 -0400] "GET /ws80.php HTTP/1.1" 404 201634 "-" "-"
20.220.232.240 - - [18/Mar/2026:23:43:34 -0400] "GET /ms.php HTTP/1.1" 404 201634 "-" "-"
20.220.232.240 - - [18/Mar/2026:23:43:34 -0400] "GET /jga.php HTTP/1.1" 404 201634 "-" "-"
20.220.232.240 - - [18/Mar/2026:23:43:35 -0400] "GET /666.php HTTP/1.1" 404 201634 "-" "-"
20.220.232.240 - - [18/Mar/2026:23:43:35 -0400] "GET /zc-104.php HTTP/1.1" 404 201634 "-" "-"
20.220.232.240 - - [18/Mar/2026:23:43:35 -0400] "GET /ws88.php HTTP/1.1" 404 201634 "-" "-"
20.220.232.240 - - [18/Mar/2026:23:43:36 -0400] "GET /ws60.php HTTP/1.1" 404 201634 "-" "-"
20.220.232.240 - - [18/Mar/2026:23:43:37 -0400] "GET /bo.php HTTP/1.1" 404 201634 "-" "-"
20.220.232.240 - - [18/Mar/2026:23:43:38 -0400] "GET /ws84.php HTTP/1.1" 404 201634 "-" "-"
20.220.232.240 - - [18/Mar/2026:23:43:38 -0400] "GET /public/vx.php HTTP/1.1" 404 201634 "-" "-"
20.220.232.240 - - [18/Mar/2026:23:43:38 -0400] "GET /vanda.php HTTP/1.1" 404 201634 "-" "-"
20.220.232.240 - - [18/Mar/2026:23:43:39 -0400] "GET /amp.php HTTP/1.1" 404 201634 "-" "-"
20.220.232.240 - - [18/Mar/2026:23:43:39 -0400] "GET /a4.php HTTP/1.1" 404 201634 "-" "-"
20.220.232.240 - - [18/Mar/2026:23:43:40 -0400] "GET /1.php HTTP/1.1" 404 201634 "-" "-"
20.220.232.240 - - [18/Mar/2026:23:43:40 -0400] "GET /b.php HTTP/1.1" 404 201634 "-" "-"
20.220.232.240 - - [18/Mar/2026:23:43:40 -0400] "GET /hots.php HTTP/1.1" 404 201634 "-" "-"
20.220.232.240 - - [18/Mar/2026:23:43:41 -0400] "GET /wp-the.php HTTP/1.1" 404 201634 "-" "-"
20.220.232.240 - - [18/Mar/2026:23:43:41 -0400] "GET /kj.php HTTP/1.1" 404 201634 "-" "-"
20.220.232.240 - - [18/Mar/2026:23:43:42 -0400] "GET /a5.php HTTP/1.1" 404 201634 "-" "-"
20.220.232.240 - - [18/Mar/2026:23:43:43 -0400] "GET /44.php HTTP/1.1" 404 201634 "-" "-"
20.220.232.240 - - [18/Mar/2026:23:43:44 -0400] "GET /public/ws49.php HTTP/1.1" 404 201634 "-" "-"
20.220.232.240 - - [18/Mar/2026:23:43:46 -0400] "GET /xxw.php HTTP/1.1" 404 201634 "-" "-"
20.220.232.240 - - [18/Mar/2026:23:43:46 -0400] "GET /sa.php7 HTTP/1.1" 404 201634 "-" "-"
20.220.232.240 - - [18/Mar/2026:23:43:47 -0400] "GET /ms-edit.php HTTP/1.1" 404 201634 "-" "-"
20.220.232.240 - - [18/Mar/2026:23:43:47 -0400] "GET /wp9.php HTTP/1.1" 404 201634 "-" "-"
20.220.232.240 - - [18/Mar/2026:23:43:48 -0400] "GET /wen.php HTTP/1.1" 404 201634 "-" "-"
20.220.232.240 - - [18/Mar/2026:23:43:48 -0400] "GET /wp5.php HTTP/1.1" 404 201634 "-" "-"
